[INFO] fetching crate hanzo-kbs 1.1.21...
[INFO] testing hanzo-kbs-1.1.21 against 1.99.0-beta.8+cargoflags=--release for beta-release-1.100-2
[INFO] extracting crate hanzo-kbs 1.1.21 into /workspace/builds/worker-1-tc1/source
[INFO] started tweaking crates.io crate hanzo-kbs 1.1.21
[INFO] finished tweaking crates.io crate hanzo-kbs 1.1.21
[INFO] tweaked toml for crates.io crate hanzo-kbs 1.1.21 written to /workspace/builds/worker-1-tc1/source/Cargo.toml
[INFO] validating manifest of crates.io crate hanzo-kbs 1.1.21 on toolchain 1.99.0-beta.8
[INFO] running `Command { std: CARGO_HOME="/workspace/cargo-home" RUSTUP_HOME="/workspace/rustup-home" "/workspace/cargo-home/bin/cargo" "+1.99.0-beta.8" "metadata" "--manifest-path" "Cargo.toml" "--no-deps", kill_on_drop: false }`
[INFO] crate crates.io crate hanzo-kbs 1.1.21 already has a lockfile, it will not be regenerated
[INFO] running `Command { std: CARGO_HOME="/workspace/cargo-home" RUSTUP_HOME="/workspace/rustup-home" "/workspace/cargo-home/bin/cargo" "+1.99.0-beta.8" "fetch" "--manifest-path" "Cargo.toml", kill_on_drop: false }`
[INFO] [stderr]     Updating crates.io index
[INFO] [stderr]  Downloading crates ...
[INFO] [stderr]   Downloaded headers-core v0.2.0
[INFO] [stderr]   Downloaded warp v0.3.7
[INFO] [stderr]   Downloaded headers v0.3.9
[INFO] [stderr]   Downloaded oqs v0.11.0
[INFO] [stderr]   Downloaded build-deps v0.1.4
[INFO] [stderr]   Downloaded cstr_core v0.2.6
[INFO] [stderr]   Downloaded base64ct v1.8.1
[INFO] [stderr]   Downloaded hpke v0.12.0
[INFO] [stderr]   Downloaded oqs-sys v0.11.0+liboqs-0.13.0
[INFO] [stderr]   Downloaded hanzo-pqc v1.1.21
[INFO] running `Command { std: "docker" "create" "-v" "/var/lib/crater-agent-workspace/builds/worker-1-tc1/source:/opt/rustwide/workdir:ro,Z" "-v" "/var/lib/crater-agent-workspace/builds/worker-1-tc1/target:/opt/rustwide/target:rw,Z" "-v" "/var/lib/crater-agent-workspace/cargo-home:/opt/rustwide/cargo-home:ro,Z" "-v" "/var/lib/crater-agent-workspace/rustup-home:/opt/rustwide/rustup-home:ro,Z" "-m" "1610612736" "--network" "none" "ghcr.io/rust-lang/crates-build-env/linux@sha256:77db811e55d90add9212f6832c23229e3de5f1c1f9905e8cb07319ea15df73ac" "sleep" "infinity", kill_on_drop: false }`
[INFO] [stdout] c6922fdebca918c372512b0b8a6df2b311374265e754b667d237c3f6269ec3eb
[INFO] running `Command { std: "docker" "start" "c6922fdebca918c372512b0b8a6df2b311374265e754b667d237c3f6269ec3eb", kill_on_drop: false }`
[INFO] running `Command { std: "docker" "inspect" "c6922fdebca918c372512b0b8a6df2b311374265e754b667d237c3f6269ec3eb", kill_on_drop: false }`
[INFO] running `Command { std: "docker" "exec" "-e" "SOURCE_DIR=/opt/rustwide/workdir" "-e" "CARGO_HOME=/opt/rustwide/cargo-home" "-e" "RUSTUP_HOME=/opt/rustwide/rustup-home" "-e" "CARGO_TARGET_DIR=/opt/rustwide/target" "-w" "/opt/rustwide/workdir" "--user" "0:0" "c6922fdebca918c372512b0b8a6df2b311374265e754b667d237c3f6269ec3eb" "/opt/rustwide/cargo-home/bin/cargo" "+1.99.0-beta.8" "metadata" "--no-deps" "--format-version=1", kill_on_drop: false }`
[INFO] running `Command { std: "docker" "inspect" "c6922fdebca918c372512b0b8a6df2b311374265e754b667d237c3f6269ec3eb", kill_on_drop: false }`
[INFO] running `Command { std: "docker" "exec" "-e" "SOURCE_DIR=/opt/rustwide/workdir" "-e" "CARGO_HOME=/opt/rustwide/cargo-home" "-e" "RUSTUP_HOME=/opt/rustwide/rustup-home" "-e" "CARGO_TARGET_DIR=/opt/rustwide/target" "-e" "CARGO_INCREMENTAL=0" "-e" "RUST_BACKTRACE=full" "-e" "RUSTFLAGS=--cap-lints=warn" "-e" "RUSTDOCFLAGS=--cap-lints=warn" "-w" "/opt/rustwide/workdir" "--user" "0:0" "c6922fdebca918c372512b0b8a6df2b311374265e754b667d237c3f6269ec3eb" "/opt/rustwide/cargo-home/bin/cargo" "+1.99.0-beta.8" "build" "--frozen" "--message-format=json" "--release", kill_on_drop: false }`
[INFO] [stderr]    Compiling subtle v2.6.1
[INFO] [stderr]    Compiling glob v0.3.3
[INFO] [stderr]    Compiling generic-array v0.14.7
[INFO] [stderr]    Compiling find-msvc-tools v0.1.5
[INFO] [stderr]    Compiling libc v0.2.178
[INFO] [stderr]    Compiling regex-syntax v0.8.8
[INFO] [stderr]    Compiling syn v2.0.111
[INFO] [stderr]    Compiling parking_lot_core v0.9.12
[INFO] [stderr]    Compiling memchr v2.7.6
[INFO] [stderr]    Compiling libloading v0.8.9
[INFO] [stderr]    Compiling bindgen v0.71.1
[INFO] [stderr]    Compiling either v1.15.0
[INFO] [stderr]    Compiling http v0.2.12
[INFO] [stderr]    Compiling signal-hook-registry v1.4.7
[INFO] [stderr]    Compiling rustc-hash v2.1.1
[INFO] [stderr]    Compiling bitflags v2.10.0
[INFO] [stderr]    Compiling cc v1.2.49
[INFO] [stderr]    Compiling curve25519-dalek v4.1.3
[INFO] [stderr]    Compiling const-oid v0.9.6
[INFO] [stderr]    Compiling itertools v0.13.0
[INFO] [stderr]    Compiling opaque-debug v0.3.1
[INFO] [stderr]    Compiling futures-util v0.3.31
[INFO] [stderr]    Compiling ff v0.13.1
[INFO] [stderr]    Compiling rand_chacha v0.3.1
[INFO] [stderr]    Compiling base16ct v0.2.0
[INFO] [stderr]    Compiling tracing-core v0.1.35
[INFO] [stderr]    Compiling parking_lot v0.12.5
[INFO] [stderr]    Compiling clang-sys v1.8.1
[INFO] [stderr]    Compiling build-deps v0.1.4
[INFO] [stderr]    Compiling group v0.13.0
[INFO] [stderr]    Compiling indexmap v2.12.1
[INFO] [stderr]    Compiling mime_guess v2.0.5
[INFO] [stderr]    Compiling rand v0.8.5
[INFO] [stderr]    Compiling multer v2.1.0
[INFO] [stderr]    Compiling http v1.4.0
[INFO] [stderr]    Compiling tracing v0.1.43
[INFO] [stderr]    Compiling nom v7.1.3
[INFO] [stderr]    Compiling data-encoding v2.9.0
[INFO] [stderr]    Compiling signature v2.2.0
[INFO] [stderr]    Compiling getrandom v0.3.4
[INFO] [stderr]    Compiling oqs v0.11.0
[INFO] [stderr]    Compiling cty v0.2.2
[INFO] [stderr]    Compiling anyhow v1.0.100
[INFO] [stderr]    Compiling cstr_core v0.2.6
[INFO] [stderr]    Compiling serde_json v1.0.145
[INFO] [stderr]    Compiling keccak v0.1.5
[INFO] [stderr]    Compiling constant_time_eq v0.3.1
[INFO] [stderr]    Compiling http-body v0.4.6
[INFO] [stderr]    Compiling headers-core v0.2.0
[INFO] [stderr]    Compiling cmake v0.1.54
[INFO] [stderr]    Compiling spin v0.9.8
[INFO] [stderr]    Compiling iana-time-zone v0.1.64
[INFO] [stderr]    Compiling hashbrown v0.14.5
[INFO] [stderr]    Compiling regex-automata v0.4.13
[INFO] [stderr]    Compiling uuid v1.19.0
[INFO] [stderr]    Compiling blake3 v1.8.2
[INFO] [stderr]    Compiling dashmap v5.5.3
[INFO] [stderr]    Compiling regex v1.12.2
[INFO] [stderr]    Compiling cexpr v0.6.0
[INFO] [stderr]    Compiling synstructure v0.13.2
[INFO] [stderr]    Compiling prettyplease v0.2.37
[INFO] [stderr]    Compiling zeroize_derive v1.4.2
[INFO] [stderr]    Compiling zerofrom-derive v0.1.6
[INFO] [stderr]    Compiling yoke-derive v0.8.1
[INFO] [stderr]    Compiling zerovec-derive v0.11.2
[INFO] [stderr]    Compiling displaydoc v0.2.5
[INFO] [stderr]    Compiling serde_derive v1.0.228
[INFO] [stderr]    Compiling tokio-macros v2.6.0
[INFO] [stderr]    Compiling curve25519-dalek-derive v0.1.1
[INFO] [stderr]    Compiling thiserror-impl v1.0.69
[INFO] [stderr]    Compiling thiserror-impl v2.0.17
[INFO] [stderr]    Compiling pin-project-internal v1.1.10
[INFO] [stderr]    Compiling async-trait v0.1.89
[INFO] [stderr]    Compiling zeroize v1.8.2
[INFO] [stderr]    Compiling der v0.7.10
[INFO] [stderr]    Compiling tokio v1.48.0
[INFO] [stderr]    Compiling zerofrom v0.1.6
[INFO] [stderr]    Compiling yoke v0.8.1
[INFO] [stderr]    Compiling zerotrie v0.2.3
[INFO] [stderr]    Compiling pin-project v1.1.10
[INFO] [stderr]    Compiling zerovec v0.11.5
[INFO] [stderr]    Compiling thiserror v2.0.17
[INFO] [stderr]    Compiling thiserror v1.0.69
[INFO] [stderr]    Compiling crypto-common v0.1.7
[INFO] [stderr]    Compiling block-buffer v0.10.4
[INFO] [stderr]    Compiling inout v0.1.4
[INFO] [stderr]    Compiling crypto-bigint v0.5.5
[INFO] [stderr]    Compiling universal-hash v0.5.1
[INFO] [stderr]    Compiling aead v0.5.2
[INFO] [stderr]    Compiling cipher v0.4.4
[INFO] [stderr]    Compiling polyval v0.6.2
[INFO] [stderr]    Compiling poly1305 v0.8.0
[INFO] [stderr]    Compiling digest v0.10.7
[INFO] [stderr]    Compiling ghash v0.5.1
[INFO] [stderr]    Compiling sec1 v0.7.3
[INFO] [stderr]    Compiling ctr v0.9.2
[INFO] [stderr]    Compiling aes v0.8.4
[INFO] [stderr]    Compiling chacha20 v0.9.1
[INFO] [stderr]    Compiling hmac v0.12.1
[INFO] [stderr]    Compiling sha1 v0.10.6
[INFO] [stderr]    Compiling sha2 v0.10.9
[INFO] [stderr]    Compiling sha3 v0.10.8
[INFO] [stderr]    Compiling tinystr v0.8.2
[INFO] [stderr]    Compiling potential_utf v0.1.4
[INFO] [stderr]    Compiling icu_collections v2.1.1
[INFO] [stderr]    Compiling hkdf v0.12.4
[INFO] [stderr]    Compiling chacha20poly1305 v0.10.1
[INFO] [stderr]    Compiling headers v0.3.9
[INFO] [stderr]    Compiling icu_locale_core v2.1.1
[INFO] [stderr]    Compiling aes-gcm v0.10.3
[INFO] [stderr]    Compiling elliptic-curve v0.13.8
[INFO] [stderr]    Compiling x25519-dalek v2.0.1
[INFO] [stderr]    Compiling icu_provider v2.1.1
[INFO] [stderr]    Compiling primeorder v0.13.6
[INFO] [stderr]    Compiling serde v1.0.228
[INFO] [stderr]    Compiling icu_properties v2.1.2
[INFO] [stderr]    Compiling icu_normalizer v2.1.1
[INFO] [stderr]    Compiling p256 v0.13.2
[INFO] [stderr]    Compiling hpke v0.12.0
[INFO] [stderr]    Compiling ed25519 v2.2.3
[INFO] [stderr]    Compiling bincode v1.3.3
[INFO] [stderr]    Compiling serde_urlencoded v0.7.1
[INFO] [stderr]    Compiling chrono v0.4.42
[INFO] [stderr]    Compiling ed25519-dalek v2.2.0
[INFO] [stderr]    Compiling idna_adapter v1.2.1
[INFO] [stderr]    Compiling idna v1.1.0
[INFO] [stderr]    Compiling url v2.5.7
[INFO] [stderr]    Compiling oqs-sys v0.11.0+liboqs-0.13.0
[INFO] [stderr]    Compiling tungstenite v0.21.0
[INFO] [stderr]    Compiling tokio-util v0.7.17
[INFO] [stderr]    Compiling tokio-tungstenite v0.21.0
[INFO] [stderr]    Compiling h2 v0.3.27
[INFO] [stderr]    Compiling hyper v0.14.32
[INFO] [stderr]    Compiling warp v0.3.7
[INFO] [stderr]    Compiling hanzo-pqc v1.1.21
[INFO] [stderr]    Compiling hanzo-kbs v1.1.21 (/opt/rustwide/workdir)
[INFO] [stdout] warning: unused import: `SecurityError`
[INFO] [stdout]   --> src/vault.rs:10:28
[INFO] [stdout]    |
[INFO] [stdout] 10 | use crate::error::{Result, SecurityError};
[INFO] [stdout]    |                            ^^^^^^^^^^^^^
[INFO] [stdout]    |
[INFO] [stdout]    = note: `-W unused-imports` implied by `-W unused`
[INFO] [stdout]    = help: to override `-W unused` add `#[allow(unused_imports)]`
[INFO] [stdout] 
[INFO] [stdout] 
[INFO] [stdout] warning: use of deprecated function `base64::decode`: Use Engine::decode
[INFO] [stdout]    --> src/kms/api.rs:149:28
[INFO] [stdout]     |
[INFO] [stdout] 149 |     let key_data = base64::decode(&req.key_data_base64)
[INFO] [stdout]     |                            ^^^^^^
[INFO] [stdout]     |
[INFO] [stdout]     = note: `#[warn(deprecated)]` on by default
[INFO] [stdout] 
[INFO] [stdout] 
[INFO] [stdout] warning: use of deprecated function `base64::encode`: Use Engine::encode
[INFO] [stdout]    --> src/kms/api.rs:154:41
[INFO] [stdout]     |
[INFO] [stdout] 154 |             wrapped_key_base64: base64::encode(&wrapped),
[INFO] [stdout]     |                                         ^^^^^^
[INFO] [stdout] 
[INFO] [stdout] 
[INFO] [stdout] warning: unused variable: `key_metadata`
[INFO] [stdout]    --> src/kms/memory_kms.rs:355:9
[INFO] [stdout]     |
[INFO] [stdout] 355 |         key_metadata: CustomerKeyMetadata,
[INFO] [stdout]     |         ^^^^^^^^^^^^ help: if this is intentional, prefix it with an underscore: `_key_metadata`
[INFO] [stdout]     |
[INFO] [stdout]     = note: `-W unused-variables` implied by `-W unused`
[INFO] [stdout]     = help: to override `-W unused` add `#[allow(unused_variables)]`
[INFO] [stdout] 
[INFO] [stdout] 
[INFO] [stdout] warning: unused variable: `wrapped_key`
[INFO] [stdout]    --> src/kms/memory_kms.rs:354:9
[INFO] [stdout]     |
[INFO] [stdout] 354 |         wrapped_key: &[u8],
[INFO] [stdout]     |         ^^^^^^^^^^^ help: if this is intentional, prefix it with an underscore: `_wrapped_key`
[INFO] [stdout] 
[INFO] [stdout] 
[INFO] [stdout] warning: unused variable: `subject`
[INFO] [stdout]    --> src/kbs.rs:330:38
[INFO] [stdout]     |
[INFO] [stdout] 330 |     async fn check_rate_limit(&self, subject: &str) -> Result<bool> {
[INFO] [stdout]     |                                      ^^^^^^^ help: if this is intentional, prefix it with an underscore: `_subject`
[INFO] [stdout] 
[INFO] [stdout] 
[INFO] [stdout] warning: unused variable: `enclave_public_key`
[INFO] [stdout]    --> src/kbs.rs:346:9
[INFO] [stdout]     |
[INFO] [stdout] 346 |         enclave_public_key: &[u8],
[INFO] [stdout]     |         ^^^^^^^^^^^^^^^^^^ help: if this is intentional, prefix it with an underscore: `_enclave_public_key`
[INFO] [stdout] 
[INFO] [stdout] 
[INFO] [stdout] warning: unused variable: `report`
[INFO] [stdout]    --> src/attestation.rs:192:39
[INFO] [stdout]     |
[INFO] [stdout] 192 |             AttestationType::SevSnp { report, vcek_cert, platform_cert_chain } => {
[INFO] [stdout]     |                                       ^^^^^^ help: try ignoring the field: `report: _`
[INFO] [stdout] 
[INFO] [stdout] 
[INFO] [stdout] warning: unused variable: `vcek_cert`
[INFO] [stdout]    --> src/attestation.rs:192:47
[INFO] [stdout]     |
[INFO] [stdout] 192 |             AttestationType::SevSnp { report, vcek_cert, platform_cert_chain } => {
[INFO] [stdout]     |                                               ^^^^^^^^^ help: try ignoring the field: `vcek_cert: _`
[INFO] [stdout] 
[INFO] [stdout] 
[INFO] [stdout] warning: unused variable: `platform_cert_chain`
[INFO] [stdout]    --> src/attestation.rs:192:58
[INFO] [stdout]     |
[INFO] [stdout] 192 |             AttestationType::SevSnp { report, vcek_cert, platform_cert_chain } => {
[INFO] [stdout]     |                                                          ^^^^^^^^^^^^^^^^^^^ help: try ignoring the field: `platform_cert_chain: _`
[INFO] [stdout] 
[INFO] [stdout] 
[INFO] [stdout] warning: unused variable: `quote`
[INFO] [stdout]    --> src/attestation.rs:197:36
[INFO] [stdout]     |
[INFO] [stdout] 197 |             AttestationType::Tdx { quote, collateral } => {
[INFO] [stdout]     |                                    ^^^^^ help: try ignoring the field: `quote: _`
[INFO] [stdout] 
[INFO] [stdout] 
[INFO] [stdout] warning: unused variable: `collateral`
[INFO] [stdout]    --> src/attestation.rs:197:43
[INFO] [stdout]     |
[INFO] [stdout] 197 |             AttestationType::Tdx { quote, collateral } => {
[INFO] [stdout]     |                                           ^^^^^^^^^^ help: try ignoring the field: `collateral: _`
[INFO] [stdout] 
[INFO] [stdout] 
[INFO] [stdout] warning: unused variable: `decap_key`
[INFO] [stdout]    --> src/pqc_integration.rs:217:29
[INFO] [stdout]     |
[INFO] [stdout] 217 |             let (encap_key, decap_key) = hybrid_kem.generate_keypair(HybridMode::default()).await
[INFO] [stdout]     |                             ^^^^^^^^^ help: if this is intentional, prefix it with an underscore: `_decap_key`
[INFO] [stdout] 
[INFO] [stdout] 
[INFO] [stdout] warning: field `kms` is never read
[INFO] [stdout]   --> src/kbs.rs:41:5
[INFO] [stdout]    |
[INFO] [stdout] 40 | pub struct HanzoKbs<K: KeyManagementService, V: AttestationVerifier> {
[INFO] [stdout]    |            -------- field in this struct
[INFO] [stdout] 41 |     kms: K,
[INFO] [stdout]    |     ^^^
[INFO] [stdout]    |
[INFO] [stdout]    = note: requested on the command line with `-W dead-code`
[INFO] [stdout] 
[INFO] [stdout] 
[INFO] [stdout] warning: fields `enclave_public_key` and `authorized_keys` are never read
[INFO] [stdout]   --> src/kbs.rs:84:9
[INFO] [stdout]    |
[INFO] [stdout] 81 | struct SessionInfo {
[INFO] [stdout]    |        ----------- fields in this struct
[INFO] [stdout] ...
[INFO] [stdout] 84 |     pub enclave_public_key: Vec<u8>,
[INFO] [stdout]    |         ^^^^^^^^^^^^^^^^^^
[INFO] [stdout] 85 |     pub authorized_keys: Vec<KeyId>,
[INFO] [stdout]    |         ^^^^^^^^^^^^^^^
[INFO] [stdout]    |
[INFO] [stdout]    = note: `SessionInfo` has derived impls for the traits `Clone` and `Debug`, but these are intentionally ignored during dead code analysis
[INFO] [stdout] 
[INFO] [stdout] 
[INFO] [stdout] warning: field `tenant_id` is never read
[INFO] [stdout]   --> src/vault.rs:57:5
[INFO] [stdout]    |
[INFO] [stdout] 54 | pub struct FileVault<K: KeyManagementService> {
[INFO] [stdout]    |            --------- field in this struct
[INFO] [stdout] ...
[INFO] [stdout] 57 |     tenant_id: String,
[INFO] [stdout]    |     ^^^^^^^^^
[INFO] [stdout] 
[INFO] [stdout] 
[INFO] [stdout] warning: field `kms` is never read
[INFO] [stdout]    --> src/vault.rs:120:5
[INFO] [stdout]     |
[INFO] [stdout] 119 | pub struct SimVault<K: KeyManagementService> {
[INFO] [stdout]     |            -------- field in this struct
[INFO] [stdout] 120 |     kms: K,
[INFO] [stdout]     |     ^^^
[INFO] [stdout] 
[INFO] [stdout] 
[INFO] [stdout] warning: field `ml_dsa` is never read
[INFO] [stdout]   --> src/pqc_vault.rs:30:5
[INFO] [stdout]    |
[INFO] [stdout] 26 | pub struct PqcVault {
[INFO] [stdout]    |            -------- field in this struct
[INFO] [stdout] ...
[INFO] [stdout] 30 |     ml_dsa: Arc<MlDsa>,
[INFO] [stdout]    |     ^^^^^^
[INFO] [stdout] 
[INFO] [stdout] 
[INFO] [stdout] warning: fields `created_at` and `tier` are never read
[INFO] [stdout]   --> src/pqc_vault.rs:44:5
[INFO] [stdout]    |
[INFO] [stdout] 38 | struct ProtectedKey {
[INFO] [stdout]    |        ------------ fields in this struct
[INFO] [stdout] ...
[INFO] [stdout] 44 |     created_at: chrono::DateTime<chrono::Utc>,
[INFO] [stdout]    |     ^^^^^^^^^^
[INFO] [stdout] 45 |     tier: PrivacyTier,
[INFO] [stdout]    |     ^^^^
[INFO] [stdout]    |
[INFO] [stdout]    = note: `ProtectedKey` has a derived impl for the trait `Clone`, but this is intentionally ignored during dead code analysis
[INFO] [stdout] 
[INFO] [stdout] 
[INFO] [stdout] warning: method `generate_signing_keypair` is never used
[INFO] [stdout]   --> src/pqc_vault.rs:86:14
[INFO] [stdout]    |
[INFO] [stdout] 49 | impl PqcVault {
[INFO] [stdout]    | ------------- method in this implementation
[INFO] [stdout] ...
[INFO] [stdout] 86 |     async fn generate_signing_keypair(&self) -> Result<(VerifyingKey, SigningKey)> {
[INFO] [stdout]    |              ^^^^^^^^^^^^^^^^^^^^^^^^
[INFO] [stdout] 
[INFO] [stdout] 
[INFO] [stdout] warning: method `recommended_sig` is never used
[INFO] [stdout]    --> src/pqc_vault.rs:103:8
[INFO] [stdout]     |
[INFO] [stdout]  94 | impl PrivacyTier {
[INFO] [stdout]     | ---------------- method in this implementation
[INFO] [stdout] ...
[INFO] [stdout] 103 |     fn recommended_sig(&self) -> SignatureAlgorithm {
[INFO] [stdout]     |        ^^^^^^^^^^^^^^^
[INFO] [stdout] 
[INFO] [stdout] 
[INFO] [stdout] warning: field `gpu_device_id` is never read
[INFO] [stdout]    --> src/pqc_vault.rs:247:5
[INFO] [stdout]     |
[INFO] [stdout] 245 | pub struct GpuCcVault {
[INFO] [stdout]     |            ---------- field in this struct
[INFO] [stdout] 246 |     inner: PqcVault,
[INFO] [stdout] 247 |     gpu_device_id: u32,
[INFO] [stdout]     |     ^^^^^^^^^^^^^
[INFO] [stdout] 
[INFO] [stdout] 
[INFO] [stdout] warning: field `gpu_device_id` is never read
[INFO] [stdout]    --> src/pqc_vault.rs:312:5
[INFO] [stdout]     |
[INFO] [stdout] 310 | pub struct GpuTeeIoVault {
[INFO] [stdout]     |            ------------- field in this struct
[INFO] [stdout] 311 |     inner: PqcVault,
[INFO] [stdout] 312 |     gpu_device_id: u32,
[INFO] [stdout]     |     ^^^^^^^^^^^^^
[INFO] [stdout] 
[INFO] [stdout] 
[INFO] [stderr]     Finished `release` profile [optimized] target(s) in 1m 34s
[INFO] running `Command { std: "docker" "inspect" "c6922fdebca918c372512b0b8a6df2b311374265e754b667d237c3f6269ec3eb", kill_on_drop: false }`
[INFO] running `Command { std: "docker" "exec" "-e" "SOURCE_DIR=/opt/rustwide/workdir" "-e" "CARGO_HOME=/opt/rustwide/cargo-home" "-e" "RUSTUP_HOME=/opt/rustwide/rustup-home" "-e" "CARGO_TARGET_DIR=/opt/rustwide/target" "-e" "CARGO_INCREMENTAL=0" "-e" "RUST_BACKTRACE=full" "-e" "RUSTFLAGS=--cap-lints=warn" "-e" "RUSTDOCFLAGS=--cap-lints=warn" "-w" "/opt/rustwide/workdir" "--user" "0:0" "c6922fdebca918c372512b0b8a6df2b311374265e754b667d237c3f6269ec3eb" "/opt/rustwide/cargo-home/bin/cargo" "+1.99.0-beta.8" "test" "--frozen" "--no-run" "--message-format=json" "--release", kill_on_drop: false }`
[INFO] [stderr]    Compiling tokio v1.48.0
[INFO] [stderr]    Compiling async-stream-impl v0.3.6
[INFO] [stderr]    Compiling async-stream v0.3.6
[INFO] [stderr]    Compiling tokio-util v0.7.17
[INFO] [stderr]    Compiling tokio-tungstenite v0.21.0
[INFO] [stderr]    Compiling hanzo-pqc v1.1.21
[INFO] [stderr]    Compiling tokio-stream v0.1.17
[INFO] [stderr]    Compiling tokio-test v0.4.4
[INFO] [stderr]    Compiling h2 v0.3.27
[INFO] [stderr]    Compiling hyper v0.14.32
[INFO] [stderr]    Compiling warp v0.3.7
[INFO] [stderr]    Compiling hanzo-kbs v1.1.21 (/opt/rustwide/workdir)
[INFO] [stdout] warning: unused import: `SecurityError`
[INFO] [stdout]   --> src/vault.rs:10:28
[INFO] [stdout]    |
[INFO] [stdout] 10 | use crate::error::{Result, SecurityError};
[INFO] [stdout]    |                            ^^^^^^^^^^^^^
[INFO] [stdout]    |
[INFO] [stdout]    = note: `-W unused-imports` implied by `-W unused`
[INFO] [stdout]    = help: to override `-W unused` add `#[allow(unused_imports)]`
[INFO] [stdout] 
[INFO] [stdout] 
[INFO] [stdout] warning: use of deprecated function `base64::decode`: Use Engine::decode
[INFO] [stdout]    --> src/kms/api.rs:149:28
[INFO] [stdout]     |
[INFO] [stdout] 149 |     let key_data = base64::decode(&req.key_data_base64)
[INFO] [stdout]     |                            ^^^^^^
[INFO] [stdout]     |
[INFO] [stdout]     = note: `#[warn(deprecated)]` on by default
[INFO] [stdout] 
[INFO] [stdout] 
[INFO] [stdout] warning: use of deprecated function `base64::encode`: Use Engine::encode
[INFO] [stdout]    --> src/kms/api.rs:154:41
[INFO] [stdout]     |
[INFO] [stdout] 154 |             wrapped_key_base64: base64::encode(&wrapped),
[INFO] [stdout]     |                                         ^^^^^^
[INFO] [stdout] 
[INFO] [stdout] 
[INFO] [stdout] warning: unused import: `SecurityError`
[INFO] [stdout]   --> src/vault.rs:10:28
[INFO] [stdout]    |
[INFO] [stdout] 10 | use crate::error::{Result, SecurityError};
[INFO] [stdout]    |                            ^^^^^^^^^^^^^
[INFO] [stdout]    |
[INFO] [stdout]    = note: `-W unused-imports` implied by `-W unused`
[INFO] [stdout]    = help: to override `-W unused` add `#[allow(unused_imports)]`
[INFO] [stdout] 
[INFO] [stdout] 
[INFO] [stdout] warning: use of deprecated function `base64::decode`: Use Engine::decode
[INFO] [stdout]    --> src/kms/api.rs:149:28
[INFO] [stdout]     |
[INFO] [stdout] 149 |     let key_data = base64::decode(&req.key_data_base64)
[INFO] [stdout]     |                            ^^^^^^
[INFO] [stdout]     |
[INFO] [stdout]     = note: `#[warn(deprecated)]` on by default
[INFO] [stdout] 
[INFO] [stdout] 
[INFO] [stdout] warning: use of deprecated function `base64::encode`: Use Engine::encode
[INFO] [stdout]    --> src/kms/api.rs:154:41
[INFO] [stdout]     |
[INFO] [stdout] 154 |             wrapped_key_base64: base64::encode(&wrapped),
[INFO] [stdout]     |                                         ^^^^^^
[INFO] [stdout] 
[INFO] [stdout] 
[INFO] [stdout] warning: unused variable: `key_metadata`
[INFO] [stdout]    --> src/kms/memory_kms.rs:355:9
[INFO] [stdout]     |
[INFO] [stdout] 355 |         key_metadata: CustomerKeyMetadata,
[INFO] [stdout]     |         ^^^^^^^^^^^^ help: if this is intentional, prefix it with an underscore: `_key_metadata`
[INFO] [stdout]     |
[INFO] [stdout]     = note: `-W unused-variables` implied by `-W unused`
[INFO] [stdout]     = help: to override `-W unused` add `#[allow(unused_variables)]`
[INFO] [stdout] 
[INFO] [stdout] 
[INFO] [stdout] warning: unused variable: `wrapped_key`
[INFO] [stdout]    --> src/kms/memory_kms.rs:354:9
[INFO] [stdout]     |
[INFO] [stdout] 354 |         wrapped_key: &[u8],
[INFO] [stdout]     |         ^^^^^^^^^^^ help: if this is intentional, prefix it with an underscore: `_wrapped_key`
[INFO] [stdout] 
[INFO] [stdout] 
[INFO] [stdout] warning: unused variable: `subject`
[INFO] [stdout]    --> src/kbs.rs:330:38
[INFO] [stdout]     |
[INFO] [stdout] 330 |     async fn check_rate_limit(&self, subject: &str) -> Result<bool> {
[INFO] [stdout]     |                                      ^^^^^^^ help: if this is intentional, prefix it with an underscore: `_subject`
[INFO] [stdout] 
[INFO] [stdout] 
[INFO] [stdout] warning: unused variable: `enclave_public_key`
[INFO] [stdout]    --> src/kbs.rs:346:9
[INFO] [stdout]     |
[INFO] [stdout] 346 |         enclave_public_key: &[u8],
[INFO] [stdout]     |         ^^^^^^^^^^^^^^^^^^ help: if this is intentional, prefix it with an underscore: `_enclave_public_key`
[INFO] [stdout] 
[INFO] [stdout] 
[INFO] [stdout] warning: unused variable: `report`
[INFO] [stdout]    --> src/attestation.rs:192:39
[INFO] [stdout]     |
[INFO] [stdout] 192 |             AttestationType::SevSnp { report, vcek_cert, platform_cert_chain } => {
[INFO] [stdout]     |                                       ^^^^^^ help: try ignoring the field: `report: _`
[INFO] [stdout] 
[INFO] [stdout] 
[INFO] [stdout] warning: unused variable: `vcek_cert`
[INFO] [stdout]    --> src/attestation.rs:192:47
[INFO] [stdout]     |
[INFO] [stdout] 192 |             AttestationType::SevSnp { report, vcek_cert, platform_cert_chain } => {
[INFO] [stdout]     |                                               ^^^^^^^^^ help: try ignoring the field: `vcek_cert: _`
[INFO] [stdout] 
[INFO] [stdout] 
[INFO] [stdout] warning: unused variable: `platform_cert_chain`
[INFO] [stdout]    --> src/attestation.rs:192:58
[INFO] [stdout]     |
[INFO] [stdout] 192 |             AttestationType::SevSnp { report, vcek_cert, platform_cert_chain } => {
[INFO] [stdout]     |                                                          ^^^^^^^^^^^^^^^^^^^ help: try ignoring the field: `platform_cert_chain: _`
[INFO] [stdout] 
[INFO] [stdout] 
[INFO] [stdout] warning: unused variable: `quote`
[INFO] [stdout]    --> src/attestation.rs:197:36
[INFO] [stdout]     |
[INFO] [stdout] 197 |             AttestationType::Tdx { quote, collateral } => {
[INFO] [stdout]     |                                    ^^^^^ help: try ignoring the field: `quote: _`
[INFO] [stdout] 
[INFO] [stdout] 
[INFO] [stdout] warning: unused variable: `collateral`
[INFO] [stdout]    --> src/attestation.rs:197:43
[INFO] [stdout]     |
[INFO] [stdout] 197 |             AttestationType::Tdx { quote, collateral } => {
[INFO] [stdout]     |                                           ^^^^^^^^^^ help: try ignoring the field: `collateral: _`
[INFO] [stdout] 
[INFO] [stdout] 
[INFO] [stdout] warning: unused variable: `decap_key`
[INFO] [stdout]    --> src/pqc_integration.rs:217:29
[INFO] [stdout]     |
[INFO] [stdout] 217 |             let (encap_key, decap_key) = hybrid_kem.generate_keypair(HybridMode::default()).await
[INFO] [stdout]     |                             ^^^^^^^^^ help: if this is intentional, prefix it with an underscore: `_decap_key`
[INFO] [stdout] 
[INFO] [stdout] 
[INFO] [stdout] warning: field `kms` is never read
[INFO] [stdout]   --> src/kbs.rs:41:5
[INFO] [stdout]    |
[INFO] [stdout] 40 | pub struct HanzoKbs<K: KeyManagementService, V: AttestationVerifier> {
[INFO] [stdout]    |            -------- field in this struct
[INFO] [stdout] 41 |     kms: K,
[INFO] [stdout]    |     ^^^
[INFO] [stdout]    |
[INFO] [stdout]    = note: requested on the command line with `-W dead-code`
[INFO] [stdout] 
[INFO] [stdout] 
[INFO] [stdout] warning: fields `enclave_public_key` and `authorized_keys` are never read
[INFO] [stdout]   --> src/kbs.rs:84:9
[INFO] [stdout]    |
[INFO] [stdout] 81 | struct SessionInfo {
[INFO] [stdout]    |        ----------- fields in this struct
[INFO] [stdout] ...
[INFO] [stdout] 84 |     pub enclave_public_key: Vec<u8>,
[INFO] [stdout]    |         ^^^^^^^^^^^^^^^^^^
[INFO] [stdout] 85 |     pub authorized_keys: Vec<KeyId>,
[INFO] [stdout]    |         ^^^^^^^^^^^^^^^
[INFO] [stdout]    |
[INFO] [stdout]    = note: `SessionInfo` has derived impls for the traits `Clone` and `Debug`, but these are intentionally ignored during dead code analysis
[INFO] [stdout] 
[INFO] [stdout] 
[INFO] [stdout] warning: field `tenant_id` is never read
[INFO] [stdout]   --> src/vault.rs:57:5
[INFO] [stdout]    |
[INFO] [stdout] 54 | pub struct FileVault<K: KeyManagementService> {
[INFO] [stdout]    |            --------- field in this struct
[INFO] [stdout] ...
[INFO] [stdout] 57 |     tenant_id: String,
[INFO] [stdout]    |     ^^^^^^^^^
[INFO] [stdout] 
[INFO] [stdout] 
[INFO] [stdout] warning: field `kms` is never read
[INFO] [stdout]    --> src/vault.rs:120:5
[INFO] [stdout]     |
[INFO] [stdout] 119 | pub struct SimVault<K: KeyManagementService> {
[INFO] [stdout]     |            -------- field in this struct
[INFO] [stdout] 120 |     kms: K,
[INFO] [stdout]     |     ^^^
[INFO] [stdout] 
[INFO] [stdout] 
[INFO] [stdout] warning: field `ml_dsa` is never read
[INFO] [stdout]   --> src/pqc_vault.rs:30:5
[INFO] [stdout]    |
[INFO] [stdout] 26 | pub struct PqcVault {
[INFO] [stdout]    |            -------- field in this struct
[INFO] [stdout] ...
[INFO] [stdout] 30 |     ml_dsa: Arc<MlDsa>,
[INFO] [stdout]    |     ^^^^^^
[INFO] [stdout] 
[INFO] [stdout] 
[INFO] [stdout] warning: fields `created_at` and `tier` are never read
[INFO] [stdout]   --> src/pqc_vault.rs:44:5
[INFO] [stdout]    |
[INFO] [stdout] 38 | struct ProtectedKey {
[INFO] [stdout]    |        ------------ fields in this struct
[INFO] [stdout] ...
[INFO] [stdout] 44 |     created_at: chrono::DateTime<chrono::Utc>,
[INFO] [stdout]    |     ^^^^^^^^^^
[INFO] [stdout] 45 |     tier: PrivacyTier,
[INFO] [stdout]    |     ^^^^
[INFO] [stdout]    |
[INFO] [stdout]    = note: `ProtectedKey` has a derived impl for the trait `Clone`, but this is intentionally ignored during dead code analysis
[INFO] [stdout] 
[INFO] [stdout] 
[INFO] [stdout] warning: method `generate_signing_keypair` is never used
[INFO] [stdout]   --> src/pqc_vault.rs:86:14
[INFO] [stdout]    |
[INFO] [stdout] 49 | impl PqcVault {
[INFO] [stdout]    | ------------- method in this implementation
[INFO] [stdout] ...
[INFO] [stdout] 86 |     async fn generate_signing_keypair(&self) -> Result<(VerifyingKey, SigningKey)> {
[INFO] [stdout]    |              ^^^^^^^^^^^^^^^^^^^^^^^^
[INFO] [stdout] 
[INFO] [stdout] 
[INFO] [stdout] warning: method `recommended_sig` is never used
[INFO] [stdout]    --> src/pqc_vault.rs:103:8
[INFO] [stdout]     |
[INFO] [stdout]  94 | impl PrivacyTier {
[INFO] [stdout]     | ---------------- method in this implementation
[INFO] [stdout] ...
[INFO] [stdout] 103 |     fn recommended_sig(&self) -> SignatureAlgorithm {
[INFO] [stdout]     |        ^^^^^^^^^^^^^^^
[INFO] [stdout] 
[INFO] [stdout] 
[INFO] [stdout] warning: field `gpu_device_id` is never read
[INFO] [stdout]    --> src/pqc_vault.rs:247:5
[INFO] [stdout]     |
[INFO] [stdout] 245 | pub struct GpuCcVault {
[INFO] [stdout]     |            ---------- field in this struct
[INFO] [stdout] 246 |     inner: PqcVault,
[INFO] [stdout] 247 |     gpu_device_id: u32,
[INFO] [stdout]     |     ^^^^^^^^^^^^^
[INFO] [stdout] 
[INFO] [stdout] 
[INFO] [stdout] warning: field `gpu_device_id` is never read
[INFO] [stdout]    --> src/pqc_vault.rs:312:5
[INFO] [stdout]     |
[INFO] [stdout] 310 | pub struct GpuTeeIoVault {
[INFO] [stdout]     |            ------------- field in this struct
[INFO] [stdout] 311 |     inner: PqcVault,
[INFO] [stdout] 312 |     gpu_device_id: u32,
[INFO] [stdout]     |     ^^^^^^^^^^^^^
[INFO] [stdout] 
[INFO] [stdout] 
[INFO] [stdout] warning: unused variable: `key_metadata`
[INFO] [stdout]    --> src/kms/memory_kms.rs:355:9
[INFO] [stdout]     |
[INFO] [stdout] 355 |         key_metadata: CustomerKeyMetadata,
[INFO] [stdout]     |         ^^^^^^^^^^^^ help: if this is intentional, prefix it with an underscore: `_key_metadata`
[INFO] [stdout]     |
[INFO] [stdout]     = note: `-W unused-variables` implied by `-W unused`
[INFO] [stdout]     = help: to override `-W unused` add `#[allow(unused_variables)]`
[INFO] [stdout] 
[INFO] [stdout] 
[INFO] [stdout] warning: unused variable: `wrapped_key`
[INFO] [stdout]    --> src/kms/memory_kms.rs:354:9
[INFO] [stdout]     |
[INFO] [stdout] 354 |         wrapped_key: &[u8],
[INFO] [stdout]     |         ^^^^^^^^^^^ help: if this is intentional, prefix it with an underscore: `_wrapped_key`
[INFO] [stdout] 
[INFO] [stdout] 
[INFO] [stdout] warning: unused variable: `subject`
[INFO] [stdout]    --> src/kbs.rs:330:38
[INFO] [stdout]     |
[INFO] [stdout] 330 |     async fn check_rate_limit(&self, subject: &str) -> Result<bool> {
[INFO] [stdout]     |                                      ^^^^^^^ help: if this is intentional, prefix it with an underscore: `_subject`
[INFO] [stdout] 
[INFO] [stdout] 
[INFO] [stdout] warning: unused variable: `enclave_public_key`
[INFO] [stdout]    --> src/kbs.rs:346:9
[INFO] [stdout]     |
[INFO] [stdout] 346 |         enclave_public_key: &[u8],
[INFO] [stdout]     |         ^^^^^^^^^^^^^^^^^^ help: if this is intentional, prefix it with an underscore: `_enclave_public_key`
[INFO] [stdout] 
[INFO] [stdout] 
[INFO] [stdout] warning: unused variable: `report`
[INFO] [stdout]    --> src/attestation.rs:192:39
[INFO] [stdout]     |
[INFO] [stdout] 192 |             AttestationType::SevSnp { report, vcek_cert, platform_cert_chain } => {
[INFO] [stdout]     |                                       ^^^^^^ help: try ignoring the field: `report: _`
[INFO] [stdout] 
[INFO] [stdout] 
[INFO] [stdout] warning: unused variable: `vcek_cert`
[INFO] [stdout]    --> src/attestation.rs:192:47
[INFO] [stdout]     |
[INFO] [stdout] 192 |             AttestationType::SevSnp { report, vcek_cert, platform_cert_chain } => {
[INFO] [stdout]     |                                               ^^^^^^^^^ help: try ignoring the field: `vcek_cert: _`
[INFO] [stdout] 
[INFO] [stdout] 
[INFO] [stdout] warning: unused variable: `platform_cert_chain`
[INFO] [stdout]    --> src/attestation.rs:192:58
[INFO] [stdout]     |
[INFO] [stdout] 192 |             AttestationType::SevSnp { report, vcek_cert, platform_cert_chain } => {
[INFO] [stdout]     |                                                          ^^^^^^^^^^^^^^^^^^^ help: try ignoring the field: `platform_cert_chain: _`
[INFO] [stdout] 
[INFO] [stdout] 
[INFO] [stdout] warning: unused variable: `quote`
[INFO] [stdout]    --> src/attestation.rs:197:36
[INFO] [stdout]     |
[INFO] [stdout] 197 |             AttestationType::Tdx { quote, collateral } => {
[INFO] [stdout]     |                                    ^^^^^ help: try ignoring the field: `quote: _`
[INFO] [stdout] 
[INFO] [stdout] 
[INFO] [stdout] warning: unused variable: `collateral`
[INFO] [stdout]    --> src/attestation.rs:197:43
[INFO] [stdout]     |
[INFO] [stdout] 197 |             AttestationType::Tdx { quote, collateral } => {
[INFO] [stdout]     |                                           ^^^^^^^^^^ help: try ignoring the field: `collateral: _`
[INFO] [stdout] 
[INFO] [stdout] 
[INFO] [stdout] warning: unused variable: `decap_key`
[INFO] [stdout]    --> src/pqc_integration.rs:217:29
[INFO] [stdout]     |
[INFO] [stdout] 217 |             let (encap_key, decap_key) = hybrid_kem.generate_keypair(HybridMode::default()).await
[INFO] [stdout]     |                             ^^^^^^^^^ help: if this is intentional, prefix it with an underscore: `_decap_key`
[INFO] [stdout] 
[INFO] [stdout] 
[INFO] [stdout] warning: field `kms` is never read
[INFO] [stdout]   --> src/kbs.rs:41:5
[INFO] [stdout]    |
[INFO] [stdout] 40 | pub struct HanzoKbs<K: KeyManagementService, V: AttestationVerifier> {
[INFO] [stdout]    |            -------- field in this struct
[INFO] [stdout] 41 |     kms: K,
[INFO] [stdout]    |     ^^^
[INFO] [stdout]    |
[INFO] [stdout]    = note: requested on the command line with `-W dead-code`
[INFO] [stdout] 
[INFO] [stdout] 
[INFO] [stdout] warning: fields `enclave_public_key` and `authorized_keys` are never read
[INFO] [stdout]   --> src/kbs.rs:84:9
[INFO] [stdout]    |
[INFO] [stdout] 81 | struct SessionInfo {
[INFO] [stdout]    |        ----------- fields in this struct
[INFO] [stdout] ...
[INFO] [stdout] 84 |     pub enclave_public_key: Vec<u8>,
[INFO] [stdout]    |         ^^^^^^^^^^^^^^^^^^
[INFO] [stdout] 85 |     pub authorized_keys: Vec<KeyId>,
[INFO] [stdout]    |         ^^^^^^^^^^^^^^^
[INFO] [stdout]    |
[INFO] [stdout]    = note: `SessionInfo` has derived impls for the traits `Clone` and `Debug`, but these are intentionally ignored during dead code analysis
[INFO] [stdout] 
[INFO] [stdout] 
[INFO] [stdout] warning: field `tenant_id` is never read
[INFO] [stdout]   --> src/vault.rs:57:5
[INFO] [stdout]    |
[INFO] [stdout] 54 | pub struct FileVault<K: KeyManagementService> {
[INFO] [stdout]    |            --------- field in this struct
[INFO] [stdout] ...
[INFO] [stdout] 57 |     tenant_id: String,
[INFO] [stdout]    |     ^^^^^^^^^
[INFO] [stdout] 
[INFO] [stdout] 
[INFO] [stdout] warning: field `kms` is never read
[INFO] [stdout]    --> src/vault.rs:120:5
[INFO] [stdout]     |
[INFO] [stdout] 119 | pub struct SimVault<K: KeyManagementService> {
[INFO] [stdout]     |            -------- field in this struct
[INFO] [stdout] 120 |     kms: K,
[INFO] [stdout]     |     ^^^
[INFO] [stdout] 
[INFO] [stdout] 
[INFO] [stdout] warning: field `ml_dsa` is never read
[INFO] [stdout]   --> src/pqc_vault.rs:30:5
[INFO] [stdout]    |
[INFO] [stdout] 26 | pub struct PqcVault {
[INFO] [stdout]    |            -------- field in this struct
[INFO] [stdout] ...
[INFO] [stdout] 30 |     ml_dsa: Arc<MlDsa>,
[INFO] [stdout]    |     ^^^^^^
[INFO] [stdout] 
[INFO] [stdout] 
[INFO] [stdout] warning: fields `created_at` and `tier` are never read
[INFO] [stdout]   --> src/pqc_vault.rs:44:5
[INFO] [stdout]    |
[INFO] [stdout] 38 | struct ProtectedKey {
[INFO] [stdout]    |        ------------ fields in this struct
[INFO] [stdout] ...
[INFO] [stdout] 44 |     created_at: chrono::DateTime<chrono::Utc>,
[INFO] [stdout]    |     ^^^^^^^^^^
[INFO] [stdout] 45 |     tier: PrivacyTier,
[INFO] [stdout]    |     ^^^^
[INFO] [stdout]    |
[INFO] [stdout]    = note: `ProtectedKey` has a derived impl for the trait `Clone`, but this is intentionally ignored during dead code analysis
[INFO] [stdout] 
[INFO] [stdout] 
[INFO] [stdout] warning: method `generate_signing_keypair` is never used
[INFO] [stdout]   --> src/pqc_vault.rs:86:14
[INFO] [stdout]    |
[INFO] [stdout] 49 | impl PqcVault {
[INFO] [stdout]    | ------------- method in this implementation
[INFO] [stdout] ...
[INFO] [stdout] 86 |     async fn generate_signing_keypair(&self) -> Result<(VerifyingKey, SigningKey)> {
[INFO] [stdout]    |              ^^^^^^^^^^^^^^^^^^^^^^^^
[INFO] [stdout] 
[INFO] [stdout] 
[INFO] [stdout] warning: method `recommended_sig` is never used
[INFO] [stdout]    --> src/pqc_vault.rs:103:8
[INFO] [stdout]     |
[INFO] [stdout]  94 | impl PrivacyTier {
[INFO] [stdout]     | ---------------- method in this implementation
[INFO] [stdout] ...
[INFO] [stdout] 103 |     fn recommended_sig(&self) -> SignatureAlgorithm {
[INFO] [stdout]     |        ^^^^^^^^^^^^^^^
[INFO] [stdout] 
[INFO] [stdout] 
[INFO] [stdout] warning: field `gpu_device_id` is never read
[INFO] [stdout]    --> src/pqc_vault.rs:247:5
[INFO] [stdout]     |
[INFO] [stdout] 245 | pub struct GpuCcVault {
[INFO] [stdout]     |            ---------- field in this struct
[INFO] [stdout] 246 |     inner: PqcVault,
[INFO] [stdout] 247 |     gpu_device_id: u32,
[INFO] [stdout]     |     ^^^^^^^^^^^^^
[INFO] [stdout] 
[INFO] [stdout] 
[INFO] [stdout] warning: field `gpu_device_id` is never read
[INFO] [stdout]    --> src/pqc_vault.rs:312:5
[INFO] [stdout]     |
[INFO] [stdout] 310 | pub struct GpuTeeIoVault {
[INFO] [stdout]     |            ------------- field in this struct
[INFO] [stdout] 311 |     inner: PqcVault,
[INFO] [stdout] 312 |     gpu_device_id: u32,
[INFO] [stdout]     |     ^^^^^^^^^^^^^
[INFO] [stdout] 
[INFO] [stdout] 
[INFO] [stderr]     Finished `release` profile [optimized] target(s) in 34.92s
[INFO] running `Command { std: "docker" "inspect" "c6922fdebca918c372512b0b8a6df2b311374265e754b667d237c3f6269ec3eb", kill_on_drop: false }`
[INFO] running `Command { std: "docker" "exec" "-e" "SOURCE_DIR=/opt/rustwide/workdir" "-e" "CARGO_HOME=/opt/rustwide/cargo-home" "-e" "RUSTUP_HOME=/opt/rustwide/rustup-home" "-e" "CARGO_TARGET_DIR=/opt/rustwide/target" "-e" "CARGO_INCREMENTAL=0" "-e" "RUST_BACKTRACE=full" "-e" "RUSTFLAGS=--cap-lints=warn" "-e" "RUSTDOCFLAGS=--cap-lints=warn" "-w" "/opt/rustwide/workdir" "--user" "0:0" "c6922fdebca918c372512b0b8a6df2b311374265e754b667d237c3f6269ec3eb" "/opt/rustwide/cargo-home/bin/cargo" "+1.99.0-beta.8" "test" "--frozen" "--release", kill_on_drop: false }`
[INFO] [stderr] warning: unused import: `SecurityError`
[INFO] [stderr]   --> src/vault.rs:10:28
[INFO] [stderr]    |
[INFO] [stderr] 10 | use crate::error::{Result, SecurityError};
[INFO] [stderr]    |                            ^^^^^^^^^^^^^
[INFO] [stderr]    |
[INFO] [stderr]    = note: `-W unused-imports` implied by `-W unused`
[INFO] [stderr]    = help: to override `-W unused` add `#[allow(unused_imports)]`
[INFO] [stderr] 
[INFO] [stderr] warning: use of deprecated function `base64::decode`: Use Engine::decode
[INFO] [stderr]    --> src/kms/api.rs:149:28
[INFO] [stderr]     |
[INFO] [stderr] 149 |     let key_data = base64::decode(&req.key_data_base64)
[INFO] [stderr]     |                            ^^^^^^
[INFO] [stderr]     |
[INFO] [stderr]     = note: `#[warn(deprecated)]` on by default
[INFO] [stderr] 
[INFO] [stderr] warning: use of deprecated function `base64::encode`: Use Engine::encode
[INFO] [stderr]    --> src/kms/api.rs:154:41
[INFO] [stderr]     |
[INFO] [stderr] 154 |             wrapped_key_base64: base64::encode(&wrapped),
[INFO] [stderr]     |                                         ^^^^^^
[INFO] [stderr] 
[INFO] [stderr] warning: unused variable: `key_metadata`
[INFO] [stderr]    --> src/kms/memory_kms.rs:355:9
[INFO] [stderr]     |
[INFO] [stderr] 355 |         key_metadata: CustomerKeyMetadata,
[INFO] [stderr]     |         ^^^^^^^^^^^^ help: if this is intentional, prefix it with an underscore: `_key_metadata`
[INFO] [stderr]     |
[INFO] [stderr]     = note: `-W unused-variables` implied by `-W unused`
[INFO] [stderr]     = help: to override `-W unused` add `#[allow(unused_variables)]`
[INFO] [stderr] 
[INFO] [stderr] warning: unused variable: `wrapped_key`
[INFO] [stderr]    --> src/kms/memory_kms.rs:354:9
[INFO] [stderr]     |
[INFO] [stderr] 354 |         wrapped_key: &[u8],
[INFO] [stderr]     |         ^^^^^^^^^^^ help: if this is intentional, prefix it with an underscore: `_wrapped_key`
[INFO] [stderr] 
[INFO] [stderr] warning: unused variable: `subject`
[INFO] [stderr]    --> src/kbs.rs:330:38
[INFO] [stderr]     |
[INFO] [stderr] 330 |     async fn check_rate_limit(&self, subject: &str) -> Result<bool> {
[INFO] [stderr]     |                                      ^^^^^^^ help: if this is intentional, prefix it with an underscore: `_subject`
[INFO] [stderr] 
[INFO] [stderr] warning: unused variable: `enclave_public_key`
[INFO] [stderr]    --> src/kbs.rs:346:9
[INFO] [stderr]     |
[INFO] [stderr] 346 |         enclave_public_key: &[u8],
[INFO] [stderr]     |         ^^^^^^^^^^^^^^^^^^ help: if this is intentional, prefix it with an underscore: `_enclave_public_key`
[INFO] [stderr] 
[INFO] [stderr] warning: unused variable: `report`
[INFO] [stderr]    --> src/attestation.rs:192:39
[INFO] [stderr]     |
[INFO] [stderr] 192 |             AttestationType::SevSnp { report, vcek_cert, platform_cert_chain } => {
[INFO] [stderr]     |                                       ^^^^^^ help: try ignoring the field: `report: _`
[INFO] [stderr] 
[INFO] [stderr] warning: unused variable: `vcek_cert`
[INFO] [stderr]    --> src/attestation.rs:192:47
[INFO] [stderr]     |
[INFO] [stderr] 192 |             AttestationType::SevSnp { report, vcek_cert, platform_cert_chain } => {
[INFO] [stderr]     |                                               ^^^^^^^^^ help: try ignoring the field: `vcek_cert: _`
[INFO] [stderr] 
[INFO] [stderr] warning: unused variable: `platform_cert_chain`
[INFO] [stderr]    --> src/attestation.rs:192:58
[INFO] [stderr]     |
[INFO] [stderr] 192 |             AttestationType::SevSnp { report, vcek_cert, platform_cert_chain } => {
[INFO] [stderr]     |                                                          ^^^^^^^^^^^^^^^^^^^ help: try ignoring the field: `platform_cert_chain: _`
[INFO] [stderr] 
[INFO] [stderr] warning: unused variable: `quote`
[INFO] [stderr]    --> src/attestation.rs:197:36
[INFO] [stderr]     |
[INFO] [stderr] 197 |             AttestationType::Tdx { quote, collateral } => {
[INFO] [stderr]     |                                    ^^^^^ help: try ignoring the field: `quote: _`
[INFO] [stderr] 
[INFO] [stderr] warning: unused variable: `collateral`
[INFO] [stderr]    --> src/attestation.rs:197:43
[INFO] [stderr]     |
[INFO] [stderr] 197 |             AttestationType::Tdx { quote, collateral } => {
[INFO] [stderr]     |                                           ^^^^^^^^^^ help: try ignoring the field: `collateral: _`
[INFO] [stderr] 
[INFO] [stderr] warning: unused variable: `decap_key`
[INFO] [stderr]    --> src/pqc_integration.rs:217:29
[INFO] [stderr]     |
[INFO] [stderr] 217 |             let (encap_key, decap_key) = hybrid_kem.generate_keypair(HybridMode::default()).await
[INFO] [stderr]     |                             ^^^^^^^^^ help: if this is intentional, prefix it with an underscore: `_decap_key`
[INFO] [stderr] 
[INFO] [stderr] warning: field `kms` is never read
[INFO] [stderr]   --> src/kbs.rs:41:5
[INFO] [stderr]    |
[INFO] [stderr] 40 | pub struct HanzoKbs<K: KeyManagementService, V: AttestationVerifier> {
[INFO] [stderr]    |            -------- field in this struct
[INFO] [stderr] 41 |     kms: K,
[INFO] [stderr]    |     ^^^
[INFO] [stderr]    |
[INFO] [stderr]    = note: requested on the command line with `-W dead-code`
[INFO] [stderr] 
[INFO] [stderr] warning: fields `enclave_public_key` and `authorized_keys` are never read
[INFO] [stderr]   --> src/kbs.rs:84:9
[INFO] [stderr]    |
[INFO] [stderr] 81 | struct SessionInfo {
[INFO] [stderr]    |        ----------- fields in this struct
[INFO] [stderr] ...
[INFO] [stderr] 84 |     pub enclave_public_key: Vec<u8>,
[INFO] [stderr]    |         ^^^^^^^^^^^^^^^^^^
[INFO] [stderr] 85 |     pub authorized_keys: Vec<KeyId>,
[INFO] [stderr]    |         ^^^^^^^^^^^^^^^
[INFO] [stderr]    |
[INFO] [stderr]    = note: `SessionInfo` has derived impls for the traits `Clone` and `Debug`, but these are intentionally ignored during dead code analysis
[INFO] [stderr] 
[INFO] [stderr] warning: field `tenant_id` is never read
[INFO] [stderr]   --> src/vault.rs:57:5
[INFO] [stderr]    |
[INFO] [stderr] 54 | pub struct FileVault<K: KeyManagementService> {
[INFO] [stderr]    |            --------- field in this struct
[INFO] [stderr] ...
[INFO] [stderr] 57 |     tenant_id: String,
[INFO] [stderr]    |     ^^^^^^^^^
[INFO] [stderr] 
[INFO] [stderr] warning: field `kms` is never read
[INFO] [stderr]    --> src/vault.rs:120:5
[INFO] [stderr]     |
[INFO] [stderr] 119 | pub struct SimVault<K: KeyManagementService> {
[INFO] [stderr]     |            -------- field in this struct
[INFO] [stderr] 120 |     kms: K,
[INFO] [stderr]     |     ^^^
[INFO] [stderr] 
[INFO] [stderr] warning: field `ml_dsa` is never read
[INFO] [stderr]   --> src/pqc_vault.rs:30:5
[INFO] [stderr]    |
[INFO] [stderr] 26 | pub struct PqcVault {
[INFO] [stderr]    |            -------- field in this struct
[INFO] [stderr] ...
[INFO] [stderr] 30 |     ml_dsa: Arc<MlDsa>,
[INFO] [stderr]    |     ^^^^^^
[INFO] [stderr] 
[INFO] [stderr] warning: fields `created_at` and `tier` are never read
[INFO] [stderr]   --> src/pqc_vault.rs:44:5
[INFO] [stderr]    |
[INFO] [stderr] 38 | struct ProtectedKey {
[INFO] [stderr]    |        ------------ fields in this struct
[INFO] [stderr] ...
[INFO] [stderr] 44 |     created_at: chrono::DateTime<chrono::Utc>,
[INFO] [stderr]    |     ^^^^^^^^^^
[INFO] [stderr] 45 |     tier: PrivacyTier,
[INFO] [stderr]    |     ^^^^
[INFO] [stderr]    |
[INFO] [stderr]    = note: `ProtectedKey` has a derived impl for the trait `Clone`, but this is intentionally ignored during dead code analysis
[INFO] [stderr] 
[INFO] [stderr] warning: method `generate_signing_keypair` is never used
[INFO] [stderr]   --> src/pqc_vault.rs:86:14
[INFO] [stderr]    |
[INFO] [stderr] 49 | impl PqcVault {
[INFO] [stderr]    | ------------- method in this implementation
[INFO] [stderr] ...
[INFO] [stderr] 86 |     async fn generate_signing_keypair(&self) -> Result<(VerifyingKey, SigningKey)> {
[INFO] [stderr]    |              ^^^^^^^^^^^^^^^^^^^^^^^^
[INFO] [stderr] 
[INFO] [stderr] warning: method `recommended_sig` is never used
[INFO] [stderr]    --> src/pqc_vault.rs:103:8
[INFO] [stderr]     |
[INFO] [stderr]  94 | impl PrivacyTier {
[INFO] [stderr]     | ---------------- method in this implementation
[INFO] [stderr] ...
[INFO] [stderr] 103 |     fn recommended_sig(&self) -> SignatureAlgorithm {
[INFO] [stderr]     |        ^^^^^^^^^^^^^^^
[INFO] [stderr] 
[INFO] [stderr] warning: field `gpu_device_id` is never read
[INFO] [stderr]    --> src/pqc_vault.rs:247:5
[INFO] [stderr]     |
[INFO] [stderr] 245 | pub struct GpuCcVault {
[INFO] [stderr]     |            ---------- field in this struct
[INFO] [stderr] 246 |     inner: PqcVault,
[INFO] [stderr] 247 |     gpu_device_id: u32,
[INFO] [stderr]     |     ^^^^^^^^^^^^^
[INFO] [stderr] 
[INFO] [stderr] warning: field `gpu_device_id` is never read
[INFO] [stderr]    --> src/pqc_vault.rs:312:5
[INFO] [stderr]     |
[INFO] [stderr] 310 | pub struct GpuTeeIoVault {
[INFO] [stderr]     |            ------------- field in this struct
[INFO] [stderr] 311 |     inner: PqcVault,
[INFO] [stderr] 312 |     gpu_device_id: u32,
[INFO] [stderr]     |     ^^^^^^^^^^^^^
[INFO] [stderr] 
[INFO] [stderr] warning: `hanzo-kbs` (lib) generated 23 warnings (run `cargo fix --lib -p hanzo-kbs` to apply 11 suggestions)
[INFO] [stderr] warning: `hanzo-kbs` (lib test) generated 23 warnings (23 duplicates)
[INFO] [stderr]     Finished `release` profile [optimized] target(s) in 0.24s
[INFO] [stderr]      Running unittests src/lib.rs (/opt/rustwide/target/release/deps/hanzo_kbs-f7a16f942d6765da)
[INFO] [stdout] 
[INFO] [stdout] running 3 tests
[INFO] [stdout] test pqc_integration::tests::test_dek_wrapping ... FAILED
[INFO] [stdout] test pqc_vault::tests::test_pqc_vault_operations ... FAILED
[INFO] [stdout] test pqc_integration::tests::test_attestation_signing ... FAILED
[INFO] [stdout] 
[INFO] [stdout] failures:
[INFO] [stdout] 
[INFO] [stdout] ---- pqc_integration::tests::test_dek_wrapping stdout ----
[INFO] [stdout] 
[INFO] [stdout] thread 'pqc_integration::tests::test_dek_wrapping' (3820) panicked at src/pqc_integration.rs:262:71:
[INFO] [stdout] called `Result::unwrap()` on an `Err` value: CryptoError("KEM keypair generation failed: KemError(\"Failed to create KEM\")")
[INFO] [stdout] stack backtrace:
[INFO] [stdout]    0:     0x6476c0987641 - <<std[70759c8f55707aa4]::sys::backtrace::BacktraceLock>::print::DisplayBacktrace as core[df12db4294e9bfd3]::fmt::Display>::fmt
[INFO] [stdout]    1:     0x6476c099c6da - core[df12db4294e9bfd3]::fmt::write
[INFO] [stdout]    2:     0x6476c098c17c - <alloc[2182bb758b4b3781]::vec::Vec<u8> as core[df12db4294e9bfd3]::io::write::Write>::write_fmt
[INFO] [stdout]    3:     0x6476c0963766 - std[70759c8f55707aa4]::panicking::default_hook::{closure#0}
[INFO] [stdout]    4:     0x6476c097fc99 - std[70759c8f55707aa4]::panicking::default_hook
[INFO] [stdout]    5:     0x6476c08cc440 - test[9d35eded1c95d3be]::test_main_inner::<test[9d35eded1c95d3be]::test_main_static::{closure#0}>::{closure#0}
[INFO] [stdout]    6:     0x6476c097fe52 - std[70759c8f55707aa4]::panicking::panic_with_hook
[INFO] [stdout]    7:     0x6476c0963812 - std[70759c8f55707aa4]::panicking::panic_handler::{closure#0}
[INFO] [stdout]    8:     0x6476c095c159 - std[70759c8f55707aa4]::sys::backtrace::__rust_end_short_backtrace::<std[70759c8f55707aa4]::panicking::panic_handler::{closure#0}, !>
[INFO] [stdout]    9:     0x6476c096450d - __rustc[8fa7c3cbc660c2b3]::rust_begin_unwind
[INFO] [stdout]   10:     0x6476c099ce3c - core[df12db4294e9bfd3]::panicking::panic_fmt
[INFO] [stdout]   11:     0x6476c099cc12 - core[df12db4294e9bfd3]::result::unwrap_failed
[INFO] [stdout]   12:     0x6476c08b82c6 - hanzo_kbs[984ff4669d6a663]::pqc_integration::tests::test_dek_wrapping::{closure#0}
[INFO] [stdout]   13:     0x6476c08bbac3 - <tokio[e864725315ba7386]::runtime::scheduler::current_thread::Context>::enter::<core[df12db4294e9bfd3]::task::poll::Poll<()>, <tokio[e864725315ba7386]::runtime::scheduler::current_thread::CoreGuard>::block_on<core[df12db4294e9bfd3]::pin::Pin<&mut core[df12db4294e9bfd3]::pin::Pin<&mut dyn core[df12db4294e9bfd3]::future::future::Future<Output = ()>>>>::{closure#0}::{closure#0}>
[INFO] [stdout]   14:     0x6476c08b3749 - <std[70759c8f55707aa4]::thread::local::LocalKey<tokio[e864725315ba7386]::runtime::context::Context>>::with::<tokio[e864725315ba7386]::runtime::context::set_scheduler<(alloc[2182bb758b4b3781]::boxed::Box<tokio[e864725315ba7386]::runtime::scheduler::current_thread::Core>, core[df12db4294e9bfd3]::option::Option<()>), <tokio[e864725315ba7386]::runtime::scheduler::current_thread::CoreGuard>::enter<<tokio[e864725315ba7386]::runtime::scheduler::current_thread::CoreGuard>::block_on<core[df12db4294e9bfd3]::pin::Pin<&mut core[df12db4294e9bfd3]::pin::Pin<&mut dyn core[df12db4294e9bfd3]::future::future::Future<Output = ()>>>>::{closure#0}, core[df12db4294e9bfd3]::option::Option<()>>::{closure#0}>::{closure#0}, (alloc[2182bb758b4b3781]::boxed::Box<tokio[e864725315ba7386]::runtime::scheduler::current_thread::Core>, core[df12db4294e9bfd3]::option::Option<()>)>
[INFO] [stdout]   15:     0x6476c08bbdf7 - <tokio[e864725315ba7386]::runtime::scheduler::current_thread::CoreGuard>::block_on::<core[df12db4294e9bfd3]::pin::Pin<&mut core[df12db4294e9bfd3]::pin::Pin<&mut dyn core[df12db4294e9bfd3]::future::future::Future<Output = ()>>>>
[INFO] [stdout]   16:     0x6476c08be0e7 - tokio[e864725315ba7386]::runtime::context::runtime::enter_runtime::<<tokio[e864725315ba7386]::runtime::scheduler::current_thread::CurrentThread>::block_on<core[df12db4294e9bfd3]::pin::Pin<&mut dyn core[df12db4294e9bfd3]::future::future::Future<Output = ()>>>::{closure#0}, ()>
[INFO] [stdout]   17:     0x6476c08bb9a5 - <tokio[e864725315ba7386]::runtime::runtime::Runtime>::block_on::<core[df12db4294e9bfd3]::pin::Pin<&mut dyn core[df12db4294e9bfd3]::future::future::Future<Output = ()>>>
[INFO] [stdout]   18:     0x6476c08b958b - hanzo_kbs[984ff4669d6a663]::pqc_integration::tests::test_dek_wrapping
[INFO] [stdout]   19:     0x6476c08b4499 - <hanzo_kbs[984ff4669d6a663]::pqc_integration::tests::test_dek_wrapping::{closure#0} as core[df12db4294e9bfd3]::ops::function::FnOnce<()>>::call_once
[INFO] [stdout]   20:     0x6476c08bf72b - test[9d35eded1c95d3be]::__rust_begin_short_backtrace::<core[df12db4294e9bfd3]::result::Result<(), alloc[2182bb758b4b3781]::string::String>, fn() -> core[df12db4294e9bfd3]::result::Result<(), alloc[2182bb758b4b3781]::string::String>>
[INFO] [stdout]   21:     0x6476c08ccd95 - test[9d35eded1c95d3be]::run_test::{closure#0}
[INFO] [stdout]   22:     0x6476c08c6654 - std[70759c8f55707aa4]::sys::backtrace::__rust_begin_short_backtrace::<test[9d35eded1c95d3be]::run_test::{closure#1}, ()>
[INFO] [stdout]   23:     0x6476c08cfef2 - <std[70759c8f55707aa4]::thread::lifecycle::spawn_unchecked<test[9d35eded1c95d3be]::run_test::{closure#1}, ()>::{closure#1} as core[df12db4294e9bfd3]::ops::function::FnOnce<()>>::call_once::{shim:vtable#0}
[INFO] [stdout]   24:     0x6476c0986f19 - <std[70759c8f55707aa4]::sys::thread::unix::Thread>::new::thread_start
[INFO] [stdout]   25:     0x70b9a8e1bdfa - <unknown>
[INFO] [stdout]   26:     0x70b9a8eaf3d4 - clone
[INFO] [stdout]   27:                0x0 - <unknown>
[INFO] [stdout] 
[INFO] [stdout] ---- pqc_vault::tests::test_pqc_vault_operations stdout ----
[INFO] [stdout] 
[INFO] [stdout] thread 'pqc_vault::tests::test_pqc_vault_operations' (3821) panicked at src/pqc_vault.rs:402:50:
[INFO] [stdout] called `Result::unwrap()` on an `Err` value: CryptoError("KEM keypair generation failed: KemError(\"Failed to create KEM\")")
[INFO] [stdout] stack backtrace:
[INFO] [stdout]    0:     0x6476c0987641 - <<std[70759c8f55707aa4]::sys::backtrace::BacktraceLock>::print::DisplayBacktrace as core[df12db4294e9bfd3]::fmt::Display>::fmt
[INFO] [stdout]    1:     0x6476c099c6da - core[df12db4294e9bfd3]::fmt::write
[INFO] [stdout]    2:     0x6476c098c17c - <alloc[2182bb758b4b3781]::vec::Vec<u8> as core[df12db4294e9bfd3]::io::write::Write>::write_fmt
[INFO] [stdout]    3:     0x6476c0963766 - std[70759c8f55707aa4]::panicking::default_hook::{closure#0}
[INFO] [stdout]    4:     0x6476c097fc99 - std[70759c8f55707aa4]::panicking::default_hook
[INFO] [stdout]    5:     0x6476c08cc440 - test[9d35eded1c95d3be]::test_main_inner::<test[9d35eded1c95d3be]::test_main_static::{closure#0}>::{closure#0}
[INFO] [stdout]    6:     0x6476c097fe52 - std[70759c8f55707aa4]::panicking::panic_with_hook
[INFO] [stdout]    7:     0x6476c0963812 - std[70759c8f55707aa4]::panicking::panic_handler::{closure#0}
[INFO] [stdout]    8:     0x6476c095c159 - std[70759c8f55707aa4]::sys::backtrace::__rust_end_short_backtrace::<std[70759c8f55707aa4]::panicking::panic_handler::{closure#0}, !>
[INFO] [stdout]    9:     0x6476c096450d - __rustc[8fa7c3cbc660c2b3]::rust_begin_unwind
[INFO] [stdout]   10:     0x6476c099ce3c - core[df12db4294e9bfd3]::panicking::panic_fmt
[INFO] [stdout]   11:     0x6476c099cc12 - core[df12db4294e9bfd3]::result::unwrap_failed
[INFO] [stdout]   12:     0x6476c08bb0d6 - hanzo_kbs[984ff4669d6a663]::pqc_vault::tests::test_pqc_vault_operations::{closure#0}
[INFO] [stdout]   13:     0x6476c08bbac3 - <tokio[e864725315ba7386]::runtime::scheduler::current_thread::Context>::enter::<core[df12db4294e9bfd3]::task::poll::Poll<()>, <tokio[e864725315ba7386]::runtime::scheduler::current_thread::CoreGuard>::block_on<core[df12db4294e9bfd3]::pin::Pin<&mut core[df12db4294e9bfd3]::pin::Pin<&mut dyn core[df12db4294e9bfd3]::future::future::Future<Output = ()>>>>::{closure#0}::{closure#0}>
[INFO] [stdout]   14:     0x6476c08b3749 - <std[70759c8f55707aa4]::thread::local::LocalKey<tokio[e864725315ba7386]::runtime::context::Context>>::with::<tokio[e864725315ba7386]::runtime::context::set_scheduler<(alloc[2182bb758b4b3781]::boxed::Box<tokio[e864725315ba7386]::runtime::scheduler::current_thread::Core>, core[df12db4294e9bfd3]::option::Option<()>), <tokio[e864725315ba7386]::runtime::scheduler::current_thread::CoreGuard>::enter<<tokio[e864725315ba7386]::runtime::scheduler::current_thread::CoreGuard>::block_on<core[df12db4294e9bfd3]::pin::Pin<&mut core[df12db4294e9bfd3]::pin::Pin<&mut dyn core[df12db4294e9bfd3]::future::future::Future<Output = ()>>>>::{closure#0}, core[df12db4294e9bfd3]::option::Option<()>>::{closure#0}>::{closure#0}, (alloc[2182bb758b4b3781]::boxed::Box<tokio[e864725315ba7386]::runtime::scheduler::current_thread::Core>, core[df12db4294e9bfd3]::option::Option<()>)>
[INFO] [stdout]   15:     0x6476c08bbdf7 - <tokio[e864725315ba7386]::runtime::scheduler::current_thread::CoreGuard>::block_on::<core[df12db4294e9bfd3]::pin::Pin<&mut core[df12db4294e9bfd3]::pin::Pin<&mut dyn core[df12db4294e9bfd3]::future::future::Future<Output = ()>>>>
[INFO] [stdout]   16:     0x6476c08be0e7 - tokio[e864725315ba7386]::runtime::context::runtime::enter_runtime::<<tokio[e864725315ba7386]::runtime::scheduler::current_thread::CurrentThread>::block_on<core[df12db4294e9bfd3]::pin::Pin<&mut dyn core[df12db4294e9bfd3]::future::future::Future<Output = ()>>>::{closure#0}, ()>
[INFO] [stdout]   17:     0x6476c08bb9a5 - <tokio[e864725315ba7386]::runtime::runtime::Runtime>::block_on::<core[df12db4294e9bfd3]::pin::Pin<&mut dyn core[df12db4294e9bfd3]::future::future::Future<Output = ()>>>
[INFO] [stdout]   18:     0x6476c08bb55b - hanzo_kbs[984ff4669d6a663]::pqc_vault::tests::test_pqc_vault_operations
[INFO] [stdout]   19:     0x6476c08b44d9 - <hanzo_kbs[984ff4669d6a663]::pqc_vault::tests::test_pqc_vault_operations::{closure#0} as core[df12db4294e9bfd3]::ops::function::FnOnce<()>>::call_once
[INFO] [stdout]   20:     0x6476c08bf72b - test[9d35eded1c95d3be]::__rust_begin_short_backtrace::<core[df12db4294e9bfd3]::result::Result<(), alloc[2182bb758b4b3781]::string::String>, fn() -> core[df12db4294e9bfd3]::result::Result<(), alloc[2182bb758b4b3781]::string::String>>
[INFO] [stdout]   21:     0x6476c08ccd95 - test[9d35eded1c95d3be]::run_test::{closure#0}
[INFO] [stdout]   22:     0x6476c08c6654 - std[70759c8f55707aa4]::sys::backtrace::__rust_begin_short_backtrace::<test[9d35eded1c95d3be]::run_test::{closure#1}, ()>
[INFO] [stdout]   23:     0x6476c08cfef2 - <std[70759c8f55707aa4]::thread::lifecycle::spawn_unchecked<test[9d35eded1c95d3be]::run_test::{closure#1}, ()>::{closure#1} as core[df12db4294e9bfd3]::ops::function::FnOnce<()>>::call_once::{shim:vtable#0}
[INFO] [stdout]   24:     0x6476c0986f19 - <std[70759c8f55707aa4]::sys::thread::unix::Thread>::new::thread_start
[INFO] [stdout]   25:     0x70b9a8e1bdfa - <unknown>
[INFO] [stdout]   26:     0x70b9a8eaf3d4 - clone
[INFO] [stdout]   27:                0x0 - <unknown>
[INFO] [stdout] 
[INFO] [stdout] ---- pqc_integration::tests::test_attestation_signing stdout ----
[INFO] [stdout] 
[INFO] [stdout] thread 'pqc_integration::tests::test_attestation_signing' (3819) panicked at src/pqc_integration.rs:279:81:
[INFO] [stdout] called `Result::unwrap()` on an `Err` value: CryptoError("Signing keypair generation failed: SignatureError(\"Failed to create signature\")")
[INFO] [stdout] stack backtrace:
[INFO] [stdout]    0:     0x6476c0987641 - <<std[70759c8f55707aa4]::sys::backtrace::BacktraceLock>::print::DisplayBacktrace as core[df12db4294e9bfd3]::fmt::Display>::fmt
[INFO] [stdout]    1:     0x6476c099c6da - core[df12db4294e9bfd3]::fmt::write
[INFO] [stdout]    2:     0x6476c098c17c - <alloc[2182bb758b4b3781]::vec::Vec<u8> as core[df12db4294e9bfd3]::io::write::Write>::write_fmt
[INFO] [stdout]    3:     0x6476c0963766 - std[70759c8f55707aa4]::panicking::default_hook::{closure#0}
[INFO] [stdout]    4:     0x6476c097fc99 - std[70759c8f55707aa4]::panicking::default_hook
[INFO] [stdout]    5:     0x6476c08cc440 - test[9d35eded1c95d3be]::test_main_inner::<test[9d35eded1c95d3be]::test_main_static::{closure#0}>::{closure#0}
[INFO] [stdout]    6:     0x6476c097fe52 - std[70759c8f55707aa4]::panicking::panic_with_hook
[INFO] [stdout]    7:     0x6476c0963812 - std[70759c8f55707aa4]::panicking::panic_handler::{closure#0}
[INFO] [stdout]    8:     0x6476c095c159 - std[70759c8f55707aa4]::sys::backtrace::__rust_end_short_backtrace::<std[70759c8f55707aa4]::panicking::panic_handler::{closure#0}, !>
[INFO] [stdout]    9:     0x6476c096450d - __rustc[8fa7c3cbc660c2b3]::rust_begin_unwind
[INFO] [stdout]   10:     0x6476c099ce3c - core[df12db4294e9bfd3]::panicking::panic_fmt
[INFO] [stdout]   11:     0x6476c099cc12 - core[df12db4294e9bfd3]::result::unwrap_failed
[INFO] [stdout]   12:     0x6476c08b8fec - hanzo_kbs[984ff4669d6a663]::pqc_integration::tests::test_attestation_signing::{closure#0}
[INFO] [stdout]   13:     0x6476c08bbac3 - <tokio[e864725315ba7386]::runtime::scheduler::current_thread::Context>::enter::<core[df12db4294e9bfd3]::task::poll::Poll<()>, <tokio[e864725315ba7386]::runtime::scheduler::current_thread::CoreGuard>::block_on<core[df12db4294e9bfd3]::pin::Pin<&mut core[df12db4294e9bfd3]::pin::Pin<&mut dyn core[df12db4294e9bfd3]::future::future::Future<Output = ()>>>>::{closure#0}::{closure#0}>
[INFO] [stdout]   14:     0x6476c08b3749 - <std[70759c8f55707aa4]::thread::local::LocalKey<tokio[e864725315ba7386]::runtime::context::Context>>::with::<tokio[e864725315ba7386]::runtime::context::set_scheduler<(alloc[2182bb758b4b3781]::boxed::Box<tokio[e864725315ba7386]::runtime::scheduler::current_thread::Core>, core[df12db4294e9bfd3]::option::Option<()>), <tokio[e864725315ba7386]::runtime::scheduler::current_thread::CoreGuard>::enter<<tokio[e864725315ba7386]::runtime::scheduler::current_thread::CoreGuard>::block_on<core[df12db4294e9bfd3]::pin::Pin<&mut core[df12db4294e9bfd3]::pin::Pin<&mut dyn core[df12db4294e9bfd3]::future::future::Future<Output = ()>>>>::{closure#0}, core[df12db4294e9bfd3]::option::Option<()>>::{closure#0}>::{closure#0}, (alloc[2182bb758b4b3781]::boxed::Box<tokio[e864725315ba7386]::runtime::scheduler::current_thread::Core>, core[df12db4294e9bfd3]::option::Option<()>)>
[INFO] [stdout]   15:     0x6476c08bbdf7 - <tokio[e864725315ba7386]::runtime::scheduler::current_thread::CoreGuard>::block_on::<core[df12db4294e9bfd3]::pin::Pin<&mut core[df12db4294e9bfd3]::pin::Pin<&mut dyn core[df12db4294e9bfd3]::future::future::Future<Output = ()>>>>
[INFO] [stdout]   16:     0x6476c08be0e7 - tokio[e864725315ba7386]::runtime::context::runtime::enter_runtime::<<tokio[e864725315ba7386]::runtime::scheduler::current_thread::CurrentThread>::block_on<core[df12db4294e9bfd3]::pin::Pin<&mut dyn core[df12db4294e9bfd3]::future::future::Future<Output = ()>>>::{closure#0}, ()>
[INFO] [stdout]   17:     0x6476c08bb9a5 - <tokio[e864725315ba7386]::runtime::runtime::Runtime>::block_on::<core[df12db4294e9bfd3]::pin::Pin<&mut dyn core[df12db4294e9bfd3]::future::future::Future<Output = ()>>>
[INFO] [stdout]   18:     0x6476c08b96db - hanzo_kbs[984ff4669d6a663]::pqc_integration::tests::test_attestation_signing
[INFO] [stdout]   19:     0x6476c08b44b9 - <hanzo_kbs[984ff4669d6a663]::pqc_integration::tests::test_attestation_signing::{closure#0} as core[df12db4294e9bfd3]::ops::function::FnOnce<()>>::call_once
[INFO] [stdout]   20:     0x6476c08bf72b - test[9d35eded1c95d3be]::__rust_begin_short_backtrace::<core[df12db4294e9bfd3]::result::Result<(), alloc[2182bb758b4b3781]::string::String>, fn() -> core[df12db4294e9bfd3]::result::Result<(), alloc[2182bb758b4b3781]::string::String>>
[INFO] [stdout]   21:     0x6476c08ccd95 - test[9d35eded1c95d3be]::run_test::{closure#0}
[INFO] [stdout]   22:     0x6476c08c6654 - std[70759c8f55707aa4]::sys::backtrace::__rust_begin_short_backtrace::<test[9d35eded1c95d3be]::run_test::{closure#1}, ()>
[INFO] [stdout]   23:     0x6476c08cfef2 - <std[70759c8f55707aa4]::thread::lifecycle::spawn_unchecked<test[9d35eded1c95d3be]::run_test::{closure#1}, ()>::{closure#1} as core[df12db4294e9bfd3]::ops::function::FnOnce<()>>::call_once::{shim:vtable#0}
[INFO] [stdout]   24:     0x6476c0986f19 - <std[70759c8f55707aa4]::sys::thread::unix::Thread>::new::thread_start
[INFO] [stdout]   25:     0x70b9a8e1bdfa - <unknown>
[INFO] [stdout]   26:     0x70b9a8eaf3d4 - clone
[INFO] [stdout]   27:                0x0 - <unknown>
[INFO] [stdout] 
[INFO] [stdout] 
[INFO] [stdout] failures:
[INFO] [stdout]     pqc_integration::tests::test_attestation_signing
[INFO] [stdout]     pqc_integration::tests::test_dek_wrapping
[INFO] [stdout]     pqc_vault::tests::test_pqc_vault_operations
[INFO] [stdout] 
[INFO] [stdout] test result: FAILED. 0 passed; 3 failed; 0 ignored; 0 measured; 0 filtered out; finished in 0.05s
[INFO] [stdout] 
[INFO] [stderr] error: test failed, to rerun pass `--lib`
[INFO] running `Command { std: "docker" "inspect" "c6922fdebca918c372512b0b8a6df2b311374265e754b667d237c3f6269ec3eb", kill_on_drop: false }`
[INFO] running `Command { std: "docker" "rm" "-f" "c6922fdebca918c372512b0b8a6df2b311374265e754b667d237c3f6269ec3eb", kill_on_drop: false }`
[INFO] [stdout] c6922fdebca918c372512b0b8a6df2b311374265e754b667d237c3f6269ec3eb
