[INFO] fetching crate hamon 0.2.0...
[INFO] testing hamon-0.2.0 against 1.99.0-beta.8+cargoflags=--release for beta-release-1.100-2
[INFO] extracting crate hamon 0.2.0 into /workspace/builds/worker-1-tc1/source
[INFO] started tweaking crates.io crate hamon 0.2.0
[INFO] removed 0 missing examples
[INFO] finished tweaking crates.io crate hamon 0.2.0
[INFO] tweaked toml for crates.io crate hamon 0.2.0 written to /workspace/builds/worker-1-tc1/source/Cargo.toml
[INFO] validating manifest of crates.io crate hamon 0.2.0 on toolchain 1.99.0-beta.8
[INFO] running `Command { std: CARGO_HOME="/workspace/cargo-home" RUSTUP_HOME="/workspace/rustup-home" "/workspace/cargo-home/bin/cargo" "+1.99.0-beta.8" "metadata" "--manifest-path" "Cargo.toml" "--no-deps", kill_on_drop: false }`
[INFO] crate crates.io crate hamon 0.2.0 already has a lockfile, it will not be regenerated
[INFO] running `Command { std: CARGO_HOME="/workspace/cargo-home" RUSTUP_HOME="/workspace/rustup-home" "/workspace/cargo-home/bin/cargo" "+1.99.0-beta.8" "fetch" "--manifest-path" "Cargo.toml", kill_on_drop: false }`
[INFO] [stderr]     Updating crates.io index
[INFO] [stderr]  Downloading crates ...
[INFO] [stderr]   Downloaded hamon_derive v0.2.0
[INFO] running `Command { std: "docker" "create" "-v" "/var/lib/crater-agent-workspace/builds/worker-1-tc1/source:/opt/rustwide/workdir:ro,Z" "-v" "/var/lib/crater-agent-workspace/builds/worker-1-tc1/target:/opt/rustwide/target:rw,Z" "-v" "/var/lib/crater-agent-workspace/cargo-home:/opt/rustwide/cargo-home:ro,Z" "-v" "/var/lib/crater-agent-workspace/rustup-home:/opt/rustwide/rustup-home:ro,Z" "-m" "1610612736" "--network" "none" "ghcr.io/rust-lang/crates-build-env/linux@sha256:77db811e55d90add9212f6832c23229e3de5f1c1f9905e8cb07319ea15df73ac" "sleep" "infinity", kill_on_drop: false }`
[INFO] [stdout] c5a92399a4eaf6ed9259ab41d4352cc460fbd72dfcb087b01a3de78f38859568
[INFO] running `Command { std: "docker" "start" "c5a92399a4eaf6ed9259ab41d4352cc460fbd72dfcb087b01a3de78f38859568", kill_on_drop: false }`
[INFO] running `Command { std: "docker" "inspect" "c5a92399a4eaf6ed9259ab41d4352cc460fbd72dfcb087b01a3de78f38859568", kill_on_drop: false }`
[INFO] running `Command { std: "docker" "exec" "-e" "SOURCE_DIR=/opt/rustwide/workdir" "-e" "CARGO_HOME=/opt/rustwide/cargo-home" "-e" "RUSTUP_HOME=/opt/rustwide/rustup-home" "-e" "CARGO_TARGET_DIR=/opt/rustwide/target" "-w" "/opt/rustwide/workdir" "--user" "0:0" "c5a92399a4eaf6ed9259ab41d4352cc460fbd72dfcb087b01a3de78f38859568" "/opt/rustwide/cargo-home/bin/cargo" "+1.99.0-beta.8" "metadata" "--no-deps" "--format-version=1", kill_on_drop: false }`
[INFO] running `Command { std: "docker" "inspect" "c5a92399a4eaf6ed9259ab41d4352cc460fbd72dfcb087b01a3de78f38859568", kill_on_drop: false }`
[INFO] running `Command { std: "docker" "exec" "-e" "SOURCE_DIR=/opt/rustwide/workdir" "-e" "CARGO_HOME=/opt/rustwide/cargo-home" "-e" "RUSTUP_HOME=/opt/rustwide/rustup-home" "-e" "CARGO_TARGET_DIR=/opt/rustwide/target" "-e" "CARGO_INCREMENTAL=0" "-e" "RUST_BACKTRACE=full" "-e" "RUSTFLAGS=--cap-lints=warn" "-e" "RUSTDOCFLAGS=--cap-lints=warn" "-w" "/opt/rustwide/workdir" "--user" "0:0" "c5a92399a4eaf6ed9259ab41d4352cc460fbd72dfcb087b01a3de78f38859568" "/opt/rustwide/cargo-home/bin/cargo" "+1.99.0-beta.8" "build" "--frozen" "--message-format=json" "--release", kill_on_drop: false }`
[INFO] [stderr]    Compiling unicode-ident v1.0.24
[INFO] [stderr]    Compiling quote v1.0.45
[INFO] [stderr]    Compiling proc-macro2 v1.0.106
[INFO] [stderr]    Compiling syn v2.0.117
[INFO] [stderr]    Compiling hamon_derive v0.2.0
[INFO] [stderr]    Compiling hamon v0.2.0 (/opt/rustwide/workdir)
[INFO] [stderr]     Finished `release` profile [optimized] target(s) in 6.07s
[INFO] running `Command { std: "docker" "inspect" "c5a92399a4eaf6ed9259ab41d4352cc460fbd72dfcb087b01a3de78f38859568", kill_on_drop: false }`
[INFO] running `Command { std: "docker" "exec" "-e" "SOURCE_DIR=/opt/rustwide/workdir" "-e" "CARGO_HOME=/opt/rustwide/cargo-home" "-e" "RUSTUP_HOME=/opt/rustwide/rustup-home" "-e" "CARGO_TARGET_DIR=/opt/rustwide/target" "-e" "CARGO_INCREMENTAL=0" "-e" "RUST_BACKTRACE=full" "-e" "RUSTFLAGS=--cap-lints=warn" "-e" "RUSTDOCFLAGS=--cap-lints=warn" "-w" "/opt/rustwide/workdir" "--user" "0:0" "c5a92399a4eaf6ed9259ab41d4352cc460fbd72dfcb087b01a3de78f38859568" "/opt/rustwide/cargo-home/bin/cargo" "+1.99.0-beta.8" "test" "--frozen" "--no-run" "--message-format=json" "--release", kill_on_drop: false }`
[INFO] [stderr]    Compiling serde_core v1.0.228
[INFO] [stderr]    Compiling zerocopy v0.8.48
[INFO] [stderr]    Compiling zerocopy-derive v0.8.48
[INFO] [stderr]    Compiling serde v1.0.228
[INFO] [stderr]    Compiling zmij v1.0.21
[INFO] [stderr]    Compiling serde_derive v1.0.228
[INFO] [stderr]    Compiling num-traits v0.2.19
[INFO] [stderr]    Compiling crossbeam-epoch v0.9.18
[INFO] [stderr]    Compiling libc v0.2.185
[INFO] [stderr]    Compiling rayon-core v1.13.0
[INFO] [stderr]    Compiling clap_lex v1.1.0
[INFO] [stderr]    Compiling regex-syntax v0.8.10
[INFO] [stderr]    Compiling anstyle v1.0.14
[INFO] [stderr]    Compiling crossbeam-deque v0.8.6
[INFO] [stderr]    Compiling plotters-backend v0.3.7
[INFO] [stderr]    Compiling itoa v1.0.18
[INFO] [stderr]    Compiling ciborium-io v0.2.2
[INFO] [stderr]    Compiling memchr v2.8.0
[INFO] [stderr]    Compiling plotters-svg v0.3.7
[INFO] [stderr]    Compiling clap_builder v4.6.0
[INFO] [stderr]    Compiling regex-automata v0.4.14
[INFO] [stderr]    Compiling cast v0.3.0
[INFO] [stderr]    Compiling same-file v1.0.6
[INFO] [stderr]    Compiling walkdir v2.5.0
[INFO] [stderr]    Compiling serde_json v1.0.149
[INFO] [stderr]    Compiling plotters v0.3.7
[INFO] [stderr]    Compiling clap v4.6.1
[INFO] [stderr]    Compiling criterion-plot v0.5.0
[INFO] [stderr]    Compiling is-terminal v0.4.17
[INFO] [stderr]    Compiling tinytemplate v1.2.1
[INFO] [stderr]    Compiling regex v1.12.3
[INFO] [stderr]    Compiling rayon v1.12.0
[INFO] [stderr]    Compiling anes v0.1.6
[INFO] [stderr]    Compiling oorandom v11.1.5
[INFO] [stderr]    Compiling once_cell v1.21.4
[INFO] [stderr]    Compiling half v2.7.1
[INFO] [stderr]    Compiling ciborium-ll v0.2.2
[INFO] [stderr]    Compiling ciborium v0.2.2
[INFO] [stderr]    Compiling criterion v0.5.1
[INFO] [stderr]    Compiling hamon v0.2.0 (/opt/rustwide/workdir)
[INFO] [stderr]     Finished `release` profile [optimized] target(s) in 1m 27s
[INFO] running `Command { std: "docker" "inspect" "c5a92399a4eaf6ed9259ab41d4352cc460fbd72dfcb087b01a3de78f38859568", kill_on_drop: false }`
[INFO] running `Command { std: "docker" "exec" "-e" "SOURCE_DIR=/opt/rustwide/workdir" "-e" "CARGO_HOME=/opt/rustwide/cargo-home" "-e" "RUSTUP_HOME=/opt/rustwide/rustup-home" "-e" "CARGO_TARGET_DIR=/opt/rustwide/target" "-e" "CARGO_INCREMENTAL=0" "-e" "RUST_BACKTRACE=full" "-e" "RUSTFLAGS=--cap-lints=warn" "-e" "RUSTDOCFLAGS=--cap-lints=warn" "-w" "/opt/rustwide/workdir" "--user" "0:0" "c5a92399a4eaf6ed9259ab41d4352cc460fbd72dfcb087b01a3de78f38859568" "/opt/rustwide/cargo-home/bin/cargo" "+1.99.0-beta.8" "test" "--frozen" "--release", kill_on_drop: false }`
[INFO] [stderr]     Finished `release` profile [optimized] target(s) in 0.17s
[INFO] [stderr]      Running unittests src/lib.rs (/opt/rustwide/target/release/deps/hamon-8596dbea6d110def)
[INFO] [stderr]    Doc-tests hamon
[INFO] [stdout] 
[INFO] [stdout] running 0 tests
[INFO] [stdout] 
[INFO] [stdout] test result: ok. 0 passed; 0 failed; 0 ignored; 0 measured; 0 filtered out; finished in 0.00s
[INFO] [stdout] 
[INFO] [stdout] 
[INFO] [stdout] running 6 tests
[INFO] [stdout] test src/errors.rs - errors::Context (line 32) ... FAILED
[INFO] [stdout] test src/ext.rs - ext (line 14) ... FAILED
[INFO] [stdout] test src/builder.rs - builder::OrderedBuilder (line 45) ... FAILED
[INFO] [stdout] test src/lib.rs - (line 30) ... ok
[INFO] [stdout] test src/builder.rs - builder::Builder (line 19) ... ok
[INFO] [stdout] test src/errors.rs - errors::hamon (line 13) - compile ... FAILED
[INFO] [stderr] error: doctest failed, to rerun pass `--doc`
[INFO] [stdout] 
[INFO] [stdout] failures:
[INFO] [stdout] 
[INFO] [stdout] ---- src/errors.rs - errors::Context (line 32) stdout ----
[INFO] [stdout] error[E0308]: mismatched types
[INFO] [stdout]   --> src/errors.rs:35:29
[INFO] [stdout]    |
[INFO] [stdout] 35 | let io_res = Ok(5).step_err("This will be converted to Hamon error type system");
[INFO] [stdout]    |                    -------- ^^^^^^^^^^^^^^^^^^^^^^^^^^^^^^^^^^^^^^^^^^^^^^^^^^^ expected `String`, found `&str`
[INFO] [stdout]    |                    |
[INFO] [stdout]    |                    arguments to this method are incorrect
[INFO] [stdout]    |
[INFO] [stdout] note: method defined here
[INFO] [stdout]   --> src/errors.rs:37:8
[INFO] [stdout]    |
[INFO] [stdout] 37 |     fn step_err(self, msg: String) -> Result<T>;
[INFO] [stdout]    |        ^^^^^^^^
[INFO] [stdout] help: try using a conversion method
[INFO] [stdout]    |
[INFO] [stdout] 35 | let io_res = Ok(5).step_err("This will be converted to Hamon error type system".to_string());
[INFO] [stdout]    |                                                                                ++++++++++++
[INFO] [stdout] 
[INFO] [stdout] error: aborting due to 1 previous error
[INFO] [stdout] 
[INFO] [stdout] For more information about this error, try `rustc --explain E0308`.
[INFO] [stdout] Couldn't compile the test.
[INFO] [stdout] ---- src/ext.rs - ext (line 14) stdout ----
[INFO] [stdout] error[E0422]: cannot find struct, variant or union type `Builder` in this scope
[INFO] [stdout]   --> src/ext.rs:16:15
[INFO] [stdout]    |
[INFO] [stdout] 16 | let builder = Builder {val: 2}
[INFO] [stdout]    |               ^^^^^^^ not found in this scope
[INFO] [stdout]    |
[INFO] [stdout] help: consider importing this struct
[INFO] [stdout]    |
[INFO] [stdout] 14 + use std::thread::Builder;
[INFO] [stdout]    |
[INFO] [stdout] 
[INFO] [stdout] error[E0425]: cannot find value `ConditionalLongProcessing` in this scope
[INFO] [stdout]   --> src/ext.rs:17:23
[INFO] [stdout]    |
[INFO] [stdout] 17 |                 .step(ConditionalLongProcessing.when(|_| false));
[INFO] [stdout]    |                       ^^^^^^^^^^^^^^^^^^^^^^^^^ not found in this scope
[INFO] [stdout] 
[INFO] [stdout] error: aborting due to 2 previous errors
[INFO] [stdout] 
[INFO] [stdout] Some errors have detailed explanations: E0422, E0425.
[INFO] [stdout] For more information about an error, try `rustc --explain E0422`.
[INFO] [stdout] Couldn't compile the test.
[INFO] [stdout] ---- src/builder.rs - builder::OrderedBuilder (line 45) stdout ----
[INFO] [stdout] error: cannot find derive macro `AllowStep` in this scope
[INFO] [stdout]   --> src/builder.rs:47:10
[INFO] [stdout]    |
[INFO] [stdout] 47 | #[derive(AllowStep)]
[INFO] [stdout]    |          ^^^^^^^^^
[INFO] [stdout] 
[INFO] [stdout] error: cannot find attribute `from` in this scope
[INFO] [stdout]   --> src/builder.rs:48:3
[INFO] [stdout]    |
[INFO] [stdout] 48 | #[from(Encyption)]
[INFO] [stdout]    |   ^^^^
[INFO] [stdout] 
[INFO] [stdout] error[E0433]: cannot find type `OrderedBuilder` in this scope
[INFO] [stdout]   --> src/builder.rs:51:15
[INFO] [stdout]    |
[INFO] [stdout] 51 | let _result = OrderedBuilder::new(10)
[INFO] [stdout]    |               ^^^^^^^^^^^^^^ use of undeclared type `OrderedBuilder`
[INFO] [stdout] 
[INFO] [stdout] error: aborting due to 3 previous errors
[INFO] [stdout] 
[INFO] [stdout] For more information about this error, try `rustc --explain E0433`.
[INFO] [stdout] Couldn't compile the test.
[INFO] [stdout] ---- src/errors.rs - errors::hamon (line 13) stdout ----
[INFO] [stdout] error: cannot find macro `hamon` in this scope
[INFO] [stdout]   --> src/errors.rs:16:23
[INFO] [stdout]    |
[INFO] [stdout] 16 | let hamon_error = Err(hamon!("Cannot convert the input {}", 2));
[INFO] [stdout]    |                       ^^^^^
[INFO] [stdout]    |
[INFO] [stdout] note: `hamon` is imported here, but it is a crate, not a macro
[INFO] [stdout]   --> src/errors.rs:13:1
[INFO] [stdout]    |
[INFO] [stdout] 13 | extern crate r#hamon;
[INFO] [stdout]    | ^^^^^^^^^^^^^^^^^^^^^
[INFO] [stdout] 
[INFO] [stdout] error: aborting due to 1 previous error
[INFO] [stdout] 
[INFO] [stdout] Couldn't compile the test.
[INFO] [stdout] 
[INFO] [stdout] failures:
[INFO] [stdout]     src/builder.rs - builder::OrderedBuilder (line 45)
[INFO] [stdout]     src/errors.rs - errors::Context (line 32)
[INFO] [stdout]     src/errors.rs - errors::hamon (line 13)
[INFO] [stdout]     src/ext.rs - ext (line 14)
[INFO] [stdout] 
[INFO] [stdout] test result: FAILED. 2 passed; 4 failed; 0 ignored; 0 measured; 0 filtered out; finished in 0.37s
[INFO] [stdout] 
[INFO] running `Command { std: "docker" "inspect" "c5a92399a4eaf6ed9259ab41d4352cc460fbd72dfcb087b01a3de78f38859568", kill_on_drop: false }`
[INFO] running `Command { std: "docker" "rm" "-f" "c5a92399a4eaf6ed9259ab41d4352cc460fbd72dfcb087b01a3de78f38859568", kill_on_drop: false }`
[INFO] [stdout] c5a92399a4eaf6ed9259ab41d4352cc460fbd72dfcb087b01a3de78f38859568
