[INFO] fetching crate halyard_dom 0.1.0...
[INFO] testing halyard_dom-0.1.0 against 1.99.0-beta.8+cargoflags=--release for beta-release-1.100-2
[INFO] extracting crate halyard_dom 0.1.0 into /workspace/builds/worker-1-tc1/source
[INFO] removed /workspace/builds/worker-1-tc1/source/.cargo/config.toml
[INFO] started tweaking crates.io crate halyard_dom 0.1.0
[INFO] finished tweaking crates.io crate halyard_dom 0.1.0
[INFO] tweaked toml for crates.io crate halyard_dom 0.1.0 written to /workspace/builds/worker-1-tc1/source/Cargo.toml
[INFO] validating manifest of crates.io crate halyard_dom 0.1.0 on toolchain 1.99.0-beta.8
[INFO] running `Command { std: CARGO_HOME="/workspace/cargo-home" RUSTUP_HOME="/workspace/rustup-home" "/workspace/cargo-home/bin/cargo" "+1.99.0-beta.8" "metadata" "--manifest-path" "Cargo.toml" "--no-deps", kill_on_drop: false }`
[INFO] crate crates.io crate halyard_dom 0.1.0 already has a lockfile, it will not be regenerated
[INFO] running `Command { std: CARGO_HOME="/workspace/cargo-home" RUSTUP_HOME="/workspace/rustup-home" "/workspace/cargo-home/bin/cargo" "+1.99.0-beta.8" "fetch" "--manifest-path" "Cargo.toml", kill_on_drop: false }`
[INFO] [stderr]     Updating crates.io index
[INFO] [stderr]  Downloading crates ...
[INFO] [stderr]   Downloaded halyard_next_tuple v0.1.0
[INFO] [stderr]   Downloaded zmij v1.0.7
[INFO] [stderr]   Downloaded halyard_or_poisoned v0.1.0
[INFO] [stderr]   Downloaded halyard_throw_error v0.1.0
[INFO] [stderr]   Downloaded halyard_tachys v0.1.0
[INFO] [stderr]   Downloaded halyard_either_of v0.1.0
[INFO] [stderr]   Downloaded erased v0.1.2
[INFO] [stderr]   Downloaded halyard_const_str_slice_concat v0.1.0
[INFO] [stderr]   Downloaded guardian v1.3.0
[INFO] [stderr]   Downloaded halyard_hydration_context v0.1.0
[INFO] [stderr]   Downloaded halyard_any_spawner v0.1.0
[INFO] [stderr]   Downloaded halyard_reactive_graph v0.1.0
[INFO] running `Command { std: "docker" "create" "-v" "/var/lib/crater-agent-workspace/builds/worker-1-tc1/source:/opt/rustwide/workdir:ro,Z" "-v" "/var/lib/crater-agent-workspace/builds/worker-1-tc1/target:/opt/rustwide/target:rw,Z" "-v" "/var/lib/crater-agent-workspace/cargo-home:/opt/rustwide/cargo-home:ro,Z" "-v" "/var/lib/crater-agent-workspace/rustup-home:/opt/rustwide/rustup-home:ro,Z" "-m" "1610612736" "--network" "none" "ghcr.io/rust-lang/crates-build-env/linux@sha256:77db811e55d90add9212f6832c23229e3de5f1c1f9905e8cb07319ea15df73ac" "sleep" "infinity", kill_on_drop: false }`
[INFO] [stdout] fc19e6342545578caff08ffd22d5f00c303eacebe2daee49a7276fbbdbaccb8c
[INFO] running `Command { std: "docker" "start" "fc19e6342545578caff08ffd22d5f00c303eacebe2daee49a7276fbbdbaccb8c", kill_on_drop: false }`
[INFO] running `Command { std: "docker" "inspect" "fc19e6342545578caff08ffd22d5f00c303eacebe2daee49a7276fbbdbaccb8c", kill_on_drop: false }`
[INFO] running `Command { std: "docker" "exec" "-e" "SOURCE_DIR=/opt/rustwide/workdir" "-e" "CARGO_HOME=/opt/rustwide/cargo-home" "-e" "RUSTUP_HOME=/opt/rustwide/rustup-home" "-e" "CARGO_TARGET_DIR=/opt/rustwide/target" "-w" "/opt/rustwide/workdir" "--user" "0:0" "fc19e6342545578caff08ffd22d5f00c303eacebe2daee49a7276fbbdbaccb8c" "/opt/rustwide/cargo-home/bin/cargo" "+1.99.0-beta.8" "metadata" "--no-deps" "--format-version=1", kill_on_drop: false }`
[INFO] running `Command { std: "docker" "inspect" "fc19e6342545578caff08ffd22d5f00c303eacebe2daee49a7276fbbdbaccb8c", kill_on_drop: false }`
[INFO] running `Command { std: "docker" "exec" "-e" "SOURCE_DIR=/opt/rustwide/workdir" "-e" "CARGO_HOME=/opt/rustwide/cargo-home" "-e" "RUSTUP_HOME=/opt/rustwide/rustup-home" "-e" "CARGO_TARGET_DIR=/opt/rustwide/target" "-e" "CARGO_INCREMENTAL=0" "-e" "RUST_BACKTRACE=full" "-e" "RUSTFLAGS=--cap-lints=warn" "-e" "RUSTDOCFLAGS=--cap-lints=warn" "-w" "/opt/rustwide/workdir" "--user" "0:0" "fc19e6342545578caff08ffd22d5f00c303eacebe2daee49a7276fbbdbaccb8c" "/opt/rustwide/cargo-home/bin/cargo" "+1.99.0-beta.8" "build" "--frozen" "--message-format=json" "--release", kill_on_drop: false }`
[INFO] [stderr]    Compiling syn v2.0.114
[INFO] [stderr]    Compiling wasm-bindgen-shared v0.2.108
[INFO] [stderr]    Compiling semver v1.0.27
[INFO] [stderr]    Compiling crossbeam-utils v0.8.21
[INFO] [stderr]    Compiling bumpalo v3.19.1
[INFO] [stderr]    Compiling unicode-ident v1.0.22
[INFO] [stderr]    Compiling futures-channel v0.3.31
[INFO] [stderr]    Compiling once_cell v1.21.3
[INFO] [stderr]    Compiling send_wrapper v0.6.0
[INFO] [stderr]    Compiling utf8-width v0.1.8
[INFO] [stderr]    Compiling halyard_or_poisoned v0.1.0
[INFO] [stderr]    Compiling wasm-bindgen v0.2.108
[INFO] [stderr]    Compiling halyard_either_of v0.1.0
[INFO] [stderr]    Compiling halyard_throw_error v0.1.0
[INFO] [stderr]    Compiling erased v0.1.2
[INFO] [stderr]    Compiling drain_filter_polyfill v0.1.3
[INFO] [stderr]    Compiling html-escape v0.2.13
[INFO] [stderr]    Compiling halyard_next_tuple v0.1.0
[INFO] [stderr]    Compiling guardian v1.3.0
[INFO] [stderr]    Compiling halyard_const_str_slice_concat v0.1.0
[INFO] [stderr]    Compiling rustc_version v0.4.1
[INFO] [stderr]    Compiling halyard_tachys v0.1.0
[INFO] [stderr]    Compiling halyard_reactive_graph v0.1.0
[INFO] [stderr]    Compiling concurrent-queue v2.5.0
[INFO] [stderr]    Compiling event-listener v5.4.1
[INFO] [stderr]    Compiling event-listener-strategy v0.5.4
[INFO] [stderr]    Compiling async-lock v3.4.2
[INFO] [stderr]    Compiling wasm-bindgen-macro-support v0.2.108
[INFO] [stderr]    Compiling futures-macro v0.3.31
[INFO] [stderr]    Compiling thiserror-impl v2.0.17
[INFO] [stderr]    Compiling async-trait v0.1.89
[INFO] [stderr]    Compiling futures-util v0.3.31
[INFO] [stderr]    Compiling thiserror v2.0.17
[INFO] [stderr]    Compiling wasm-bindgen-macro v0.2.108
[INFO] [stderr]    Compiling js-sys v0.3.85
[INFO] [stderr]    Compiling futures-executor v0.3.31
[INFO] [stderr]    Compiling futures v0.3.31
[INFO] [stderr]    Compiling halyard_any_spawner v0.1.0
[INFO] [stderr]    Compiling web-sys v0.3.85
[INFO] [stderr]    Compiling halyard_dom v0.1.0 (/opt/rustwide/workdir)
[INFO] [stdout] warning: variable does not need to be mutable
[INFO] [stdout]    --> src/helpers.rs:358:5
[INFO] [stdout]     |
[INFO] [stdout] 358 |     mut cb: impl FnMut(T) + 'static,
[INFO] [stdout]     |     ----^^
[INFO] [stdout]     |     |
[INFO] [stdout]     |     help: remove this `mut`
[INFO] [stdout]     |
[INFO] [stdout]     = note: `#[warn(unused_mut)]` (part of `#[warn(unused)]`) on by default
[INFO] [stdout] 
[INFO] [stdout] 
[INFO] [stderr]     Finished `release` profile [optimized] target(s) in 49.09s
[INFO] running `Command { std: "docker" "inspect" "fc19e6342545578caff08ffd22d5f00c303eacebe2daee49a7276fbbdbaccb8c", kill_on_drop: false }`
[INFO] running `Command { std: "docker" "exec" "-e" "SOURCE_DIR=/opt/rustwide/workdir" "-e" "CARGO_HOME=/opt/rustwide/cargo-home" "-e" "RUSTUP_HOME=/opt/rustwide/rustup-home" "-e" "CARGO_TARGET_DIR=/opt/rustwide/target" "-e" "CARGO_INCREMENTAL=0" "-e" "RUST_BACKTRACE=full" "-e" "RUSTFLAGS=--cap-lints=warn" "-e" "RUSTDOCFLAGS=--cap-lints=warn" "-w" "/opt/rustwide/workdir" "--user" "0:0" "fc19e6342545578caff08ffd22d5f00c303eacebe2daee49a7276fbbdbaccb8c" "/opt/rustwide/cargo-home/bin/cargo" "+1.99.0-beta.8" "test" "--frozen" "--no-run" "--message-format=json" "--release", kill_on_drop: false }`
[INFO] [stdout] warning: variable does not need to be mutable
[INFO] [stdout]    --> src/helpers.rs:358:5
[INFO] [stdout]     |
[INFO] [stdout] 358 |     mut cb: impl FnMut(T) + 'static,
[INFO] [stdout]     |     ----^^
[INFO] [stdout]     |     |
[INFO] [stdout]     |     help: remove this `mut`
[INFO] [stdout]     |
[INFO] [stdout]     = note: `#[warn(unused_mut)]` (part of `#[warn(unused)]`) on by default
[INFO] [stdout] 
[INFO] [stdout] 
[INFO] [stderr]    Compiling halyard_dom v0.1.0 (/opt/rustwide/workdir)
[INFO] [stdout] warning: variable does not need to be mutable
[INFO] [stdout]    --> src/helpers.rs:358:5
[INFO] [stdout]     |
[INFO] [stdout] 358 |     mut cb: impl FnMut(T) + 'static,
[INFO] [stdout]     |     ----^^
[INFO] [stdout]     |     |
[INFO] [stdout]     |     help: remove this `mut`
[INFO] [stdout]     |
[INFO] [stdout]     = note: `#[warn(unused_mut)]` (part of `#[warn(unused)]`) on by default
[INFO] [stdout] 
[INFO] [stdout] 
[INFO] [stderr]     Finished `release` profile [optimized] target(s) in 0.44s
[INFO] running `Command { std: "docker" "inspect" "fc19e6342545578caff08ffd22d5f00c303eacebe2daee49a7276fbbdbaccb8c", kill_on_drop: false }`
[INFO] running `Command { std: "docker" "exec" "-e" "SOURCE_DIR=/opt/rustwide/workdir" "-e" "CARGO_HOME=/opt/rustwide/cargo-home" "-e" "RUSTUP_HOME=/opt/rustwide/rustup-home" "-e" "CARGO_TARGET_DIR=/opt/rustwide/target" "-e" "CARGO_INCREMENTAL=0" "-e" "RUST_BACKTRACE=full" "-e" "RUSTFLAGS=--cap-lints=warn" "-e" "RUSTDOCFLAGS=--cap-lints=warn" "-w" "/opt/rustwide/workdir" "--user" "0:0" "fc19e6342545578caff08ffd22d5f00c303eacebe2daee49a7276fbbdbaccb8c" "/opt/rustwide/cargo-home/bin/cargo" "+1.99.0-beta.8" "test" "--frozen" "--release", kill_on_drop: false }`
[INFO] [stderr] warning: variable does not need to be mutable
[INFO] [stderr]    --> src/helpers.rs:358:5
[INFO] [stderr]     |
[INFO] [stderr] 358 |     mut cb: impl FnMut(T) + 'static,
[INFO] [stderr]     |     ----^^
[INFO] [stderr]     |     |
[INFO] [stderr]     |     help: remove this `mut`
[INFO] [stderr]     |
[INFO] [stderr]     = note: `#[warn(unused_mut)]` (part of `#[warn(unused)]`) on by default
[INFO] [stderr] 
[INFO] [stderr] warning: `halyard_dom` (lib) generated 1 warning (run `cargo fix --lib -p halyard_dom` to apply 1 suggestion)
[INFO] [stderr] warning: `halyard_dom` (lib test) generated 1 warning (1 duplicate)
[INFO] [stderr]     Finished `release` profile [optimized] target(s) in 0.09s
[INFO] [stderr]      Running unittests src/lib.rs (/opt/rustwide/target/release/deps/halyard_dom-75fe49614c6938ce)
[INFO] [stdout] 
[INFO] [stdout] running 0 tests
[INFO] [stderr]    Doc-tests halyard_dom
[INFO] [stdout] 
[INFO] [stdout] test result: ok. 0 passed; 0 failed; 0 ignored; 0 measured; 0 filtered out; finished in 0.00s
[INFO] [stdout] 
[INFO] [stdout] 
[INFO] [stdout] running 2 tests
[INFO] [stdout] test src/helpers.rs - helpers::window_event_listener (line 539) ... FAILED
[INFO] [stdout] test src/helpers.rs - helpers::debounce (line 337) ... FAILED
[INFO] [stdout] 
[INFO] [stdout] failures:
[INFO] [stdout] 
[INFO] [stdout] ---- src/helpers.rs - helpers::window_event_listener (line 539) stdout ----
[INFO] [stdout] error[E0433]: cannot find module or crate `halyard` in this scope
[INFO] [stdout]    --> src/helpers.rs:541:5
[INFO] [stdout]     |
[INFO] [stdout] 541 | use halyard::{
[INFO] [stdout]     |     ^^^^^^^ use of unresolved module or unlinked crate `halyard`
[INFO] [stdout]     |
[INFO] [stdout]     = help: if you wanted to use a crate named `halyard`, use `cargo add halyard` to add it to your `Cargo.toml`
[INFO] [stdout] 
[INFO] [stdout] error[E0432]: unresolved import `halyard`
[INFO] [stdout]    --> src/helpers.rs:541:5
[INFO] [stdout]     |
[INFO] [stdout] 541 | use halyard::{
[INFO] [stdout]     |     ^^^^^^^ use of unresolved module or unlinked crate `halyard`
[INFO] [stdout]     |
[INFO] [stdout]     = help: if you wanted to use a crate named `halyard`, use `cargo add halyard` to add it to your `Cargo.toml`
[INFO] [stdout] 
[INFO] [stdout] error: cannot find attribute `component` in this scope
[INFO] [stdout]    --> src/helpers.rs:546:3
[INFO] [stdout]     |
[INFO] [stdout] 546 | #[component]
[INFO] [stdout]     |   ^^^^^^^^^
[INFO] [stdout] 
[INFO] [stdout] error[E0405]: cannot find trait `IntoView` in this scope
[INFO] [stdout]    --> src/helpers.rs:547:18
[INFO] [stdout]     |
[INFO] [stdout] 547 | fn App() -> impl IntoView {
[INFO] [stdout]     |                  ^^^^^^^^ not found in this scope
[INFO] [stdout] 
[INFO] [stdout] error[E0425]: cannot find function `on_cleanup` in this scope
[INFO] [stdout]    --> src/helpers.rs:554:5
[INFO] [stdout]     |
[INFO] [stdout] 554 |     on_cleanup(move || handle.remove());
[INFO] [stdout]     |     ^^^^^^^^^^ not found in this scope
[INFO] [stdout] 
[INFO] [stdout] error: aborting due to 5 previous errors
[INFO] [stdout] 
[INFO] [stdout] Some errors have detailed explanations: E0405, E0425, E0432, E0433.
[INFO] [stdout] For more information about an error, try `rustc --explain E0405`.
[INFO] [stdout] Couldn't compile the test.
[INFO] [stdout] ---- src/helpers.rs - helpers::debounce (line 337) stdout ----
[INFO] [stdout] error[E0433]: cannot find module or crate `halyard` in this scope
[INFO] [stdout]    --> src/helpers.rs:339:5
[INFO] [stdout]     |
[INFO] [stdout] 339 | use halyard::{halyard_dom::helpers::debounce, logging::log, prelude::*, *};
[INFO] [stdout]     |     ^^^^^^^ use of unresolved module or unlinked crate `halyard`
[INFO] [stdout]     |
[INFO] [stdout]     = help: if you wanted to use a crate named `halyard`, use `cargo add halyard` to add it to your `Cargo.toml`
[INFO] [stdout] 
[INFO] [stdout] error[E0432]: unresolved import `halyard`
[INFO] [stdout]    --> src/helpers.rs:339:5
[INFO] [stdout]     |
[INFO] [stdout] 339 | use halyard::{halyard_dom::helpers::debounce, logging::log, prelude::*, *};
[INFO] [stdout]     |     ^^^^^^^ use of unresolved module or unlinked crate `halyard`
[INFO] [stdout]     |
[INFO] [stdout]     = help: if you wanted to use a crate named `halyard`, use `cargo add halyard` to add it to your `Cargo.toml`
[INFO] [stdout] 
[INFO] [stdout] error: cannot find attribute `component` in this scope
[INFO] [stdout]    --> src/helpers.rs:341:3
[INFO] [stdout]     |
[INFO] [stdout] 341 | #[component]
[INFO] [stdout]     |   ^^^^^^^^^
[INFO] [stdout] 
[INFO] [stdout] error: cannot find macro `view` in this scope
[INFO] [stdout]    --> src/helpers.rs:348:5
[INFO] [stdout]     |
[INFO] [stdout] 348 |     view! {
[INFO] [stdout]     |     ^^^^
[INFO] [stdout] 
[INFO] [stdout] error: aborting due to 4 previous errors
[INFO] [stdout] 
[INFO] [stdout] Some errors have detailed explanations: E0432, E0433.
[INFO] [stdout] For more information about an error, try `rustc --explain E0432`.
[INFO] [stdout] Couldn't compile the test.
[INFO] [stdout] 
[INFO] [stdout] failures:
[INFO] [stdout]     src/helpers.rs - helpers::debounce (line 337)
[INFO] [stdout]     src/helpers.rs - helpers::window_event_listener (line 539)
[INFO] [stdout] 
[INFO] [stdout] test result: FAILED. 0 passed; 2 failed; 0 ignored; 0 measured; 0 filtered out; finished in 0.15s
[INFO] [stdout] 
[INFO] [stderr] error: doctest failed, to rerun pass `--doc`
[INFO] running `Command { std: "docker" "inspect" "fc19e6342545578caff08ffd22d5f00c303eacebe2daee49a7276fbbdbaccb8c", kill_on_drop: false }`
[INFO] running `Command { std: "docker" "rm" "-f" "fc19e6342545578caff08ffd22d5f00c303eacebe2daee49a7276fbbdbaccb8c", kill_on_drop: false }`
[INFO] [stdout] fc19e6342545578caff08ffd22d5f00c303eacebe2daee49a7276fbbdbaccb8c
