[INFO] fetching crate halp 0.2.0...
[INFO] testing halp-0.2.0 against 1.99.0-beta.8+cargoflags=--release for beta-release-1.100-2
[INFO] extracting crate halp 0.2.0 into /workspace/builds/worker-6-tc1/source
[INFO] started tweaking crates.io crate halp 0.2.0
[INFO] finished tweaking crates.io crate halp 0.2.0
[INFO] tweaked toml for crates.io crate halp 0.2.0 written to /workspace/builds/worker-6-tc1/source/Cargo.toml
[INFO] validating manifest of crates.io crate halp 0.2.0 on toolchain 1.99.0-beta.8
[INFO] running `Command { std: CARGO_HOME="/workspace/cargo-home" RUSTUP_HOME="/workspace/rustup-home" "/workspace/cargo-home/bin/cargo" "+1.99.0-beta.8" "metadata" "--manifest-path" "Cargo.toml" "--no-deps", kill_on_drop: false }`
[INFO] crate crates.io crate halp 0.2.0 already has a lockfile, it will not be regenerated
[INFO] running `Command { std: CARGO_HOME="/workspace/cargo-home" RUSTUP_HOME="/workspace/rustup-home" "/workspace/cargo-home/bin/cargo" "+1.99.0-beta.8" "fetch" "--manifest-path" "Cargo.toml", kill_on_drop: false }`
[INFO] [stderr]     Updating crates.io index
[INFO] [stderr]  Downloading crates ...
[INFO] [stderr]   Downloaded rustls-pki-types v1.7.0
[INFO] [stderr]   Downloaded subtle v2.6.0
[INFO] [stderr]   Downloaded toml_datetime v0.6.6
[INFO] [stderr]   Downloaded shell-words v1.1.0
[INFO] [stderr]   Downloaded serde_spanned v0.6.6
[INFO] [stderr]   Downloaded terminal_size v0.3.0
[INFO] [stderr]   Downloaded roff v0.2.1
[INFO] [stderr]   Downloaded clap_mangen v0.2.21
[INFO] [stderr]   Downloaded anstyle-query v1.1.0
[INFO] [stderr]   Downloaded process_control v4.1.0
[INFO] [stderr]   Downloaded clap_derive v4.5.5
[INFO] [stderr]   Downloaded colored v2.1.0
[INFO] [stderr]   Downloaded clap v4.5.7
[INFO] [stderr]   Downloaded clap_complete v4.5.6
[INFO] [stderr]   Downloaded pretty_assertions v1.4.0
[INFO] [stderr]   Downloaded flate2 v1.0.30
[INFO] [stderr]   Downloaded toml v0.8.14
[INFO] [stderr]   Downloaded cc v1.0.99
[INFO] [stderr]   Downloaded webpki-roots v0.26.3
[INFO] [stderr]   Downloaded ureq v2.9.7
[INFO] [stderr]   Downloaded toml_edit v0.22.14
[INFO] [stderr]   Downloaded winnow v0.6.13
[INFO] [stderr]   Downloaded rustls-webpki v0.102.4
[INFO] [stderr]   Downloaded clap_builder v4.5.7
[INFO] [stderr]   Downloaded rustls v0.22.4
[INFO] [stderr]   Downloaded unicode-width v0.1.13
[INFO] running `Command { std: "docker" "create" "-v" "/var/lib/crater-agent-workspace/builds/worker-6-tc1/source:/opt/rustwide/workdir:ro,Z" "-v" "/var/lib/crater-agent-workspace/builds/worker-6-tc1/target:/opt/rustwide/target:rw,Z" "-v" "/var/lib/crater-agent-workspace/cargo-home:/opt/rustwide/cargo-home:ro,Z" "-v" "/var/lib/crater-agent-workspace/rustup-home:/opt/rustwide/rustup-home:ro,Z" "-m" "1610612736" "--network" "none" "ghcr.io/rust-lang/crates-build-env/linux@sha256:77db811e55d90add9212f6832c23229e3de5f1c1f9905e8cb07319ea15df73ac" "sleep" "infinity", kill_on_drop: false }`
[INFO] [stdout] 7847f3287cdba7349b1fa1a3984b2de465338cd9c29dd0b7a5324e9e63c9ec7f
[INFO] running `Command { std: "docker" "start" "7847f3287cdba7349b1fa1a3984b2de465338cd9c29dd0b7a5324e9e63c9ec7f", kill_on_drop: false }`
[INFO] running `Command { std: "docker" "inspect" "7847f3287cdba7349b1fa1a3984b2de465338cd9c29dd0b7a5324e9e63c9ec7f", kill_on_drop: false }`
[INFO] running `Command { std: "docker" "exec" "-e" "SOURCE_DIR=/opt/rustwide/workdir" "-e" "CARGO_HOME=/opt/rustwide/cargo-home" "-e" "RUSTUP_HOME=/opt/rustwide/rustup-home" "-e" "CARGO_TARGET_DIR=/opt/rustwide/target" "-w" "/opt/rustwide/workdir" "--user" "0:0" "7847f3287cdba7349b1fa1a3984b2de465338cd9c29dd0b7a5324e9e63c9ec7f" "/opt/rustwide/cargo-home/bin/cargo" "+1.99.0-beta.8" "metadata" "--no-deps" "--format-version=1", kill_on_drop: false }`
[INFO] running `Command { std: "docker" "inspect" "7847f3287cdba7349b1fa1a3984b2de465338cd9c29dd0b7a5324e9e63c9ec7f", kill_on_drop: false }`
[INFO] running `Command { std: "docker" "exec" "-e" "SOURCE_DIR=/opt/rustwide/workdir" "-e" "CARGO_HOME=/opt/rustwide/cargo-home" "-e" "RUSTUP_HOME=/opt/rustwide/rustup-home" "-e" "CARGO_TARGET_DIR=/opt/rustwide/target" "-e" "CARGO_INCREMENTAL=0" "-e" "RUST_BACKTRACE=full" "-e" "RUSTFLAGS=--cap-lints=warn" "-e" "RUSTDOCFLAGS=--cap-lints=warn" "-w" "/opt/rustwide/workdir" "--user" "0:0" "7847f3287cdba7349b1fa1a3984b2de465338cd9c29dd0b7a5324e9e63c9ec7f" "/opt/rustwide/cargo-home/bin/cargo" "+1.99.0-beta.8" "build" "--frozen" "--message-format=json" "--release", kill_on_drop: false }`
[INFO] [stderr]    Compiling proc-macro2 v1.0.85
[INFO] [stderr]    Compiling unicode-ident v1.0.12
[INFO] [stderr]    Compiling libc v0.2.155
[INFO] [stderr]    Compiling rustix v0.38.34
[INFO] [stderr]    Compiling cfg-if v1.0.0
[INFO] [stderr]    Compiling cc v1.0.99
[INFO] [stderr]    Compiling serde v1.0.203
[INFO] [stderr]    Compiling utf8parse v0.2.2
[INFO] [stderr]    Compiling linux-raw-sys v0.4.14
[INFO] [stderr]    Compiling bitflags v2.5.0
[INFO] [stderr]    Compiling tinyvec_macros v0.1.1
[INFO] [stderr]    Compiling is_terminal_polyfill v1.70.0
[INFO] [stderr]    Compiling colorchoice v1.0.1
[INFO] [stderr]    Compiling anstyle v1.0.7
[INFO] [stderr]    Compiling anstyle-query v1.1.0
[INFO] [stderr]    Compiling spin v0.9.8
[INFO] [stderr]    Compiling anstyle-parse v0.2.4
[INFO] [stderr]    Compiling tinyvec v1.6.0
[INFO] [stderr]    Compiling untrusted v0.9.0
[INFO] [stderr]    Compiling strsim v0.11.1
[INFO] [stderr]    Compiling clap_lex v0.7.1
[INFO] [stderr]    Compiling rustls-pki-types v1.7.0
[INFO] [stderr]    Compiling hashbrown v0.14.5
[INFO] [stderr]    Compiling rustls v0.22.4
[INFO] [stderr]    Compiling unicode-bidi v0.3.15
[INFO] [stderr]    Compiling equivalent v1.0.1
[INFO] [stderr]    Compiling thiserror v1.0.61
[INFO] [stderr]    Compiling lazy_static v1.4.0
[INFO] [stderr]    Compiling percent-encoding v2.3.1
[INFO] [stderr]    Compiling adler v1.0.2
[INFO] [stderr]    Compiling crc32fast v1.4.2
[INFO] [stderr]    Compiling anstream v0.6.14
[INFO] [stderr]    Compiling form_urlencoded v1.2.1
[INFO] [stderr]    Compiling miniz_oxide v0.7.4
[INFO] [stderr]    Compiling winnow v0.6.13
[INFO] [stderr]    Compiling subtle v2.6.0
[INFO] [stderr]    Compiling zeroize v1.8.1
[INFO] [stderr]    Compiling option-ext v0.2.0
[INFO] [stderr]    Compiling unicode-width v0.1.13
[INFO] [stderr]    Compiling process_control v4.1.0
[INFO] [stderr]    Compiling log v0.4.21
[INFO] [stderr]    Compiling webpki-roots v0.26.3
[INFO] [stderr]    Compiling once_cell v1.19.0
[INFO] [stderr]    Compiling roff v0.2.1
[INFO] [stderr]    Compiling shell-words v1.1.0
[INFO] [stderr]    Compiling base64 v0.22.1
[INFO] [stderr]    Compiling colored v2.1.0
[INFO] [stderr]    Compiling getrandom v0.2.15
[INFO] [stderr]    Compiling dirs-sys v0.4.1
[INFO] [stderr]    Compiling console v0.15.8
[INFO] [stderr]    Compiling flate2 v1.0.30
[INFO] [stderr]    Compiling dirs v5.0.1
[INFO] [stderr]    Compiling quote v1.0.36
[INFO] [stderr]    Compiling syn v2.0.66
[INFO] [stderr]    Compiling indexmap v2.2.6
[INFO] [stderr]    Compiling unicode-normalization v0.1.23
[INFO] [stderr]    Compiling ring v0.17.8
[INFO] [stderr]    Compiling terminal_size v0.3.0
[INFO] [stderr]    Compiling clap_builder v4.5.7
[INFO] [stderr]    Compiling idna v0.5.0
[INFO] [stderr]    Compiling url v2.5.2
[INFO] [stderr]    Compiling serde_derive v1.0.203
[INFO] [stderr]    Compiling clap_derive v4.5.5
[INFO] [stderr]    Compiling thiserror-impl v1.0.61
[INFO] [stderr]    Compiling dialoguer v0.11.0
[INFO] [stderr]    Compiling clap v4.5.7
[INFO] [stderr]    Compiling clap_mangen v0.2.21
[INFO] [stderr]    Compiling clap_complete v4.5.6
[INFO] [stderr]    Compiling toml_datetime v0.6.6
[INFO] [stderr]    Compiling serde_spanned v0.6.6
[INFO] [stderr]    Compiling toml_edit v0.22.14
[INFO] [stderr]    Compiling rustls-webpki v0.102.4
[INFO] [stderr]    Compiling toml v0.8.14
[INFO] [stderr]    Compiling ureq v2.9.7
[INFO] [stderr]    Compiling halp v0.2.0 (/opt/rustwide/workdir)
[INFO] [stderr]     Finished `release` profile [optimized] target(s) in 1m 08s
[INFO] running `Command { std: "docker" "inspect" "7847f3287cdba7349b1fa1a3984b2de465338cd9c29dd0b7a5324e9e63c9ec7f", kill_on_drop: false }`
[INFO] running `Command { std: "docker" "exec" "-e" "SOURCE_DIR=/opt/rustwide/workdir" "-e" "CARGO_HOME=/opt/rustwide/cargo-home" "-e" "RUSTUP_HOME=/opt/rustwide/rustup-home" "-e" "CARGO_TARGET_DIR=/opt/rustwide/target" "-e" "CARGO_INCREMENTAL=0" "-e" "RUST_BACKTRACE=full" "-e" "RUSTFLAGS=--cap-lints=warn" "-e" "RUSTDOCFLAGS=--cap-lints=warn" "-w" "/opt/rustwide/workdir" "--user" "0:0" "7847f3287cdba7349b1fa1a3984b2de465338cd9c29dd0b7a5324e9e63c9ec7f" "/opt/rustwide/cargo-home/bin/cargo" "+1.99.0-beta.8" "test" "--frozen" "--no-run" "--message-format=json" "--release", kill_on_drop: false }`
[INFO] [stderr]    Compiling yansi v0.5.1
[INFO] [stderr]    Compiling diff v0.1.13
[INFO] [stderr]    Compiling pretty_assertions v1.4.0
[INFO] [stderr]    Compiling halp v0.2.0 (/opt/rustwide/workdir)
[INFO] [stderr]     Finished `release` profile [optimized] target(s) in 49.56s
[INFO] running `Command { std: "docker" "inspect" "7847f3287cdba7349b1fa1a3984b2de465338cd9c29dd0b7a5324e9e63c9ec7f", kill_on_drop: false }`
[INFO] running `Command { std: "docker" "exec" "-e" "SOURCE_DIR=/opt/rustwide/workdir" "-e" "CARGO_HOME=/opt/rustwide/cargo-home" "-e" "RUSTUP_HOME=/opt/rustwide/rustup-home" "-e" "CARGO_TARGET_DIR=/opt/rustwide/target" "-e" "CARGO_INCREMENTAL=0" "-e" "RUST_BACKTRACE=full" "-e" "RUSTFLAGS=--cap-lints=warn" "-e" "RUSTDOCFLAGS=--cap-lints=warn" "-w" "/opt/rustwide/workdir" "--user" "0:0" "7847f3287cdba7349b1fa1a3984b2de465338cd9c29dd0b7a5324e9e63c9ec7f" "/opt/rustwide/cargo-home/bin/cargo" "+1.99.0-beta.8" "test" "--frozen" "--release", kill_on_drop: false }`
[INFO] [stderr]     Finished `release` profile [optimized] target(s) in 0.12s
[INFO] [stderr]      Running unittests src/lib.rs (/opt/rustwide/target/release/deps/halp-c4d1e567cf1ff62d)
[INFO] [stdout] 
[INFO] [stdout] running 16 tests
[INFO] [stdout] test cli::tests::test_cli_args ... ok
[INFO] [stdout] test error::tests::test_error ... ok
[INFO] [stdout] test config::tests::test_parse_config ... ok
[INFO] [stdout] test helper::args::common::tests::test_enum_generation ... ok
[INFO] [stdout] test cli::tests::test_update_config ... ok
[INFO] [stdout] test helper::args::tests::test_do_nothing ... ok
[INFO] [stdout] test helper::docs::cheat_sh::tests::test_fetch_cheat_sheet ... FAILED
[INFO] [stdout] test helper::docs::cheatsheets::tests::test_fetch_cheatsheets ... FAILED
[INFO] [stdout] test helper::docs::eg::tests::test_eg_page_fetch ... FAILED
[INFO] [stdout] test helper::tty::tests::run_seq ... ok
[INFO] [stdout] test helper::tty::tests::run_echo_quotes ... ok
[INFO] [stdout] test helper::tty::tests::run_echo ... ok
[INFO] [stdout] test helper::args::tests::test_get_args_help ... FAILED
[INFO] [stdout] test helper::args::tests::test_check_version_args ... FAILED
[INFO] [stdout] test helper::args::tests::test_check_help_args ... FAILED
[INFO] [stdout] test helper::args::tests::test_get_default_help ... FAILED
[INFO] [stdout] 
[INFO] [stdout] failures:
[INFO] [stdout] 
[INFO] [stdout] ---- helper::docs::cheat_sh::tests::test_fetch_cheat_sheet stdout ----
[INFO] [stdout] Error: RequestError(Transport(Transport { kind: Dns, message: Some("resolve dns name 'cheat.sh:443'"), url: Some(Url { scheme: "https", cannot_be_a_base: false, username: "", password: None, host: Some(Domain("cheat.sh")), port: None, path: "/ls", query: None, fragment: None }), source: Some(Custom { kind: Uncategorized, error: "failed to lookup address information: Temporary failure in name resolution" }) }))
[INFO] [stdout] 
[INFO] [stdout] ---- helper::docs::cheatsheets::tests::test_fetch_cheatsheets stdout ----
[INFO] [stdout] Error: RequestError(Transport(Transport { kind: Dns, message: Some("resolve dns name 'raw.githubusercontent.com:443'"), url: Some(Url { scheme: "https", cannot_be_a_base: false, username: "", password: None, host: Some(Domain("raw.githubusercontent.com")), port: None, path: "/cheat/cheatsheets/master/ls", query: None, fragment: None }), source: Some(Custom { kind: Uncategorized, error: "failed to lookup address information: Temporary failure in name resolution" }) }))
[INFO] [stdout] 
[INFO] [stdout] ---- helper::docs::eg::tests::test_eg_page_fetch stdout ----
[INFO] [stdout] Error: RequestError(Transport(Transport { kind: Dns, message: Some("resolve dns name 'raw.githubusercontent.com:443'"), url: Some(Url { scheme: "https", cannot_be_a_base: false, username: "", password: None, host: Some(Domain("raw.githubusercontent.com")), port: None, path: "/srsudar/eg/master/eg/examples/ls.md", query: None, fragment: None }), source: Some(Custom { kind: Uncategorized, error: "failed to lookup address information: Temporary failure in name resolution" }) }))
[INFO] [stdout] 
[INFO] [stdout] ---- helper::args::tests::test_get_args_help stdout ----
[INFO] [stdout] (°ロ°)  checking '/opt/rustwide/workdir/target/debug/halp-test -x'
[INFO] [stdout] (×﹏×)      fail '-x' argument not found.
[INFO] [stdout] (°ロ°)  checking '/opt/rustwide/workdir/target/debug/halp-test -V'
[INFO] [stdout] (×﹏×)      fail '-V' argument not found.
[INFO] [stdout] 
[INFO] [stdout] 
[INFO] [stdout] thread 'helper::args::tests::test_get_args_help' (1380) panicked at src/helper/args/mod.rs:269:9:
[INFO] [stdout] assertion failed: `(left == right)`
[INFO] [stdout] 
[INFO] [stdout] [1mDiff[0m [31m< left[0m / [32mright >[0m :
[INFO] [stdout]  (°ロ°)  checking 'test -x'
[INFO] [stdout]  (×﹏×)      fail '-x' argument not found.
[INFO] [stdout]  (°ロ°)  checking 'test -V'
[INFO] [stdout] [31m<\(^ヮ^)/ success '-V' argument found![0m
[INFO] [stdout] [31m<---[0m
[INFO] [stdout] [31m<halp 0.1.0[0m
[INFO] [stdout] [31m<---[0m
[INFO] [stdout] [32m>(×﹏×)      fail '-V' argument not found.[0m
[INFO] [stdout] 
[INFO] [stdout] 
[INFO] [stdout] stack backtrace:
[INFO] [stdout]    0:     0x55d37f4c5fd7 - <unknown>
[INFO] [stdout]    1:     0x55d37f4467ea - <unknown>
[INFO] [stdout]    2:     0x55d37f4c558b - <unknown>
[INFO] [stdout]    3:     0x55d37f4c506f - <unknown>
[INFO] [stdout]    4:     0x55d37f4c4c9a - <unknown>
[INFO] [stdout]    5:     0x55d37f4c47d2 - <unknown>
[INFO] [stdout]    6:     0x55d37f4ebc11 - <unknown>
[INFO] [stdout]    7:     0x55d37f4ebbc9 - <unknown>
[INFO] [stdout]    8:     0x55d37f4ec0dc - <unknown>
[INFO] [stdout]    9:     0x55d37f44667b - <unknown>
[INFO] [stdout]   10:     0x55d37f42a660 - <unknown>
[INFO] [stdout]   11:     0x55d37f506d5b - <unknown>
[INFO] [stdout]   12:     0x55d37f502eb1 - <unknown>
[INFO] [stdout]   13:     0x55d37f50269c - <unknown>
[INFO] [stdout]   14:     0x55d37f51e72c - <unknown>
[INFO] [stdout]   15:     0x55d37f4edb22 - <unknown>
[INFO] [stdout]   16:     0x71e16c579dfa - <unknown>
[INFO] [stdout]   17:     0x71e16c60d3d4 - clone
[INFO] [stdout]   18:                0x0 - <unknown>
[INFO] [stdout] 
[INFO] [stdout] ---- helper::args::tests::test_check_version_args stdout ----
[INFO] [stdout] (°ロ°)  checking '/opt/rustwide/workdir/target/debug/halp-test -v'
[INFO] [stdout] (×﹏×)      fail '-v' argument not found.
[INFO] [stdout] (°ロ°)  checking '/opt/rustwide/workdir/target/debug/halp-test -V'
[INFO] [stdout] (×﹏×)      fail '-V' argument not found.
[INFO] [stdout] (°ロ°)  checking '/opt/rustwide/workdir/target/debug/halp-test --version'
[INFO] [stdout] (×﹏×)      fail '--version' argument not found.
[INFO] [stdout] (°ロ°)  checking '/opt/rustwide/workdir/target/debug/halp-test version'
[INFO] [stdout] (×﹏×)      fail 'version' argument not found.
[INFO] [stdout] 
[INFO] [stdout] 
[INFO] [stdout] thread 'helper::args::tests::test_check_version_args' (1378) panicked at src/helper/args/mod.rs:159:9:
[INFO] [stdout] assertion failed: `(left == right)`
[INFO] [stdout] 
[INFO] [stdout] [1mDiff[0m [31m< left[0m / [32mright >[0m :
[INFO] [stdout]  (°ロ°)  checking 'test -v'
[INFO] [stdout]  (×﹏×)      fail '-v' argument not found.
[INFO] [stdout]  (°ロ°)  checking 'test -V'
[INFO] [stdout] [31m<\(^ヮ^)/ success '-V' argument found![0m
[INFO] [stdout] [31m<---[0m
[INFO] [stdout] [31m<halp 0.1.0[0m
[INFO] [stdout] [31m<---[0m
[INFO] [stdout] [32m>(×﹏×)      fail '-V' argument not found.[0m
[INFO] [stdout] [32m>(°ロ°)  checking 'test --version'[0m
[INFO] [stdout] [32m>(×﹏×)      fail '--version' argument not found.[0m
[INFO] [stdout] [32m>(°ロ°)  checking 'test version'[0m
[INFO] [stdout] [32m>(×﹏×)      fail 'version' argument not found.[0m
[INFO] [stdout] 
[INFO] [stdout] 
[INFO] [stdout] stack backtrace:
[INFO] [stdout]    0:     0x55d37f4c5fd7 - <unknown>
[INFO] [stdout]    1:     0x55d37f4467ea - <unknown>
[INFO] [stdout]    2:     0x55d37f4c558b - <unknown>
[INFO] [stdout]    3:     0x55d37f4c506f - <unknown>
[INFO] [stdout]    4:     0x55d37f4c4c9a - <unknown>
[INFO] [stdout]    5:     0x55d37f4c47d2 - <unknown>
[INFO] [stdout]    6:     0x55d37f4ebc11 - <unknown>
[INFO] [stdout]    7:     0x55d37f4ebbc9 - <unknown>
[INFO] [stdout]    8:     0x55d37f4ec0dc - <unknown>
[INFO] [stdout]    9:     0x55d37f44667b - <unknown>
[INFO] [stdout]   10:     0x55d37f42d92b - <unknown>
[INFO] [stdout]   11:     0x55d37f506d5b - <unknown>
[INFO] [stdout]   12:     0x55d37f502eb1 - <unknown>
[INFO] [stdout]   13:     0x55d37f50269c - <unknown>
[INFO] [stdout]   14:     0x55d37f51e72c - <unknown>
[INFO] [stdout]   15:     0x55d37f4edb22 - <unknown>
[INFO] [stdout]   16:     0x71e16c579dfa - <unknown>
[INFO] [stdout]   17:     0x71e16c60d3d4 - clone
[INFO] [stdout]   18:                0x0 - <unknown>
[INFO] [stdout] 
[INFO] [stdout] ---- helper::args::tests::test_check_help_args stdout ----
[INFO] [stdout] 
[INFO] [stdout] thread 'helper::args::tests::test_check_help_args' (1377) panicked at src/helper/args/mod.rs:187:9:
[INFO] [stdout] assertion failed: `(left == right)`
[INFO] [stdout] 
[INFO] [stdout] [1mDiff[0m [31m< left[0m / [32mright >[0m :
[INFO] [stdout]  (°ロ°)  checking 'test -H'
[INFO] [stdout]  (×﹏×)      fail '-H' argument not found.
[INFO] [stdout]  (o_O)      debug
[INFO] [stdout]  stdout:
[INFO] [stdout]  ---
[INFO] [stdout] [31m<error: unexpected argument '-H' found[0m
[INFO] [stdout] [31m<[0m
[INFO] [stdout] [31m<Usage: test[0m
[INFO] [stdout] [31m<[0m
[INFO] [stdout] [31m<For more information, try '--help'.[0m
[INFO] [stdout] [32m>sh: 1: test: not found[0m
[INFO] [stdout]  ---
[INFO] [stdout]  (°ロ°)  checking 'test help'
[INFO] [stdout]  (×﹏×)      fail 'help' argument not found.
[INFO] [stdout]  (o_O)      debug
[INFO] [stdout]  stdout:
[INFO] [stdout]  ---
[INFO] [stdout] [31m<error: unexpected argument 'help' found[0m
[INFO] [stdout] [31m<[0m
[INFO] [stdout] [31m<Usage: test[0m
[INFO] [stdout] [31m<[0m
[INFO] [stdout] [31m<For more information, try '--help'.[0m
[INFO] [stdout] [32m>sh: 1: test: not found[0m
[INFO] [stdout]  ---
[INFO] [stdout]  (°ロ°)  checking 'test --help'
[INFO] [stdout] [31m<\(^ヮ^)/ success '--help' argument found![0m
[INFO] [stdout] [32m>(×﹏×)      fail '--help' argument not found.[0m
[INFO] [stdout] [32m>(o_O)      debug[0m
[INFO] [stdout] [32m>stdout:[0m
[INFO] [stdout]  ---
[INFO] [stdout] [31m<Usage: test[0m
[INFO] [stdout] [31m<[0m
[INFO] [stdout] [31m<Options:[0m
[INFO] [stdout] [31m<  -h, --help     Print help[0m
[INFO] [stdout] [31m<  -V, --version  Print version[0m
[INFO] [stdout] [32m>sh: 1: test: not found[0m
[INFO] [stdout] [32m>---[0m
[INFO] [stdout] [32m>(°ロ°)  checking 'test -h'[0m
[INFO] [stdout] [32m>(×﹏×)      fail '-h' argument not found.[0m
[INFO] [stdout] [32m>(o_O)      debug[0m
[INFO] [stdout] [32m>stdout:[0m
[INFO] [stdout] [32m>---[0m
[INFO] [stdout] [32m>sh: 1: test: not found[0m
[INFO] [stdout]  ---
[INFO] [stdout] 
[INFO] [stdout] 
[INFO] [stdout] stack backtrace:
[INFO] [stdout]    0:     0x55d37f4c5fd7 - <unknown>
[INFO] [stdout]    1:     0x55d37f4467ea - <unknown>
[INFO] [stdout]    2:     0x55d37f4c558b - <unknown>
[INFO] [stdout]    3:     0x55d37f4c506f - <unknown>
[INFO] [stdout]    4:     0x55d37f4c4c9a - <unknown>
[INFO] [stdout]    5:     0x55d37f4c47d2 - <unknown>
[INFO] [stdout]    6:     0x55d37f4ebc11 - <unknown>
[INFO] [stdout]    7:     0x55d37f4ebbc9 - <unknown>
[INFO] [stdout]    8:     0x55d37f4ec0dc - <unknown>
[INFO] [stdout]    9:     0x55d37f44667b - <unknown>
[INFO] [stdout]   10:     0x55d37f42bf23 - <unknown>
[INFO] [stdout]   11:     0x55d37f506d5b - <unknown>
[INFO] [stdout]   12:     0x55d37f502eb1 - <unknown>
[INFO] [stdout]   13:     0x55d37f50269c - <unknown>
[INFO] [stdout]   14:     0x55d37f51e72c - <unknown>
[INFO] [stdout]   15:     0x55d37f4edb22 - <unknown>
[INFO] [stdout]   16:     0x71e16c579dfa - <unknown>
[INFO] [stdout]   17:     0x71e16c60d3d4 - clone
[INFO] [stdout]   18:                0x0 - <unknown>
[INFO] [stdout] 
[INFO] [stdout] ---- helper::args::tests::test_get_default_help stdout ----
[INFO] [stdout] (°ロ°)  checking '/opt/rustwide/workdir/target/debug/halp-test -v'
[INFO] [stdout] (×﹏×)      fail '-v' argument not found.
[INFO] [stdout] (°ロ°)  checking '/opt/rustwide/workdir/target/debug/halp-test -V'
[INFO] [stdout] (×﹏×)      fail '-V' argument not found.
[INFO] [stdout] (°ロ°)  checking '/opt/rustwide/workdir/target/debug/halp-test --version'
[INFO] [stdout] (×﹏×)      fail '--version' argument not found.
[INFO] [stdout] (°ロ°)  checking '/opt/rustwide/workdir/target/debug/halp-test version'
[INFO] [stdout] (×﹏×)      fail 'version' argument not found.
[INFO] [stdout] (°ロ°)  checking '/opt/rustwide/workdir/target/debug/halp-test -h'
[INFO] [stdout] (×﹏×)      fail '-h' argument not found.
[INFO] [stdout] (°ロ°)  checking '/opt/rustwide/workdir/target/debug/halp-test --help'
[INFO] [stdout] (×﹏×)      fail '--help' argument not found.
[INFO] [stdout] (°ロ°)  checking '/opt/rustwide/workdir/target/debug/halp-test help'
[INFO] [stdout] (×﹏×)      fail 'help' argument not found.
[INFO] [stdout] (°ロ°)  checking '/opt/rustwide/workdir/target/debug/halp-test -H'
[INFO] [stdout] (×﹏×)      fail '-H' argument not found.
[INFO] [stdout] 
[INFO] [stdout] 
[INFO] [stdout] thread 'helper::args::tests::test_get_default_help' (1381) panicked at src/helper/args/mod.rs:234:9:
[INFO] [stdout] assertion failed: `(left == right)`
[INFO] [stdout] 
[INFO] [stdout] [1mDiff[0m [31m< left[0m / [32mright >[0m :
[INFO] [stdout]  (°ロ°)  checking 'test -v'
[INFO] [stdout]  (×﹏×)      fail '-v' argument not found.
[INFO] [stdout]  (°ロ°)  checking 'test -V'
[INFO] [stdout] [31m<\(^ヮ^)/ success '-V' argument found![0m
[INFO] [stdout] [31m<---[0m
[INFO] [stdout] [31m<halp 0.1.0[0m
[INFO] [stdout] [31m<---[0m
[INFO] [stdout] [32m>(×﹏×)      fail '-V' argument not found.[0m
[INFO] [stdout] [32m>(°ロ°)  checking 'test --version'[0m
[INFO] [stdout] [32m>(×﹏×)      fail '--version' argument not found.[0m
[INFO] [stdout] [32m>(°ロ°)  checking 'test version'[0m
[INFO] [stdout] [32m>(×﹏×)      fail 'version' argument not found.[0m
[INFO] [stdout]  (°ロ°)  checking 'test -h'
[INFO] [stdout] [31m<\(^ヮ^)/ success '-h' argument found![0m
[INFO] [stdout] [31m<---[0m
[INFO] [stdout] [31m<Usage: test[0m
[INFO] [stdout] [31m<[0m
[INFO] [stdout] [31m<Options:[0m
[INFO] [stdout] [31m<  -h, --help     Print help[0m
[INFO] [stdout] [31m<  -V, --version  Print version[0m
[INFO] [stdout] [31m<---[0m
[INFO] [stdout] [32m>(×﹏×)      fail '-h' argument not found.[0m
[INFO] [stdout] [32m>(°ロ°)  checking 'test --help'[0m
[INFO] [stdout] [32m>(×﹏×)      fail '--help' argument not found.[0m
[INFO] [stdout] [32m>(°ロ°)  checking 'test help'[0m
[INFO] [stdout] [32m>(×﹏×)      fail 'help' argument not found.[0m
[INFO] [stdout] [32m>(°ロ°)  checking 'test -H'[0m
[INFO] [stdout] [32m>(×﹏×)      fail '-H' argument not found.[0m
[INFO] [stdout] 
[INFO] [stdout] 
[INFO] [stdout] stack backtrace:
[INFO] [stdout]    0:     0x55d37f4c5fd7 - <unknown>
[INFO] [stdout]    1:     0x55d37f4467ea - <unknown>
[INFO] [stdout]    2:     0x55d37f4c558b - <unknown>
[INFO] [stdout]    3:     0x55d37f4c506f - <unknown>
[INFO] [stdout]    4:     0x55d37f4c4c9a - <unknown>
[INFO] [stdout]    5:     0x55d37f4c47d2 - <unknown>
[INFO] [stdout]    6:     0x55d37f4ebc11 - <unknown>
[INFO] [stdout]    7:     0x55d37f4ebbc9 - <unknown>
[INFO] [stdout]    8:     0x55d37f4ec0dc - <unknown>
[INFO] [stdout]    9:     0x55d37f44667b - <unknown>
[INFO] [stdout]   10:     0x55d37f42c6d4 - <unknown>
[INFO] [stdout]   11:     0x55d37f506d5b - <unknown>
[INFO] [stdout]   12:     0x55d37f502eb1 - <unknown>
[INFO] [stdout]   13:     0x55d37f50269c - <unknown>
[INFO] [stdout]   14:     0x55d37f51e72c - <unknown>
[INFO] [stdout]   15:     0x55d37f4edb22 - <unknown>
[INFO] [stdout]   16:     0x71e16c579dfa - <unknown>
[INFO] [stdout]   17:     0x71e16c60d3d4 - clone
[INFO] [stdout]   18:                0x0 - <unknown>
[INFO] [stdout] 
[INFO] [stdout] 
[INFO] [stdout] failures:
[INFO] [stdout]     helper::args::tests::test_check_help_args
[INFO] [stdout]     helper::args::tests::test_check_version_args
[INFO] [stdout]     helper::args::tests::test_get_args_help
[INFO] [stdout]     helper::args::tests::test_get_default_help
[INFO] [stdout]     helper::docs::cheat_sh::tests::test_fetch_cheat_sheet
[INFO] [stdout]     helper::docs::cheatsheets::tests::test_fetch_cheatsheets
[INFO] [stdout]     helper::docs::eg::tests::test_eg_page_fetch
[INFO] [stdout] 
[INFO] [stdout] test result: FAILED. 9 passed; 7 failed; 0 ignored; 0 measured; 0 filtered out; finished in 0.20s
[INFO] [stdout] 
[INFO] [stderr] error: test failed, to rerun pass `--lib`
[INFO] running `Command { std: "docker" "inspect" "7847f3287cdba7349b1fa1a3984b2de465338cd9c29dd0b7a5324e9e63c9ec7f", kill_on_drop: false }`
[INFO] running `Command { std: "docker" "rm" "-f" "7847f3287cdba7349b1fa1a3984b2de465338cd9c29dd0b7a5324e9e63c9ec7f", kill_on_drop: false }`
[INFO] [stdout] 7847f3287cdba7349b1fa1a3984b2de465338cd9c29dd0b7a5324e9e63c9ec7f
