[INFO] fetching crate hala-quic 0.1.6...
[INFO] testing hala-quic-0.1.6 against 1.99.0-beta.8+cargoflags=--release for beta-release-1.100-2
[INFO] extracting crate hala-quic 0.1.6 into /workspace/builds/worker-0-tc1/source
[INFO] started tweaking crates.io crate hala-quic 0.1.6
[INFO] finished tweaking crates.io crate hala-quic 0.1.6
[INFO] tweaked toml for crates.io crate hala-quic 0.1.6 written to /workspace/builds/worker-0-tc1/source/Cargo.toml
[INFO] validating manifest of crates.io crate hala-quic 0.1.6 on toolchain 1.99.0-beta.8
[INFO] running `Command { std: CARGO_HOME="/workspace/cargo-home" RUSTUP_HOME="/workspace/rustup-home" "/workspace/cargo-home/bin/cargo" "+1.99.0-beta.8" "metadata" "--manifest-path" "Cargo.toml" "--no-deps", kill_on_drop: false }`
[INFO] running `Command { std: CARGO_HOME="/workspace/cargo-home" RUSTUP_HOME="/workspace/rustup-home" "/workspace/cargo-home/bin/cargo" "+1.99.0-beta.8" "generate-lockfile" "--manifest-path" "Cargo.toml", kill_on_drop: false }`
[INFO] [stderr]     Updating crates.io index
[INFO] [stderr]      Locking 136 packages to highest compatible versions
[INFO] [stderr]       Adding dashmap v5.5.3 (available: v6.2.1)
[INFO] [stderr]       Adding quiche v0.20.1 (available: v0.30.0)
[INFO] [stderr]       Adding rand v0.8.8 (available: v0.10.3)
[INFO] [stderr]       Adding thiserror v1.0.69 (available: v2.0.21)
[INFO] running `Command { std: CARGO_HOME="/workspace/cargo-home" RUSTUP_HOME="/workspace/rustup-home" "/workspace/cargo-home/bin/cargo" "+1.99.0-beta.8" "fetch" "--manifest-path" "Cargo.toml", kill_on_drop: false }`
[INFO] [stderr]  Downloading crates ...
[INFO] [stderr]   Downloaded pretty_env_logger v0.5.0
[INFO] [stderr]   Downloaded hala-udp v0.1.6
[INFO] [stderr]   Downloaded hala-sync v0.1.6
[INFO] [stderr]   Downloaded hala-lockfree v0.1.6
[INFO] [stderr]   Downloaded hala-test v0.1.6
[INFO] [stderr]   Downloaded octets v0.2.0
[INFO] [stderr]   Downloaded bitmask-enum v2.2.5
[INFO] [stderr]   Downloaded condtype v1.3.0
[INFO] [stderr]   Downloaded hala-io v0.1.6
[INFO] [stderr]   Downloaded hala-future v0.1.6
[INFO] [stderr]   Downloaded hala-ops v0.1.6
[INFO] [stderr]   Downloaded divan-macros v0.1.21
[INFO] [stderr]   Downloaded futures-test v0.3.34
[INFO] [stderr]   Downloaded boring v4.22.0
[INFO] [stderr]   Downloaded divan v0.1.21
[INFO] [stderr]   Downloaded quiche v0.20.1
[INFO] running `Command { std: "docker" "create" "-v" "/var/lib/crater-agent-workspace/builds/worker-0-tc1/source:/opt/rustwide/workdir:ro,Z" "-v" "/var/lib/crater-agent-workspace/builds/worker-0-tc1/target:/opt/rustwide/target:rw,Z" "-v" "/var/lib/crater-agent-workspace/cargo-home:/opt/rustwide/cargo-home:ro,Z" "-v" "/var/lib/crater-agent-workspace/rustup-home:/opt/rustwide/rustup-home:ro,Z" "-m" "1610612736" "--network" "none" "ghcr.io/rust-lang/crates-build-env/linux@sha256:77db811e55d90add9212f6832c23229e3de5f1c1f9905e8cb07319ea15df73ac" "sleep" "infinity", kill_on_drop: false }`
[INFO] [stdout] aa982e69ddfc4eacb375053961a14e37950a1f7bb81227b61d66681bcac09e62
[INFO] running `Command { std: "docker" "start" "aa982e69ddfc4eacb375053961a14e37950a1f7bb81227b61d66681bcac09e62", kill_on_drop: false }`
[INFO] running `Command { std: "docker" "inspect" "aa982e69ddfc4eacb375053961a14e37950a1f7bb81227b61d66681bcac09e62", kill_on_drop: false }`
[INFO] running `Command { std: "docker" "exec" "-e" "SOURCE_DIR=/opt/rustwide/workdir" "-e" "CARGO_HOME=/opt/rustwide/cargo-home" "-e" "RUSTUP_HOME=/opt/rustwide/rustup-home" "-e" "CARGO_TARGET_DIR=/opt/rustwide/target" "-w" "/opt/rustwide/workdir" "--user" "0:0" "aa982e69ddfc4eacb375053961a14e37950a1f7bb81227b61d66681bcac09e62" "/opt/rustwide/cargo-home/bin/cargo" "+1.99.0-beta.8" "metadata" "--no-deps" "--format-version=1", kill_on_drop: false }`
[INFO] running `Command { std: "docker" "inspect" "aa982e69ddfc4eacb375053961a14e37950a1f7bb81227b61d66681bcac09e62", kill_on_drop: false }`
[INFO] running `Command { std: "docker" "exec" "-e" "SOURCE_DIR=/opt/rustwide/workdir" "-e" "CARGO_HOME=/opt/rustwide/cargo-home" "-e" "RUSTUP_HOME=/opt/rustwide/rustup-home" "-e" "CARGO_TARGET_DIR=/opt/rustwide/target" "-e" "CARGO_INCREMENTAL=0" "-e" "RUST_BACKTRACE=full" "-e" "RUSTFLAGS=--cap-lints=warn" "-e" "RUSTDOCFLAGS=--cap-lints=warn" "-w" "/opt/rustwide/workdir" "--user" "0:0" "aa982e69ddfc4eacb375053961a14e37950a1f7bb81227b61d66681bcac09e62" "/opt/rustwide/cargo-home/bin/cargo" "+1.99.0-beta.8" "build" "--frozen" "--message-format=json" "--release", kill_on_drop: false }`
[INFO] [stderr]    Compiling serde_core v1.0.229
[INFO] [stderr]    Compiling serde v1.0.229
[INFO] [stderr]    Compiling libc v0.2.191
[INFO] [stderr]    Compiling glob v0.3.4
[INFO] [stderr]    Compiling syn v2.0.119
[INFO] [stderr]    Compiling syn v3.0.9
[INFO] [stderr]    Compiling getrandom v0.2.17
[INFO] [stderr]    Compiling regex-syntax v0.8.11
[INFO] [stderr]    Compiling minimal-lexical v0.2.1
[INFO] [stderr]    Compiling cfg-if v1.0.5
[INFO] [stderr]    Compiling libloading v0.8.9
[INFO] [stderr]    Compiling clang-sys v1.9.1
[INFO] [stderr]    Compiling nom v7.1.3
[INFO] [stderr]    Compiling cmake v0.1.58
[INFO] [stderr]    Compiling ring v0.17.14
[INFO] [stderr]    Compiling futures-core v0.3.34
[INFO] [stderr]    Compiling either v1.19.0
[INFO] [stderr]    Compiling bindgen v0.72.1
[INFO] [stderr]    Compiling itertools v0.13.0
[INFO] [stderr]    Compiling futures-channel v0.3.34
[INFO] [stderr]    Compiling regex-automata v0.4.18
[INFO] [stderr]    Compiling rustc-hash v2.1.3
[INFO] [stderr]    Compiling hashbrown v0.14.5
[INFO] [stderr]    Compiling cexpr v0.6.0
[INFO] [stderr]    Compiling bitflags v2.13.2
[INFO] [stderr]    Compiling fslock v0.2.1
[INFO] [stderr]    Compiling smallvec v1.16.3
[INFO] [stderr]    Compiling boxcar v0.2.14
[INFO] [stderr]    Compiling num_cpus v1.17.0
[INFO] [stderr]    Compiling parking_lot_core v0.9.12
[INFO] [stderr]    Compiling foreign-types-shared v0.3.1
[INFO] [stderr]    Compiling ppv-lite86 v0.2.21
[INFO] [stderr]    Compiling dashmap v5.5.3
[INFO] [stderr]    Compiling parking_lot v0.12.5
[INFO] [stderr]    Compiling futures-macro v0.3.34
[INFO] [stderr]    Compiling regex v1.13.1
[INFO] [stderr]    Compiling hala-lockfree v0.1.6
[INFO] [stderr]    Compiling hala-sync v0.1.6
[INFO] [stderr]    Compiling foreign-types-macros v0.2.4
[INFO] [stderr]    Compiling mio v0.8.11
[INFO] [stderr]    Compiling futures-util v0.3.34
[INFO] [stderr]    Compiling quiche v0.20.1
[INFO] [stderr]    Compiling rand_core v0.6.4
[INFO] [stderr]    Compiling foreign-types v0.5.0
[INFO] [stderr]    Compiling rand_chacha v0.3.1
[INFO] [stderr]    Compiling intrusive-collections v0.9.7
[INFO] [stderr]    Compiling thiserror-impl v1.0.69
[INFO] [stderr]    Compiling bitmask-enum v2.2.5
[INFO] [stderr]    Compiling openssl-macros v0.1.1
[INFO] [stderr]    Compiling octets v0.2.0
[INFO] [stderr]    Compiling rand v0.8.8
[INFO] [stderr]    Compiling hala-ops v0.1.6
[INFO] [stderr]    Compiling thiserror v1.0.69
[INFO] [stderr]    Compiling futures-executor v0.3.34
[INFO] [stderr]    Compiling futures v0.3.34
[INFO] [stderr]    Compiling boring-sys v4.22.0
[INFO] [stderr]    Compiling hala-future v0.1.6
[INFO] [stderr]    Compiling hala-io v0.1.6
[INFO] [stderr]    Compiling hala-udp v0.1.6
[INFO] [stderr]    Compiling boring v4.22.0
[INFO] [stderr]    Compiling hala-quic v0.1.6 (/opt/rustwide/workdir)
[INFO] [stderr]     Finished `release` profile [optimized] target(s) in 3m 34s
[INFO] running `Command { std: "docker" "inspect" "aa982e69ddfc4eacb375053961a14e37950a1f7bb81227b61d66681bcac09e62", kill_on_drop: false }`
[INFO] running `Command { std: "docker" "exec" "-e" "SOURCE_DIR=/opt/rustwide/workdir" "-e" "CARGO_HOME=/opt/rustwide/cargo-home" "-e" "RUSTUP_HOME=/opt/rustwide/rustup-home" "-e" "CARGO_TARGET_DIR=/opt/rustwide/target" "-e" "CARGO_INCREMENTAL=0" "-e" "RUST_BACKTRACE=full" "-e" "RUSTFLAGS=--cap-lints=warn" "-e" "RUSTDOCFLAGS=--cap-lints=warn" "-w" "/opt/rustwide/workdir" "--user" "0:0" "aa982e69ddfc4eacb375053961a14e37950a1f7bb81227b61d66681bcac09e62" "/opt/rustwide/cargo-home/bin/cargo" "+1.99.0-beta.8" "test" "--frozen" "--no-run" "--message-format=json" "--release", kill_on_drop: false }`
[INFO] [stderr]    Compiling rustix v1.1.5
[INFO] [stderr]    Compiling regex-automata v0.4.18
[INFO] [stderr]    Compiling clap_lex v1.1.1
[INFO] [stderr]    Compiling boring v4.22.0
[INFO] [stderr]    Compiling pin-project-internal v1.1.13
[INFO] [stderr]    Compiling divan-macros v0.1.21
[INFO] [stderr]    Compiling regex-lite v0.1.9
[INFO] [stderr]    Compiling condtype v1.3.0
[INFO] [stderr]    Compiling hala-test v0.1.6
[INFO] [stderr]    Compiling pin-project v1.1.13
[INFO] [stderr]    Compiling futures-test v0.3.34
[INFO] [stderr]    Compiling terminal_size v0.4.4
[INFO] [stderr]    Compiling clap_builder v4.6.7
[INFO] [stderr]    Compiling regex v1.13.1
[INFO] [stderr]    Compiling quiche v0.20.1
[INFO] [stderr]    Compiling clap v4.6.7
[INFO] [stderr]    Compiling env_logger v0.10.2
[INFO] [stderr]    Compiling divan v0.1.21
[INFO] [stderr]    Compiling pretty_env_logger v0.5.0
[INFO] [stderr]    Compiling hala-quic v0.1.6 (/opt/rustwide/workdir)
[INFO] [stderr]     Finished `release` profile [optimized] target(s) in 1m 24s
[INFO] running `Command { std: "docker" "inspect" "aa982e69ddfc4eacb375053961a14e37950a1f7bb81227b61d66681bcac09e62", kill_on_drop: false }`
[INFO] running `Command { std: "docker" "exec" "-e" "SOURCE_DIR=/opt/rustwide/workdir" "-e" "CARGO_HOME=/opt/rustwide/cargo-home" "-e" "RUSTUP_HOME=/opt/rustwide/rustup-home" "-e" "CARGO_TARGET_DIR=/opt/rustwide/target" "-e" "CARGO_INCREMENTAL=0" "-e" "RUST_BACKTRACE=full" "-e" "RUSTFLAGS=--cap-lints=warn" "-e" "RUSTDOCFLAGS=--cap-lints=warn" "-w" "/opt/rustwide/workdir" "--user" "0:0" "aa982e69ddfc4eacb375053961a14e37950a1f7bb81227b61d66681bcac09e62" "/opt/rustwide/cargo-home/bin/cargo" "+1.99.0-beta.8" "test" "--frozen" "--release", kill_on_drop: false }`
[INFO] [stderr]     Finished `release` profile [optimized] target(s) in 0.18s
[INFO] [stderr]      Running unittests src/lib.rs (/opt/rustwide/target/release/deps/hala_quic-beae513582cfe988)
[INFO] [stdout] 
[INFO] [stdout] running 13 tests
[INFO] [stdout] test state::tests::test_client_stream_accept ... ok
[INFO] [stdout] test state::tests::stream_normal_closed ... ok
[INFO] [stdout] test state::tests::test_scids_left ... ok
[INFO] [stdout] test state::tests::test_server_max_open_streams ... ok
[INFO] [stdout] test state::tests::test_max_stream_data ... ok
[INFO] [stdout] test state::tests::test_open_stream ... ok
[INFO] [stdout] test state::tests::test_client_max_open_streams ... ok
[INFO] [stdout] test state::tests::test_connect ... ok
[INFO] [stdout] test state::tests::test_stream_stopped ... ok
[INFO] [stdout] test state::tests::test_server_stream_accept ... ok
[INFO] [stdout] test state::tests::verify_client_cert ... ok
[INFO] [stdout] test state::tests::test_multi_path ... ok
[INFO] [stdout] test state::tests::test_stream_write ... ok
[INFO] [stdout] 
[INFO] [stdout] test result: ok. 13 passed; 0 failed; 0 ignored; 0 measured; 0 filtered out; finished in 0.25s
[INFO] [stdout] 
[INFO] [stderr]      Running tests/quic_test.rs (/opt/rustwide/target/release/deps/quic_test-b3efc1e096a59b1f)
[INFO] [stdout] 
[INFO] [stdout] running 9 tests
[INFO] [stdout] test test_client_max_streams_stream ... ok
[INFO] [stdout] test test_open_client_stream ... ok
[INFO] [stdout] test test_open_server_stream ... ok
[INFO] [stdout] test test_conn_pool_reconnect ... FAILED
[INFO] [stdout] test test_server_max_streams_stream ... ok
[INFO] [stdout] test test_establish ... ok
[INFO] [stdout] test test_conn_pool ... ok
[INFO] [stdout] test test_connect_timeout ... ok
[INFO] [stdout] test test_dynamic_peer_streams_left_bid ... ok
[INFO] [stdout] 
[INFO] [stdout] failures:
[INFO] [stdout] 
[INFO] [stdout] ---- test_conn_pool_reconnect stdout ----
[INFO] [stdout] 
[INFO] [stdout] thread 'test_conn_pool_reconnect' (4048) panicked at /opt/rustwide/cargo-home/registry/src/index.crates.io-1949cf8c6b5b557f/hala-future-0.1.6/src/executor.rs:62:68:
[INFO] [stdout] called `Option::unwrap()` on a `None` value
[INFO] [stdout] stack backtrace:
[INFO] [stdout]    0:     0x59052dc686d1 - <<std[70759c8f55707aa4]::sys::backtrace::BacktraceLock>::print::DisplayBacktrace as core[df12db4294e9bfd3]::fmt::Display>::fmt
[INFO] [stdout]    1:     0x59052dc7e90a - core[df12db4294e9bfd3]::fmt::write
[INFO] [stdout]    2:     0x59052dc6d0ec - <alloc[2182bb758b4b3781]::vec::Vec<u8> as core[df12db4294e9bfd3]::io::write::Write>::write_fmt
[INFO] [stdout]    3:     0x59052dc43726 - std[70759c8f55707aa4]::panicking::default_hook::{closure#0}
[INFO] [stdout]    4:     0x59052dc60329 - std[70759c8f55707aa4]::panicking::default_hook
[INFO] [stdout]    5:     0x59052da46170 - test[9d35eded1c95d3be]::test_main_inner::<test[9d35eded1c95d3be]::test_main_static::{closure#0}>::{closure#0}
[INFO] [stdout]    6:     0x59052dc604e2 - std[70759c8f55707aa4]::panicking::panic_with_hook
[INFO] [stdout]    7:     0x59052dc43804 - std[70759c8f55707aa4]::panicking::panic_handler::{closure#0}
[INFO] [stdout]    8:     0x59052dc3c479 - std[70759c8f55707aa4]::sys::backtrace::__rust_end_short_backtrace::<std[70759c8f55707aa4]::panicking::panic_handler::{closure#0}, !>
[INFO] [stdout]    9:     0x59052dc445bd - __rustc[8fa7c3cbc660c2b3]::rust_begin_unwind
[INFO] [stdout]   10:     0x59052dc7f03c - core[df12db4294e9bfd3]::panicking::panic_fmt
[INFO] [stdout]   11:     0x59052dc7f002 - core[df12db4294e9bfd3]::panicking::panic
[INFO] [stdout]   12:     0x59052dc7edb9 - core[df12db4294e9bfd3]::option::unwrap_failed
[INFO] [stdout]   13:     0x59052da2a596 - futures_executor[cff81dc93f5b4bc0]::local_pool::block_on::<hala_future[998940fa27cd13ee]::executor::block_on<quic_test[f940655d74e5df33]::test_dynamic_peer_streams_left_bid::test_dynamic_peer_streams_left_bid::{closure#0}, ()>::{closure#1}>
[INFO] [stdout]   14:     0x59052da064ab - hala_future[998940fa27cd13ee]::executor::block_on::<quic_test[f940655d74e5df33]::test_conn_pool_reconnect::test_conn_pool_reconnect::{closure#0}, ()>
[INFO] [stdout]   15:     0x59052da25b57 - <quic_test[f940655d74e5df33]::test_conn_pool_reconnect::{closure#0} as core[df12db4294e9bfd3]::ops::function::FnOnce<()>>::call_once
[INFO] [stdout]   16:     0x59052da3945b - test[9d35eded1c95d3be]::__rust_begin_short_backtrace::<core[df12db4294e9bfd3]::result::Result<(), alloc[2182bb758b4b3781]::string::String>, fn() -> core[df12db4294e9bfd3]::result::Result<(), alloc[2182bb758b4b3781]::string::String>>
[INFO] [stdout]   17:     0x59052da46ac5 - test[9d35eded1c95d3be]::run_test::{closure#0}
[INFO] [stdout]   18:     0x59052da40384 - std[70759c8f55707aa4]::sys::backtrace::__rust_begin_short_backtrace::<test[9d35eded1c95d3be]::run_test::{closure#1}, ()>
[INFO] [stdout]   19:     0x59052da49c22 - <std[70759c8f55707aa4]::thread::lifecycle::spawn_unchecked<test[9d35eded1c95d3be]::run_test::{closure#1}, ()>::{closure#1} as core[df12db4294e9bfd3]::ops::function::FnOnce<()>>::call_once::{shim:vtable#0}
[INFO] [stdout]   20:     0x59052dc67699 - <std[70759c8f55707aa4]::sys::thread::unix::Thread>::new::thread_start
[INFO] [stdout]   21:     0x74711f4f4dfa - <unknown>
[INFO] [stdout]   22:     0x74711f5883d4 - clone
[INFO] [stdout]   23:                0x0 - <unknown>
[INFO] [stdout] 
[INFO] [stdout] 
[INFO] [stdout] failures:
[INFO] [stdout]     test_conn_pool_reconnect
[INFO] [stdout] 
[INFO] [stdout] test result: FAILED. 8 passed; 1 failed; 0 ignored; 0 measured; 0 filtered out; finished in 5.26s
[INFO] [stdout] 
[INFO] [stderr] error: test failed, to rerun pass `--test quic_test`
[INFO] running `Command { std: "docker" "inspect" "aa982e69ddfc4eacb375053961a14e37950a1f7bb81227b61d66681bcac09e62", kill_on_drop: false }`
[INFO] running `Command { std: "docker" "rm" "-f" "aa982e69ddfc4eacb375053961a14e37950a1f7bb81227b61d66681bcac09e62", kill_on_drop: false }`
[INFO] [stdout] aa982e69ddfc4eacb375053961a14e37950a1f7bb81227b61d66681bcac09e62
