[INFO] fetching crate haddock-restraints 0.13.0...
[INFO] testing haddock-restraints-0.13.0 against 1.100.0-beta.1+cargoflags=--release for beta-release-1.100-2
[INFO] extracting crate haddock-restraints 0.13.0 into /workspace/builds/worker-5-tc2/source
[INFO] started tweaking crates.io crate haddock-restraints 0.13.0
[INFO] finished tweaking crates.io crate haddock-restraints 0.13.0
[INFO] tweaked toml for crates.io crate haddock-restraints 0.13.0 written to /workspace/builds/worker-5-tc2/source/Cargo.toml
[INFO] validating manifest of crates.io crate haddock-restraints 0.13.0 on toolchain 1.100.0-beta.1
[INFO] running `Command { std: CARGO_HOME="/workspace/cargo-home" RUSTUP_HOME="/workspace/rustup-home" "/workspace/cargo-home/bin/cargo" "+1.100.0-beta.1" "metadata" "--manifest-path" "Cargo.toml" "--no-deps", kill_on_drop: false }`
[INFO] crate crates.io crate haddock-restraints 0.13.0 already has a lockfile, it will not be regenerated
[INFO] running `Command { std: CARGO_HOME="/workspace/cargo-home" RUSTUP_HOME="/workspace/rustup-home" "/workspace/cargo-home/bin/cargo" "+1.100.0-beta.1" "fetch" "--manifest-path" "Cargo.toml", kill_on_drop: false }`
[INFO] running `Command { std: "docker" "create" "-v" "/var/lib/crater-agent-workspace/builds/worker-5-tc2/source:/opt/rustwide/workdir:ro,Z" "-v" "/var/lib/crater-agent-workspace/builds/worker-5-tc2/target:/opt/rustwide/target:rw,Z" "-v" "/var/lib/crater-agent-workspace/cargo-home:/opt/rustwide/cargo-home:ro,Z" "-v" "/var/lib/crater-agent-workspace/rustup-home:/opt/rustwide/rustup-home:ro,Z" "-m" "1610612736" "--network" "none" "ghcr.io/rust-lang/crates-build-env/linux@sha256:77db811e55d90add9212f6832c23229e3de5f1c1f9905e8cb07319ea15df73ac" "sleep" "infinity", kill_on_drop: false }`
[INFO] [stdout] 11321ae1fa8f8dd4283b6346031fefa51fca4f9bdcfacb33e484e92e2c5ffe49
[INFO] running `Command { std: "docker" "start" "11321ae1fa8f8dd4283b6346031fefa51fca4f9bdcfacb33e484e92e2c5ffe49", kill_on_drop: false }`
[INFO] running `Command { std: "docker" "inspect" "11321ae1fa8f8dd4283b6346031fefa51fca4f9bdcfacb33e484e92e2c5ffe49", kill_on_drop: false }`
[INFO] running `Command { std: "docker" "exec" "-e" "SOURCE_DIR=/opt/rustwide/workdir" "-e" "CARGO_HOME=/opt/rustwide/cargo-home" "-e" "RUSTUP_HOME=/opt/rustwide/rustup-home" "-e" "CARGO_TARGET_DIR=/opt/rustwide/target" "-w" "/opt/rustwide/workdir" "--user" "0:0" "11321ae1fa8f8dd4283b6346031fefa51fca4f9bdcfacb33e484e92e2c5ffe49" "/opt/rustwide/cargo-home/bin/cargo" "+1.100.0-beta.1" "metadata" "--no-deps" "--format-version=1", kill_on_drop: false }`
[INFO] running `Command { std: "docker" "inspect" "11321ae1fa8f8dd4283b6346031fefa51fca4f9bdcfacb33e484e92e2c5ffe49", kill_on_drop: false }`
[INFO] running `Command { std: "docker" "exec" "-e" "SOURCE_DIR=/opt/rustwide/workdir" "-e" "CARGO_HOME=/opt/rustwide/cargo-home" "-e" "RUSTUP_HOME=/opt/rustwide/rustup-home" "-e" "CARGO_TARGET_DIR=/opt/rustwide/target" "-e" "CARGO_INCREMENTAL=0" "-e" "RUST_BACKTRACE=full" "-e" "RUSTFLAGS=--cap-lints=warn" "-e" "RUSTDOCFLAGS=--cap-lints=warn" "-w" "/opt/rustwide/workdir" "--user" "0:0" "11321ae1fa8f8dd4283b6346031fefa51fca4f9bdcfacb33e484e92e2c5ffe49" "/opt/rustwide/cargo-home/bin/cargo" "+1.100.0-beta.1" "build" "--frozen" "--message-format=json" "--release", kill_on_drop: false }`
[INFO] [stderr]    Compiling bytemuck v1.24.0
[INFO] [stderr]    Compiling libc v0.2.183
[INFO] [stderr]    Compiling proc-macro2 v0.4.30
[INFO] [stderr]    Compiling unicode-xid v0.1.0
[INFO] [stderr]    Compiling heapless v0.8.0
[INFO] [stderr]    Compiling serde_core v1.0.229
[INFO] [stderr]    Compiling hash32 v0.3.1
[INFO] [stderr]    Compiling zerocopy v0.8.30
[INFO] [stderr]    Compiling syn v2.0.111
[INFO] [stderr]    Compiling syn v3.0.3
[INFO] [stderr]    Compiling typenum v1.19.0
[INFO] [stderr]    Compiling indexmap v2.12.1
[INFO] [stderr]    Compiling pulp v0.22.2
[INFO] [stderr]    Compiling flate2 v1.1.5
[INFO] [stderr]    Compiling matrixmultiply v0.3.10
[INFO] [stderr]    Compiling zmij v1.0.6
[INFO] [stderr]    Compiling anstream v0.6.21
[INFO] [stderr]    Compiling regex-automata v0.4.13
[INFO] [stderr]    Compiling raw-cpuid v11.6.0
[INFO] [stderr]    Compiling approx v0.5.1
[INFO] [stderr]    Compiling reborrow v0.5.5
[INFO] [stderr]    Compiling pulp-wasm-simd-flag v0.1.0
[INFO] [stderr]    Compiling serde_json v1.0.151
[INFO] [stderr]    Compiling clap_builder v4.5.56
[INFO] [stderr]    Compiling num-complex v0.4.6
[INFO] [stderr]    Compiling safe_arch v1.0.0
[INFO] [stderr]    Compiling rstar v0.12.2
[INFO] [stderr]    Compiling quote v0.6.13
[INFO] [stderr]    Compiling rustix v1.1.4
[INFO] [stderr]    Compiling wide v1.4.0
[INFO] [stderr]    Compiling doc-cfg v0.1.0
[INFO] [stderr]    Compiling num-rational v0.4.2
[INFO] [stderr]    Compiling ordered-float v5.1.0
[INFO] [stderr]    Compiling getrandom v0.3.4
[INFO] [stderr]    Compiling itertools v0.15.0
[INFO] [stderr]    Compiling rand_core v0.9.3
[INFO] [stderr]    Compiling kd-tree v0.6.2
[INFO] [stderr]    Compiling serde_derive v1.0.229
[INFO] [stderr]    Compiling ppv-lite86 v0.2.21
[INFO] [stderr]    Compiling tempfile v3.27.0
[INFO] [stderr]    Compiling rand_chacha v0.9.0
[INFO] [stderr]    Compiling rand v0.9.2
[INFO] [stderr]    Compiling snafu-derive v0.8.9
[INFO] [stderr]    Compiling nalgebra-macros v0.3.0
[INFO] [stderr]    Compiling clap_derive v4.5.55
[INFO] [stderr]    Compiling regex v1.12.2
[INFO] [stderr]    Compiling simba v0.10.0
[INFO] [stderr]    Compiling serde v1.0.229
[INFO] [stderr]    Compiling snafu v0.8.9
[INFO] [stderr]    Compiling clap v4.5.56
[INFO] [stderr]    Compiling pdbtbx v0.12.0
[INFO] [stderr]    Compiling nalgebra v0.35.0
[INFO] [stderr]    Compiling pdb-handler v0.2.0
[INFO] [stderr]    Compiling rust-sasa v0.9.2
[INFO] [stderr]    Compiling haddock-restraints v0.13.0 (/opt/rustwide/workdir)
[INFO] [stdout] warning: use of deprecated constant `std::f64::MAX`: replaced by the `MAX` associated constant on `f64`
[INFO] [stdout]    --> src/core/structure.rs:752:45
[INFO] [stdout]     |
[INFO] [stdout] 752 |                 let mut min_distance = f64::MAX;
[INFO] [stdout]     |                                             ^^^
[INFO] [stdout]     |
[INFO] [stdout]     = note: `#[warn(deprecated)]` on by default
[INFO] [stdout] 
[INFO] [stdout] 
[INFO] [stdout] warning: use of deprecated constant `std::f64::MAX`: replaced by the `MAX` associated constant on `f64`
[INFO] [stdout]    --> src/core/structure.rs:756:46
[INFO] [stdout]     |
[INFO] [stdout] 756 |                     let mut atom_dist = f64::MAX;
[INFO] [stdout]     |                                              ^^^
[INFO] [stdout] 
[INFO] [stdout] 
[INFO] [stderr] warning: unused dependency `pdb-handler`
[INFO] [stderr]   --> Cargo.toml:18:15
[INFO] [stderr]    |
[INFO] [stderr] 18 | [dependencies.pdb-handler]
[INFO] [stderr]    |               ^^^^^^^^^^^^
[INFO] [stderr]    |
[INFO] [stderr]    = note: `cargo::unused_dependencies` is set to `warn` by default
[INFO] [stderr] help: consider removing the dependency on `pdb-handler`
[INFO] [stderr] warning: unused dependency `tempfile`
[INFO] [stderr]   --> Cargo.toml:37:15
[INFO] [stderr]    |
[INFO] [stderr] 37 | [dependencies.tempfile]
[INFO] [stderr]    |               ^^^^^^^^^
[INFO] [stderr]    |
[INFO] [stderr] help: consider removing the dependency on `tempfile`
[INFO] [stderr] warning: `haddock-restraints` (manifest) generated 2 warnings
[INFO] [stderr]     Finished `release` profile [optimized] target(s) in 1m 30s
[INFO] running `Command { std: "docker" "inspect" "11321ae1fa8f8dd4283b6346031fefa51fca4f9bdcfacb33e484e92e2c5ffe49", kill_on_drop: false }`
[INFO] running `Command { std: "docker" "exec" "-e" "SOURCE_DIR=/opt/rustwide/workdir" "-e" "CARGO_HOME=/opt/rustwide/cargo-home" "-e" "RUSTUP_HOME=/opt/rustwide/rustup-home" "-e" "CARGO_TARGET_DIR=/opt/rustwide/target" "-e" "CARGO_INCREMENTAL=0" "-e" "RUST_BACKTRACE=full" "-e" "RUSTFLAGS=--cap-lints=warn" "-e" "RUSTDOCFLAGS=--cap-lints=warn" "-w" "/opt/rustwide/workdir" "--user" "0:0" "11321ae1fa8f8dd4283b6346031fefa51fca4f9bdcfacb33e484e92e2c5ffe49" "/opt/rustwide/cargo-home/bin/cargo" "+1.100.0-beta.1" "test" "--frozen" "--no-run" "--message-format=json" "--release", kill_on_drop: false }`
[INFO] [stderr]    Compiling haddock-restraints v0.13.0 (/opt/rustwide/workdir)
[INFO] [stdout] warning: use of deprecated constant `std::f64::MAX`: replaced by the `MAX` associated constant on `f64`
[INFO] [stdout]    --> src/core/structure.rs:752:45
[INFO] [stdout]     |
[INFO] [stdout] 752 |                 let mut min_distance = f64::MAX;
[INFO] [stdout]     |                                             ^^^
[INFO] [stdout]     |
[INFO] [stdout]     = note: `#[warn(deprecated)]` on by default
[INFO] [stdout] 
[INFO] [stdout] 
[INFO] [stdout] warning: use of deprecated constant `std::f64::MAX`: replaced by the `MAX` associated constant on `f64`
[INFO] [stdout]    --> src/core/structure.rs:756:46
[INFO] [stdout]     |
[INFO] [stdout] 756 |                     let mut atom_dist = f64::MAX;
[INFO] [stdout]     |                                              ^^^
[INFO] [stdout] 
[INFO] [stdout] 
[INFO] [stdout] warning: use of deprecated constant `std::f64::MAX`: replaced by the `MAX` associated constant on `f64`
[INFO] [stdout]    --> src/core/structure.rs:752:45
[INFO] [stdout]     |
[INFO] [stdout] 752 |                 let mut min_distance = f64::MAX;
[INFO] [stdout]     |                                             ^^^
[INFO] [stdout]     |
[INFO] [stdout]     = note: `#[warn(deprecated)]` on by default
[INFO] [stdout] 
[INFO] [stdout] 
[INFO] [stdout] warning: use of deprecated constant `std::f64::MAX`: replaced by the `MAX` associated constant on `f64`
[INFO] [stdout]    --> src/core/structure.rs:756:46
[INFO] [stdout]     |
[INFO] [stdout] 756 |                     let mut atom_dist = f64::MAX;
[INFO] [stdout]     |                                              ^^^
[INFO] [stdout] 
[INFO] [stdout] 
[INFO] [stderr] warning: unused dependency `pdb-handler`
[INFO] [stderr]   --> Cargo.toml:18:15
[INFO] [stderr]    |
[INFO] [stderr] 18 | [dependencies.pdb-handler]
[INFO] [stderr]    |               ^^^^^^^^^^^^
[INFO] [stderr]    |
[INFO] [stderr]    = note: `cargo::unused_dependencies` is set to `warn` by default
[INFO] [stderr] help: consider removing the dependency on `pdb-handler`
[INFO] [stderr] warning: unused dependency `tempfile`
[INFO] [stderr]   --> Cargo.toml:37:15
[INFO] [stderr]    |
[INFO] [stderr] 37 | [dependencies.tempfile]
[INFO] [stderr]    |               ^^^^^^^^^
[INFO] [stderr]    |
[INFO] [stderr] help: consider removing the dependency on `tempfile`
[INFO] [stderr] help: to still use for development builds, move to `dev-dependencies`
[INFO] [stderr] warning: `haddock-restraints` (manifest) generated 2 warnings
[INFO] [stderr]     Finished `release` profile [optimized] target(s) in 12.23s
[INFO] running `Command { std: "docker" "inspect" "11321ae1fa8f8dd4283b6346031fefa51fca4f9bdcfacb33e484e92e2c5ffe49", kill_on_drop: false }`
[INFO] running `Command { std: "docker" "exec" "-e" "SOURCE_DIR=/opt/rustwide/workdir" "-e" "CARGO_HOME=/opt/rustwide/cargo-home" "-e" "RUSTUP_HOME=/opt/rustwide/rustup-home" "-e" "CARGO_TARGET_DIR=/opt/rustwide/target" "-e" "CARGO_INCREMENTAL=0" "-e" "RUST_BACKTRACE=full" "-e" "RUSTFLAGS=--cap-lints=warn" "-e" "RUSTDOCFLAGS=--cap-lints=warn" "-w" "/opt/rustwide/workdir" "--user" "0:0" "11321ae1fa8f8dd4283b6346031fefa51fca4f9bdcfacb33e484e92e2c5ffe49" "/opt/rustwide/cargo-home/bin/cargo" "+1.100.0-beta.1" "test" "--frozen" "--release", kill_on_drop: false }`
[INFO] [stderr] warning: use of deprecated constant `std::f64::MAX`: replaced by the `MAX` associated constant on `f64`
[INFO] [stdout] 
[INFO] [stderr]    --> src/core/structure.rs:752:45
[INFO] [stdout] running 75 tests
[INFO] [stderr]     |
[INFO] [stdout] test core::commands::tbl2pml::tests::test_tbl2pml_skips_partnerless_restraint ... FAILED
[INFO] [stderr] 752 |                 let mut min_distance = f64::MAX;
[INFO] [stdout] test core::input::tests::test_read_json_file_no_structure ... ok
[INFO] [stderr]     |                                             ^^^
[INFO] [stdout] test core::commands::tbl2pml::tests::test_tbl2pml_unwritable_output_errors_without_panicking ... FAILED
[INFO] [stderr]     |
[INFO] [stdout] test core::commands::ti::tests::test_unambigti ... ok
[INFO] [stderr]     = note: `#[warn(deprecated)]` on by default
[INFO] [stdout] test core::input::tests::test_read_json_file_invalid_json ... ok
[INFO] [stderr] 
[INFO] [stdout] test core::interactor::tests::test_create_block_multiline_atom_subset_passive ... ok
[INFO] [stderr] warning: use of deprecated constant `std::f64::MAX`: replaced by the `MAX` associated constant on `f64`
[INFO] [stdout] test core::interactor::tests::test_create_block_multiline ... ok
[INFO] [stderr]    --> src/core/structure.rs:756:46
[INFO] [stdout] test core::interactor::tests::test_create_block_oneline ... ok
[INFO] [stderr]     |
[INFO] [stdout] test core::interactor::tests::test_create_block_with_distance ... ok
[INFO] [stderr] 756 |                     let mut atom_dist = f64::MAX;
[INFO] [stderr]     |                                              ^^^
[INFO] [stderr] 
[INFO] [stderr] warning: `haddock-restraints` (lib) generated 2 warnings
[INFO] [stderr] warning: `haddock-restraints` (lib test) generated 2 warnings (2 duplicates)
[INFO] [stderr] warning: unused dependency `pdb-handler`
[INFO] [stderr]   --> Cargo.toml:18:15
[INFO] [stderr]    |
[INFO] [stderr] 18 | [dependencies.pdb-handler]
[INFO] [stderr]    |               ^^^^^^^^^^^^
[INFO] [stderr]    |
[INFO] [stderr]    = note: `cargo::unused_dependencies` is set to `warn` by default
[INFO] [stderr] help: consider removing the dependency on `pdb-handler`
[INFO] [stderr] warning: unused dependency `tempfile`
[INFO] [stderr]   --> Cargo.toml:37:15
[INFO] [stderr]    |
[INFO] [stderr] 37 | [dependencies.tempfile]
[INFO] [stderr]    |               ^^^^^^^^^
[INFO] [stderr]    |
[INFO] [stderr] help: consider removing the dependency on `tempfile`
[INFO] [stderr] help: to still use for development builds, move to `dev-dependencies`
[INFO] [stderr] warning: `haddock-restraints` (manifest) generated 2 warnings
[INFO] [stderr]     Finished `release` profile [optimized] target(s) in 0.16s
[INFO] [stderr]      Running unittests src/lib.rs (/opt/rustwide/target/release/build/haddock-restraints/b5fb4093f025b010/out/haddock_restraints-b5fb4093f025b010)
[INFO] [stdout] test core::interactor::tests::test_create_block_oneline_atom_subset ... ok
[INFO] [stdout] test core::commands::restraint::tests::test_restraint_bodies ... ok
[INFO] [stdout] test core::commands::tbl2pml::tests::test_tbl2pml_missing_pdb_file_errors ... FAILED
[INFO] [stdout] test core::input::tests::test_read_json_file_success ... ok
[INFO] [stdout] test core::interactor::tests::test_create_block_multiline_atom_subset ... ok
[INFO] [stdout] test core::commands::tbl2pml::tests::test_tbl2pml_writes_expected_pml ... FAILED
[INFO] [stdout] test core::interactor::tests::test_create_block_passive_atoms ... ok
[INFO] [stdout] test core::interactor::tests::test_create_block_with_wildcard ... ok
[INFO] [stdout] test core::interactor::tests::test_create_block_active_atoms ... ok
[INFO] [stdout] test core::interactor::tests::test_create_block_active_passive_atoms ... ok
[INFO] [stdout] test core::interactor::tests::test_create_multiline_block_active_passive_atoms ... ok
[INFO] [stdout] test core::interactor::tests::test_format_atom_string ... ok
[INFO] [stdout] test core::interactor::tests::test_format_atom_string_multiple ... ok
[INFO] [stdout] test core::interactor::tests::test_format_atom_string_multiple_hybrid_chars ... ok
[INFO] [stdout] test core::commands::tbl2pml::tests::test_tbl2pml_missing_tbl_file_errors ... ok
[INFO] [stdout] test core::interactor::tests::test_format_atom_string_special_chars ... ok
[INFO] [stdout] test core::interactor::tests::test_invalid_interactor_empty ... ok
[INFO] [stdout] test core::interactor::tests::test_make_pml_string ... ok
[INFO] [stdout] test core::pml::tests::test_color_footer ... ok
[INFO] [stdout] test core::interactor::tests::test_format_atom_string_multiple_special_chars ... ok
[INFO] [stdout] test core::interactor::tests::test_valid_interactor ... ok
[INFO] [stdout] test core::pml::tests::test_atom_selector ... ok
[INFO] [stdout] test core::interactor::tests::test_invalid_interactor_overlap ... ok
[INFO] [stdout] test core::structure::tests::test_filter_unique_by_atom_j ... ok
[INFO] [stdout] test core::structure::tests::test_get_closest_residue_pairs ... ok
[INFO] [stdout] test core::structure::tests::test_gaps_around_ligand ... ok
[INFO] [stdout] test core::structure::tests::test_load_pdb_short_lines ... ok
[INFO] [stdout] test core::structure::tests::test_load_pdb_normal_lines ... ok
[INFO] [stdout] test core::structure::tests::test_no_duplicates ... ok
[INFO] [stdout] test core::structure::tests::test_process_pdb_contents_empty_input ... ok
[INFO] [stdout] test core::structure::tests::test_process_pdb_contents_invalid_pdb ... ok
[INFO] [stdout] test core::structure::tests::test_process_pdb_contents_with_real_file ... ok
[INFO] [stdout] test core::structure::tests::test_empty_input ... ok
[INFO] [stdout] test core::structure::tests::test_process_pdb_string_preserves_long_lines ... ok
[INFO] [stdout] test core::structure::tests::test_process_pdb_string_removes_remarks ... ok
[INFO] [stdout] test core::structure::tests::test_process_pdb_string_pads_lines ... ok
[INFO] [stdout] test core::structure::tests::test_process_pdb_string_mixed_content ... ok
[INFO] [stdout] test core::structure::tests::test_finder_find_residue_number ... ok
[INFO] [stdout] test core::structure::tests::test_single_element ... ok
[INFO] [stdout] test core::tbl_parser::tests::test_parse_empty_file_yields_no_restraints ... ok
[INFO] [stdout] test core::structure::tests::test_process_pdb_contents_valid_pdb ... ok
[INFO] [stdout] test core::structure::tests::test_process_pdb_string_empty_input ... ok
[INFO] [stdout] test core::tbl_parser::tests::test_extract_selections ... ok
[INFO] [stdout] test core::tbl_parser::tests::test_extract_selections_no_surrounding_whitespace ... ok
[INFO] [stdout] test core::tbl_parser::tests::test_parse_atom_clause_before_segid ... ok
[INFO] [stdout] test core::tbl_parser::tests::test_parse_ignores_atom_clauses ... ok
[INFO] [stdout] test core::tbl_parser::tests::test_parse_multiple_blocks ... ok
[INFO] [stdout] test core::tbl_parser::tests::test_parse_only_non_air_blocks_errors ... ok
[INFO] [stdout] test core::tbl_parser::tests::test_parse_ignores_comments ... ok
[INFO] [stdout] test core::utils::tests::test_write_string_to_file ... FAILED
[INFO] [stdout] test core::tbl_parser::tests::test_parse_invalid_resid_errors ... ok
[INFO] [stdout] test core::tbl_parser::tests::test_parse_multiline_or ... ok
[INFO] [stdout] test core::tbl_parser::tests::test_parse_segid_without_chain_errors ... ok
[INFO] [stdout] test core::tbl_parser::tests::test_parse_skips_non_air_block_without_erroring ... ok
[INFO] [stdout] test core::tbl_parser::tests::test_parse_oneline ... ok
[INFO] [stdout] test core::structure::tests::test_get_true_interface ... ok
[INFO] [stdout] test core::commands::ti::tests::test_true_interface_ba ... ok
[INFO] [stdout] test core::tbl_parser::tests::test_parse_segid_before_resid ... ok
[INFO] [stdout] test core::utils::tests::test_write_string_to_nonexistent_directory ... ok
[INFO] [stdout] test core::interactor::tests::test_remove_buried_active_residues ... ok
[INFO] [stdout] test core::structure::tests::test_finder ... ok
[INFO] [stdout] test core::structure::tests::test_finder_find_chain_id ... ok
[INFO] [stdout] test core::interactor::tests::test_set_passive_from_active ... ok
[INFO] [stdout] test core::interactor::tests::test_set_surface_as_passive ... ok
[INFO] [stdout] test core::sasa::test::test_calculate_sasa ... ok
[INFO] [stdout] test core::commands::ti::tests::test_true_interface ... ok
[INFO] [stdout] 
[INFO] [stdout] failures:
[INFO] [stdout] 
[INFO] [stdout] ---- core::commands::tbl2pml::tests::test_tbl2pml_skips_partnerless_restraint stdout ----
[INFO] [stdout] 
[INFO] [stdout] thread 'core::commands::tbl2pml::tests::test_tbl2pml_skips_partnerless_restraint' (1376) panicked at src/core/commands/tbl2pml.rs:118:47:
[INFO] [stdout] called `Result::unwrap()` on an `Err` value: Os { code: 30, kind: ReadOnlyFilesystem, message: "Read-only file system" }
[INFO] [stdout] stack backtrace:
[INFO] [stdout]    0:     0x5b065a2a8091 - <<std[617be2ca0a6fd877]::sys::backtrace::BacktraceLock>::print::DisplayBacktrace as core[a373ad73a504971]::fmt::Display>::fmt
[INFO] [stdout]    1:     0x5b065a2bec7a - core[a373ad73a504971]::fmt::write
[INFO] [stdout]    2:     0x5b065a2ac2fc - <alloc[2e1b2a31b91974c5]::vec::Vec<u8> as core[a373ad73a504971]::io::write::Write>::write_fmt
[INFO] [stdout]    3:     0x5b065a283696 - std[617be2ca0a6fd877]::panicking::default_hook::{closure#0}
[INFO] [stdout]    4:     0x5b065a29feb9 - std[617be2ca0a6fd877]::panicking::default_hook
[INFO] [stdout]    5:     0x5b065a1f7ed0 - test[aada8e7e76ba119b]::test_main_inner::{closure#0}
[INFO] [stdout]    6:     0x5b065a2a01e2 - std[617be2ca0a6fd877]::panicking::panic_with_hook
[INFO] [stdout]    7:     0x5b065a283742 - std[617be2ca0a6fd877]::panicking::panic_handler::{closure#0}
[INFO] [stdout]    8:     0x5b065a27c219 - std[617be2ca0a6fd877]::sys::backtrace::__rust_end_short_backtrace::<std[617be2ca0a6fd877]::panicking::panic_handler::{closure#0}, !>
[INFO] [stdout]    9:     0x5b065a28434d - __rustc[ea4f61d10b84890b]::rust_begin_unwind
[INFO] [stdout]   10:     0x5b065a2bf3ac - core[a373ad73a504971]::panicking::panic_fmt
[INFO] [stdout]   11:     0x5b065a2bf182 - core[a373ad73a504971]::result::unwrap_failed
[INFO] [stdout]   12:     0x5b065a1b6eb1 - <haddock_restraints[1b3e61f26fd6cd]::core::commands::tbl2pml::tests::test_tbl2pml_skips_partnerless_restraint::{closure#0} as core[a373ad73a504971]::ops::function::FnOnce<()>>::call_once
[INFO] [stdout]   13:     0x5b065a1eb31b - test[aada8e7e76ba119b]::__rust_begin_short_backtrace::<core[a373ad73a504971]::result::Result<(), alloc[2e1b2a31b91974c5]::string::String>, fn() -> core[a373ad73a504971]::result::Result<(), alloc[2e1b2a31b91974c5]::string::String>>
[INFO] [stdout]   14:     0x5b065a1f84f5 - test[aada8e7e76ba119b]::run_test::{closure#0}
[INFO] [stdout]   15:     0x5b065a1f1de4 - std[617be2ca0a6fd877]::sys::backtrace::__rust_begin_short_backtrace::<test[aada8e7e76ba119b]::run_test::{closure#1}, ()>
[INFO] [stdout]   16:     0x5b065a1fb582 - <std[617be2ca0a6fd877]::thread::lifecycle::spawn_unchecked<test[aada8e7e76ba119b]::run_test::{closure#1}, ()>::{closure#1} as core[a373ad73a504971]::ops::function::FnOnce<()>>::call_once::{shim:vtable#0}
[INFO] [stdout]   17:     0x5b065a2a739f - <std[617be2ca0a6fd877]::sys::thread::unix::Thread>::new::thread_start
[INFO] [stdout]   18:     0x76ec8a2f3dfa - <unknown>
[INFO] [stdout]   19:     0x76ec8a3873d4 - clone
[INFO] [stdout]   20:                0x0 - <unknown>
[INFO] [stdout] 
[INFO] [stdout] ---- core::commands::tbl2pml::tests::test_tbl2pml_unwritable_output_errors_without_panicking stdout ----
[INFO] [stdout] 
[INFO] [stdout] thread 'core::commands::tbl2pml::tests::test_tbl2pml_unwritable_output_errors_without_panicking' (1377) panicked at src/core/commands/tbl2pml.rs:166:47:
[INFO] [stdout] called `Result::unwrap()` on an `Err` value: Os { code: 30, kind: ReadOnlyFilesystem, message: "Read-only file system" }
[INFO] [stdout] stack backtrace:
[INFO] [stdout]    0:     0x5b065a2a8091 - <<std[617be2ca0a6fd877]::sys::backtrace::BacktraceLock>::print::DisplayBacktrace as core[a373ad73a504971]::fmt::Display>::fmt
[INFO] [stdout]    1:     0x5b065a2bec7a - core[a373ad73a504971]::fmt::write
[INFO] [stdout]    2:     0x5b065a2ac2fc - <alloc[2e1b2a31b91974c5]::vec::Vec<u8> as core[a373ad73a504971]::io::write::Write>::write_fmt
[INFO] [stdout]    3:     0x5b065a283696 - std[617be2ca0a6fd877]::panicking::default_hook::{closure#0}
[INFO] [stdout]    4:     0x5b065a29feb9 - std[617be2ca0a6fd877]::panicking::default_hook
[INFO] [stdout]    5:     0x5b065a1f7ed0 - test[aada8e7e76ba119b]::test_main_inner::{closure#0}
[INFO] [stdout]    6:     0x5b065a2a01e2 - std[617be2ca0a6fd877]::panicking::panic_with_hook
[INFO] [stdout]    7:     0x5b065a283742 - std[617be2ca0a6fd877]::panicking::panic_handler::{closure#0}
[INFO] [stdout]    8:     0x5b065a27c219 - std[617be2ca0a6fd877]::sys::backtrace::__rust_end_short_backtrace::<std[617be2ca0a6fd877]::panicking::panic_handler::{closure#0}, !>
[INFO] [stdout]    9:     0x5b065a28434d - __rustc[ea4f61d10b84890b]::rust_begin_unwind
[INFO] [stdout]   10:     0x5b065a2bf3ac - core[a373ad73a504971]::panicking::panic_fmt
[INFO] [stdout]   11:     0x5b065a2bf182 - core[a373ad73a504971]::result::unwrap_failed
[INFO] [stdout]   12:     0x5b065a1b7276 - <haddock_restraints[1b3e61f26fd6cd]::core::commands::tbl2pml::tests::test_tbl2pml_unwritable_output_errors_without_panicking::{closure#0} as core[a373ad73a504971]::ops::function::FnOnce<()>>::call_once
[INFO] [stdout]   13:     0x5b065a1eb31b - test[aada8e7e76ba119b]::__rust_begin_short_backtrace::<core[a373ad73a504971]::result::Result<(), alloc[2e1b2a31b91974c5]::string::String>, fn() -> core[a373ad73a504971]::result::Result<(), alloc[2e1b2a31b91974c5]::string::String>>
[INFO] [stdout]   14:     0x5b065a1f84f5 - test[aada8e7e76ba119b]::run_test::{closure#0}
[INFO] [stdout]   15:     0x5b065a1f1de4 - std[617be2ca0a6fd877]::sys::backtrace::__rust_begin_short_backtrace::<test[aada8e7e76ba119b]::run_test::{closure#1}, ()>
[INFO] [stdout]   16:     0x5b065a1fb582 - <std[617be2ca0a6fd877]::thread::lifecycle::spawn_unchecked<test[aada8e7e76ba119b]::run_test::{closure#1}, ()>::{closure#1} as core[a373ad73a504971]::ops::function::FnOnce<()>>::call_once::{shim:vtable#0}
[INFO] [stdout]   17:     0x5b065a2a739f - <std[617be2ca0a6fd877]::sys::thread::unix::Thread>::new::thread_start
[INFO] [stdout]   18:     0x76ec8a2f3dfa - <unknown>
[INFO] [stdout]   19:     0x76ec8a3873d4 - clone
[INFO] [stdout]   20:                0x0 - <unknown>
[INFO] [stdout] 
[INFO] [stdout] ---- core::commands::tbl2pml::tests::test_tbl2pml_missing_pdb_file_errors stdout ----
[INFO] [stdout] 
[INFO] [stdout] thread 'core::commands::tbl2pml::tests::test_tbl2pml_missing_pdb_file_errors' (1374) panicked at src/core/commands/tbl2pml.rs:148:47:
[INFO] [stdout] called `Result::unwrap()` on an `Err` value: Os { code: 30, kind: ReadOnlyFilesystem, message: "Read-only file system" }
[INFO] [stdout] stack backtrace:
[INFO] [stdout]    0:     0x5b065a2a8091 - <<std[617be2ca0a6fd877]::sys::backtrace::BacktraceLock>::print::DisplayBacktrace as core[a373ad73a504971]::fmt::Display>::fmt
[INFO] [stdout]    1:     0x5b065a2bec7a - core[a373ad73a504971]::fmt::write
[INFO] [stdout]    2:     0x5b065a2ac2fc - <alloc[2e1b2a31b91974c5]::vec::Vec<u8> as core[a373ad73a504971]::io::write::Write>::write_fmt
[INFO] [stdout]    3:     0x5b065a283696 - std[617be2ca0a6fd877]::panicking::default_hook::{closure#0}
[INFO] [stdout]    4:     0x5b065a29feb9 - std[617be2ca0a6fd877]::panicking::default_hook
[INFO] [stdout]    5:     0x5b065a1f7ed0 - test[aada8e7e76ba119b]::test_main_inner::{closure#0}
[INFO] [stdout]    6:     0x5b065a2a01e2 - std[617be2ca0a6fd877]::panicking::panic_with_hook
[INFO] [stdout]    7:     0x5b065a283742 - std[617be2ca0a6fd877]::panicking::panic_handler::{closure#0}
[INFO] [stdout]    8:     0x5b065a27c219 - std[617be2ca0a6fd877]::sys::backtrace::__rust_end_short_backtrace::<std[617be2ca0a6fd877]::panicking::panic_handler::{closure#0}, !>
[INFO] [stdout]    9:     0x5b065a28434d - __rustc[ea4f61d10b84890b]::rust_begin_unwind
[INFO] [stdout]   10:     0x5b065a2bf3ac - core[a373ad73a504971]::panicking::panic_fmt
[INFO] [stdout]   11:     0x5b065a2bf182 - core[a373ad73a504971]::result::unwrap_failed
[INFO] [stdout]   12:     0x5b065a1b6a9e - <haddock_restraints[1b3e61f26fd6cd]::core::commands::tbl2pml::tests::test_tbl2pml_missing_pdb_file_errors::{closure#0} as core[a373ad73a504971]::ops::function::FnOnce<()>>::call_once
[INFO] [stdout]   13:     0x5b065a1eb31b - test[aada8e7e76ba119b]::__rust_begin_short_backtrace::<core[a373ad73a504971]::result::Result<(), alloc[2e1b2a31b91974c5]::string::String>, fn() -> core[a373ad73a504971]::result::Result<(), alloc[2e1b2a31b91974c5]::string::String>>
[INFO] [stdout]   14:     0x5b065a1f84f5 - test[aada8e7e76ba119b]::run_test::{closure#0}
[INFO] [stdout]   15:     0x5b065a1f1de4 - std[617be2ca0a6fd877]::sys::backtrace::__rust_begin_short_backtrace::<test[aada8e7e76ba119b]::run_test::{closure#1}, ()>
[INFO] [stdout]   16:     0x5b065a1fb582 - <std[617be2ca0a6fd877]::thread::lifecycle::spawn_unchecked<test[aada8e7e76ba119b]::run_test::{closure#1}, ()>::{closure#1} as core[a373ad73a504971]::ops::function::FnOnce<()>>::call_once::{shim:vtable#0}
[INFO] [stdout]   17:     0x5b065a2a739f - <std[617be2ca0a6fd877]::sys::thread::unix::Thread>::new::thread_start
[INFO] [stdout]   18:     0x76ec8a2f3dfa - <unknown>
[INFO] [stdout]   19:     0x76ec8a3873d4 - clone
[INFO] [stdout]   20:                0x0 - <unknown>
[INFO] [stdout] 
[INFO] [stdout] ---- core::commands::tbl2pml::tests::test_tbl2pml_writes_expected_pml stdout ----
[INFO] [stdout] 
[INFO] [stdout] thread 'core::commands::tbl2pml::tests::test_tbl2pml_writes_expected_pml' (1378) panicked at src/core/commands/tbl2pml.rs:91:47:
[INFO] [stdout] called `Result::unwrap()` on an `Err` value: Os { code: 30, kind: ReadOnlyFilesystem, message: "Read-only file system" }
[INFO] [stdout] stack backtrace:
[INFO] [stdout]    0:     0x5b065a2a8091 - <<std[617be2ca0a6fd877]::sys::backtrace::BacktraceLock>::print::DisplayBacktrace as core[a373ad73a504971]::fmt::Display>::fmt
[INFO] [stdout]    1:     0x5b065a2bec7a - core[a373ad73a504971]::fmt::write
[INFO] [stdout]    2:     0x5b065a2ac2fc - <alloc[2e1b2a31b91974c5]::vec::Vec<u8> as core[a373ad73a504971]::io::write::Write>::write_fmt
[INFO] [stdout]    3:     0x5b065a283696 - std[617be2ca0a6fd877]::panicking::default_hook::{closure#0}
[INFO] [stdout]    4:     0x5b065a29feb9 - std[617be2ca0a6fd877]::panicking::default_hook
[INFO] [stdout]    5:     0x5b065a1f7ed0 - test[aada8e7e76ba119b]::test_main_inner::{closure#0}
[INFO] [stdout]    6:     0x5b065a2a01e2 - std[617be2ca0a6fd877]::panicking::panic_with_hook
[INFO] [stdout]    7:     0x5b065a283742 - std[617be2ca0a6fd877]::panicking::panic_handler::{closure#0}
[INFO] [stdout]    8:     0x5b065a27c219 - std[617be2ca0a6fd877]::sys::backtrace::__rust_end_short_backtrace::<std[617be2ca0a6fd877]::panicking::panic_handler::{closure#0}, !>
[INFO] [stdout]    9:     0x5b065a28434d - __rustc[ea4f61d10b84890b]::rust_begin_unwind
[INFO] [stdout]   10:     0x5b065a2bf3ac - core[a373ad73a504971]::panicking::panic_fmt
[INFO] [stdout]   11:     0x5b065a2bf182 - core[a373ad73a504971]::result::unwrap_failed
[INFO] [stdout]   12:     0x5b065a1b6666 - <haddock_restraints[1b3e61f26fd6cd]::core::commands::tbl2pml::tests::test_tbl2pml_writes_expected_pml::{closure#0} as core[a373ad73a504971]::ops::function::FnOnce<()>>::call_once
[INFO] [stdout]   13:     0x5b065a1eb31b - test[aada8e7e76ba119b]::__rust_begin_short_backtrace::<core[a373ad73a504971]::result::Result<(), alloc[2e1b2a31b91974c5]::string::String>, fn() -> core[a373ad73a504971]::result::Result<(), alloc[2e1b2a31b91974c5]::string::String>>
[INFO] [stdout]   14:     0x5b065a1f84f5 - test[aada8e7e76ba119b]::run_test::{closure#0}
[INFO] [stdout]   15:     0x5b065a1f1de4 - std[617be2ca0a6fd877]::sys::backtrace::__rust_begin_short_backtrace::<test[aada8e7e76ba119b]::run_test::{closure#1}, ()>
[INFO] [stdout]   16:     0x5b065a1fb582 - <std[617be2ca0a6fd877]::thread::lifecycle::spawn_unchecked<test[aada8e7e76ba119b]::run_test::{closure#1}, ()>::{closure#1} as core[a373ad73a504971]::ops::function::FnOnce<()>>::call_once::{shim:vtable#0}
[INFO] [stdout]   17:     0x5b065a2a739f - <std[617be2ca0a6fd877]::sys::thread::unix::Thread>::new::thread_start
[INFO] [stdout]   18:     0x76ec8a2f3dfa - <unknown>
[INFO] [stdout]   19:     0x76ec8a3873d4 - clone
[INFO] [stdout]   20:                0x0 - <unknown>
[INFO] [stdout] 
[INFO] [stdout] ---- core::utils::tests::test_write_string_to_file stdout ----
[INFO] [stdout] 
[INFO] [stdout] thread 'core::utils::tests::test_write_string_to_file' (1446) panicked at src/core/utils.rs:9:47:
[INFO] [stdout] Could not create test_file.txt: Read-only file system (os error 30)
[INFO] [stdout] stack backtrace:
[INFO] [stdout]    0:     0x5b065a2a8091 - <<std[617be2ca0a6fd877]::sys::backtrace::BacktraceLock>::print::DisplayBacktrace as core[a373ad73a504971]::fmt::Display>::fmt
[INFO] [stdout]    1:     0x5b065a2bec7a - core[a373ad73a504971]::fmt::write
[INFO] [stdout]    2:     0x5b065a2ac2fc - <alloc[2e1b2a31b91974c5]::vec::Vec<u8> as core[a373ad73a504971]::io::write::Write>::write_fmt
[INFO] [stdout]    3:     0x5b065a283696 - std[617be2ca0a6fd877]::panicking::default_hook::{closure#0}
[INFO] [stdout]    4:     0x5b065a29feb9 - std[617be2ca0a6fd877]::panicking::default_hook
[INFO] [stdout]    5:     0x5b065a1f7ed0 - test[aada8e7e76ba119b]::test_main_inner::{closure#0}
[INFO] [stdout]    6:     0x5b065a2a01e2 - std[617be2ca0a6fd877]::panicking::panic_with_hook
[INFO] [stdout]    7:     0x5b065a283742 - std[617be2ca0a6fd877]::panicking::panic_handler::{closure#0}
[INFO] [stdout]    8:     0x5b065a27c219 - std[617be2ca0a6fd877]::sys::backtrace::__rust_end_short_backtrace::<std[617be2ca0a6fd877]::panicking::panic_handler::{closure#0}, !>
[INFO] [stdout]    9:     0x5b065a28434d - __rustc[ea4f61d10b84890b]::rust_begin_unwind
[INFO] [stdout]   10:     0x5b065a2bf3ac - core[a373ad73a504971]::panicking::panic_fmt
[INFO] [stdout]   11:     0x5b065a1cf45a - haddock_restraints[1b3e61f26fd6cd]::core::utils::write_string_to_file::{closure#0}
[INFO] [stdout]   12:     0x5b065a1d0695 - haddock_restraints[1b3e61f26fd6cd]::core::utils::write_string_to_file
[INFO] [stdout]   13:     0x5b065a1be9fb - <haddock_restraints[1b3e61f26fd6cd]::core::utils::tests::test_write_string_to_file::{closure#0} as core[a373ad73a504971]::ops::function::FnOnce<()>>::call_once
[INFO] [stdout]   14:     0x5b065a1eb31b - test[aada8e7e76ba119b]::__rust_begin_short_backtrace::<core[a373ad73a504971]::result::Result<(), alloc[2e1b2a31b91974c5]::string::String>, fn() -> core[a373ad73a504971]::result::Result<(), alloc[2e1b2a31b91974c5]::string::String>>
[INFO] [stdout]   15:     0x5b065a1f84f5 - test[aada8e7e76ba119b]::run_test::{closure#0}
[INFO] [stdout]   16:     0x5b065a1f1de4 - std[617be2ca0a6fd877]::sys::backtrace::__rust_begin_short_backtrace::<test[aada8e7e76ba119b]::run_test::{closure#1}, ()>
[INFO] [stdout]   17:     0x5b065a1fb582 - <std[617be2ca0a6fd877]::thread::lifecycle::spawn_unchecked<test[aada8e7e76ba119b]::run_test::{closure#1}, ()>::{closure#1} as core[a373ad73a504971]::ops::function::FnOnce<()>>::call_once::{shim:vtable#0}
[INFO] [stdout]   18:     0x5b065a2a739f - <std[617be2ca0a6fd877]::sys::thread::unix::Thread>::new::thread_start
[INFO] [stdout]   19:     0x76ec8a2f3dfa - <unknown>
[INFO] [stdout]   20:     0x76ec8a3873d4 - clone
[INFO] [stdout]   21:                0x0 - <unknown>
[INFO] [stdout] 
[INFO] [stdout] 
[INFO] [stdout] failures:
[INFO] [stdout]     core::commands::tbl2pml::tests::test_tbl2pml_missing_pdb_file_errors
[INFO] [stdout]     core::commands::tbl2pml::tests::test_tbl2pml_skips_partnerless_restraint
[INFO] [stdout]     core::commands::tbl2pml::tests::test_tbl2pml_unwritable_output_errors_without_panicking
[INFO] [stdout]     core::commands::tbl2pml::tests::test_tbl2pml_writes_expected_pml
[INFO] [stdout]     core::utils::tests::test_write_string_to_file
[INFO] [stdout] 
[INFO] [stdout] test result: FAILED. 70 passed; 5 failed; 0 ignored; 0 measured; 0 filtered out; finished in 0.11s
[INFO] [stdout] 
[INFO] [stderr] error: test failed, to rerun pass `--lib`
[INFO] running `Command { std: "docker" "inspect" "11321ae1fa8f8dd4283b6346031fefa51fca4f9bdcfacb33e484e92e2c5ffe49", kill_on_drop: false }`
[INFO] running `Command { std: "docker" "rm" "-f" "11321ae1fa8f8dd4283b6346031fefa51fca4f9bdcfacb33e484e92e2c5ffe49", kill_on_drop: false }`
[INFO] [stdout] 11321ae1fa8f8dd4283b6346031fefa51fca4f9bdcfacb33e484e92e2c5ffe49
