[INFO] fetching crate hacker-news-client 0.1.0...
[INFO] testing hacker-news-client-0.1.0 against 1.99.0-beta.8+cargoflags=--release for beta-release-1.100-2
[INFO] extracting crate hacker-news-client 0.1.0 into /workspace/builds/worker-6-tc1/source
[INFO] started tweaking crates.io crate hacker-news-client 0.1.0
[INFO] removed 0 missing examples
[INFO] removed 0 missing tests
[INFO] finished tweaking crates.io crate hacker-news-client 0.1.0
[INFO] tweaked toml for crates.io crate hacker-news-client 0.1.0 written to /workspace/builds/worker-6-tc1/source/Cargo.toml
[INFO] validating manifest of crates.io crate hacker-news-client 0.1.0 on toolchain 1.99.0-beta.8
[INFO] running `Command { std: CARGO_HOME="/workspace/cargo-home" RUSTUP_HOME="/workspace/rustup-home" "/workspace/cargo-home/bin/cargo" "+1.99.0-beta.8" "metadata" "--manifest-path" "Cargo.toml" "--no-deps", kill_on_drop: false }`
[INFO] crate crates.io crate hacker-news-client 0.1.0 already has a lockfile, it will not be regenerated
[INFO] running `Command { std: CARGO_HOME="/workspace/cargo-home" RUSTUP_HOME="/workspace/rustup-home" "/workspace/cargo-home/bin/cargo" "+1.99.0-beta.8" "fetch" "--manifest-path" "Cargo.toml", kill_on_drop: false }`
[INFO] running `Command { std: "docker" "create" "-v" "/var/lib/crater-agent-workspace/builds/worker-6-tc1/source:/opt/rustwide/workdir:ro,Z" "-v" "/var/lib/crater-agent-workspace/builds/worker-6-tc1/target:/opt/rustwide/target:rw,Z" "-v" "/var/lib/crater-agent-workspace/cargo-home:/opt/rustwide/cargo-home:ro,Z" "-v" "/var/lib/crater-agent-workspace/rustup-home:/opt/rustwide/rustup-home:ro,Z" "-m" "1610612736" "--network" "none" "ghcr.io/rust-lang/crates-build-env/linux@sha256:77db811e55d90add9212f6832c23229e3de5f1c1f9905e8cb07319ea15df73ac" "sleep" "infinity", kill_on_drop: false }`
[INFO] [stdout] 696932c13ae8f751995077777e2447999ced6c9ad9976b759efaad91b0033d0a
[INFO] running `Command { std: "docker" "start" "696932c13ae8f751995077777e2447999ced6c9ad9976b759efaad91b0033d0a", kill_on_drop: false }`
[INFO] running `Command { std: "docker" "inspect" "696932c13ae8f751995077777e2447999ced6c9ad9976b759efaad91b0033d0a", kill_on_drop: false }`
[INFO] running `Command { std: "docker" "exec" "-e" "SOURCE_DIR=/opt/rustwide/workdir" "-e" "CARGO_HOME=/opt/rustwide/cargo-home" "-e" "RUSTUP_HOME=/opt/rustwide/rustup-home" "-e" "CARGO_TARGET_DIR=/opt/rustwide/target" "-w" "/opt/rustwide/workdir" "--user" "0:0" "696932c13ae8f751995077777e2447999ced6c9ad9976b759efaad91b0033d0a" "/opt/rustwide/cargo-home/bin/cargo" "+1.99.0-beta.8" "metadata" "--no-deps" "--format-version=1", kill_on_drop: false }`
[INFO] running `Command { std: "docker" "inspect" "696932c13ae8f751995077777e2447999ced6c9ad9976b759efaad91b0033d0a", kill_on_drop: false }`
[INFO] running `Command { std: "docker" "exec" "-e" "SOURCE_DIR=/opt/rustwide/workdir" "-e" "CARGO_HOME=/opt/rustwide/cargo-home" "-e" "RUSTUP_HOME=/opt/rustwide/rustup-home" "-e" "CARGO_TARGET_DIR=/opt/rustwide/target" "-e" "CARGO_INCREMENTAL=0" "-e" "RUST_BACKTRACE=full" "-e" "RUSTFLAGS=--cap-lints=warn" "-e" "RUSTDOCFLAGS=--cap-lints=warn" "-w" "/opt/rustwide/workdir" "--user" "0:0" "696932c13ae8f751995077777e2447999ced6c9ad9976b759efaad91b0033d0a" "/opt/rustwide/cargo-home/bin/cargo" "+1.99.0-beta.8" "build" "--frozen" "--message-format=json" "--release", kill_on_drop: false }`
[INFO] [stderr]    Compiling syn v2.0.117
[INFO] [stderr]    Compiling libc v0.2.185
[INFO] [stderr]    Compiling cc v1.2.60
[INFO] [stderr]    Compiling http v1.4.0
[INFO] [stderr]    Compiling rustls-pki-types v1.14.0
[INFO] [stderr]    Compiling futures-util v0.3.32
[INFO] [stderr]    Compiling rustls v0.23.38
[INFO] [stderr]    Compiling iri-string v0.7.12
[INFO] [stderr]    Compiling webpki-roots v1.0.7
[INFO] [stderr]    Compiling http-body v1.0.1
[INFO] [stderr]    Compiling http-body-util v0.1.3
[INFO] [stderr]    Compiling ring v0.17.14
[INFO] [stderr]    Compiling socket2 v0.6.3
[INFO] [stderr]    Compiling mio v1.2.0
[INFO] [stderr]    Compiling getrandom v0.2.17
[INFO] [stderr]    Compiling synstructure v0.13.2
[INFO] [stderr]    Compiling zerofrom-derive v0.1.7
[INFO] [stderr]    Compiling yoke-derive v0.8.2
[INFO] [stderr]    Compiling zerovec-derive v0.11.3
[INFO] [stderr]    Compiling displaydoc v0.2.5
[INFO] [stderr]    Compiling tokio-macros v2.7.0
[INFO] [stderr]    Compiling serde_derive v1.0.228
[INFO] [stderr]    Compiling thiserror-impl v1.0.69
[INFO] [stderr]    Compiling async-recursion v1.1.1
[INFO] [stderr]    Compiling tokio v1.52.1
[INFO] [stderr]    Compiling thiserror v1.0.69
[INFO] [stderr]    Compiling zerofrom v0.1.7
[INFO] [stderr]    Compiling yoke v0.8.2
[INFO] [stderr]    Compiling zerotrie v0.2.4
[INFO] [stderr]    Compiling zerovec v0.11.6
[INFO] [stderr]    Compiling tinystr v0.8.3
[INFO] [stderr]    Compiling potential_utf v0.1.5
[INFO] [stderr]    Compiling icu_collections v2.2.0
[INFO] [stderr]    Compiling icu_locale_core v2.2.0
[INFO] [stderr]    Compiling serde v1.0.228
[INFO] [stderr]    Compiling serde_urlencoded v0.7.1
[INFO] [stderr]    Compiling icu_provider v2.2.0
[INFO] [stderr]    Compiling icu_normalizer v2.2.0
[INFO] [stderr]    Compiling icu_properties v2.2.0
[INFO] [stderr]    Compiling hyper v1.9.0
[INFO] [stderr]    Compiling tower v0.5.3
[INFO] [stderr]    Compiling idna_adapter v1.2.1
[INFO] [stderr]    Compiling idna v1.1.0
[INFO] [stderr]    Compiling tower-http v0.6.8
[INFO] [stderr]    Compiling url v2.5.8
[INFO] [stderr]    Compiling hyper-util v0.1.20
[INFO] [stderr]    Compiling rustls-webpki v0.103.13
[INFO] [stderr]    Compiling tokio-rustls v0.26.4
[INFO] [stderr]    Compiling hyper-rustls v0.27.9
[INFO] [stderr]    Compiling reqwest v0.12.28
[INFO] [stderr]    Compiling hacker-news-client v0.1.0 (/opt/rustwide/workdir)
[INFO] [stderr]     Finished `release` profile [optimized] target(s) in 1m 06s
[INFO] running `Command { std: "docker" "inspect" "696932c13ae8f751995077777e2447999ced6c9ad9976b759efaad91b0033d0a", kill_on_drop: false }`
[INFO] running `Command { std: "docker" "exec" "-e" "SOURCE_DIR=/opt/rustwide/workdir" "-e" "CARGO_HOME=/opt/rustwide/cargo-home" "-e" "RUSTUP_HOME=/opt/rustwide/rustup-home" "-e" "CARGO_TARGET_DIR=/opt/rustwide/target" "-e" "CARGO_INCREMENTAL=0" "-e" "RUST_BACKTRACE=full" "-e" "RUSTFLAGS=--cap-lints=warn" "-e" "RUSTDOCFLAGS=--cap-lints=warn" "-w" "/opt/rustwide/workdir" "--user" "0:0" "696932c13ae8f751995077777e2447999ced6c9ad9976b759efaad91b0033d0a" "/opt/rustwide/cargo-home/bin/cargo" "+1.99.0-beta.8" "test" "--frozen" "--no-run" "--message-format=json" "--release", kill_on_drop: false }`
[INFO] [stderr]    Compiling hashbrown v0.17.0
[INFO] [stderr]    Compiling errno v0.3.14
[INFO] [stderr]    Compiling parking_lot_core v0.9.12
[INFO] [stderr]    Compiling zerocopy v0.8.48
[INFO] [stderr]    Compiling getrandom v0.3.4
[INFO] [stderr]    Compiling aho-corasick v1.1.4
[INFO] [stderr]    Compiling regex-syntax v0.8.10
[INFO] [stderr]    Compiling assert-json-diff v2.0.2
[INFO] [stderr]    Compiling similar v2.7.0
[INFO] [stderr]    Compiling colored v3.1.1
[INFO] [stderr]    Compiling signal-hook-registry v1.4.8
[INFO] [stderr]    Compiling parking_lot v0.12.5
[INFO] [stderr]    Compiling rand_core v0.9.5
[INFO] [stderr]    Compiling tokio v1.52.1
[INFO] [stderr]    Compiling indexmap v2.14.0
[INFO] [stderr]    Compiling regex-automata v0.4.14
[INFO] [stderr]    Compiling ppv-lite86 v0.2.21
[INFO] [stderr]    Compiling rand_chacha v0.9.0
[INFO] [stderr]    Compiling rand v0.9.4
[INFO] [stderr]    Compiling tokio-util v0.7.18
[INFO] [stderr]    Compiling tower v0.5.3
[INFO] [stderr]    Compiling tokio-rustls v0.26.4
[INFO] [stderr]    Compiling regex v1.12.3
[INFO] [stderr]    Compiling tower-http v0.6.8
[INFO] [stderr]    Compiling h2 v0.4.13
[INFO] [stderr]    Compiling hyper v1.9.0
[INFO] [stderr]    Compiling hyper-util v0.1.20
[INFO] [stderr]    Compiling hyper-rustls v0.27.9
[INFO] [stderr]    Compiling mockito v1.7.2
[INFO] [stderr]    Compiling reqwest v0.12.28
[INFO] [stderr]    Compiling hacker-news-client v0.1.0 (/opt/rustwide/workdir)
[INFO] [stderr]     Finished `release` profile [optimized] target(s) in 1m 09s
[INFO] running `Command { std: "docker" "inspect" "696932c13ae8f751995077777e2447999ced6c9ad9976b759efaad91b0033d0a", kill_on_drop: false }`
[INFO] running `Command { std: "docker" "exec" "-e" "SOURCE_DIR=/opt/rustwide/workdir" "-e" "CARGO_HOME=/opt/rustwide/cargo-home" "-e" "RUSTUP_HOME=/opt/rustwide/rustup-home" "-e" "CARGO_TARGET_DIR=/opt/rustwide/target" "-e" "CARGO_INCREMENTAL=0" "-e" "RUST_BACKTRACE=full" "-e" "RUSTFLAGS=--cap-lints=warn" "-e" "RUSTDOCFLAGS=--cap-lints=warn" "-w" "/opt/rustwide/workdir" "--user" "0:0" "696932c13ae8f751995077777e2447999ced6c9ad9976b759efaad91b0033d0a" "/opt/rustwide/cargo-home/bin/cargo" "+1.99.0-beta.8" "test" "--frozen" "--release", kill_on_drop: false }`
[INFO] [stderr]     Finished `release` profile [optimized] target(s) in 0.16s
[INFO] [stderr]      Running unittests src/lib.rs (/opt/rustwide/target/release/deps/hacker_news_client-5dea2965b62a999c)
[INFO] [stderr]      Running tests/client.rs (/opt/rustwide/target/release/deps/client-2860044db9c06d73)
[INFO] [stdout] 
[INFO] [stdout] running 0 tests
[INFO] [stdout] 
[INFO] [stdout] test result: ok. 0 passed; 0 failed; 0 ignored; 0 measured; 0 filtered out; finished in 0.00s
[INFO] [stdout] 
[INFO] [stdout] 
[INFO] [stdout] running 16 tests
[INFO] [stderr] node:internal/modules/cjs/loader:1386
[INFO] [stderr]   throw err;
[INFO] [stderr]   ^
[INFO] [stderr] 
[INFO] [stderr] Error: Cannot find module '/opt/rustwide/test/mock-server.js'
[INFO] [stderr]     at Module._resolveFilename (node:internal/modules/cjs/loader:1383:15)
[INFO] [stderr]     at defaultResolveImpl (node:internal/modules/cjs/loader:1025:19)
[INFO] [stderr]     at resolveForCJSWithHooks (node:internal/modules/cjs/loader:1030:22)
[INFO] [stderr]     at Module._load (node:internal/modules/cjs/loader:1192:37)
[INFO] [stderr]     at TracingChannel.traceSync (node:diagnostics_channel:328:14)
[INFO] [stderr]     at wrapModuleLoad (node:internal/modules/cjs/loader:237:24)
[INFO] [stderr]     at Function.executeUserEntryPoint [as runMain] (node:internal/modules/run_main:171:5)
[INFO] [stderr]     at node:internal/main/run_main_module:36:49 {
[INFO] [stderr]   code: 'MODULE_NOT_FOUND',
[INFO] [stderr]   requireStack: []
[INFO] [stderr] }
[INFO] [stderr] 
[INFO] [stderr] Node.js v22.22.1
[INFO] [stdout] test items_order_and_null_drop ... FAILED
[INFO] [stderr] node:internal/modules/cjs/loader:1386
[INFO] [stderr]   throw err;
[INFO] [stderr]   ^
[INFO] [stderr] 
[INFO] [stderr] Error: Cannot find module '/opt/rustwide/test/mock-server.js'
[INFO] [stderr]     at Module._resolveFilename (node:internal/modules/cjs/loader:1383:15)
[INFO] [stderr]     at defaultResolveImpl (node:internal/modules/cjs/loader:1025:19)
[INFO] [stderr]     at resolveForCJSWithHooks (node:internal/modules/cjs/loader:1030:22)
[INFO] [stderr]     at Module._load (node:internal/modules/cjs/loader:1192:37)
[INFO] [stderr]     at TracingChannel.traceSync (node:diagnostics_channel:328:14)
[INFO] [stderr]     at wrapModuleLoad (node:internal/modules/cjs/loader:237:24)
[INFO] [stderr]     at Function.executeUserEntryPoint [as runMain] (node:internal/modules/run_main:171:5)
[INFO] [stderr]     at node:internal/main/run_main_module:36:49 {
[INFO] [stderr]   code: 'MODULE_NOT_FOUND',
[INFO] [stderr]   requireStack: []
[INFO] [stderr] }
[INFO] [stderr] 
[INFO] [stderr] Node.js v22.22.1
[INFO] [stdout] test comment_tree_prunes_deleted ... FAILED
[INFO] [stderr] node:internal/modules/cjs/loader:1386
[INFO] [stderr]   throw err;
[INFO] [stderr]   ^
[INFO] [stderr] 
[INFO] [stderr] Error: Cannot find module '/opt/rustwide/test/mock-server.js'
[INFO] [stderr]     at Module._resolveFilename (node:internal/modules/cjs/loader:1383:15)
[INFO] [stderr]     at defaultResolveImpl (node:internal/modules/cjs/loader:1025:19)
[INFO] [stderr]     at resolveForCJSWithHooks (node:internal/modules/cjs/loader:1030:22)
[INFO] [stderr]     at Module._load (node:internal/modules/cjs/loader:1192:37)
[INFO] [stderr]     at TracingChannel.traceSync (node:diagnostics_channel:328:14)
[INFO] [stderr]     at wrapModuleLoad (node:internal/modules/cjs/loader:237:24)
[INFO] [stderr]     at Function.executeUserEntryPoint [as runMain] (node:internal/modules/run_main:171:5)
[INFO] [stderr]     at node:internal/main/run_main_module:36:49 {
[INFO] [stderr]   code: 'MODULE_NOT_FOUND',
[INFO] [stderr]   requireStack: []
[INFO] [stderr] }
[INFO] [stderr] 
[INFO] [stderr] Node.js v22.22.1
[INFO] [stdout] test timeout_surfaces ... FAILED
[INFO] [stderr] node:internal/modules/cjs/loader:1386
[INFO] [stderr]   throw err;
[INFO] [stderr]   ^
[INFO] [stderr] 
[INFO] [stderr] Error: Cannot find module '/opt/rustwide/test/mock-server.js'
[INFO] [stderr]     at Module._resolveFilename (node:internal/modules/cjs/loader:1383:15)
[INFO] [stderr]     at defaultResolveImpl (node:internal/modules/cjs/loader:1025:19)
[INFO] [stderr]     at resolveForCJSWithHooks (node:internal/modules/cjs/loader:1030:22)
[INFO] [stderr]     at Module._load (node:internal/modules/cjs/loader:1192:37)
[INFO] [stderr]     at TracingChannel.traceSync (node:diagnostics_channel:328:14)
[INFO] [stderr]     at wrapModuleLoad (node:internal/modules/cjs/loader:237:24)
[INFO] [stderr]     at Function.executeUserEntryPoint [as runMain] (node:internal/modules/run_main:171:5)
[INFO] [stderr]     at node:internal/main/run_main_module:36:49 {
[INFO] [stderr]   code: 'MODULE_NOT_FOUND',
[INFO] [stderr]   requireStack: []
[INFO] [stderr] }
[INFO] [stderr] 
[INFO] [stderr] Node.js v22.22.1
[INFO] [stdout] test user_known_and_unknown ... FAILED
[INFO] [stderr] node:internal/modules/cjs/loader:1386
[INFO] [stderr]   throw err;
[INFO] [stderr]   ^
[INFO] [stderr] 
[INFO] [stderr] Error: Cannot find module '/opt/rustwide/test/mock-server.js'
[INFO] [stderr]     at Module._resolveFilename (node:internal/modules/cjs/loader:1383:15)
[INFO] [stderr]     at defaultResolveImpl (node:internal/modules/cjs/loader:1025:19)
[INFO] [stderr]     at resolveForCJSWithHooks (node:internal/modules/cjs/loader:1030:22)
[INFO] [stderr]     at Module._load (node:internal/modules/cjs/loader:1192:37)
[INFO] [stderr]     at TracingChannel.traceSync (node:diagnostics_channel:328:14)
[INFO] [stderr]     at wrapModuleLoad (node:internal/modules/cjs/loader:237:24)
[INFO] [stderr]     at Function.executeUserEntryPoint [as runMain] (node:internal/modules/run_main:171:5)
[INFO] [stderr]     at node:internal/main/run_main_module:36:49 {
[INFO] [stderr]   code: 'MODULE_NOT_FOUND',
[INFO] [stderr]   requireStack: []
[INFO] [stderr] }
[INFO] [stderr] 
[INFO] [stderr] Node.js v22.22.1
[INFO] [stdout] test item_deleted_stub ... FAILED
[INFO] [stderr] node:internal/modules/cjs/loader:1386
[INFO] [stderr]   throw err;
[INFO] [stderr]   ^
[INFO] [stderr] 
[INFO] [stderr] Error: Cannot find module '/opt/rustwide/test/mock-server.js'
[INFO] [stderr]     at Module._resolveFilename (node:internal/modules/cjs/loader:1383:15)
[INFO] [stderr]     at defaultResolveImpl (node:internal/modules/cjs/loader:1025:19)
[INFO] [stderr]     at resolveForCJSWithHooks (node:internal/modules/cjs/loader:1030:22)
[INFO] [stderr]     at Module._load (node:internal/modules/cjs/loader:1192:37)
[INFO] [stderr]     at TracingChannel.traceSync (node:diagnostics_channel:328:14)
[INFO] [stderr]     at wrapModuleLoad (node:internal/modules/cjs/loader:237:24)
[INFO] [stderr]     at Function.executeUserEntryPoint [as runMain] (node:internal/modules/run_main:171:5)
[INFO] [stderr]     at node:internal/main/run_main_module:36:49 {
[INFO] [stderr]   code: 'MODULE_NOT_FOUND',
[INFO] [stderr]   requireStack: []
[INFO] [stderr] }
[INFO] [stderr] 
[INFO] [stderr] Node.js v22.22.1
[INFO] [stdout] test items_empty ... FAILED
[INFO] [stderr] node:internal/modules/cjs/loader:1386
[INFO] [stderr]   throw err;
[INFO] [stderr]   ^
[INFO] [stderr] 
[INFO] [stderr] Error: Cannot find module '/opt/rustwide/test/mock-server.js'
[INFO] [stderr]     at Module._resolveFilename (node:internal/modules/cjs/loader:1383:15)
[INFO] [stderr]     at defaultResolveImpl (node:internal/modules/cjs/loader:1025:19)
[INFO] [stderr]     at resolveForCJSWithHooks (node:internal/modules/cjs/loader:1030:22)
[INFO] [stderr]     at Module._load (node:internal/modules/cjs/loader:1192:37)
[INFO] [stderr]     at TracingChannel.traceSync (node:diagnostics_channel:328:14)
[INFO] [stderr]     at wrapModuleLoad (node:internal/modules/cjs/loader:237:24)
[INFO] [stderr]     at Function.executeUserEntryPoint [as runMain] (node:internal/modules/run_main:171:5)
[INFO] [stderr]     at node:internal/main/run_main_module:36:49 {
[INFO] [stderr]   code: 'MODULE_NOT_FOUND',
[INFO] [stderr]   requireStack: []
[INFO] [stderr] }
[INFO] [stderr] 
[INFO] [stderr] Node.js v22.22.1
[INFO] [stdout] test id_lists ... FAILED
[INFO] [stderr] node:internal/modules/cjs/loader:1386
[INFO] [stderr]   throw err;
[INFO] [stderr]   ^
[INFO] [stderr] 
[INFO] [stderr] Error: Cannot find module '/opt/rustwide/test/mock-server.js'
[INFO] [stderr]     at Module._resolveFilename (node:internal/modules/cjs/loader:1383:15)
[INFO] [stderr]     at defaultResolveImpl (node:internal/modules/cjs/loader:1025:19)
[INFO] [stderr]     at resolveForCJSWithHooks (node:internal/modules/cjs/loader:1030:22)
[INFO] [stderr]     at Module._load (node:internal/modules/cjs/loader:1192:37)
[INFO] [stderr]     at TracingChannel.traceSync (node:diagnostics_channel:328:14)
[INFO] [stderr]     at wrapModuleLoad (node:internal/modules/cjs/loader:237:24)
[INFO] [stderr]     at Function.executeUserEntryPoint [as runMain] (node:internal/modules/run_main:171:5)
[INFO] [stderr]     at node:internal/main/run_main_module:36:49 {
[INFO] [stderr]   code: 'MODULE_NOT_FOUND',
[INFO] [stderr]   requireStack: []
[INFO] [stderr] }
[INFO] [stderr] 
[INFO] [stderr] Node.js v22.22.1
[INFO] [stdout] test http_500_propagates ... FAILED
[INFO] [stderr] node:internal/modules/cjs/loader:1386
[INFO] [stderr]   throw err;
[INFO] [stderr]   ^
[INFO] [stderr] 
[INFO] [stderr] Error: Cannot find module '/opt/rustwide/test/mock-server.js'
[INFO] [stderr]     at Module._resolveFilename (node:internal/modules/cjs/loader:1383:15)
[INFO] [stderr]     at defaultResolveImpl (node:internal/modules/cjs/loader:1025:19)
[INFO] [stderr]     at resolveForCJSWithHooks (node:internal/modules/cjs/loader:1030:22)
[INFO] [stderr]     at Module._load (node:internal/modules/cjs/loader:1192:37)
[INFO] [stderr]     at TracingChannel.traceSync (node:diagnostics_channel:328:14)
[INFO] [stderr]     at wrapModuleLoad (node:internal/modules/cjs/loader:237:24)
[INFO] [stderr]     at Function.executeUserEntryPoint [as runMain] (node:internal/modules/run_main:171:5)
[INFO] [stderr]     at node:internal/main/run_main_module:36:49 {
[INFO] [stderr]   code: 'MODULE_NOT_FOUND',
[INFO] [stderr]   requireStack: []
[INFO] [stderr] }
[INFO] [stderr] 
[INFO] [stderr] Node.js v22.22.1
[INFO] [stdout] test item_null ... FAILED
[INFO] [stderr] node:internal/modules/cjs/loader:1386
[INFO] [stderr]   throw err;
[INFO] [stderr]   ^
[INFO] [stderr] 
[INFO] [stderr] Error: Cannot find module '/opt/rustwide/test/mock-server.js'
[INFO] [stderr]     at Module._resolveFilename (node:internal/modules/cjs/loader:1383:15)
[INFO] [stderr]     at defaultResolveImpl (node:internal/modules/cjs/loader:1025:19)
[INFO] [stderr]     at resolveForCJSWithHooks (node:internal/modules/cjs/loader:1030:22)
[INFO] [stderr]     at Module._load (node:internal/modules/cjs/loader:1192:37)
[INFO] [stderr]     at TracingChannel.traceSync (node:diagnostics_channel:328:14)
[INFO] [stderr]     at wrapModuleLoad (node:internal/modules/cjs/loader:237:24)
[INFO] [stderr]     at Function.executeUserEntryPoint [as runMain] (node:internal/modules/run_main:171:5)
[INFO] [stderr]     at node:internal/main/run_main_module:36:49 {
[INFO] [stderr]   code: 'MODULE_NOT_FOUND',
[INFO] [stderr]   requireStack: []
[INFO] [stderr] }
[INFO] [stderr] 
[INFO] [stderr] Node.js v22.22.1
[INFO] [stdout] test top_stories_hydration ... FAILED
[INFO] [stderr] node:internal/modules/cjs/loader:1386
[INFO] [stderr]   throw err;
[INFO] [stderr]   ^
[INFO] [stderr] 
[INFO] [stderr] Error: Cannot find module '/opt/rustwide/test/mock-server.js'
[INFO] [stderr]     at Module._resolveFilename (node:internal/modules/cjs/loader:1383:15)
[INFO] [stderr]     at defaultResolveImpl (node:internal/modules/cjs/loader:1025:19)
[INFO] [stderr]     at resolveForCJSWithHooks (node:internal/modules/cjs/loader:1030:22)
[INFO] [stderr]     at Module._load (node:internal/modules/cjs/loader:1192:37)
[INFO] [stderr]     at TracingChannel.traceSync (node:diagnostics_channel:328:14)
[INFO] [stderr]     at wrapModuleLoad (node:internal/modules/cjs/loader:237:24)
[INFO] [stderr]     at Function.executeUserEntryPoint [as runMain] (node:internal/modules/run_main:171:5)
[INFO] [stderr]     at node:internal/main/run_main_module:36:49 {
[INFO] [stderr]   code: 'MODULE_NOT_FOUND',
[INFO] [stderr]   requireStack: []
[INFO] [stderr] }
[INFO] [stderr] 
[INFO] [stderr] Node.js v22.22.1
[INFO] [stdout] test max_item_and_updates ... FAILED
[INFO] [stderr] node:internal/modules/cjs/loader:1386
[INFO] [stderr]   throw err;
[INFO] [stderr]   ^
[INFO] [stderr] 
[INFO] [stderr] Error: Cannot find module '/opt/rustwide/test/mock-server.js'
[INFO] [stderr]     at Module._resolveFilename (node:internal/modules/cjs/loader:1383:15)
[INFO] [stderr]     at defaultResolveImpl (node:internal/modules/cjs/loader:1025:19)
[INFO] [stderr]     at resolveForCJSWithHooks (node:internal/modules/cjs/loader:1030:22)
[INFO] [stderr]     at Module._load (node:internal/modules/cjs/loader:1192:37)
[INFO] [stderr]     at TracingChannel.traceSync (node:diagnostics_channel:328:14)
[INFO] [stderr]     at wrapModuleLoad (node:internal/modules/cjs/loader:237:24)
[INFO] [stderr]     at Function.executeUserEntryPoint [as runMain] (node:internal/modules/run_main:171:5)
[INFO] [stderr]     at node:internal/main/run_main_module:36:49 {
[INFO] [stderr]   code: 'MODULE_NOT_FOUND',
[INFO] [stderr]   requireStack: []
[INFO] [stderr] }
[INFO] [stderr] 
[INFO] [stderr] Node.js v22.22.1
[INFO] [stdout] test item_each_variant ... FAILED
[INFO] [stderr] node:internal/modules/cjs/loader:1386
[INFO] [stderr]   throw err;
[INFO] [stderr]   ^
[INFO] [stderr] 
[INFO] [stderr] Error: Cannot find module '/opt/rustwide/test/mock-server.js'
[INFO] [stderr]     at Module._resolveFilename (node:internal/modules/cjs/loader:1383:15)
[INFO] [stderr]     at defaultResolveImpl (node:internal/modules/cjs/loader:1025:19)
[INFO] [stderr]     at resolveForCJSWithHooks (node:internal/modules/cjs/loader:1030:22)
[INFO] [stderr]     at Module._load (node:internal/modules/cjs/loader:1192:37)
[INFO] [stderr]     at TracingChannel.traceSync (node:diagnostics_channel:328:14)
[INFO] [stderr]     at wrapModuleLoad (node:internal/modules/cjs/loader:237:24)
[INFO] [stderr]     at Function.executeUserEntryPoint [as runMain] (node:internal/modules/run_main:171:5)
[INFO] [stderr]     at node:internal/main/run_main_module:36:49 {
[INFO] [stderr]   code: 'MODULE_NOT_FOUND',
[INFO] [stderr]   requireStack: []
[INFO] [stderr] }
[INFO] [stderr] 
[INFO] [stderr] Node.js v22.22.1
[INFO] [stdout] test item_dead ... FAILED
[INFO] [stderr] node:internal/modules/cjs/loader:1386
[INFO] [stderr]   throw err;
[INFO] [stderr]   ^
[INFO] [stderr] 
[INFO] [stderr] Error: Cannot find module '/opt/rustwide/test/mock-server.js'
[INFO] [stderr]     at Module._resolveFilename (node:internal/modules/cjs/loader:1383:15)
[INFO] [stderr]     at defaultResolveImpl (node:internal/modules/cjs/loader:1025:19)
[INFO] [stderr]     at resolveForCJSWithHooks (node:internal/modules/cjs/loader:1030:22)
[INFO] [stderr]     at Module._load (node:internal/modules/cjs/loader:1192:37)
[INFO] [stderr]     at TracingChannel.traceSync (node:diagnostics_channel:328:14)
[INFO] [stderr]     at wrapModuleLoad (node:internal/modules/cjs/loader:237:24)
[INFO] [stderr]     at Function.executeUserEntryPoint [as runMain] (node:internal/modules/run_main:171:5)
[INFO] [stderr]     at node:internal/main/run_main_module:36:49 {
[INFO] [stderr]   code: 'MODULE_NOT_FOUND',
[INFO] [stderr]   requireStack: []
[INFO] [stderr] }
[INFO] [stderr] 
[INFO] [stderr] Node.js v22.22.1
[INFO] [stdout] test item_story ... FAILED
[INFO] [stderr] node:internal/modules/cjs/loader:1386
[INFO] [stderr]   throw err;
[INFO] [stderr]   ^
[INFO] [stderr] 
[INFO] [stderr] Error: Cannot find module '/opt/rustwide/test/mock-server.js'
[INFO] [stderr]     at Module._resolveFilename (node:internal/modules/cjs/loader:1383:15)
[INFO] [stderr]     at defaultResolveImpl (node:internal/modules/cjs/loader:1025:19)
[INFO] [stderr]     at resolveForCJSWithHooks (node:internal/modules/cjs/loader:1030:22)
[INFO] [stderr]     at Module._load (node:internal/modules/cjs/loader:1192:37)
[INFO] [stderr]     at TracingChannel.traceSync (node:diagnostics_channel:328:14)
[INFO] [stderr]     at wrapModuleLoad (node:internal/modules/cjs/loader:237:24)
[INFO] [stderr]     at Function.executeUserEntryPoint [as runMain] (node:internal/modules/run_main:171:5)
[INFO] [stderr]     at node:internal/main/run_main_module:36:49 {
[INFO] [stderr]   code: 'MODULE_NOT_FOUND',
[INFO] [stderr]   requireStack: []
[INFO] [stderr] }
[INFO] [stdout] test unknown_path_404 ... FAILED
[INFO] [stderr] 
[INFO] [stderr] Node.js v22.22.1
[INFO] [stderr] node:internal/modules/cjs/loader:1386
[INFO] [stderr]   throw err;
[INFO] [stderr]   ^
[INFO] [stderr] 
[INFO] [stderr] Error: Cannot find module '/opt/rustwide/test/mock-server.js'
[INFO] [stderr]     at Module._resolveFilename (node:internal/modules/cjs/loader:1383:15)
[INFO] [stderr]     at defaultResolveImpl (node:internal/modules/cjs/loader:1025:19)
[INFO] [stderr]     at resolveForCJSWithHooks (node:internal/modules/cjs/loader:1030:22)
[INFO] [stderr]     at Module._load (node:internal/modules/cjs/loader:1192:37)
[INFO] [stderr]     at TracingChannel.traceSync (node:diagnostics_channel:328:14)
[INFO] [stderr]     at wrapModuleLoad (node:internal/modules/cjs/loader:237:24)
[INFO] [stderr]     at Function.executeUserEntryPoint [as runMain] (node:internal/modules/run_main:171:5)
[INFO] [stderr]     at node:internal/main/run_main_module:36:49 {
[INFO] [stderr]   code: 'MODULE_NOT_FOUND',
[INFO] [stderr]   requireStack: []
[INFO] [stderr] }
[INFO] [stderr] 
[INFO] [stderr] Node.js v22.22.1
[INFO] [stdout] test items_fail_fast_500 ... FAILED
[INFO] [stdout] 
[INFO] [stdout] failures:
[INFO] [stdout] 
[INFO] [stderr] error: test failed, to rerun pass `--test client`
[INFO] [stdout] ---- items_order_and_null_drop stdout ----
[INFO] [stdout] 
[INFO] [stdout] thread 'items_order_and_null_drop' (2058) panicked at tests/client.rs:40:42:
[INFO] [stdout] called `Option::unwrap()` on a `None` value
[INFO] [stdout] stack backtrace:
[INFO] [stdout]    0:     0x5c091c8069b1 - <<std[70759c8f55707aa4]::sys::backtrace::BacktraceLock>::print::DisplayBacktrace as core[df12db4294e9bfd3]::fmt::Display>::fmt
[INFO] [stdout]    1:     0x5c091c81cc5a - core[df12db4294e9bfd3]::fmt::write
[INFO] [stdout]    2:     0x5c091c80b56c - <alloc[2182bb758b4b3781]::vec::Vec<u8> as core[df12db4294e9bfd3]::io::write::Write>::write_fmt
[INFO] [stdout]    3:     0x5c091c7e1846 - std[70759c8f55707aa4]::panicking::default_hook::{closure#0}
[INFO] [stdout]    4:     0x5c091c7fe8d9 - std[70759c8f55707aa4]::panicking::default_hook
[INFO] [stdout]    5:     0x5c091c53d440 - test[9d35eded1c95d3be]::test_main_inner::<test[9d35eded1c95d3be]::test_main_static::{closure#0}>::{closure#0}
[INFO] [stdout]    6:     0x5c091c7fec02 - std[70759c8f55707aa4]::panicking::panic_with_hook
[INFO] [stdout]    7:     0x5c091c7e1924 - std[70759c8f55707aa4]::panicking::panic_handler::{closure#0}
[INFO] [stdout]    8:     0x5c091c7da599 - std[70759c8f55707aa4]::sys::backtrace::__rust_end_short_backtrace::<std[70759c8f55707aa4]::panicking::panic_handler::{closure#0}, !>
[INFO] [stdout]    9:     0x5c091c7e26dd - __rustc[8fa7c3cbc660c2b3]::rust_begin_unwind
[INFO] [stdout]   10:     0x5c091c81d3bc - core[df12db4294e9bfd3]::panicking::panic_fmt
[INFO] [stdout]   11:     0x5c091c81d382 - core[df12db4294e9bfd3]::panicking::panic
[INFO] [stdout]   12:     0x5c091c81d139 - core[df12db4294e9bfd3]::option::unwrap_failed
[INFO] [stdout]   13:     0x5c091c5056cb - client[92b34159999d042a]::start_mock
[INFO] [stdout]   14:     0x5c091c520da1 - <std[70759c8f55707aa4]::sync::once::Once>::call_once_force::<<std[70759c8f55707aa4]::sync::once_lock::OnceLock<client[92b34159999d042a]::Mock>>::initialize<<std[70759c8f55707aa4]::sync::once_lock::OnceLock<client[92b34159999d042a]::Mock>>::get_or_init<client[92b34159999d042a]::start_mock>::{closure#0}, !>::{closure#0}>::{closure#0}
[INFO] [stdout]   15:     0x5c091c7e7909 - <std[70759c8f55707aa4]::sys::sync::once::futex::Once>::call
[INFO] [stdout]   16:     0x5c091c52029a - <std[70759c8f55707aa4]::sync::once_lock::OnceLock<client[92b34159999d042a]::Mock>>::initialize::<<std[70759c8f55707aa4]::sync::once_lock::OnceLock<client[92b34159999d042a]::Mock>>::get_or_init<client[92b34159999d042a]::start_mock>::{closure#0}, !>
[INFO] [stdout]   17:     0x5c091c5058b4 - client[92b34159999d042a]::client
[INFO] [stdout]   18:     0x5c091c501d03 - client[92b34159999d042a]::items_order_and_null_drop::{closure#0}
[INFO] [stdout]   19:     0x5c091c52cfd7 - <tokio[4e34e05dd46d8259]::runtime::scheduler::current_thread::CurrentThread>::block_on::<core[df12db4294e9bfd3]::pin::Pin<&mut dyn core[df12db4294e9bfd3]::future::future::Future<Output = ()>>>
[INFO] [stdout]   20:     0x5c091c519ed2 - <tokio[4e34e05dd46d8259]::runtime::runtime::Runtime>::block_on::<core[df12db4294e9bfd3]::pin::Pin<&mut dyn core[df12db4294e9bfd3]::future::future::Future<Output = ()>>>
[INFO] [stdout]   21:     0x5c091c5076ae - <client[92b34159999d042a]::items_order_and_null_drop::{closure#0} as core[df12db4294e9bfd3]::ops::function::FnOnce<()>>::call_once
[INFO] [stdout]   22:     0x5c091c53072b - test[9d35eded1c95d3be]::__rust_begin_short_backtrace::<core[df12db4294e9bfd3]::result::Result<(), alloc[2182bb758b4b3781]::string::String>, fn() -> core[df12db4294e9bfd3]::result::Result<(), alloc[2182bb758b4b3781]::string::String>>
[INFO] [stdout]   23:     0x5c091c53dd95 - test[9d35eded1c95d3be]::run_test::{closure#0}
[INFO] [stdout]   24:     0x5c091c537654 - std[70759c8f55707aa4]::sys::backtrace::__rust_begin_short_backtrace::<test[9d35eded1c95d3be]::run_test::{closure#1}, ()>
[INFO] [stdout]   25:     0x5c091c540ef2 - <std[70759c8f55707aa4]::thread::lifecycle::spawn_unchecked<test[9d35eded1c95d3be]::run_test::{closure#1}, ()>::{closure#1} as core[df12db4294e9bfd3]::ops::function::FnOnce<()>>::call_once::{shim:vtable#0}
[INFO] [stdout]   26:     0x5c091c805ed9 - <std[70759c8f55707aa4]::sys::thread::unix::Thread>::new::thread_start
[INFO] [stdout]   27:     0x7eb3f248bdfa - <unknown>
[INFO] [stdout]   28:     0x7eb3f251f3d4 - clone
[INFO] [stdout]   29:                0x0 - <unknown>
[INFO] [stdout] 
[INFO] [stdout] ---- comment_tree_prunes_deleted stdout ----
[INFO] [stdout] 
[INFO] [stdout] thread 'comment_tree_prunes_deleted' (2048) panicked at tests/client.rs:40:42:
[INFO] [stdout] called `Option::unwrap()` on a `None` value
[INFO] [stdout] stack backtrace:
[INFO] [stdout]    0:     0x5c091c8069b1 - <<std[70759c8f55707aa4]::sys::backtrace::BacktraceLock>::print::DisplayBacktrace as core[df12db4294e9bfd3]::fmt::Display>::fmt
[INFO] [stdout]    1:     0x5c091c81cc5a - core[df12db4294e9bfd3]::fmt::write
[INFO] [stdout]    2:     0x5c091c80b56c - <alloc[2182bb758b4b3781]::vec::Vec<u8> as core[df12db4294e9bfd3]::io::write::Write>::write_fmt
[INFO] [stdout]    3:     0x5c091c7e1846 - std[70759c8f55707aa4]::panicking::default_hook::{closure#0}
[INFO] [stdout]    4:     0x5c091c7fe8d9 - std[70759c8f55707aa4]::panicking::default_hook
[INFO] [stdout]    5:     0x5c091c53d440 - test[9d35eded1c95d3be]::test_main_inner::<test[9d35eded1c95d3be]::test_main_static::{closure#0}>::{closure#0}
[INFO] [stdout]    6:     0x5c091c7fec02 - std[70759c8f55707aa4]::panicking::panic_with_hook
[INFO] [stdout]    7:     0x5c091c7e1924 - std[70759c8f55707aa4]::panicking::panic_handler::{closure#0}
[INFO] [stdout]    8:     0x5c091c7da599 - std[70759c8f55707aa4]::sys::backtrace::__rust_end_short_backtrace::<std[70759c8f55707aa4]::panicking::panic_handler::{closure#0}, !>
[INFO] [stdout]    9:     0x5c091c7e26dd - __rustc[8fa7c3cbc660c2b3]::rust_begin_unwind
[INFO] [stdout]   10:     0x5c091c81d3bc - core[df12db4294e9bfd3]::panicking::panic_fmt
[INFO] [stdout]   11:     0x5c091c81d382 - core[df12db4294e9bfd3]::panicking::panic
[INFO] [stdout]   12:     0x5c091c81d139 - core[df12db4294e9bfd3]::option::unwrap_failed
[INFO] [stdout]   13:     0x5c091c5056cb - client[92b34159999d042a]::start_mock
[INFO] [stdout]   14:     0x5c091c520da1 - <std[70759c8f55707aa4]::sync::once::Once>::call_once_force::<<std[70759c8f55707aa4]::sync::once_lock::OnceLock<client[92b34159999d042a]::Mock>>::initialize<<std[70759c8f55707aa4]::sync::once_lock::OnceLock<client[92b34159999d042a]::Mock>>::get_or_init<client[92b34159999d042a]::start_mock>::{closure#0}, !>::{closure#0}>::{closure#0}
[INFO] [stdout]   15:     0x5c091c7e7909 - <std[70759c8f55707aa4]::sys::sync::once::futex::Once>::call
[INFO] [stdout]   16:     0x5c091c52029a - <std[70759c8f55707aa4]::sync::once_lock::OnceLock<client[92b34159999d042a]::Mock>>::initialize::<<std[70759c8f55707aa4]::sync::once_lock::OnceLock<client[92b34159999d042a]::Mock>>::get_or_init<client[92b34159999d042a]::start_mock>::{closure#0}, !>
[INFO] [stdout]   17:     0x5c091c5058b4 - client[92b34159999d042a]::client
[INFO] [stdout]   18:     0x5c091c502183 - client[92b34159999d042a]::comment_tree_prunes_deleted::{closure#0}
[INFO] [stdout]   19:     0x5c091c52cfd7 - <tokio[4e34e05dd46d8259]::runtime::scheduler::current_thread::CurrentThread>::block_on::<core[df12db4294e9bfd3]::pin::Pin<&mut dyn core[df12db4294e9bfd3]::future::future::Future<Output = ()>>>
[INFO] [stdout]   20:     0x5c091c519ed2 - <tokio[4e34e05dd46d8259]::runtime::runtime::Runtime>::block_on::<core[df12db4294e9bfd3]::pin::Pin<&mut dyn core[df12db4294e9bfd3]::future::future::Future<Output = ()>>>
[INFO] [stdout]   21:     0x5c091c50782e - <client[92b34159999d042a]::comment_tree_prunes_deleted::{closure#0} as core[df12db4294e9bfd3]::ops::function::FnOnce<()>>::call_once
[INFO] [stdout]   22:     0x5c091c53072b - test[9d35eded1c95d3be]::__rust_begin_short_backtrace::<core[df12db4294e9bfd3]::result::Result<(), alloc[2182bb758b4b3781]::string::String>, fn() -> core[df12db4294e9bfd3]::result::Result<(), alloc[2182bb758b4b3781]::string::String>>
[INFO] [stdout]   23:     0x5c091c53dd95 - test[9d35eded1c95d3be]::run_test::{closure#0}
[INFO] [stdout]   24:     0x5c091c537654 - std[70759c8f55707aa4]::sys::backtrace::__rust_begin_short_backtrace::<test[9d35eded1c95d3be]::run_test::{closure#1}, ()>
[INFO] [stdout]   25:     0x5c091c540ef2 - <std[70759c8f55707aa4]::thread::lifecycle::spawn_unchecked<test[9d35eded1c95d3be]::run_test::{closure#1}, ()>::{closure#1} as core[df12db4294e9bfd3]::ops::function::FnOnce<()>>::call_once::{shim:vtable#0}
[INFO] [stdout]   26:     0x5c091c805ed9 - <std[70759c8f55707aa4]::sys::thread::unix::Thread>::new::thread_start
[INFO] [stdout]   27:     0x7eb3f248bdfa - <unknown>
[INFO] [stdout]   28:     0x7eb3f251f3d4 - clone
[INFO] [stdout]   29:                0x0 - <unknown>
[INFO] [stdout] 
[INFO] [stdout] ---- timeout_surfaces stdout ----
[INFO] [stdout] 
[INFO] [stdout] thread 'timeout_surfaces' (2060) panicked at tests/client.rs:40:42:
[INFO] [stdout] called `Option::unwrap()` on a `None` value
[INFO] [stdout] stack backtrace:
[INFO] [stdout]    0:     0x5c091c8069b1 - <<std[70759c8f55707aa4]::sys::backtrace::BacktraceLock>::print::DisplayBacktrace as core[df12db4294e9bfd3]::fmt::Display>::fmt
[INFO] [stdout]    1:     0x5c091c81cc5a - core[df12db4294e9bfd3]::fmt::write
[INFO] [stdout]    2:     0x5c091c80b56c - <alloc[2182bb758b4b3781]::vec::Vec<u8> as core[df12db4294e9bfd3]::io::write::Write>::write_fmt
[INFO] [stdout]    3:     0x5c091c7e1846 - std[70759c8f55707aa4]::panicking::default_hook::{closure#0}
[INFO] [stdout]    4:     0x5c091c7fe8d9 - std[70759c8f55707aa4]::panicking::default_hook
[INFO] [stdout]    5:     0x5c091c53d440 - test[9d35eded1c95d3be]::test_main_inner::<test[9d35eded1c95d3be]::test_main_static::{closure#0}>::{closure#0}
[INFO] [stdout]    6:     0x5c091c7fec02 - std[70759c8f55707aa4]::panicking::panic_with_hook
[INFO] [stdout]    7:     0x5c091c7e1924 - std[70759c8f55707aa4]::panicking::panic_handler::{closure#0}
[INFO] [stdout]    8:     0x5c091c7da599 - std[70759c8f55707aa4]::sys::backtrace::__rust_end_short_backtrace::<std[70759c8f55707aa4]::panicking::panic_handler::{closure#0}, !>
[INFO] [stdout]    9:     0x5c091c7e26dd - __rustc[8fa7c3cbc660c2b3]::rust_begin_unwind
[INFO] [stdout]   10:     0x5c091c81d3bc - core[df12db4294e9bfd3]::panicking::panic_fmt
[INFO] [stdout]   11:     0x5c091c81d382 - core[df12db4294e9bfd3]::panicking::panic
[INFO] [stdout]   12:     0x5c091c81d139 - core[df12db4294e9bfd3]::option::unwrap_failed
[INFO] [stdout]   13:     0x5c091c5056cb - client[92b34159999d042a]::start_mock
[INFO] [stdout]   14:     0x5c091c520da1 - <std[70759c8f55707aa4]::sync::once::Once>::call_once_force::<<std[70759c8f55707aa4]::sync::once_lock::OnceLock<client[92b34159999d042a]::Mock>>::initialize<<std[70759c8f55707aa4]::sync::once_lock::OnceLock<client[92b34159999d042a]::Mock>>::get_or_init<client[92b34159999d042a]::start_mock>::{closure#0}, !>::{closure#0}>::{closure#0}
[INFO] [stdout]   15:     0x5c091c7e7909 - <std[70759c8f55707aa4]::sys::sync::once::futex::Once>::call
[INFO] [stdout]   16:     0x5c091c52029a - <std[70759c8f55707aa4]::sync::once_lock::OnceLock<client[92b34159999d042a]::Mock>>::initialize::<<std[70759c8f55707aa4]::sync::once_lock::OnceLock<client[92b34159999d042a]::Mock>>::get_or_init<client[92b34159999d042a]::start_mock>::{closure#0}, !>
[INFO] [stdout]   17:     0x5c091c4ffab1 - client[92b34159999d042a]::timeout_surfaces::{closure#0}
[INFO] [stdout]   18:     0x5c091c52cfd7 - <tokio[4e34e05dd46d8259]::runtime::scheduler::current_thread::CurrentThread>::block_on::<core[df12db4294e9bfd3]::pin::Pin<&mut dyn core[df12db4294e9bfd3]::future::future::Future<Output = ()>>>
[INFO] [stdout]   19:     0x5c091c519ed2 - <tokio[4e34e05dd46d8259]::runtime::runtime::Runtime>::block_on::<core[df12db4294e9bfd3]::pin::Pin<&mut dyn core[df12db4294e9bfd3]::future::future::Future<Output = ()>>>
[INFO] [stdout]   20:     0x5c091c5066de - <client[92b34159999d042a]::timeout_surfaces::{closure#0} as core[df12db4294e9bfd3]::ops::function::FnOnce<()>>::call_once
[INFO] [stdout]   21:     0x5c091c53072b - test[9d35eded1c95d3be]::__rust_begin_short_backtrace::<core[df12db4294e9bfd3]::result::Result<(), alloc[2182bb758b4b3781]::string::String>, fn() -> core[df12db4294e9bfd3]::result::Result<(), alloc[2182bb758b4b3781]::string::String>>
[INFO] [stdout]   22:     0x5c091c53dd95 - test[9d35eded1c95d3be]::run_test::{closure#0}
[INFO] [stdout]   23:     0x5c091c537654 - std[70759c8f55707aa4]::sys::backtrace::__rust_begin_short_backtrace::<test[9d35eded1c95d3be]::run_test::{closure#1}, ()>
[INFO] [stdout]   24:     0x5c091c540ef2 - <std[70759c8f55707aa4]::thread::lifecycle::spawn_unchecked<test[9d35eded1c95d3be]::run_test::{closure#1}, ()>::{closure#1} as core[df12db4294e9bfd3]::ops::function::FnOnce<()>>::call_once::{shim:vtable#0}
[INFO] [stdout]   25:     0x5c091c805ed9 - <std[70759c8f55707aa4]::sys::thread::unix::Thread>::new::thread_start
[INFO] [stdout]   26:     0x7eb3f248bdfa - <unknown>
[INFO] [stdout]   27:     0x7eb3f251f3d4 - clone
[INFO] [stdout]   28:                0x0 - <unknown>
[INFO] [stdout] 
[INFO] [stdout] ---- user_known_and_unknown stdout ----
[INFO] [stdout] 
[INFO] [stdout] thread 'user_known_and_unknown' (2063) panicked at tests/client.rs:40:42:
[INFO] [stdout] called `Option::unwrap()` on a `None` value
[INFO] [stdout] stack backtrace:
[INFO] [stdout]    0:     0x5c091c8069b1 - <<std[70759c8f55707aa4]::sys::backtrace::BacktraceLock>::print::DisplayBacktrace as core[df12db4294e9bfd3]::fmt::Display>::fmt
[INFO] [stdout]    1:     0x5c091c81cc5a - core[df12db4294e9bfd3]::fmt::write
[INFO] [stdout]    2:     0x5c091c80b56c - <alloc[2182bb758b4b3781]::vec::Vec<u8> as core[df12db4294e9bfd3]::io::write::Write>::write_fmt
[INFO] [stdout]    3:     0x5c091c7e1846 - std[70759c8f55707aa4]::panicking::default_hook::{closure#0}
[INFO] [stdout]    4:     0x5c091c7fe8d9 - std[70759c8f55707aa4]::panicking::default_hook
[INFO] [stdout]    5:     0x5c091c53d440 - test[9d35eded1c95d3be]::test_main_inner::<test[9d35eded1c95d3be]::test_main_static::{closure#0}>::{closure#0}
[INFO] [stdout]    6:     0x5c091c7fec02 - std[70759c8f55707aa4]::panicking::panic_with_hook
[INFO] [stdout]    7:     0x5c091c7e1924 - std[70759c8f55707aa4]::panicking::panic_handler::{closure#0}
[INFO] [stdout]    8:     0x5c091c7da599 - std[70759c8f55707aa4]::sys::backtrace::__rust_end_short_backtrace::<std[70759c8f55707aa4]::panicking::panic_handler::{closure#0}, !>
[INFO] [stdout]    9:     0x5c091c7e26dd - __rustc[8fa7c3cbc660c2b3]::rust_begin_unwind
[INFO] [stdout]   10:     0x5c091c81d3bc - core[df12db4294e9bfd3]::panicking::panic_fmt
[INFO] [stdout]   11:     0x5c091c81d382 - core[df12db4294e9bfd3]::panicking::panic
[INFO] [stdout]   12:     0x5c091c81d139 - core[df12db4294e9bfd3]::option::unwrap_failed
[INFO] [stdout]   13:     0x5c091c5056cb - client[92b34159999d042a]::start_mock
[INFO] [stdout]   14:     0x5c091c520da1 - <std[70759c8f55707aa4]::sync::once::Once>::call_once_force::<<std[70759c8f55707aa4]::sync::once_lock::OnceLock<client[92b34159999d042a]::Mock>>::initialize<<std[70759c8f55707aa4]::sync::once_lock::OnceLock<client[92b34159999d042a]::Mock>>::get_or_init<client[92b34159999d042a]::start_mock>::{closure#0}, !>::{closure#0}>::{closure#0}
[INFO] [stdout]   15:     0x5c091c7e7909 - <std[70759c8f55707aa4]::sys::sync::once::futex::Once>::call
[INFO] [stdout]   16:     0x5c091c52029a - <std[70759c8f55707aa4]::sync::once_lock::OnceLock<client[92b34159999d042a]::Mock>>::initialize::<<std[70759c8f55707aa4]::sync::once_lock::OnceLock<client[92b34159999d042a]::Mock>>::get_or_init<client[92b34159999d042a]::start_mock>::{closure#0}, !>
[INFO] [stdout]   17:     0x5c091c5058b4 - client[92b34159999d042a]::client
[INFO] [stdout]   18:     0x5c091c501860 - client[92b34159999d042a]::user_known_and_unknown::{closure#0}
[INFO] [stdout]   19:     0x5c091c52cfd7 - <tokio[4e34e05dd46d8259]::runtime::scheduler::current_thread::CurrentThread>::block_on::<core[df12db4294e9bfd3]::pin::Pin<&mut dyn core[df12db4294e9bfd3]::future::future::Future<Output = ()>>>
[INFO] [stdout]   20:     0x5c091c519ed2 - <tokio[4e34e05dd46d8259]::runtime::runtime::Runtime>::block_on::<core[df12db4294e9bfd3]::pin::Pin<&mut dyn core[df12db4294e9bfd3]::future::future::Future<Output = ()>>>
[INFO] [stdout]   21:     0x5c091c50754e - <client[92b34159999d042a]::user_known_and_unknown::{closure#0} as core[df12db4294e9bfd3]::ops::function::FnOnce<()>>::call_once
[INFO] [stdout]   22:     0x5c091c53072b - test[9d35eded1c95d3be]::__rust_begin_short_backtrace::<core[df12db4294e9bfd3]::result::Result<(), alloc[2182bb758b4b3781]::string::String>, fn() -> core[df12db4294e9bfd3]::result::Result<(), alloc[2182bb758b4b3781]::string::String>>
[INFO] [stdout]   23:     0x5c091c53dd95 - test[9d35eded1c95d3be]::run_test::{closure#0}
[INFO] [stdout]   24:     0x5c091c537654 - std[70759c8f55707aa4]::sys::backtrace::__rust_begin_short_backtrace::<test[9d35eded1c95d3be]::run_test::{closure#1}, ()>
[INFO] [stdout]   25:     0x5c091c540ef2 - <std[70759c8f55707aa4]::thread::lifecycle::spawn_unchecked<test[9d35eded1c95d3be]::run_test::{closure#1}, ()>::{closure#1} as core[df12db4294e9bfd3]::ops::function::FnOnce<()>>::call_once::{shim:vtable#0}
[INFO] [stdout]   26:     0x5c091c805ed9 - <std[70759c8f55707aa4]::sys::thread::unix::Thread>::new::thread_start
[INFO] [stdout]   27:     0x7eb3f248bdfa - <unknown>
[INFO] [stdout]   28:     0x7eb3f251f3d4 - clone
[INFO] [stdout]   29:                0x0 - <unknown>
[INFO] [stdout] 
[INFO] [stdout] ---- item_deleted_stub stdout ----
[INFO] [stdout] 
[INFO] [stdout] thread 'item_deleted_stub' (2052) panicked at tests/client.rs:40:42:
[INFO] [stdout] called `Option::unwrap()` on a `None` value
[INFO] [stdout] stack backtrace:
[INFO] [stdout]    0:     0x5c091c8069b1 - <<std[70759c8f55707aa4]::sys::backtrace::BacktraceLock>::print::DisplayBacktrace as core[df12db4294e9bfd3]::fmt::Display>::fmt
[INFO] [stdout]    1:     0x5c091c81cc5a - core[df12db4294e9bfd3]::fmt::write
[INFO] [stdout]    2:     0x5c091c80b56c - <alloc[2182bb758b4b3781]::vec::Vec<u8> as core[df12db4294e9bfd3]::io::write::Write>::write_fmt
[INFO] [stdout]    3:     0x5c091c7e1846 - std[70759c8f55707aa4]::panicking::default_hook::{closure#0}
[INFO] [stdout]    4:     0x5c091c7fe8d9 - std[70759c8f55707aa4]::panicking::default_hook
[INFO] [stdout]    5:     0x5c091c53d440 - test[9d35eded1c95d3be]::test_main_inner::<test[9d35eded1c95d3be]::test_main_static::{closure#0}>::{closure#0}
[INFO] [stdout]    6:     0x5c091c7fec02 - std[70759c8f55707aa4]::panicking::panic_with_hook
[INFO] [stdout]    7:     0x5c091c7e1924 - std[70759c8f55707aa4]::panicking::panic_handler::{closure#0}
[INFO] [stdout]    8:     0x5c091c7da599 - std[70759c8f55707aa4]::sys::backtrace::__rust_end_short_backtrace::<std[70759c8f55707aa4]::panicking::panic_handler::{closure#0}, !>
[INFO] [stdout]    9:     0x5c091c7e26dd - __rustc[8fa7c3cbc660c2b3]::rust_begin_unwind
[INFO] [stdout]   10:     0x5c091c81d3bc - core[df12db4294e9bfd3]::panicking::panic_fmt
[INFO] [stdout]   11:     0x5c091c81d382 - core[df12db4294e9bfd3]::panicking::panic
[INFO] [stdout]   12:     0x5c091c81d139 - core[df12db4294e9bfd3]::option::unwrap_failed
[INFO] [stdout]   13:     0x5c091c5056cb - client[92b34159999d042a]::start_mock
[INFO] [stdout]   14:     0x5c091c520da1 - <std[70759c8f55707aa4]::sync::once::Once>::call_once_force::<<std[70759c8f55707aa4]::sync::once_lock::OnceLock<client[92b34159999d042a]::Mock>>::initialize<<std[70759c8f55707aa4]::sync::once_lock::OnceLock<client[92b34159999d042a]::Mock>>::get_or_init<client[92b34159999d042a]::start_mock>::{closure#0}, !>::{closure#0}>::{closure#0}
[INFO] [stdout]   15:     0x5c091c7e7909 - <std[70759c8f55707aa4]::sys::sync::once::futex::Once>::call
[INFO] [stdout]   16:     0x5c091c52029a - <std[70759c8f55707aa4]::sync::once_lock::OnceLock<client[92b34159999d042a]::Mock>>::initialize::<<std[70759c8f55707aa4]::sync::once_lock::OnceLock<client[92b34159999d042a]::Mock>>::get_or_init<client[92b34159999d042a]::start_mock>::{closure#0}, !>
[INFO] [stdout]   17:     0x5c091c5058b4 - client[92b34159999d042a]::client
[INFO] [stdout]   18:     0x5c091c4fff82 - client[92b34159999d042a]::item_deleted_stub::{closure#0}
[INFO] [stdout]   19:     0x5c091c52cfd7 - <tokio[4e34e05dd46d8259]::runtime::scheduler::current_thread::CurrentThread>::block_on::<core[df12db4294e9bfd3]::pin::Pin<&mut dyn core[df12db4294e9bfd3]::future::future::Future<Output = ()>>>
[INFO] [stdout]   20:     0x5c091c519ed2 - <tokio[4e34e05dd46d8259]::runtime::runtime::Runtime>::block_on::<core[df12db4294e9bfd3]::pin::Pin<&mut dyn core[df12db4294e9bfd3]::future::future::Future<Output = ()>>>
[INFO] [stdout]   21:     0x5c091c506a9e - <client[92b34159999d042a]::item_deleted_stub::{closure#0} as core[df12db4294e9bfd3]::ops::function::FnOnce<()>>::call_once
[INFO] [stdout]   22:     0x5c091c53072b - test[9d35eded1c95d3be]::__rust_begin_short_backtrace::<core[df12db4294e9bfd3]::result::Result<(), alloc[2182bb758b4b3781]::string::String>, fn() -> core[df12db4294e9bfd3]::result::Result<(), alloc[2182bb758b4b3781]::string::String>>
[INFO] [stdout]   23:     0x5c091c53dd95 - test[9d35eded1c95d3be]::run_test::{closure#0}
[INFO] [stdout]   24:     0x5c091c537654 - std[70759c8f55707aa4]::sys::backtrace::__rust_begin_short_backtrace::<test[9d35eded1c95d3be]::run_test::{closure#1}, ()>
[INFO] [stdout]   25:     0x5c091c540ef2 - <std[70759c8f55707aa4]::thread::lifecycle::spawn_unchecked<test[9d35eded1c95d3be]::run_test::{closure#1}, ()>::{closure#1} as core[df12db4294e9bfd3]::ops::function::FnOnce<()>>::call_once::{shim:vtable#0}
[INFO] [stdout]   26:     0x5c091c805ed9 - <std[70759c8f55707aa4]::sys::thread::unix::Thread>::new::thread_start
[INFO] [stdout]   27:     0x7eb3f248bdfa - <unknown>
[INFO] [stdout]   28:     0x7eb3f251f3d4 - clone
[INFO] [stdout]   29:                0x0 - <unknown>
[INFO] [stdout] 
[INFO] [stdout] ---- items_empty stdout ----
[INFO] [stdout] 
[INFO] [stdout] thread 'items_empty' (2056) panicked at tests/client.rs:40:42:
[INFO] [stdout] called `Option::unwrap()` on a `None` value
[INFO] [stdout] stack backtrace:
[INFO] [stdout]    0:     0x5c091c8069b1 - <<std[70759c8f55707aa4]::sys::backtrace::BacktraceLock>::print::DisplayBacktrace as core[df12db4294e9bfd3]::fmt::Display>::fmt
[INFO] [stdout]    1:     0x5c091c81cc5a - core[df12db4294e9bfd3]::fmt::write
[INFO] [stdout]    2:     0x5c091c80b56c - <alloc[2182bb758b4b3781]::vec::Vec<u8> as core[df12db4294e9bfd3]::io::write::Write>::write_fmt
[INFO] [stdout]    3:     0x5c091c7e1846 - std[70759c8f55707aa4]::panicking::default_hook::{closure#0}
[INFO] [stdout]    4:     0x5c091c7fe8d9 - std[70759c8f55707aa4]::panicking::default_hook
[INFO] [stdout]    5:     0x5c091c53d440 - test[9d35eded1c95d3be]::test_main_inner::<test[9d35eded1c95d3be]::test_main_static::{closure#0}>::{closure#0}
[INFO] [stdout]    6:     0x5c091c7fec02 - std[70759c8f55707aa4]::panicking::panic_with_hook
[INFO] [stdout]    7:     0x5c091c7e1924 - std[70759c8f55707aa4]::panicking::panic_handler::{closure#0}
[INFO] [stdout]    8:     0x5c091c7da599 - std[70759c8f55707aa4]::sys::backtrace::__rust_end_short_backtrace::<std[70759c8f55707aa4]::panicking::panic_handler::{closure#0}, !>
[INFO] [stdout]    9:     0x5c091c7e26dd - __rustc[8fa7c3cbc660c2b3]::rust_begin_unwind
[INFO] [stdout]   10:     0x5c091c81d3bc - core[df12db4294e9bfd3]::panicking::panic_fmt
[INFO] [stdout]   11:     0x5c091c81d382 - core[df12db4294e9bfd3]::panicking::panic
[INFO] [stdout]   12:     0x5c091c81d139 - core[df12db4294e9bfd3]::option::unwrap_failed
[INFO] [stdout]   13:     0x5c091c5056cb - client[92b34159999d042a]::start_mock
[INFO] [stdout]   14:     0x5c091c520da1 - <std[70759c8f55707aa4]::sync::once::Once>::call_once_force::<<std[70759c8f55707aa4]::sync::once_lock::OnceLock<client[92b34159999d042a]::Mock>>::initialize<<std[70759c8f55707aa4]::sync::once_lock::OnceLock<client[92b34159999d042a]::Mock>>::get_or_init<client[92b34159999d042a]::start_mock>::{closure#0}, !>::{closure#0}>::{closure#0}
[INFO] [stdout]   15:     0x5c091c7e7909 - <std[70759c8f55707aa4]::sys::sync::once::futex::Once>::call
[INFO] [stdout]   16:     0x5c091c52029a - <std[70759c8f55707aa4]::sync::once_lock::OnceLock<client[92b34159999d042a]::Mock>>::initialize::<<std[70759c8f55707aa4]::sync::once_lock::OnceLock<client[92b34159999d042a]::Mock>>::get_or_init<client[92b34159999d042a]::start_mock>::{closure#0}, !>
[INFO] [stdout]   17:     0x5c091c5058b4 - client[92b34159999d042a]::client
[INFO] [stdout]   18:     0x5c091c4ff6bf - client[92b34159999d042a]::items_empty::{closure#0}
[INFO] [stdout]   19:     0x5c091c52cfd7 - <tokio[4e34e05dd46d8259]::runtime::scheduler::current_thread::CurrentThread>::block_on::<core[df12db4294e9bfd3]::pin::Pin<&mut dyn core[df12db4294e9bfd3]::future::future::Future<Output = ()>>>
[INFO] [stdout]   20:     0x5c091c519ed2 - <tokio[4e34e05dd46d8259]::runtime::runtime::Runtime>::block_on::<core[df12db4294e9bfd3]::pin::Pin<&mut dyn core[df12db4294e9bfd3]::future::future::Future<Output = ()>>>
[INFO] [stdout]   21:     0x5c091c50655e - <client[92b34159999d042a]::items_empty::{closure#0} as core[df12db4294e9bfd3]::ops::function::FnOnce<()>>::call_once
[INFO] [stdout]   22:     0x5c091c53072b - test[9d35eded1c95d3be]::__rust_begin_short_backtrace::<core[df12db4294e9bfd3]::result::Result<(), alloc[2182bb758b4b3781]::string::String>, fn() -> core[df12db4294e9bfd3]::result::Result<(), alloc[2182bb758b4b3781]::string::String>>
[INFO] [stdout]   23:     0x5c091c53dd95 - test[9d35eded1c95d3be]::run_test::{closure#0}
[INFO] [stdout]   24:     0x5c091c537654 - std[70759c8f55707aa4]::sys::backtrace::__rust_begin_short_backtrace::<test[9d35eded1c95d3be]::run_test::{closure#1}, ()>
[INFO] [stdout]   25:     0x5c091c540ef2 - <std[70759c8f55707aa4]::thread::lifecycle::spawn_unchecked<test[9d35eded1c95d3be]::run_test::{closure#1}, ()>::{closure#1} as core[df12db4294e9bfd3]::ops::function::FnOnce<()>>::call_once::{shim:vtable#0}
[INFO] [stdout]   26:     0x5c091c805ed9 - <std[70759c8f55707aa4]::sys::thread::unix::Thread>::new::thread_start
[INFO] [stdout]   27:     0x7eb3f248bdfa - <unknown>
[INFO] [stdout]   28:     0x7eb3f251f3d4 - clone
[INFO] [stdout]   29:                0x0 - <unknown>
[INFO] [stdout] 
[INFO] [stdout] ---- id_lists stdout ----
[INFO] [stdout] 
[INFO] [stdout] thread 'id_lists' (2050) panicked at tests/client.rs:40:42:
[INFO] [stdout] called `Option::unwrap()` on a `None` value
[INFO] [stdout] stack backtrace:
[INFO] [stdout]    0:     0x5c091c8069b1 - <<std[70759c8f55707aa4]::sys::backtrace::BacktraceLock>::print::DisplayBacktrace as core[df12db4294e9bfd3]::fmt::Display>::fmt
[INFO] [stdout]    1:     0x5c091c81cc5a - core[df12db4294e9bfd3]::fmt::write
[INFO] [stdout]    2:     0x5c091c80b56c - <alloc[2182bb758b4b3781]::vec::Vec<u8> as core[df12db4294e9bfd3]::io::write::Write>::write_fmt
[INFO] [stdout]    3:     0x5c091c7e1846 - std[70759c8f55707aa4]::panicking::default_hook::{closure#0}
[INFO] [stdout]    4:     0x5c091c7fe8d9 - std[70759c8f55707aa4]::panicking::default_hook
[INFO] [stdout]    5:     0x5c091c53d440 - test[9d35eded1c95d3be]::test_main_inner::<test[9d35eded1c95d3be]::test_main_static::{closure#0}>::{closure#0}
[INFO] [stdout]    6:     0x5c091c7fec02 - std[70759c8f55707aa4]::panicking::panic_with_hook
[INFO] [stdout]    7:     0x5c091c7e1924 - std[70759c8f55707aa4]::panicking::panic_handler::{closure#0}
[INFO] [stdout]    8:     0x5c091c7da599 - std[70759c8f55707aa4]::sys::backtrace::__rust_end_short_backtrace::<std[70759c8f55707aa4]::panicking::panic_handler::{closure#0}, !>
[INFO] [stdout]    9:     0x5c091c7e26dd - __rustc[8fa7c3cbc660c2b3]::rust_begin_unwind
[INFO] [stdout]   10:     0x5c091c81d3bc - core[df12db4294e9bfd3]::panicking::panic_fmt
[INFO] [stdout]   11:     0x5c091c81d382 - core[df12db4294e9bfd3]::panicking::panic
[INFO] [stdout]   12:     0x5c091c81d139 - core[df12db4294e9bfd3]::option::unwrap_failed
[INFO] [stdout]   13:     0x5c091c5056cb - client[92b34159999d042a]::start_mock
[INFO] [stdout]   14:     0x5c091c520da1 - <std[70759c8f55707aa4]::sync::once::Once>::call_once_force::<<std[70759c8f55707aa4]::sync::once_lock::OnceLock<client[92b34159999d042a]::Mock>>::initialize<<std[70759c8f55707aa4]::sync::once_lock::OnceLock<client[92b34159999d042a]::Mock>>::get_or_init<client[92b34159999d042a]::start_mock>::{closure#0}, !>::{closure#0}>::{closure#0}
[INFO] [stdout]   15:     0x5c091c7e7909 - <std[70759c8f55707aa4]::sys::sync::once::futex::Once>::call
[INFO] [stdout]   16:     0x5c091c52029a - <std[70759c8f55707aa4]::sync::once_lock::OnceLock<client[92b34159999d042a]::Mock>>::initialize::<<std[70759c8f55707aa4]::sync::once_lock::OnceLock<client[92b34159999d042a]::Mock>>::get_or_init<client[92b34159999d042a]::start_mock>::{closure#0}, !>
[INFO] [stdout]   17:     0x5c091c5058b4 - client[92b34159999d042a]::client
[INFO] [stdout]   18:     0x5c091c502920 - client[92b34159999d042a]::id_lists::{closure#0}
[INFO] [stdout]   19:     0x5c091c52cfd7 - <tokio[4e34e05dd46d8259]::runtime::scheduler::current_thread::CurrentThread>::block_on::<core[df12db4294e9bfd3]::pin::Pin<&mut dyn core[df12db4294e9bfd3]::future::future::Future<Output = ()>>>
[INFO] [stdout]   20:     0x5c091c519ed2 - <tokio[4e34e05dd46d8259]::runtime::runtime::Runtime>::block_on::<core[df12db4294e9bfd3]::pin::Pin<&mut dyn core[df12db4294e9bfd3]::future::future::Future<Output = ()>>>
[INFO] [stdout]   21:     0x5c091c50798e - <client[92b34159999d042a]::id_lists::{closure#0} as core[df12db4294e9bfd3]::ops::function::FnOnce<()>>::call_once
[INFO] [stdout]   22:     0x5c091c53072b - test[9d35eded1c95d3be]::__rust_begin_short_backtrace::<core[df12db4294e9bfd3]::result::Result<(), alloc[2182bb758b4b3781]::string::String>, fn() -> core[df12db4294e9bfd3]::result::Result<(), alloc[2182bb758b4b3781]::string::String>>
[INFO] [stdout]   23:     0x5c091c53dd95 - test[9d35eded1c95d3be]::run_test::{closure#0}
[INFO] [stdout]   24:     0x5c091c537654 - std[70759c8f55707aa4]::sys::backtrace::__rust_begin_short_backtrace::<test[9d35eded1c95d3be]::run_test::{closure#1}, ()>
[INFO] [stdout]   25:     0x5c091c540ef2 - <std[70759c8f55707aa4]::thread::lifecycle::spawn_unchecked<test[9d35eded1c95d3be]::run_test::{closure#1}, ()>::{closure#1} as core[df12db4294e9bfd3]::ops::function::FnOnce<()>>::call_once::{shim:vtable#0}
[INFO] [stdout]   26:     0x5c091c805ed9 - <std[70759c8f55707aa4]::sys::thread::unix::Thread>::new::thread_start
[INFO] [stdout]   27:     0x7eb3f248bdfa - <unknown>
[INFO] [stdout]   28:     0x7eb3f251f3d4 - clone
[INFO] [stdout]   29:                0x0 - <unknown>
[INFO] [stdout] 
[INFO] [stdout] ---- http_500_propagates stdout ----
[INFO] [stdout] 
[INFO] [stdout] thread 'http_500_propagates' (2049) panicked at tests/client.rs:40:42:
[INFO] [stdout] called `Option::unwrap()` on a `None` value
[INFO] [stdout] stack backtrace:
[INFO] [stdout]    0:     0x5c091c8069b1 - <<std[70759c8f55707aa4]::sys::backtrace::BacktraceLock>::print::DisplayBacktrace as core[df12db4294e9bfd3]::fmt::Display>::fmt
[INFO] [stdout]    1:     0x5c091c81cc5a - core[df12db4294e9bfd3]::fmt::write
[INFO] [stdout]    2:     0x5c091c80b56c - <alloc[2182bb758b4b3781]::vec::Vec<u8> as core[df12db4294e9bfd3]::io::write::Write>::write_fmt
[INFO] [stdout]    3:     0x5c091c7e1846 - std[70759c8f55707aa4]::panicking::default_hook::{closure#0}
[INFO] [stdout]    4:     0x5c091c7fe8d9 - std[70759c8f55707aa4]::panicking::default_hook
[INFO] [stdout]    5:     0x5c091c53d440 - test[9d35eded1c95d3be]::test_main_inner::<test[9d35eded1c95d3be]::test_main_static::{closure#0}>::{closure#0}
[INFO] [stdout]    6:     0x5c091c7fec02 - std[70759c8f55707aa4]::panicking::panic_with_hook
[INFO] [stdout]    7:     0x5c091c7e1924 - std[70759c8f55707aa4]::panicking::panic_handler::{closure#0}
[INFO] [stdout]    8:     0x5c091c7da599 - std[70759c8f55707aa4]::sys::backtrace::__rust_end_short_backtrace::<std[70759c8f55707aa4]::panicking::panic_handler::{closure#0}, !>
[INFO] [stdout]    9:     0x5c091c7e26dd - __rustc[8fa7c3cbc660c2b3]::rust_begin_unwind
[INFO] [stdout]   10:     0x5c091c81d3bc - core[df12db4294e9bfd3]::panicking::panic_fmt
[INFO] [stdout]   11:     0x5c091c81d382 - core[df12db4294e9bfd3]::panicking::panic
[INFO] [stdout]   12:     0x5c091c81d139 - core[df12db4294e9bfd3]::option::unwrap_failed
[INFO] [stdout]   13:     0x5c091c5056cb - client[92b34159999d042a]::start_mock
[INFO] [stdout]   14:     0x5c091c520da1 - <std[70759c8f55707aa4]::sync::once::Once>::call_once_force::<<std[70759c8f55707aa4]::sync::once_lock::OnceLock<client[92b34159999d042a]::Mock>>::initialize<<std[70759c8f55707aa4]::sync::once_lock::OnceLock<client[92b34159999d042a]::Mock>>::get_or_init<client[92b34159999d042a]::start_mock>::{closure#0}, !>::{closure#0}>::{closure#0}
[INFO] [stdout]   15:     0x5c091c7e7909 - <std[70759c8f55707aa4]::sys::sync::once::futex::Once>::call
[INFO] [stdout]   16:     0x5c091c52029a - <std[70759c8f55707aa4]::sync::once_lock::OnceLock<client[92b34159999d042a]::Mock>>::initialize::<<std[70759c8f55707aa4]::sync::once_lock::OnceLock<client[92b34159999d042a]::Mock>>::get_or_init<client[92b34159999d042a]::start_mock>::{closure#0}, !>
[INFO] [stdout]   17:     0x5c091c5058b4 - client[92b34159999d042a]::client
[INFO] [stdout]   18:     0x5c091c500814 - client[92b34159999d042a]::http_500_propagates::{closure#0}
[INFO] [stdout]   19:     0x5c091c52cfd7 - <tokio[4e34e05dd46d8259]::runtime::scheduler::current_thread::CurrentThread>::block_on::<core[df12db4294e9bfd3]::pin::Pin<&mut dyn core[df12db4294e9bfd3]::future::future::Future<Output = ()>>>
[INFO] [stdout]   20:     0x5c091c519ed2 - <tokio[4e34e05dd46d8259]::runtime::runtime::Runtime>::block_on::<core[df12db4294e9bfd3]::pin::Pin<&mut dyn core[df12db4294e9bfd3]::future::future::Future<Output = ()>>>
[INFO] [stdout]   21:     0x5c091c506dde - <client[92b34159999d042a]::http_500_propagates::{closure#0} as core[df12db4294e9bfd3]::ops::function::FnOnce<()>>::call_once
[INFO] [stdout]   22:     0x5c091c53072b - test[9d35eded1c95d3be]::__rust_begin_short_backtrace::<core[df12db4294e9bfd3]::result::Result<(), alloc[2182bb758b4b3781]::string::String>, fn() -> core[df12db4294e9bfd3]::result::Result<(), alloc[2182bb758b4b3781]::string::String>>
[INFO] [stdout]   23:     0x5c091c53dd95 - test[9d35eded1c95d3be]::run_test::{closure#0}
[INFO] [stdout]   24:     0x5c091c537654 - std[70759c8f55707aa4]::sys::backtrace::__rust_begin_short_backtrace::<test[9d35eded1c95d3be]::run_test::{closure#1}, ()>
[INFO] [stdout]   25:     0x5c091c540ef2 - <std[70759c8f55707aa4]::thread::lifecycle::spawn_unchecked<test[9d35eded1c95d3be]::run_test::{closure#1}, ()>::{closure#1} as core[df12db4294e9bfd3]::ops::function::FnOnce<()>>::call_once::{shim:vtable#0}
[INFO] [stdout]   26:     0x5c091c805ed9 - <std[70759c8f55707aa4]::sys::thread::unix::Thread>::new::thread_start
[INFO] [stdout]   27:     0x7eb3f248bdfa - <unknown>
[INFO] [stdout]   28:     0x7eb3f251f3d4 - clone
[INFO] [stdout]   29:                0x0 - <unknown>
[INFO] [stdout] 
[INFO] [stdout] ---- item_null stdout ----
[INFO] [stdout] 
[INFO] [stdout] thread 'item_null' (2054) panicked at tests/client.rs:40:42:
[INFO] [stdout] called `Option::unwrap()` on a `None` value
[INFO] [stdout] stack backtrace:
[INFO] [stdout]    0:     0x5c091c8069b1 - <<std[70759c8f55707aa4]::sys::backtrace::BacktraceLock>::print::DisplayBacktrace as core[df12db4294e9bfd3]::fmt::Display>::fmt
[INFO] [stdout]    1:     0x5c091c81cc5a - core[df12db4294e9bfd3]::fmt::write
[INFO] [stdout]    2:     0x5c091c80b56c - <alloc[2182bb758b4b3781]::vec::Vec<u8> as core[df12db4294e9bfd3]::io::write::Write>::write_fmt
[INFO] [stdout]    3:     0x5c091c7e1846 - std[70759c8f55707aa4]::panicking::default_hook::{closure#0}
[INFO] [stdout]    4:     0x5c091c7fe8d9 - std[70759c8f55707aa4]::panicking::default_hook
[INFO] [stdout]    5:     0x5c091c53d440 - test[9d35eded1c95d3be]::test_main_inner::<test[9d35eded1c95d3be]::test_main_static::{closure#0}>::{closure#0}
[INFO] [stdout]    6:     0x5c091c7fec02 - std[70759c8f55707aa4]::panicking::panic_with_hook
[INFO] [stdout]    7:     0x5c091c7e1924 - std[70759c8f55707aa4]::panicking::panic_handler::{closure#0}
[INFO] [stdout]    8:     0x5c091c7da599 - std[70759c8f55707aa4]::sys::backtrace::__rust_end_short_backtrace::<std[70759c8f55707aa4]::panicking::panic_handler::{closure#0}, !>
[INFO] [stdout]    9:     0x5c091c7e26dd - __rustc[8fa7c3cbc660c2b3]::rust_begin_unwind
[INFO] [stdout]   10:     0x5c091c81d3bc - core[df12db4294e9bfd3]::panicking::panic_fmt
[INFO] [stdout]   11:     0x5c091c81d382 - core[df12db4294e9bfd3]::panicking::panic
[INFO] [stdout]   12:     0x5c091c81d139 - core[df12db4294e9bfd3]::option::unwrap_failed
[INFO] [stdout]   13:     0x5c091c5056cb - client[92b34159999d042a]::start_mock
[INFO] [stdout]   14:     0x5c091c520da1 - <std[70759c8f55707aa4]::sync::once::Once>::call_once_force::<<std[70759c8f55707aa4]::sync::once_lock::OnceLock<client[92b34159999d042a]::Mock>>::initialize<<std[70759c8f55707aa4]::sync::once_lock::OnceLock<client[92b34159999d042a]::Mock>>::get_or_init<client[92b34159999d042a]::start_mock>::{closure#0}, !>::{closure#0}>::{closure#0}
[INFO] [stdout]   15:     0x5c091c7e7909 - <std[70759c8f55707aa4]::sys::sync::once::futex::Once>::call
[INFO] [stdout]   16:     0x5c091c52029a - <std[70759c8f55707aa4]::sync::once_lock::OnceLock<client[92b34159999d042a]::Mock>>::initialize::<<std[70759c8f55707aa4]::sync::once_lock::OnceLock<client[92b34159999d042a]::Mock>>::get_or_init<client[92b34159999d042a]::start_mock>::{closure#0}, !>
[INFO] [stdout]   17:     0x5c091c5058b4 - client[92b34159999d042a]::client
[INFO] [stdout]   18:     0x5c091c502fc2 - client[92b34159999d042a]::item_null::{closure#0}
[INFO] [stdout]   19:     0x5c091c52cfd7 - <tokio[4e34e05dd46d8259]::runtime::scheduler::current_thread::CurrentThread>::block_on::<core[df12db4294e9bfd3]::pin::Pin<&mut dyn core[df12db4294e9bfd3]::future::future::Future<Output = ()>>>
[INFO] [stdout]   20:     0x5c091c519ed2 - <tokio[4e34e05dd46d8259]::runtime::runtime::Runtime>::block_on::<core[df12db4294e9bfd3]::pin::Pin<&mut dyn core[df12db4294e9bfd3]::future::future::Future<Output = ()>>>
[INFO] [stdout]   21:     0x5c091c507cce - <client[92b34159999d042a]::item_null::{closure#0} as core[df12db4294e9bfd3]::ops::function::FnOnce<()>>::call_once
[INFO] [stdout]   22:     0x5c091c53072b - test[9d35eded1c95d3be]::__rust_begin_short_backtrace::<core[df12db4294e9bfd3]::result::Result<(), alloc[2182bb758b4b3781]::string::String>, fn() -> core[df12db4294e9bfd3]::result::Result<(), alloc[2182bb758b4b3781]::string::String>>
[INFO] [stdout]   23:     0x5c091c53dd95 - test[9d35eded1c95d3be]::run_test::{closure#0}
[INFO] [stdout]   24:     0x5c091c537654 - std[70759c8f55707aa4]::sys::backtrace::__rust_begin_short_backtrace::<test[9d35eded1c95d3be]::run_test::{closure#1}, ()>
[INFO] [stdout]   25:     0x5c091c540ef2 - <std[70759c8f55707aa4]::thread::lifecycle::spawn_unchecked<test[9d35eded1c95d3be]::run_test::{closure#1}, ()>::{closure#1} as core[df12db4294e9bfd3]::ops::function::FnOnce<()>>::call_once::{shim:vtable#0}
[INFO] [stdout]   26:     0x5c091c805ed9 - <std[70759c8f55707aa4]::sys::thread::unix::Thread>::new::thread_start
[INFO] [stdout]   27:     0x7eb3f248bdfa - <unknown>
[INFO] [stdout]   28:     0x7eb3f251f3d4 - clone
[INFO] [stdout]   29:                0x0 - <unknown>
[INFO] [stdout] 
[INFO] [stdout] ---- top_stories_hydration stdout ----
[INFO] [stdout] 
[INFO] [stdout] thread 'top_stories_hydration' (2061) panicked at tests/client.rs:40:42:
[INFO] [stdout] called `Option::unwrap()` on a `None` value
[INFO] [stdout] stack backtrace:
[INFO] [stdout]    0:     0x5c091c8069b1 - <<std[70759c8f55707aa4]::sys::backtrace::BacktraceLock>::print::DisplayBacktrace as core[df12db4294e9bfd3]::fmt::Display>::fmt
[INFO] [stdout]    1:     0x5c091c81cc5a - core[df12db4294e9bfd3]::fmt::write
[INFO] [stdout]    2:     0x5c091c80b56c - <alloc[2182bb758b4b3781]::vec::Vec<u8> as core[df12db4294e9bfd3]::io::write::Write>::write_fmt
[INFO] [stdout]    3:     0x5c091c7e1846 - std[70759c8f55707aa4]::panicking::default_hook::{closure#0}
[INFO] [stdout]    4:     0x5c091c7fe8d9 - std[70759c8f55707aa4]::panicking::default_hook
[INFO] [stdout]    5:     0x5c091c53d440 - test[9d35eded1c95d3be]::test_main_inner::<test[9d35eded1c95d3be]::test_main_static::{closure#0}>::{closure#0}
[INFO] [stdout]    6:     0x5c091c7fec02 - std[70759c8f55707aa4]::panicking::panic_with_hook
[INFO] [stdout]    7:     0x5c091c7e1924 - std[70759c8f55707aa4]::panicking::panic_handler::{closure#0}
[INFO] [stdout]    8:     0x5c091c7da599 - std[70759c8f55707aa4]::sys::backtrace::__rust_end_short_backtrace::<std[70759c8f55707aa4]::panicking::panic_handler::{closure#0}, !>
[INFO] [stdout]    9:     0x5c091c7e26dd - __rustc[8fa7c3cbc660c2b3]::rust_begin_unwind
[INFO] [stdout]   10:     0x5c091c81d3bc - core[df12db4294e9bfd3]::panicking::panic_fmt
[INFO] [stdout]   11:     0x5c091c81d382 - core[df12db4294e9bfd3]::panicking::panic
[INFO] [stdout]   12:     0x5c091c81d139 - core[df12db4294e9bfd3]::option::unwrap_failed
[INFO] [stdout]   13:     0x5c091c5056cb - client[92b34159999d042a]::start_mock
[INFO] [stdout]   14:     0x5c091c520da1 - <std[70759c8f55707aa4]::sync::once::Once>::call_once_force::<<std[70759c8f55707aa4]::sync::once_lock::OnceLock<client[92b34159999d042a]::Mock>>::initialize<<std[70759c8f55707aa4]::sync::once_lock::OnceLock<client[92b34159999d042a]::Mock>>::get_or_init<client[92b34159999d042a]::start_mock>::{closure#0}, !>::{closure#0}>::{closure#0}
[INFO] [stdout]   15:     0x5c091c7e7909 - <std[70759c8f55707aa4]::sys::sync::once::futex::Once>::call
[INFO] [stdout]   16:     0x5c091c52029a - <std[70759c8f55707aa4]::sync::once_lock::OnceLock<client[92b34159999d042a]::Mock>>::initialize::<<std[70759c8f55707aa4]::sync::once_lock::OnceLock<client[92b34159999d042a]::Mock>>::get_or_init<client[92b34159999d042a]::start_mock>::{closure#0}, !>
[INFO] [stdout]   17:     0x5c091c5058b4 - client[92b34159999d042a]::client
[INFO] [stdout]   18:     0x5c091c501296 - client[92b34159999d042a]::top_stories_hydration::{closure#0}
[INFO] [stdout]   19:     0x5c091c52cfd7 - <tokio[4e34e05dd46d8259]::runtime::scheduler::current_thread::CurrentThread>::block_on::<core[df12db4294e9bfd3]::pin::Pin<&mut dyn core[df12db4294e9bfd3]::future::future::Future<Output = ()>>>
[INFO] [stdout]   20:     0x5c091c519ed2 - <tokio[4e34e05dd46d8259]::runtime::runtime::Runtime>::block_on::<core[df12db4294e9bfd3]::pin::Pin<&mut dyn core[df12db4294e9bfd3]::future::future::Future<Output = ()>>>
[INFO] [stdout]   21:     0x5c091c50730e - <client[92b34159999d042a]::top_stories_hydration::{closure#0} as core[df12db4294e9bfd3]::ops::function::FnOnce<()>>::call_once
[INFO] [stdout]   22:     0x5c091c53072b - test[9d35eded1c95d3be]::__rust_begin_short_backtrace::<core[df12db4294e9bfd3]::result::Result<(), alloc[2182bb758b4b3781]::string::String>, fn() -> core[df12db4294e9bfd3]::result::Result<(), alloc[2182bb758b4b3781]::string::String>>
[INFO] [stdout]   23:     0x5c091c53dd95 - test[9d35eded1c95d3be]::run_test::{closure#0}
[INFO] [stdout]   24:     0x5c091c537654 - std[70759c8f55707aa4]::sys::backtrace::__rust_begin_short_backtrace::<test[9d35eded1c95d3be]::run_test::{closure#1}, ()>
[INFO] [stdout]   25:     0x5c091c540ef2 - <std[70759c8f55707aa4]::thread::lifecycle::spawn_unchecked<test[9d35eded1c95d3be]::run_test::{closure#1}, ()>::{closure#1} as core[df12db4294e9bfd3]::ops::function::FnOnce<()>>::call_once::{shim:vtable#0}
[INFO] [stdout]   26:     0x5c091c805ed9 - <std[70759c8f55707aa4]::sys::thread::unix::Thread>::new::thread_start
[INFO] [stdout]   27:     0x7eb3f248bdfa - <unknown>
[INFO] [stdout]   28:     0x7eb3f251f3d4 - clone
[INFO] [stdout]   29:                0x0 - <unknown>
[INFO] [stdout] 
[INFO] [stdout] ---- max_item_and_updates stdout ----
[INFO] [stdout] 
[INFO] [stdout] thread 'max_item_and_updates' (2059) panicked at tests/client.rs:40:42:
[INFO] [stdout] called `Option::unwrap()` on a `None` value
[INFO] [stdout] stack backtrace:
[INFO] [stdout]    0:     0x5c091c8069b1 - <<std[70759c8f55707aa4]::sys::backtrace::BacktraceLock>::print::DisplayBacktrace as core[df12db4294e9bfd3]::fmt::Display>::fmt
[INFO] [stdout]    1:     0x5c091c81cc5a - core[df12db4294e9bfd3]::fmt::write
[INFO] [stdout]    2:     0x5c091c80b56c - <alloc[2182bb758b4b3781]::vec::Vec<u8> as core[df12db4294e9bfd3]::io::write::Write>::write_fmt
[INFO] [stdout]    3:     0x5c091c7e1846 - std[70759c8f55707aa4]::panicking::default_hook::{closure#0}
[INFO] [stdout]    4:     0x5c091c7fe8d9 - std[70759c8f55707aa4]::panicking::default_hook
[INFO] [stdout]    5:     0x5c091c53d440 - test[9d35eded1c95d3be]::test_main_inner::<test[9d35eded1c95d3be]::test_main_static::{closure#0}>::{closure#0}
[INFO] [stdout]    6:     0x5c091c7fec02 - std[70759c8f55707aa4]::panicking::panic_with_hook
[INFO] [stdout]    7:     0x5c091c7e1924 - std[70759c8f55707aa4]::panicking::panic_handler::{closure#0}
[INFO] [stdout]    8:     0x5c091c7da599 - std[70759c8f55707aa4]::sys::backtrace::__rust_end_short_backtrace::<std[70759c8f55707aa4]::panicking::panic_handler::{closure#0}, !>
[INFO] [stdout]    9:     0x5c091c7e26dd - __rustc[8fa7c3cbc660c2b3]::rust_begin_unwind
[INFO] [stdout]   10:     0x5c091c81d3bc - core[df12db4294e9bfd3]::panicking::panic_fmt
[INFO] [stdout]   11:     0x5c091c81d382 - core[df12db4294e9bfd3]::panicking::panic
[INFO] [stdout]   12:     0x5c091c81d139 - core[df12db4294e9bfd3]::option::unwrap_failed
[INFO] [stdout]   13:     0x5c091c5056cb - client[92b34159999d042a]::start_mock
[INFO] [stdout]   14:     0x5c091c520da1 - <std[70759c8f55707aa4]::sync::once::Once>::call_once_force::<<std[70759c8f55707aa4]::sync::once_lock::OnceLock<client[92b34159999d042a]::Mock>>::initialize<<std[70759c8f55707aa4]::sync::once_lock::OnceLock<client[92b34159999d042a]::Mock>>::get_or_init<client[92b34159999d042a]::start_mock>::{closure#0}, !>::{closure#0}>::{closure#0}
[INFO] [stdout]   15:     0x5c091c7e7909 - <std[70759c8f55707aa4]::sys::sync::once::futex::Once>::call
[INFO] [stdout]   16:     0x5c091c52029a - <std[70759c8f55707aa4]::sync::once_lock::OnceLock<client[92b34159999d042a]::Mock>>::initialize::<<std[70759c8f55707aa4]::sync::once_lock::OnceLock<client[92b34159999d042a]::Mock>>::get_or_init<client[92b34159999d042a]::start_mock>::{closure#0}, !>
[INFO] [stdout]   17:     0x5c091c5058b4 - client[92b34159999d042a]::client
[INFO] [stdout]   18:     0x5c091c500cc3 - client[92b34159999d042a]::max_item_and_updates::{closure#0}
[INFO] [stdout]   19:     0x5c091c52cfd7 - <tokio[4e34e05dd46d8259]::runtime::scheduler::current_thread::CurrentThread>::block_on::<core[df12db4294e9bfd3]::pin::Pin<&mut dyn core[df12db4294e9bfd3]::future::future::Future<Output = ()>>>
[INFO] [stdout]   20:     0x5c091c519ed2 - <tokio[4e34e05dd46d8259]::runtime::runtime::Runtime>::block_on::<core[df12db4294e9bfd3]::pin::Pin<&mut dyn core[df12db4294e9bfd3]::future::future::Future<Output = ()>>>
[INFO] [stdout]   21:     0x5c091c50713e - <client[92b34159999d042a]::max_item_and_updates::{closure#0} as core[df12db4294e9bfd3]::ops::function::FnOnce<()>>::call_once
[INFO] [stdout]   22:     0x5c091c53072b - test[9d35eded1c95d3be]::__rust_begin_short_backtrace::<core[df12db4294e9bfd3]::result::Result<(), alloc[2182bb758b4b3781]::string::String>, fn() -> core[df12db4294e9bfd3]::result::Result<(), alloc[2182bb758b4b3781]::string::String>>
[INFO] [stdout]   23:     0x5c091c53dd95 - test[9d35eded1c95d3be]::run_test::{closure#0}
[INFO] [stdout]   24:     0x5c091c537654 - std[70759c8f55707aa4]::sys::backtrace::__rust_begin_short_backtrace::<test[9d35eded1c95d3be]::run_test::{closure#1}, ()>
[INFO] [stdout]   25:     0x5c091c540ef2 - <std[70759c8f55707aa4]::thread::lifecycle::spawn_unchecked<test[9d35eded1c95d3be]::run_test::{closure#1}, ()>::{closure#1} as core[df12db4294e9bfd3]::ops::function::FnOnce<()>>::call_once::{shim:vtable#0}
[INFO] [stdout]   26:     0x5c091c805ed9 - <std[70759c8f55707aa4]::sys::thread::unix::Thread>::new::thread_start
[INFO] [stdout]   27:     0x7eb3f248bdfa - <unknown>
[INFO] [stdout]   28:     0x7eb3f251f3d4 - clone
[INFO] [stdout]   29:                0x0 - <unknown>
[INFO] [stdout] 
[INFO] [stdout] ---- item_each_variant stdout ----
[INFO] [stdout] 
[INFO] [stdout] thread 'item_each_variant' (2053) panicked at tests/client.rs:40:42:
[INFO] [stdout] called `Option::unwrap()` on a `None` value
[INFO] [stdout] stack backtrace:
[INFO] [stdout]    0:     0x5c091c8069b1 - <<std[70759c8f55707aa4]::sys::backtrace::BacktraceLock>::print::DisplayBacktrace as core[df12db4294e9bfd3]::fmt::Display>::fmt
[INFO] [stdout]    1:     0x5c091c81cc5a - core[df12db4294e9bfd3]::fmt::write
[INFO] [stdout]    2:     0x5c091c80b56c - <alloc[2182bb758b4b3781]::vec::Vec<u8> as core[df12db4294e9bfd3]::io::write::Write>::write_fmt
[INFO] [stdout]    3:     0x5c091c7e1846 - std[70759c8f55707aa4]::panicking::default_hook::{closure#0}
[INFO] [stdout]    4:     0x5c091c7fe8d9 - std[70759c8f55707aa4]::panicking::default_hook
[INFO] [stdout]    5:     0x5c091c53d440 - test[9d35eded1c95d3be]::test_main_inner::<test[9d35eded1c95d3be]::test_main_static::{closure#0}>::{closure#0}
[INFO] [stdout]    6:     0x5c091c7fec02 - std[70759c8f55707aa4]::panicking::panic_with_hook
[INFO] [stdout]    7:     0x5c091c7e1924 - std[70759c8f55707aa4]::panicking::panic_handler::{closure#0}
[INFO] [stdout]    8:     0x5c091c7da599 - std[70759c8f55707aa4]::sys::backtrace::__rust_end_short_backtrace::<std[70759c8f55707aa4]::panicking::panic_handler::{closure#0}, !>
[INFO] [stdout]    9:     0x5c091c7e26dd - __rustc[8fa7c3cbc660c2b3]::rust_begin_unwind
[INFO] [stdout]   10:     0x5c091c81d3bc - core[df12db4294e9bfd3]::panicking::panic_fmt
[INFO] [stdout]   11:     0x5c091c81d382 - core[df12db4294e9bfd3]::panicking::panic
[INFO] [stdout]   12:     0x5c091c81d139 - core[df12db4294e9bfd3]::option::unwrap_failed
[INFO] [stdout]   13:     0x5c091c5056cb - client[92b34159999d042a]::start_mock
[INFO] [stdout]   14:     0x5c091c520da1 - <std[70759c8f55707aa4]::sync::once::Once>::call_once_force::<<std[70759c8f55707aa4]::sync::once_lock::OnceLock<client[92b34159999d042a]::Mock>>::initialize<<std[70759c8f55707aa4]::sync::once_lock::OnceLock<client[92b34159999d042a]::Mock>>::get_or_init<client[92b34159999d042a]::start_mock>::{closure#0}, !>::{closure#0}>::{closure#0}
[INFO] [stdout]   15:     0x5c091c7e7909 - <std[70759c8f55707aa4]::sys::sync::once::futex::Once>::call
[INFO] [stdout]   16:     0x5c091c52029a - <std[70759c8f55707aa4]::sync::once_lock::OnceLock<client[92b34159999d042a]::Mock>>::initialize::<<std[70759c8f55707aa4]::sync::once_lock::OnceLock<client[92b34159999d042a]::Mock>>::get_or_init<client[92b34159999d042a]::start_mock>::{closure#0}, !>
[INFO] [stdout]   17:     0x5c091c5058b4 - client[92b34159999d042a]::client
[INFO] [stdout]   18:     0x5c091c5001ae - client[92b34159999d042a]::item_each_variant::{closure#0}
[INFO] [stdout]   19:     0x5c091c52cfd7 - <tokio[4e34e05dd46d8259]::runtime::scheduler::current_thread::CurrentThread>::block_on::<core[df12db4294e9bfd3]::pin::Pin<&mut dyn core[df12db4294e9bfd3]::future::future::Future<Output = ()>>>
[INFO] [stdout]   20:     0x5c091c519ed2 - <tokio[4e34e05dd46d8259]::runtime::runtime::Runtime>::block_on::<core[df12db4294e9bfd3]::pin::Pin<&mut dyn core[df12db4294e9bfd3]::future::future::Future<Output = ()>>>
[INFO] [stdout]   21:     0x5c091c506c7e - <client[92b34159999d042a]::item_each_variant::{closure#0} as core[df12db4294e9bfd3]::ops::function::FnOnce<()>>::call_once
[INFO] [stdout]   22:     0x5c091c53072b - test[9d35eded1c95d3be]::__rust_begin_short_backtrace::<core[df12db4294e9bfd3]::result::Result<(), alloc[2182bb758b4b3781]::string::String>, fn() -> core[df12db4294e9bfd3]::result::Result<(), alloc[2182bb758b4b3781]::string::String>>
[INFO] [stdout]   23:     0x5c091c53dd95 - test[9d35eded1c95d3be]::run_test::{closure#0}
[INFO] [stdout]   24:     0x5c091c537654 - std[70759c8f55707aa4]::sys::backtrace::__rust_begin_short_backtrace::<test[9d35eded1c95d3be]::run_test::{closure#1}, ()>
[INFO] [stdout]   25:     0x5c091c540ef2 - <std[70759c8f55707aa4]::thread::lifecycle::spawn_unchecked<test[9d35eded1c95d3be]::run_test::{closure#1}, ()>::{closure#1} as core[df12db4294e9bfd3]::ops::function::FnOnce<()>>::call_once::{shim:vtable#0}
[INFO] [stdout]   26:     0x5c091c805ed9 - <std[70759c8f55707aa4]::sys::thread::unix::Thread>::new::thread_start
[INFO] [stdout]   27:     0x7eb3f248bdfa - <unknown>
[INFO] [stdout]   28:     0x7eb3f251f3d4 - clone
[INFO] [stdout]   29:                0x0 - <unknown>
[INFO] [stdout] 
[INFO] [stdout] ---- item_dead stdout ----
[INFO] [stdout] 
[INFO] [stdout] thread 'item_dead' (2051) panicked at tests/client.rs:40:42:
[INFO] [stdout] called `Option::unwrap()` on a `None` value
[INFO] [stdout] stack backtrace:
[INFO] [stdout]    0:     0x5c091c8069b1 - <<std[70759c8f55707aa4]::sys::backtrace::BacktraceLock>::print::DisplayBacktrace as core[df12db4294e9bfd3]::fmt::Display>::fmt
[INFO] [stdout]    1:     0x5c091c81cc5a - core[df12db4294e9bfd3]::fmt::write
[INFO] [stdout]    2:     0x5c091c80b56c - <alloc[2182bb758b4b3781]::vec::Vec<u8> as core[df12db4294e9bfd3]::io::write::Write>::write_fmt
[INFO] [stdout]    3:     0x5c091c7e1846 - std[70759c8f55707aa4]::panicking::default_hook::{closure#0}
[INFO] [stdout]    4:     0x5c091c7fe8d9 - std[70759c8f55707aa4]::panicking::default_hook
[INFO] [stdout]    5:     0x5c091c53d440 - test[9d35eded1c95d3be]::test_main_inner::<test[9d35eded1c95d3be]::test_main_static::{closure#0}>::{closure#0}
[INFO] [stdout]    6:     0x5c091c7fec02 - std[70759c8f55707aa4]::panicking::panic_with_hook
[INFO] [stdout]    7:     0x5c091c7e1924 - std[70759c8f55707aa4]::panicking::panic_handler::{closure#0}
[INFO] [stdout]    8:     0x5c091c7da599 - std[70759c8f55707aa4]::sys::backtrace::__rust_end_short_backtrace::<std[70759c8f55707aa4]::panicking::panic_handler::{closure#0}, !>
[INFO] [stdout]    9:     0x5c091c7e26dd - __rustc[8fa7c3cbc660c2b3]::rust_begin_unwind
[INFO] [stdout]   10:     0x5c091c81d3bc - core[df12db4294e9bfd3]::panicking::panic_fmt
[INFO] [stdout]   11:     0x5c091c81d382 - core[df12db4294e9bfd3]::panicking::panic
[INFO] [stdout]   12:     0x5c091c81d139 - core[df12db4294e9bfd3]::option::unwrap_failed
[INFO] [stdout]   13:     0x5c091c5056cb - client[92b34159999d042a]::start_mock
[INFO] [stdout]   14:     0x5c091c520da1 - <std[70759c8f55707aa4]::sync::once::Once>::call_once_force::<<std[70759c8f55707aa4]::sync::once_lock::OnceLock<client[92b34159999d042a]::Mock>>::initialize<<std[70759c8f55707aa4]::sync::once_lock::OnceLock<client[92b34159999d042a]::Mock>>::get_or_init<client[92b34159999d042a]::start_mock>::{closure#0}, !>::{closure#0}>::{closure#0}
[INFO] [stdout]   15:     0x5c091c7e7909 - <std[70759c8f55707aa4]::sys::sync::once::futex::Once>::call
[INFO] [stdout]   16:     0x5c091c52029a - <std[70759c8f55707aa4]::sync::once_lock::OnceLock<client[92b34159999d042a]::Mock>>::initialize::<<std[70759c8f55707aa4]::sync::once_lock::OnceLock<client[92b34159999d042a]::Mock>>::get_or_init<client[92b34159999d042a]::start_mock>::{closure#0}, !>
[INFO] [stdout]   17:     0x5c091c5058b4 - client[92b34159999d042a]::client
[INFO] [stdout]   18:     0x5c091c502c96 - client[92b34159999d042a]::item_dead::{closure#0}
[INFO] [stdout]   19:     0x5c091c52cfd7 - <tokio[4e34e05dd46d8259]::runtime::scheduler::current_thread::CurrentThread>::block_on::<core[df12db4294e9bfd3]::pin::Pin<&mut dyn core[df12db4294e9bfd3]::future::future::Future<Output = ()>>>
[INFO] [stdout]   20:     0x5c091c519ed2 - <tokio[4e34e05dd46d8259]::runtime::runtime::Runtime>::block_on::<core[df12db4294e9bfd3]::pin::Pin<&mut dyn core[df12db4294e9bfd3]::future::future::Future<Output = ()>>>
[INFO] [stdout]   21:     0x5c091c507aee - <client[92b34159999d042a]::item_dead::{closure#0} as core[df12db4294e9bfd3]::ops::function::FnOnce<()>>::call_once
[INFO] [stdout]   22:     0x5c091c53072b - test[9d35eded1c95d3be]::__rust_begin_short_backtrace::<core[df12db4294e9bfd3]::result::Result<(), alloc[2182bb758b4b3781]::string::String>, fn() -> core[df12db4294e9bfd3]::result::Result<(), alloc[2182bb758b4b3781]::string::String>>
[INFO] [stdout]   23:     0x5c091c53dd95 - test[9d35eded1c95d3be]::run_test::{closure#0}
[INFO] [stdout]   24:     0x5c091c537654 - std[70759c8f55707aa4]::sys::backtrace::__rust_begin_short_backtrace::<test[9d35eded1c95d3be]::run_test::{closure#1}, ()>
[INFO] [stdout]   25:     0x5c091c540ef2 - <std[70759c8f55707aa4]::thread::lifecycle::spawn_unchecked<test[9d35eded1c95d3be]::run_test::{closure#1}, ()>::{closure#1} as core[df12db4294e9bfd3]::ops::function::FnOnce<()>>::call_once::{shim:vtable#0}
[INFO] [stdout]   26:     0x5c091c805ed9 - <std[70759c8f55707aa4]::sys::thread::unix::Thread>::new::thread_start
[INFO] [stdout]   27:     0x7eb3f248bdfa - <unknown>
[INFO] [stdout]   28:     0x7eb3f251f3d4 - clone
[INFO] [stdout]   29:                0x0 - <unknown>
[INFO] [stdout] 
[INFO] [stdout] ---- item_story stdout ----
[INFO] [stdout] 
[INFO] [stdout] thread 'item_story' (2055) panicked at tests/client.rs:40:42:
[INFO] [stdout] called `Option::unwrap()` on a `None` value
[INFO] [stdout] stack backtrace:
[INFO] [stdout]    0:     0x5c091c8069b1 - <<std[70759c8f55707aa4]::sys::backtrace::BacktraceLock>::print::DisplayBacktrace as core[df12db4294e9bfd3]::fmt::Display>::fmt
[INFO] [stdout]    1:     0x5c091c81cc5a - core[df12db4294e9bfd3]::fmt::write
[INFO] [stdout]    2:     0x5c091c80b56c - <alloc[2182bb758b4b3781]::vec::Vec<u8> as core[df12db4294e9bfd3]::io::write::Write>::write_fmt
[INFO] [stdout]    3:     0x5c091c7e1846 - std[70759c8f55707aa4]::panicking::default_hook::{closure#0}
[INFO] [stdout]    4:     0x5c091c7fe8d9 - std[70759c8f55707aa4]::panicking::default_hook
[INFO] [stdout]    5:     0x5c091c53d440 - test[9d35eded1c95d3be]::test_main_inner::<test[9d35eded1c95d3be]::test_main_static::{closure#0}>::{closure#0}
[INFO] [stdout]    6:     0x5c091c7fec02 - std[70759c8f55707aa4]::panicking::panic_with_hook
[INFO] [stdout]    7:     0x5c091c7e1924 - std[70759c8f55707aa4]::panicking::panic_handler::{closure#0}
[INFO] [stdout]    8:     0x5c091c7da599 - std[70759c8f55707aa4]::sys::backtrace::__rust_end_short_backtrace::<std[70759c8f55707aa4]::panicking::panic_handler::{closure#0}, !>
[INFO] [stdout]    9:     0x5c091c7e26dd - __rustc[8fa7c3cbc660c2b3]::rust_begin_unwind
[INFO] [stdout]   10:     0x5c091c81d3bc - core[df12db4294e9bfd3]::panicking::panic_fmt
[INFO] [stdout]   11:     0x5c091c81d382 - core[df12db4294e9bfd3]::panicking::panic
[INFO] [stdout]   12:     0x5c091c81d139 - core[df12db4294e9bfd3]::option::unwrap_failed
[INFO] [stdout]   13:     0x5c091c5056cb - client[92b34159999d042a]::start_mock
[INFO] [stdout]   14:     0x5c091c520da1 - <std[70759c8f55707aa4]::sync::once::Once>::call_once_force::<<std[70759c8f55707aa4]::sync::once_lock::OnceLock<client[92b34159999d042a]::Mock>>::initialize<<std[70759c8f55707aa4]::sync::once_lock::OnceLock<client[92b34159999d042a]::Mock>>::get_or_init<client[92b34159999d042a]::start_mock>::{closure#0}, !>::{closure#0}>::{closure#0}
[INFO] [stdout]   15:     0x5c091c7e7909 - <std[70759c8f55707aa4]::sys::sync::once::futex::Once>::call
[INFO] [stdout]   16:     0x5c091c52029a - <std[70759c8f55707aa4]::sync::once_lock::OnceLock<client[92b34159999d042a]::Mock>>::initialize::<<std[70759c8f55707aa4]::sync::once_lock::OnceLock<client[92b34159999d042a]::Mock>>::get_or_init<client[92b34159999d042a]::start_mock>::{closure#0}, !>
[INFO] [stdout]   17:     0x5c091c5058b4 - client[92b34159999d042a]::client
[INFO] [stdout]   18:     0x5c091c4ff321 - client[92b34159999d042a]::item_story::{closure#0}
[INFO] [stdout]   19:     0x5c091c52cfd7 - <tokio[4e34e05dd46d8259]::runtime::scheduler::current_thread::CurrentThread>::block_on::<core[df12db4294e9bfd3]::pin::Pin<&mut dyn core[df12db4294e9bfd3]::future::future::Future<Output = ()>>>
[INFO] [stdout]   20:     0x5c091c519ed2 - <tokio[4e34e05dd46d8259]::runtime::runtime::Runtime>::block_on::<core[df12db4294e9bfd3]::pin::Pin<&mut dyn core[df12db4294e9bfd3]::future::future::Future<Output = ()>>>
[INFO] [stdout]   21:     0x5c091c50637e - <client[92b34159999d042a]::item_story::{closure#0} as core[df12db4294e9bfd3]::ops::function::FnOnce<()>>::call_once
[INFO] [stdout]   22:     0x5c091c53072b - test[9d35eded1c95d3be]::__rust_begin_short_backtrace::<core[df12db4294e9bfd3]::result::Result<(), alloc[2182bb758b4b3781]::string::String>, fn() -> core[df12db4294e9bfd3]::result::Result<(), alloc[2182bb758b4b3781]::string::String>>
[INFO] [stdout]   23:     0x5c091c53dd95 - test[9d35eded1c95d3be]::run_test::{closure#0}
[INFO] [stdout]   24:     0x5c091c537654 - std[70759c8f55707aa4]::sys::backtrace::__rust_begin_short_backtrace::<test[9d35eded1c95d3be]::run_test::{closure#1}, ()>
[INFO] [stdout]   25:     0x5c091c540ef2 - <std[70759c8f55707aa4]::thread::lifecycle::spawn_unchecked<test[9d35eded1c95d3be]::run_test::{closure#1}, ()>::{closure#1} as core[df12db4294e9bfd3]::ops::function::FnOnce<()>>::call_once::{shim:vtable#0}
[INFO] [stdout]   26:     0x5c091c805ed9 - <std[70759c8f55707aa4]::sys::thread::unix::Thread>::new::thread_start
[INFO] [stdout]   27:     0x7eb3f248bdfa - <unknown>
[INFO] [stdout]   28:     0x7eb3f251f3d4 - clone
[INFO] [stdout]   29:                0x0 - <unknown>
[INFO] [stdout] 
[INFO] [stdout] ---- unknown_path_404 stdout ----
[INFO] [stdout] 
[INFO] [stdout] thread 'unknown_path_404' (2062) panicked at tests/client.rs:40:42:
[INFO] [stdout] called `Option::unwrap()` on a `None` value
[INFO] [stdout] stack backtrace:
[INFO] [stdout]    0:     0x5c091c8069b1 - <<std[70759c8f55707aa4]::sys::backtrace::BacktraceLock>::print::DisplayBacktrace as core[df12db4294e9bfd3]::fmt::Display>::fmt
[INFO] [stdout]    1:     0x5c091c81cc5a - core[df12db4294e9bfd3]::fmt::write
[INFO] [stdout]    2:     0x5c091c80b56c - <alloc[2182bb758b4b3781]::vec::Vec<u8> as core[df12db4294e9bfd3]::io::write::Write>::write_fmt
[INFO] [stdout]    3:     0x5c091c7e1846 - std[70759c8f55707aa4]::panicking::default_hook::{closure#0}
[INFO] [stdout]    4:     0x5c091c7fe8d9 - std[70759c8f55707aa4]::panicking::default_hook
[INFO] [stdout]    5:     0x5c091c53d440 - test[9d35eded1c95d3be]::test_main_inner::<test[9d35eded1c95d3be]::test_main_static::{closure#0}>::{closure#0}
[INFO] [stdout]    6:     0x5c091c7fec02 - std[70759c8f55707aa4]::panicking::panic_with_hook
[INFO] [stdout]    7:     0x5c091c7e1924 - std[70759c8f55707aa4]::panicking::panic_handler::{closure#0}
[INFO] [stdout]    8:     0x5c091c7da599 - std[70759c8f55707aa4]::sys::backtrace::__rust_end_short_backtrace::<std[70759c8f55707aa4]::panicking::panic_handler::{closure#0}, !>
[INFO] [stdout]    9:     0x5c091c7e26dd - __rustc[8fa7c3cbc660c2b3]::rust_begin_unwind
[INFO] [stdout]   10:     0x5c091c81d3bc - core[df12db4294e9bfd3]::panicking::panic_fmt
[INFO] [stdout]   11:     0x5c091c81d382 - core[df12db4294e9bfd3]::panicking::panic
[INFO] [stdout]   12:     0x5c091c81d139 - core[df12db4294e9bfd3]::option::unwrap_failed
[INFO] [stdout]   13:     0x5c091c5056cb - client[92b34159999d042a]::start_mock
[INFO] [stdout]   14:     0x5c091c520da1 - <std[70759c8f55707aa4]::sync::once::Once>::call_once_force::<<std[70759c8f55707aa4]::sync::once_lock::OnceLock<client[92b34159999d042a]::Mock>>::initialize<<std[70759c8f55707aa4]::sync::once_lock::OnceLock<client[92b34159999d042a]::Mock>>::get_or_init<client[92b34159999d042a]::start_mock>::{closure#0}, !>::{closure#0}>::{closure#0}
[INFO] [stdout]   15:     0x5c091c7e7909 - <std[70759c8f55707aa4]::sys::sync::once::futex::Once>::call
[INFO] [stdout]   16:     0x5c091c52029a - <std[70759c8f55707aa4]::sync::once_lock::OnceLock<client[92b34159999d042a]::Mock>>::initialize::<<std[70759c8f55707aa4]::sync::once_lock::OnceLock<client[92b34159999d042a]::Mock>>::get_or_init<client[92b34159999d042a]::start_mock>::{closure#0}, !>
[INFO] [stdout]   17:     0x5c091c5058b4 - client[92b34159999d042a]::client
[INFO] [stdout]   18:     0x5c091c4ffcc4 - client[92b34159999d042a]::unknown_path_404::{closure#0}
[INFO] [stdout]   19:     0x5c091c52cfd7 - <tokio[4e34e05dd46d8259]::runtime::scheduler::current_thread::CurrentThread>::block_on::<core[df12db4294e9bfd3]::pin::Pin<&mut dyn core[df12db4294e9bfd3]::future::future::Future<Output = ()>>>
[INFO] [stdout]   20:     0x5c091c519ed2 - <tokio[4e34e05dd46d8259]::runtime::runtime::Runtime>::block_on::<core[df12db4294e9bfd3]::pin::Pin<&mut dyn core[df12db4294e9bfd3]::future::future::Future<Output = ()>>>
[INFO] [stdout]   21:     0x5c091c5068be - <client[92b34159999d042a]::unknown_path_404::{closure#0} as core[df12db4294e9bfd3]::ops::function::FnOnce<()>>::call_once
[INFO] [stdout]   22:     0x5c091c53072b - test[9d35eded1c95d3be]::__rust_begin_short_backtrace::<core[df12db4294e9bfd3]::result::Result<(), alloc[2182bb758b4b3781]::string::String>, fn() -> core[df12db4294e9bfd3]::result::Result<(), alloc[2182bb758b4b3781]::string::String>>
[INFO] [stdout]   23:     0x5c091c53dd95 - test[9d35eded1c95d3be]::run_test::{closure#0}
[INFO] [stdout]   24:     0x5c091c537654 - std[70759c8f55707aa4]::sys::backtrace::__rust_begin_short_backtrace::<test[9d35eded1c95d3be]::run_test::{closure#1}, ()>
[INFO] [stdout]   25:     0x5c091c540ef2 - <std[70759c8f55707aa4]::thread::lifecycle::spawn_unchecked<test[9d35eded1c95d3be]::run_test::{closure#1}, ()>::{closure#1} as core[df12db4294e9bfd3]::ops::function::FnOnce<()>>::call_once::{shim:vtable#0}
[INFO] [stdout]   26:     0x5c091c805ed9 - <std[70759c8f55707aa4]::sys::thread::unix::Thread>::new::thread_start
[INFO] [stdout]   27:     0x7eb3f248bdfa - <unknown>
[INFO] [stdout]   28:     0x7eb3f251f3d4 - clone
[INFO] [stdout]   29:                0x0 - <unknown>
[INFO] [stdout] 
[INFO] [stdout] ---- items_fail_fast_500 stdout ----
[INFO] [stdout] 
[INFO] [stdout] thread 'items_fail_fast_500' (2057) panicked at tests/client.rs:40:42:
[INFO] [stdout] called `Option::unwrap()` on a `None` value
[INFO] [stdout] stack backtrace:
[INFO] [stdout]    0:     0x5c091c8069b1 - <<std[70759c8f55707aa4]::sys::backtrace::BacktraceLock>::print::DisplayBacktrace as core[df12db4294e9bfd3]::fmt::Display>::fmt
[INFO] [stdout]    1:     0x5c091c81cc5a - core[df12db4294e9bfd3]::fmt::write
[INFO] [stdout]    2:     0x5c091c80b56c - <alloc[2182bb758b4b3781]::vec::Vec<u8> as core[df12db4294e9bfd3]::io::write::Write>::write_fmt
[INFO] [stdout]    3:     0x5c091c7e1846 - std[70759c8f55707aa4]::panicking::default_hook::{closure#0}
[INFO] [stdout]    4:     0x5c091c7fe8d9 - std[70759c8f55707aa4]::panicking::default_hook
[INFO] [stdout]    5:     0x5c091c53d440 - test[9d35eded1c95d3be]::test_main_inner::<test[9d35eded1c95d3be]::test_main_static::{closure#0}>::{closure#0}
[INFO] [stdout]    6:     0x5c091c7fec02 - std[70759c8f55707aa4]::panicking::panic_with_hook
[INFO] [stdout]    7:     0x5c091c7e1924 - std[70759c8f55707aa4]::panicking::panic_handler::{closure#0}
[INFO] [stdout]    8:     0x5c091c7da599 - std[70759c8f55707aa4]::sys::backtrace::__rust_end_short_backtrace::<std[70759c8f55707aa4]::panicking::panic_handler::{closure#0}, !>
[INFO] [stdout]    9:     0x5c091c7e26dd - __rustc[8fa7c3cbc660c2b3]::rust_begin_unwind
[INFO] [stdout]   10:     0x5c091c81d3bc - core[df12db4294e9bfd3]::panicking::panic_fmt
[INFO] [stdout]   11:     0x5c091c81d382 - core[df12db4294e9bfd3]::panicking::panic
[INFO] [stdout]   12:     0x5c091c81d139 - core[df12db4294e9bfd3]::option::unwrap_failed
[INFO] [stdout]   13:     0x5c091c5056cb - client[92b34159999d042a]::start_mock
[INFO] [stdout]   14:     0x5c091c520da1 - <std[70759c8f55707aa4]::sync::once::Once>::call_once_force::<<std[70759c8f55707aa4]::sync::once_lock::OnceLock<client[92b34159999d042a]::Mock>>::initialize<<std[70759c8f55707aa4]::sync::once_lock::OnceLock<client[92b34159999d042a]::Mock>>::get_or_init<client[92b34159999d042a]::start_mock>::{closure#0}, !>::{closure#0}>::{closure#0}
[INFO] [stdout]   15:     0x5c091c7e7909 - <std[70759c8f55707aa4]::sys::sync::once::futex::Once>::call
[INFO] [stdout]   16:     0x5c091c52029a - <std[70759c8f55707aa4]::sync::once_lock::OnceLock<client[92b34159999d042a]::Mock>>::initialize::<<std[70759c8f55707aa4]::sync::once_lock::OnceLock<client[92b34159999d042a]::Mock>>::get_or_init<client[92b34159999d042a]::start_mock>::{closure#0}, !>
[INFO] [stdout]   17:     0x5c091c5058b4 - client[92b34159999d042a]::client
[INFO] [stdout]   18:     0x5c091c500aa1 - client[92b34159999d042a]::items_fail_fast_500::{closure#0}
[INFO] [stdout]   19:     0x5c091c52cfd7 - <tokio[4e34e05dd46d8259]::runtime::scheduler::current_thread::CurrentThread>::block_on::<core[df12db4294e9bfd3]::pin::Pin<&mut dyn core[df12db4294e9bfd3]::future::future::Future<Output = ()>>>
[INFO] [stdout]   20:     0x5c091c519ed2 - <tokio[4e34e05dd46d8259]::runtime::runtime::Runtime>::block_on::<core[df12db4294e9bfd3]::pin::Pin<&mut dyn core[df12db4294e9bfd3]::future::future::Future<Output = ()>>>
[INFO] [stdout]   21:     0x5c091c506fbe - <client[92b34159999d042a]::items_fail_fast_500::{closure#0} as core[df12db4294e9bfd3]::ops::function::FnOnce<()>>::call_once
[INFO] [stdout]   22:     0x5c091c53072b - test[9d35eded1c95d3be]::__rust_begin_short_backtrace::<core[df12db4294e9bfd3]::result::Result<(), alloc[2182bb758b4b3781]::string::String>, fn() -> core[df12db4294e9bfd3]::result::Result<(), alloc[2182bb758b4b3781]::string::String>>
[INFO] [stdout]   23:     0x5c091c53dd95 - test[9d35eded1c95d3be]::run_test::{closure#0}
[INFO] [stdout]   24:     0x5c091c537654 - std[70759c8f55707aa4]::sys::backtrace::__rust_begin_short_backtrace::<test[9d35eded1c95d3be]::run_test::{closure#1}, ()>
[INFO] [stdout]   25:     0x5c091c540ef2 - <std[70759c8f55707aa4]::thread::lifecycle::spawn_unchecked<test[9d35eded1c95d3be]::run_test::{closure#1}, ()>::{closure#1} as core[df12db4294e9bfd3]::ops::function::FnOnce<()>>::call_once::{shim:vtable#0}
[INFO] [stdout]   26:     0x5c091c805ed9 - <std[70759c8f55707aa4]::sys::thread::unix::Thread>::new::thread_start
[INFO] [stdout]   27:     0x7eb3f248bdfa - <unknown>
[INFO] [stdout]   28:     0x7eb3f251f3d4 - clone
[INFO] [stdout]   29:                0x0 - <unknown>
[INFO] [stdout] 
[INFO] [stdout] 
[INFO] [stdout] failures:
[INFO] [stdout]     comment_tree_prunes_deleted
[INFO] [stdout]     http_500_propagates
[INFO] [stdout]     id_lists
[INFO] [stdout]     item_dead
[INFO] [stdout]     item_deleted_stub
[INFO] [stdout]     item_each_variant
[INFO] [stdout]     item_null
[INFO] [stdout]     item_story
[INFO] [stdout]     items_empty
[INFO] [stdout]     items_fail_fast_500
[INFO] [stdout]     items_order_and_null_drop
[INFO] [stdout]     max_item_and_updates
[INFO] [stdout]     timeout_surfaces
[INFO] [stdout]     top_stories_hydration
[INFO] [stdout]     unknown_path_404
[INFO] [stdout]     user_known_and_unknown
[INFO] [stdout] 
[INFO] [stdout] test result: FAILED. 0 passed; 16 failed; 0 ignored; 0 measured; 0 filtered out; finished in 4.14s
[INFO] [stdout] 
[INFO] running `Command { std: "docker" "inspect" "696932c13ae8f751995077777e2447999ced6c9ad9976b759efaad91b0033d0a", kill_on_drop: false }`
[INFO] running `Command { std: "docker" "rm" "-f" "696932c13ae8f751995077777e2447999ced6c9ad9976b759efaad91b0033d0a", kill_on_drop: false }`
[INFO] [stdout] 696932c13ae8f751995077777e2447999ced6c9ad9976b759efaad91b0033d0a
