[INFO] fetching crate gwt-sweep 0.1.3...
[INFO] testing gwt-sweep-0.1.3 against 1.100.0-beta.1+cargoflags=--release for beta-release-1.100-2
[INFO] extracting crate gwt-sweep 0.1.3 into /workspace/builds/worker-3-tc2/source
[INFO] started tweaking crates.io crate gwt-sweep 0.1.3
[INFO] finished tweaking crates.io crate gwt-sweep 0.1.3
[INFO] tweaked toml for crates.io crate gwt-sweep 0.1.3 written to /workspace/builds/worker-3-tc2/source/Cargo.toml
[INFO] validating manifest of crates.io crate gwt-sweep 0.1.3 on toolchain 1.100.0-beta.1
[INFO] running `Command { std: CARGO_HOME="/workspace/cargo-home" RUSTUP_HOME="/workspace/rustup-home" "/workspace/cargo-home/bin/cargo" "+1.100.0-beta.1" "metadata" "--manifest-path" "Cargo.toml" "--no-deps", kill_on_drop: false }`
[INFO] crate crates.io crate gwt-sweep 0.1.3 already has a lockfile, it will not be regenerated
[INFO] running `Command { std: CARGO_HOME="/workspace/cargo-home" RUSTUP_HOME="/workspace/rustup-home" "/workspace/cargo-home/bin/cargo" "+1.100.0-beta.1" "fetch" "--manifest-path" "Cargo.toml", kill_on_drop: false }`
[INFO] running `Command { std: "docker" "create" "-v" "/var/lib/crater-agent-workspace/builds/worker-3-tc2/source:/opt/rustwide/workdir:ro,Z" "-v" "/var/lib/crater-agent-workspace/builds/worker-3-tc2/target:/opt/rustwide/target:rw,Z" "-v" "/var/lib/crater-agent-workspace/cargo-home:/opt/rustwide/cargo-home:ro,Z" "-v" "/var/lib/crater-agent-workspace/rustup-home:/opt/rustwide/rustup-home:ro,Z" "-m" "1610612736" "--network" "none" "ghcr.io/rust-lang/crates-build-env/linux@sha256:77db811e55d90add9212f6832c23229e3de5f1c1f9905e8cb07319ea15df73ac" "sleep" "infinity", kill_on_drop: false }`
[INFO] [stdout] 5255857c346638081903034fecbbe8af05db6fc636c1d7547ee50ba3a4e7036f
[INFO] running `Command { std: "docker" "start" "5255857c346638081903034fecbbe8af05db6fc636c1d7547ee50ba3a4e7036f", kill_on_drop: false }`
[INFO] running `Command { std: "docker" "inspect" "5255857c346638081903034fecbbe8af05db6fc636c1d7547ee50ba3a4e7036f", kill_on_drop: false }`
[INFO] running `Command { std: "docker" "exec" "-e" "SOURCE_DIR=/opt/rustwide/workdir" "-e" "CARGO_HOME=/opt/rustwide/cargo-home" "-e" "RUSTUP_HOME=/opt/rustwide/rustup-home" "-e" "CARGO_TARGET_DIR=/opt/rustwide/target" "-w" "/opt/rustwide/workdir" "--user" "0:0" "5255857c346638081903034fecbbe8af05db6fc636c1d7547ee50ba3a4e7036f" "/opt/rustwide/cargo-home/bin/cargo" "+1.100.0-beta.1" "metadata" "--no-deps" "--format-version=1", kill_on_drop: false }`
[INFO] running `Command { std: "docker" "inspect" "5255857c346638081903034fecbbe8af05db6fc636c1d7547ee50ba3a4e7036f", kill_on_drop: false }`
[INFO] running `Command { std: "docker" "exec" "-e" "SOURCE_DIR=/opt/rustwide/workdir" "-e" "CARGO_HOME=/opt/rustwide/cargo-home" "-e" "RUSTUP_HOME=/opt/rustwide/rustup-home" "-e" "CARGO_TARGET_DIR=/opt/rustwide/target" "-e" "CARGO_INCREMENTAL=0" "-e" "RUST_BACKTRACE=full" "-e" "RUSTFLAGS=--cap-lints=warn" "-e" "RUSTDOCFLAGS=--cap-lints=warn" "-w" "/opt/rustwide/workdir" "--user" "0:0" "5255857c346638081903034fecbbe8af05db6fc636c1d7547ee50ba3a4e7036f" "/opt/rustwide/cargo-home/bin/cargo" "+1.100.0-beta.1" "build" "--frozen" "--message-format=json" "--release", kill_on_drop: false }`
[INFO] [stderr]    Compiling libz-sys v1.1.29
[INFO] [stderr]    Compiling libgit2-sys v0.18.5+1.9.4
[INFO] [stderr]    Compiling aho-corasick v1.1.4
[INFO] [stderr]    Compiling clap_derive v4.6.1
[INFO] [stderr]    Compiling console v0.16.3
[INFO] [stderr]    Compiling bstr v1.12.1
[INFO] [stderr]    Compiling bitflags v2.13.0
[INFO] [stderr]    Compiling unit-prefix v0.5.2
[INFO] [stderr]    Compiling indicatif v0.18.4
[INFO] [stderr]    Compiling regex-automata v0.4.14
[INFO] [stderr]    Compiling clap v4.6.1
[INFO] [stderr]    Compiling globset v0.4.18
[INFO] [stderr]    Compiling git2 v0.21.0
[INFO] [stderr]    Compiling gwt-sweep v0.1.3 (/opt/rustwide/workdir)
[INFO] [stderr]     Finished `release` profile [optimized] target(s) in 2m 02s
[INFO] running `Command { std: "docker" "inspect" "5255857c346638081903034fecbbe8af05db6fc636c1d7547ee50ba3a4e7036f", kill_on_drop: false }`
[INFO] running `Command { std: "docker" "exec" "-e" "SOURCE_DIR=/opt/rustwide/workdir" "-e" "CARGO_HOME=/opt/rustwide/cargo-home" "-e" "RUSTUP_HOME=/opt/rustwide/rustup-home" "-e" "CARGO_TARGET_DIR=/opt/rustwide/target" "-e" "CARGO_INCREMENTAL=0" "-e" "RUST_BACKTRACE=full" "-e" "RUSTFLAGS=--cap-lints=warn" "-e" "RUSTDOCFLAGS=--cap-lints=warn" "-w" "/opt/rustwide/workdir" "--user" "0:0" "5255857c346638081903034fecbbe8af05db6fc636c1d7547ee50ba3a4e7036f" "/opt/rustwide/cargo-home/bin/cargo" "+1.100.0-beta.1" "test" "--frozen" "--no-run" "--message-format=json" "--release", kill_on_drop: false }`
[INFO] [stderr]    Compiling git2 v0.21.0
[INFO] [stderr]    Compiling gwt-sweep v0.1.3 (/opt/rustwide/workdir)
[INFO] [stderr]     Finished `release` profile [optimized] target(s) in 16.22s
[INFO] running `Command { std: "docker" "inspect" "5255857c346638081903034fecbbe8af05db6fc636c1d7547ee50ba3a4e7036f", kill_on_drop: false }`
[INFO] running `Command { std: "docker" "exec" "-e" "SOURCE_DIR=/opt/rustwide/workdir" "-e" "CARGO_HOME=/opt/rustwide/cargo-home" "-e" "RUSTUP_HOME=/opt/rustwide/rustup-home" "-e" "CARGO_TARGET_DIR=/opt/rustwide/target" "-e" "CARGO_INCREMENTAL=0" "-e" "RUST_BACKTRACE=full" "-e" "RUSTFLAGS=--cap-lints=warn" "-e" "RUSTDOCFLAGS=--cap-lints=warn" "-w" "/opt/rustwide/workdir" "--user" "0:0" "5255857c346638081903034fecbbe8af05db6fc636c1d7547ee50ba3a4e7036f" "/opt/rustwide/cargo-home/bin/cargo" "+1.100.0-beta.1" "test" "--frozen" "--release", kill_on_drop: false }`
[INFO] [stderr]     Finished `release` profile [optimized] target(s) in 0.11s
[INFO] [stderr]      Running unittests src/main.rs (/opt/rustwide/target/release/build/gwt-sweep/a1bf4549855be210/out/gwt_sweep-a1bf4549855be210)
[INFO] [stdout] 
[INFO] [stdout] running 36 tests
[INFO] [stdout] test cli::tests::parses_options_at_top_level ... ok
[INFO] [stdout] test duration::tests::parses_duration_specs ... ok
[INFO] [stdout] test report::tests::formats_sizes_with_iec_units ... ok
[INFO] [stdout] test report::tests::json_report_has_items_and_summary ... ok
[INFO] [stdout] test fs_scan::tests::disk_usage_counts_hard_linked_inode_once ... ok
[INFO] [stdout] test report::tests::text_report_is_silent_when_empty ... ok
[INFO] [stdout] test fs_scan::tests::disk_usage_includes_nested_entries ... ok
[INFO] [stdout] test report::tests::text_report_hides_errors_and_summary ... ok
[INFO] [stdout] test report::tests::verbose_text_report_mentions_empty_results ... ok
[INFO] [stdout] test report::tests::verbose_text_report_includes_errors_and_summary ... ok
[INFO] [stdout] test report::tests::text_report_uses_dynamic_column_widths ... ok
[INFO] [stdout] test fs_scan::tests::disk_usage_does_not_follow_symlinks ... ok
[INFO] [stdout] test fs_scan::tests::disk_usage_errors_for_missing_path ... ok
[INFO] [stdout] test sweep::tests::default_merged_base_ignores_main_tag ... ok
[INFO] [stdout] test sweep::tests::default_selectors_include_gone_branches ... ok
[INFO] [stdout] test sweep::tests::build_report_reports_repository_progress ... ok
[INFO] [stdout] test sweep::tests::existing_non_repo_path_is_reported_in_json_shape ... ok
[INFO] [stdout] test sweep::tests::delete_branch_without_safe_base_does_not_delete_unmerged_branch ... ok
[INFO] [stdout] test sweep::tests::dry_run_reports_branch_delete_safety_error ... ok
[INFO] [stdout] test sweep::tests::default_branch_delete_base_ignores_main_tag ... ok
[INFO] [stdout] test sweep::tests::branch_delete_failure_is_reported_separately_after_worktree_removal ... ok
[INFO] [stdout] test sweep::tests::default_selectors_do_not_require_merge_base_for_gone_branch ... ok
[INFO] [stdout] test sweep::tests::default_selectors_ignore_broken_origin_head_for_gone_branch ... ok
[INFO] [stdout] test sweep::tests::missing_input_path_is_reported_in_json_shape ... ok
[INFO] [stdout] test sweep::tests::dry_run_reports_dirty_worktree_as_skip ... ok
[INFO] [stdout] test sweep::tests::prunable_worktree_metadata_is_reported_without_aborting ... ok
[INFO] [stdout] test sweep::tests::force_removes_merged_worktree_and_deletes_branch ... ok
[INFO] [stdout] test sweep::tests::force_refuses_to_delete_merge_target_branch ... ok
[INFO] [stdout] test sweep::tests::force_with_dirty_removes_dirty_worktree ... ok
[INFO] [stdout] test sweep::tests::include_path_matches_worktree_basename ... ok
[INFO] [stdout] test sweep::tests::merged_without_resolvable_base_reports_error ... ok
[INFO] [stdout] test sweep::tests::merged_to_alone_selects_merged_worktrees ... ok
[INFO] [stdout] test sweep::tests::recursive_discovery_deduplicates_worktrees_from_the_same_repo ... ok
[INFO] [stdout] test sweep::tests::older_than_scan_error_is_reported_as_item_error ... FAILED
[INFO] [stdout] test sweep::tests::recursive_discovery_skips_hidden_directories_by_default ... ok
[INFO] [stdout] test sweep::tests::recursive_discovery_includes_hidden_directories_with_hidden_flag ... ok
[INFO] [stdout] 
[INFO] [stdout] failures:
[INFO] [stdout] 
[INFO] [stdout] ---- sweep::tests::older_than_scan_error_is_reported_as_item_error stdout ----
[INFO] [stdout] 
[INFO] [stdout] thread 'sweep::tests::older_than_scan_error_is_reported_as_item_error' (1212) panicked at src/sweep.rs:876:9:
[INFO] [stdout] assertion `left == right` failed
[INFO] [stdout]   left: "would_remove"
[INFO] [stdout]  right: "error"
[INFO] [stdout] stack backtrace:
[INFO] [stdout]    0:     0x63de3cd4ed11 - <<std[617be2ca0a6fd877]::sys::backtrace::BacktraceLock>::print::DisplayBacktrace as core[a373ad73a504971]::fmt::Display>::fmt
[INFO] [stdout]    1:     0x63de3cd65f0a - core[a373ad73a504971]::fmt::write
[INFO] [stdout]    2:     0x63de3cd5434c - <alloc[2e1b2a31b91974c5]::vec::Vec<u8> as core[a373ad73a504971]::io::write::Write>::write_fmt
[INFO] [stdout]    3:     0x63de3cd28476 - std[617be2ca0a6fd877]::panicking::default_hook::{closure#0}
[INFO] [stdout]    4:     0x63de3cd46059 - std[617be2ca0a6fd877]::panicking::default_hook
[INFO] [stdout]    5:     0x63de3cb18ad0 - test[aada8e7e76ba119b]::test_main_inner::{closure#0}
[INFO] [stdout]    6:     0x63de3cd46382 - std[617be2ca0a6fd877]::panicking::panic_with_hook
[INFO] [stdout]    7:     0x63de3cd28522 - std[617be2ca0a6fd877]::panicking::panic_handler::{closure#0}
[INFO] [stdout]    8:     0x63de3cd20a19 - std[617be2ca0a6fd877]::sys::backtrace::__rust_end_short_backtrace::<std[617be2ca0a6fd877]::panicking::panic_handler::{closure#0}, !>
[INFO] [stdout]    9:     0x63de3cd294dd - __rustc[ea4f61d10b84890b]::rust_begin_unwind
[INFO] [stdout]   10:     0x63de3cd666ec - core[a373ad73a504971]::panicking::panic_fmt
[INFO] [stdout]   11:     0x63de3cd66603 - core[a373ad73a504971]::panicking::assert_failed_inner
[INFO] [stdout]   12:     0x63de3cb02d83 - core[a373ad73a504971]::panicking::assert_failed::<alloc[2e1b2a31b91974c5]::string::String, &str>
[INFO] [stdout]   13:     0x63de3cacfdf7 - <gwt_sweep[6ae76c0d75f65120]::sweep::tests::older_than_scan_error_is_reported_as_item_error::{closure#0} as core[a373ad73a504971]::ops::function::FnOnce<()>>::call_once
[INFO] [stdout]   14:     0x63de3cb0bf1b - test[aada8e7e76ba119b]::__rust_begin_short_backtrace::<core[a373ad73a504971]::result::Result<(), alloc[2e1b2a31b91974c5]::string::String>, fn() -> core[a373ad73a504971]::result::Result<(), alloc[2e1b2a31b91974c5]::string::String>>
[INFO] [stdout]   15:     0x63de3cb190f5 - test[aada8e7e76ba119b]::run_test::{closure#0}
[INFO] [stdout]   16:     0x63de3cb129e4 - std[617be2ca0a6fd877]::sys::backtrace::__rust_begin_short_backtrace::<test[aada8e7e76ba119b]::run_test::{closure#1}, ()>
[INFO] [stdout]   17:     0x63de3cb1c182 - <std[617be2ca0a6fd877]::thread::lifecycle::spawn_unchecked<test[aada8e7e76ba119b]::run_test::{closure#1}, ()>::{closure#1} as core[a373ad73a504971]::ops::function::FnOnce<()>>::call_once::{shim:vtable#0}
[INFO] [stdout]   18:     0x63de3cd4e37f - <std[617be2ca0a6fd877]::sys::thread::unix::Thread>::new::thread_start
[INFO] [stdout]   19:     0x7b8bab49bdfa - <unknown>
[INFO] [stdout]   20:     0x7b8bab52f3d4 - clone
[INFO] [stdout]   21:                0x0 - <unknown>
[INFO] [stdout] 
[INFO] [stdout] 
[INFO] [stdout] failures:
[INFO] [stdout]     sweep::tests::older_than_scan_error_is_reported_as_item_error
[INFO] [stdout] 
[INFO] [stdout] test result: FAILED. 35 passed; 1 failed; 0 ignored; 0 measured; 0 filtered out; finished in 0.31s
[INFO] [stdout] 
[INFO] [stderr] error: test failed, to rerun pass `--bin gwt-sweep`
[INFO] running `Command { std: "docker" "inspect" "5255857c346638081903034fecbbe8af05db6fc636c1d7547ee50ba3a4e7036f", kill_on_drop: false }`
[INFO] running `Command { std: "docker" "rm" "-f" "5255857c346638081903034fecbbe8af05db6fc636c1d7547ee50ba3a4e7036f", kill_on_drop: false }`
[INFO] [stdout] 5255857c346638081903034fecbbe8af05db6fc636c1d7547ee50ba3a4e7036f
