[INFO] fetching crate gwasmi_core 0.12.0...
[INFO] testing gwasmi_core-0.12.0 against 1.99.0-beta.8+cargoflags=--release for beta-release-1.100-2
[INFO] extracting crate gwasmi_core 0.12.0 into /workspace/builds/worker-6-tc1/source
[INFO] started tweaking crates.io crate gwasmi_core 0.12.0
[INFO] finished tweaking crates.io crate gwasmi_core 0.12.0
[INFO] tweaked toml for crates.io crate gwasmi_core 0.12.0 written to /workspace/builds/worker-6-tc1/source/Cargo.toml
[INFO] validating manifest of crates.io crate gwasmi_core 0.12.0 on toolchain 1.99.0-beta.8
[INFO] running `Command { std: CARGO_HOME="/workspace/cargo-home" RUSTUP_HOME="/workspace/rustup-home" "/workspace/cargo-home/bin/cargo" "+1.99.0-beta.8" "metadata" "--manifest-path" "Cargo.toml" "--no-deps", kill_on_drop: false }`
[INFO] running `Command { std: CARGO_HOME="/workspace/cargo-home" RUSTUP_HOME="/workspace/rustup-home" "/workspace/cargo-home/bin/cargo" "+1.99.0-beta.8" "generate-lockfile" "--manifest-path" "Cargo.toml", kill_on_drop: false }`
[INFO] [stderr]     Updating crates.io index
[INFO] [stderr]      Locking 32 packages to highest compatible versions
[INFO] [stderr]       Adding downcast-rs v1.2.1 (available: v2.0.2)
[INFO] [stderr]       Adding rand v0.8.8 (available: v0.10.3)
[INFO] [stderr]       Adding region v3.0.2 (available: v4.0.1)
[INFO] running `Command { std: CARGO_HOME="/workspace/cargo-home" RUSTUP_HOME="/workspace/rustup-home" "/workspace/cargo-home/bin/cargo" "+1.99.0-beta.8" "fetch" "--manifest-path" "Cargo.toml", kill_on_drop: false }`
[INFO] running `Command { std: "docker" "create" "-v" "/var/lib/crater-agent-workspace/builds/worker-6-tc1/source:/opt/rustwide/workdir:ro,Z" "-v" "/var/lib/crater-agent-workspace/builds/worker-6-tc1/target:/opt/rustwide/target:rw,Z" "-v" "/var/lib/crater-agent-workspace/cargo-home:/opt/rustwide/cargo-home:ro,Z" "-v" "/var/lib/crater-agent-workspace/rustup-home:/opt/rustwide/rustup-home:ro,Z" "-m" "1610612736" "--network" "none" "ghcr.io/rust-lang/crates-build-env/linux@sha256:77db811e55d90add9212f6832c23229e3de5f1c1f9905e8cb07319ea15df73ac" "sleep" "infinity", kill_on_drop: false }`
[INFO] [stdout] a59198162311ada110e563eb72eb43aa265510c22d0e2e4da1fea5a6af576f4e
[INFO] running `Command { std: "docker" "start" "a59198162311ada110e563eb72eb43aa265510c22d0e2e4da1fea5a6af576f4e", kill_on_drop: false }`
[INFO] running `Command { std: "docker" "inspect" "a59198162311ada110e563eb72eb43aa265510c22d0e2e4da1fea5a6af576f4e", kill_on_drop: false }`
[INFO] running `Command { std: "docker" "exec" "-e" "SOURCE_DIR=/opt/rustwide/workdir" "-e" "CARGO_HOME=/opt/rustwide/cargo-home" "-e" "RUSTUP_HOME=/opt/rustwide/rustup-home" "-e" "CARGO_TARGET_DIR=/opt/rustwide/target" "-w" "/opt/rustwide/workdir" "--user" "0:0" "a59198162311ada110e563eb72eb43aa265510c22d0e2e4da1fea5a6af576f4e" "/opt/rustwide/cargo-home/bin/cargo" "+1.99.0-beta.8" "metadata" "--no-deps" "--format-version=1", kill_on_drop: false }`
[INFO] running `Command { std: "docker" "inspect" "a59198162311ada110e563eb72eb43aa265510c22d0e2e4da1fea5a6af576f4e", kill_on_drop: false }`
[INFO] running `Command { std: "docker" "exec" "-e" "SOURCE_DIR=/opt/rustwide/workdir" "-e" "CARGO_HOME=/opt/rustwide/cargo-home" "-e" "RUSTUP_HOME=/opt/rustwide/rustup-home" "-e" "CARGO_TARGET_DIR=/opt/rustwide/target" "-e" "CARGO_INCREMENTAL=0" "-e" "RUST_BACKTRACE=full" "-e" "RUSTFLAGS=--cap-lints=warn" "-e" "RUSTDOCFLAGS=--cap-lints=warn" "-w" "/opt/rustwide/workdir" "--user" "0:0" "a59198162311ada110e563eb72eb43aa265510c22d0e2e4da1fea5a6af576f4e" "/opt/rustwide/cargo-home/bin/cargo" "+1.99.0-beta.8" "build" "--frozen" "--message-format=json" "--release", kill_on_drop: false }`
[INFO] [stderr]    Compiling downcast-rs v1.2.1
[INFO] [stderr]    Compiling gwasmi_core v0.12.0 (/opt/rustwide/workdir)
[INFO] [stdout] warning: unnecessary parentheses around type
[INFO] [stdout]    --> src/trap.rs:120:24
[INFO] [stdout]     |
[INFO] [stdout] 120 |             .and_then(<(dyn HostError + 'static)>::downcast_ref)
[INFO] [stdout]     |                        ^                       ^
[INFO] [stdout]     |
[INFO] [stdout]     = note: `#[warn(unused_parens)]` (part of `#[warn(unused)]`) on by default
[INFO] [stdout] help: remove these parentheses
[INFO] [stdout]     |
[INFO] [stdout] 120 -             .and_then(<(dyn HostError + 'static)>::downcast_ref)
[INFO] [stdout] 120 +             .and_then(<dyn HostError + 'static>::downcast_ref)
[INFO] [stdout]     |
[INFO] [stdout] 
[INFO] [stdout] 
[INFO] [stdout] warning: unnecessary parentheses around type
[INFO] [stdout]    --> src/trap.rs:133:24
[INFO] [stdout]     |
[INFO] [stdout] 133 |             .and_then(<(dyn HostError + 'static)>::downcast_mut)
[INFO] [stdout]     |                        ^                       ^
[INFO] [stdout]     |
[INFO] [stdout] help: remove these parentheses
[INFO] [stdout]     |
[INFO] [stdout] 133 -             .and_then(<(dyn HostError + 'static)>::downcast_mut)
[INFO] [stdout] 133 +             .and_then(<dyn HostError + 'static>::downcast_mut)
[INFO] [stdout]     |
[INFO] [stdout] 
[INFO] [stdout] 
[INFO] [stdout] warning: use of deprecated module `std::i32`: all constants in this module replaced by associated constants on the type
[INFO] [stdout]  --> src/value.rs:5:17
[INFO] [stdout]   |
[INFO] [stdout] 5 | use core::{f32, i32, i64, u32, u64};
[INFO] [stdout]   |                 ^^^
[INFO] [stdout]   |
[INFO] [stdout]   = note: `#[warn(deprecated)]` on by default
[INFO] [stdout] 
[INFO] [stdout] 
[INFO] [stdout] warning: use of deprecated module `std::i64`: all constants in this module replaced by associated constants on the type
[INFO] [stdout]  --> src/value.rs:5:22
[INFO] [stdout]   |
[INFO] [stdout] 5 | use core::{f32, i32, i64, u32, u64};
[INFO] [stdout]   |                      ^^^
[INFO] [stdout] 
[INFO] [stdout] 
[INFO] [stdout] warning: use of deprecated module `std::u32`: all constants in this module replaced by associated constants on the type
[INFO] [stdout]  --> src/value.rs:5:27
[INFO] [stdout]   |
[INFO] [stdout] 5 | use core::{f32, i32, i64, u32, u64};
[INFO] [stdout]   |                           ^^^
[INFO] [stdout] 
[INFO] [stdout] 
[INFO] [stdout] warning: use of deprecated module `std::u64`: all constants in this module replaced by associated constants on the type
[INFO] [stdout]  --> src/value.rs:5:32
[INFO] [stdout]   |
[INFO] [stdout] 5 | use core::{f32, i32, i64, u32, u64};
[INFO] [stdout]   |                                ^^^
[INFO] [stdout] 
[INFO] [stdout] 
[INFO] [stderr]     Finished `release` profile [optimized] target(s) in 0.80s
[INFO] running `Command { std: "docker" "inspect" "a59198162311ada110e563eb72eb43aa265510c22d0e2e4da1fea5a6af576f4e", kill_on_drop: false }`
[INFO] running `Command { std: "docker" "exec" "-e" "SOURCE_DIR=/opt/rustwide/workdir" "-e" "CARGO_HOME=/opt/rustwide/cargo-home" "-e" "RUSTUP_HOME=/opt/rustwide/rustup-home" "-e" "CARGO_TARGET_DIR=/opt/rustwide/target" "-e" "CARGO_INCREMENTAL=0" "-e" "RUST_BACKTRACE=full" "-e" "RUSTFLAGS=--cap-lints=warn" "-e" "RUSTDOCFLAGS=--cap-lints=warn" "-w" "/opt/rustwide/workdir" "--user" "0:0" "a59198162311ada110e563eb72eb43aa265510c22d0e2e4da1fea5a6af576f4e" "/opt/rustwide/cargo-home/bin/cargo" "+1.99.0-beta.8" "test" "--frozen" "--no-run" "--message-format=json" "--release", kill_on_drop: false }`
[INFO] [stderr]    Compiling getrandom v0.2.17
[INFO] [stdout] warning: unnecessary parentheses around type
[INFO] [stdout]    --> src/trap.rs:120:24
[INFO] [stdout]     |
[INFO] [stdout] 120 |             .and_then(<(dyn HostError + 'static)>::downcast_ref)
[INFO] [stdout]     |                        ^                       ^
[INFO] [stdout]     |
[INFO] [stdout]     = note: `#[warn(unused_parens)]` (part of `#[warn(unused)]`) on by default
[INFO] [stdout] help: remove these parentheses
[INFO] [stdout]     |
[INFO] [stdout] 120 -             .and_then(<(dyn HostError + 'static)>::downcast_ref)
[INFO] [stdout] 120 +             .and_then(<dyn HostError + 'static>::downcast_ref)
[INFO] [stdout]     |
[INFO] [stdout] 
[INFO] [stdout] 
[INFO] [stdout] warning: unnecessary parentheses around type
[INFO] [stdout]    --> src/trap.rs:133:24
[INFO] [stdout]     |
[INFO] [stdout] 133 |             .and_then(<(dyn HostError + 'static)>::downcast_mut)
[INFO] [stdout]     |                        ^                       ^
[INFO] [stdout]     |
[INFO] [stdout] help: remove these parentheses
[INFO] [stdout]     |
[INFO] [stdout] 133 -             .and_then(<(dyn HostError + 'static)>::downcast_mut)
[INFO] [stdout] 133 +             .and_then(<dyn HostError + 'static>::downcast_mut)
[INFO] [stdout]     |
[INFO] [stdout] 
[INFO] [stdout] 
[INFO] [stdout] warning: use of deprecated module `std::i32`: all constants in this module replaced by associated constants on the type
[INFO] [stdout]  --> src/value.rs:5:17
[INFO] [stdout]   |
[INFO] [stdout] 5 | use core::{f32, i32, i64, u32, u64};
[INFO] [stdout]   |                 ^^^
[INFO] [stdout]   |
[INFO] [stdout]   = note: `#[warn(deprecated)]` on by default
[INFO] [stdout] 
[INFO] [stdout] 
[INFO] [stdout] warning: use of deprecated module `std::i64`: all constants in this module replaced by associated constants on the type
[INFO] [stdout]  --> src/value.rs:5:22
[INFO] [stdout]   |
[INFO] [stdout] 5 | use core::{f32, i32, i64, u32, u64};
[INFO] [stdout]   |                      ^^^
[INFO] [stdout] 
[INFO] [stdout] 
[INFO] [stdout] warning: use of deprecated module `std::u32`: all constants in this module replaced by associated constants on the type
[INFO] [stdout]  --> src/value.rs:5:27
[INFO] [stdout]   |
[INFO] [stdout] 5 | use core::{f32, i32, i64, u32, u64};
[INFO] [stdout]   |                           ^^^
[INFO] [stdout] 
[INFO] [stdout] 
[INFO] [stdout] warning: use of deprecated module `std::u64`: all constants in this module replaced by associated constants on the type
[INFO] [stdout]  --> src/value.rs:5:32
[INFO] [stdout]   |
[INFO] [stdout] 5 | use core::{f32, i32, i64, u32, u64};
[INFO] [stdout]   |                                ^^^
[INFO] [stdout] 
[INFO] [stdout] 
[INFO] [stderr]    Compiling rand_core v0.6.4
[INFO] [stderr]    Compiling rand_chacha v0.3.1
[INFO] [stderr]    Compiling rand v0.8.8
[INFO] [stderr]    Compiling gwasmi_core v0.12.0 (/opt/rustwide/workdir)
[INFO] [stdout] warning: unnecessary parentheses around type
[INFO] [stdout]    --> src/trap.rs:120:24
[INFO] [stdout]     |
[INFO] [stdout] 120 |             .and_then(<(dyn HostError + 'static)>::downcast_ref)
[INFO] [stdout]     |                        ^                       ^
[INFO] [stdout]     |
[INFO] [stdout]     = note: `#[warn(unused_parens)]` (part of `#[warn(unused)]`) on by default
[INFO] [stdout] help: remove these parentheses
[INFO] [stdout]     |
[INFO] [stdout] 120 -             .and_then(<(dyn HostError + 'static)>::downcast_ref)
[INFO] [stdout] 120 +             .and_then(<dyn HostError + 'static>::downcast_ref)
[INFO] [stdout]     |
[INFO] [stdout] 
[INFO] [stdout] 
[INFO] [stdout] warning: unnecessary parentheses around type
[INFO] [stdout]    --> src/trap.rs:133:24
[INFO] [stdout]     |
[INFO] [stdout] 133 |             .and_then(<(dyn HostError + 'static)>::downcast_mut)
[INFO] [stdout]     |                        ^                       ^
[INFO] [stdout]     |
[INFO] [stdout] help: remove these parentheses
[INFO] [stdout]     |
[INFO] [stdout] 133 -             .and_then(<(dyn HostError + 'static)>::downcast_mut)
[INFO] [stdout] 133 +             .and_then(<dyn HostError + 'static>::downcast_mut)
[INFO] [stdout]     |
[INFO] [stdout] 
[INFO] [stdout] 
[INFO] [stdout] warning: use of deprecated module `std::i32`: all constants in this module replaced by associated constants on the type
[INFO] [stdout]  --> src/value.rs:5:17
[INFO] [stdout]   |
[INFO] [stdout] 5 | use core::{f32, i32, i64, u32, u64};
[INFO] [stdout]   |                 ^^^
[INFO] [stdout]   |
[INFO] [stdout]   = note: `#[warn(deprecated)]` on by default
[INFO] [stdout] 
[INFO] [stdout] 
[INFO] [stdout] warning: use of deprecated module `std::i64`: all constants in this module replaced by associated constants on the type
[INFO] [stdout]  --> src/value.rs:5:22
[INFO] [stdout]   |
[INFO] [stdout] 5 | use core::{f32, i32, i64, u32, u64};
[INFO] [stdout]   |                      ^^^
[INFO] [stdout] 
[INFO] [stdout] 
[INFO] [stdout] warning: use of deprecated module `std::u32`: all constants in this module replaced by associated constants on the type
[INFO] [stdout]  --> src/value.rs:5:27
[INFO] [stdout]   |
[INFO] [stdout] 5 | use core::{f32, i32, i64, u32, u64};
[INFO] [stdout]   |                           ^^^
[INFO] [stdout] 
[INFO] [stdout] 
[INFO] [stdout] warning: use of deprecated module `std::u64`: all constants in this module replaced by associated constants on the type
[INFO] [stdout]  --> src/value.rs:5:32
[INFO] [stdout]   |
[INFO] [stdout] 5 | use core::{f32, i32, i64, u32, u64};
[INFO] [stdout]   |                                ^^^
[INFO] [stdout] 
[INFO] [stdout] 
[INFO] [stderr]     Finished `release` profile [optimized] target(s) in 2.54s
[INFO] running `Command { std: "docker" "inspect" "a59198162311ada110e563eb72eb43aa265510c22d0e2e4da1fea5a6af576f4e", kill_on_drop: false }`
[INFO] running `Command { std: "docker" "exec" "-e" "SOURCE_DIR=/opt/rustwide/workdir" "-e" "CARGO_HOME=/opt/rustwide/cargo-home" "-e" "RUSTUP_HOME=/opt/rustwide/rustup-home" "-e" "CARGO_TARGET_DIR=/opt/rustwide/target" "-e" "CARGO_INCREMENTAL=0" "-e" "RUST_BACKTRACE=full" "-e" "RUSTFLAGS=--cap-lints=warn" "-e" "RUSTDOCFLAGS=--cap-lints=warn" "-w" "/opt/rustwide/workdir" "--user" "0:0" "a59198162311ada110e563eb72eb43aa265510c22d0e2e4da1fea5a6af576f4e" "/opt/rustwide/cargo-home/bin/cargo" "+1.99.0-beta.8" "test" "--frozen" "--release", kill_on_drop: false }`
[INFO] [stderr] warning: unnecessary parentheses around type
[INFO] [stderr]    --> src/trap.rs:120:24
[INFO] [stderr]     |
[INFO] [stderr] 120 |             .and_then(<(dyn HostError + 'static)>::downcast_ref)
[INFO] [stderr]     |                        ^                       ^
[INFO] [stderr]     |
[INFO] [stderr]     = note: `#[warn(unused_parens)]` (part of `#[warn(unused)]`) on by default
[INFO] [stderr] help: remove these parentheses
[INFO] [stderr]     |
[INFO] [stderr] 120 -             .and_then(<(dyn HostError + 'static)>::downcast_ref)
[INFO] [stderr] 120 +             .and_then(<dyn HostError + 'static>::downcast_ref)
[INFO] [stderr]     |
[INFO] [stderr] 
[INFO] [stderr] warning: unnecessary parentheses around type
[INFO] [stderr]    --> src/trap.rs:133:24
[INFO] [stderr]     |
[INFO] [stderr] 133 |             .and_then(<(dyn HostError + 'static)>::downcast_mut)
[INFO] [stderr]     |                        ^                       ^
[INFO] [stderr]     |
[INFO] [stderr] help: remove these parentheses
[INFO] [stderr]     |
[INFO] [stderr] 133 -             .and_then(<(dyn HostError + 'static)>::downcast_mut)
[INFO] [stderr] 133 +             .and_then(<dyn HostError + 'static>::downcast_mut)
[INFO] [stderr]     |
[INFO] [stderr] 
[INFO] [stderr] warning: use of deprecated module `std::i32`: all constants in this module replaced by associated constants on the type
[INFO] [stderr]  --> src/value.rs:5:17
[INFO] [stderr]   |
[INFO] [stderr] 5 | use core::{f32, i32, i64, u32, u64};
[INFO] [stderr]   |                 ^^^
[INFO] [stderr]   |
[INFO] [stderr]   = note: `#[warn(deprecated)]` on by default
[INFO] [stderr] 
[INFO] [stderr] warning: use of deprecated module `std::i64`: all constants in this module replaced by associated constants on the type
[INFO] [stderr]  --> src/value.rs:5:22
[INFO] [stderr]   |
[INFO] [stderr] 5 | use core::{f32, i32, i64, u32, u64};
[INFO] [stderr]   |                      ^^^
[INFO] [stderr] 
[INFO] [stderr] warning: use of deprecated module `std::u32`: all constants in this module replaced by associated constants on the type
[INFO] [stderr]  --> src/value.rs:5:27
[INFO] [stderr]   |
[INFO] [stderr] 5 | use core::{f32, i32, i64, u32, u64};
[INFO] [stderr]   |                           ^^^
[INFO] [stderr] 
[INFO] [stderr] warning: use of deprecated module `std::u64`: all constants in this module replaced by associated constants on the type
[INFO] [stderr]  --> src/value.rs:5:32
[INFO] [stderr]   |
[INFO] [stderr] 5 | use core::{f32, i32, i64, u32, u64};
[INFO] [stderr]   |                                ^^^
[INFO] [stderr] 
[INFO] [stderr] warning: `gwasmi_core` (lib) generated 6 warnings (run `cargo fix --lib -p gwasmi_core` to apply 2 suggestions)
[INFO] [stderr] warning: `gwasmi_core` (lib test) generated 6 warnings (6 duplicates)
[INFO] [stderr]     Finished `release` profile [optimized] target(s) in 0.05s
[INFO] [stderr]      Running unittests src/lib.rs (/opt/rustwide/target/release/deps/gwasmi_core-fbe4194d7cdfcb2d)
[INFO] [stdout] 
[INFO] [stdout] running 16 tests
[INFO] [stdout] test nan_preserving_float::tests::test_neg_nan_f32 ... ok
[INFO] [stdout] test units::tests::bytes_new32 ... ok
[INFO] [stdout] test units::tests::pages_to_bytes ... ok
[INFO] [stdout] test value::copysign_regression_works ... ok
[INFO] [stdout] test trap::trap_size ... ok
[INFO] [stdout] test units::tests::pages_max ... ok
[INFO] [stdout] test units::tests::bytes_new16 ... ok
[INFO] [stdout] test units::tests::pages_checked_add ... ok
[INFO] [stdout] test units::tests::pages_new ... ok
[INFO] [stdout] test units::tests::pages_checked_sub ... ok
[INFO] [stdout] test nan_preserving_float::tests::test_ops_f32 ... ok
[INFO] [stdout] test value::wasm_float_max_regression_works ... ok
[INFO] [stdout] test nan_preserving_float::tests::test_neg_nan_f64 ... ok
[INFO] [stdout] test units::tests::bytes_new64 ... ok
[INFO] [stderr]    Doc-tests gwasmi_core
[INFO] [stdout] test value::wasm_float_min_regression_works ... ok
[INFO] [stdout] test nan_preserving_float::tests::test_ops_f64 ... ok
[INFO] [stdout] 
[INFO] [stdout] test result: ok. 16 passed; 0 failed; 0 ignored; 0 measured; 0 filtered out; finished in 0.01s
[INFO] [stdout] 
[INFO] [stderr] warning: unnecessary parentheses around type
[INFO] [stderr]    --> src/trap.rs:120:24
[INFO] [stderr]     |
[INFO] [stderr] 120 |             .and_then(<(dyn HostError + 'static)>::downcast_ref)
[INFO] [stderr]     |                        ^                       ^
[INFO] [stderr]     |
[INFO] [stderr]     = note: `#[warn(unused_parens)]` (part of `#[warn(unused)]`) on by default
[INFO] [stderr] help: remove these parentheses
[INFO] [stderr]     |
[INFO] [stderr] 120 -             .and_then(<(dyn HostError + 'static)>::downcast_ref)
[INFO] [stderr] 120 +             .and_then(<dyn HostError + 'static>::downcast_ref)
[INFO] [stderr]     |
[INFO] [stderr] 
[INFO] [stderr] warning: unnecessary parentheses around type
[INFO] [stderr]    --> src/trap.rs:133:24
[INFO] [stderr]     |
[INFO] [stderr] 133 |             .and_then(<(dyn HostError + 'static)>::downcast_mut)
[INFO] [stderr]     |                        ^                       ^
[INFO] [stderr]     |
[INFO] [stderr] help: remove these parentheses
[INFO] [stderr]     |
[INFO] [stderr] 133 -             .and_then(<(dyn HostError + 'static)>::downcast_mut)
[INFO] [stderr] 133 +             .and_then(<dyn HostError + 'static>::downcast_mut)
[INFO] [stderr]     |
[INFO] [stderr] 
[INFO] [stderr] warning: 2 warnings emitted
[INFO] [stderr] 
[INFO] [stdout] 
[INFO] [stdout] running 1 test
[INFO] [stdout] test src/host_error.rs - host_error::HostError (line 15) ... FAILED
[INFO] [stdout] 
[INFO] [stdout] failures:
[INFO] [stdout] 
[INFO] [stdout] ---- src/host_error.rs - host_error::HostError (line 15) stdout ----
[INFO] [stdout] error[E0432]: unresolved import `wasmi_core`
[INFO] [stdout]   --> src/host_error.rs:17:5
[INFO] [stdout]    |
[INFO] [stdout] 17 | use wasmi_core::{Trap, HostError};
[INFO] [stdout]    |     ^^^^^^^^^^ use of unresolved module or unlinked crate `wasmi_core`
[INFO] [stdout]    |
[INFO] [stdout] help: there is a crate or module with a similar name
[INFO] [stdout]    |
[INFO] [stdout] 17 | use gwasmi_core::{Trap, HostError};
[INFO] [stdout]    |     +
[INFO] [stdout] 
[INFO] [stdout] error: aborting due to 1 previous error
[INFO] [stdout] 
[INFO] [stdout] For more information about this error, try `rustc --explain E0432`.
[INFO] [stdout] Couldn't compile the test.
[INFO] [stdout] 
[INFO] [stdout] failures:
[INFO] [stdout]     src/host_error.rs - host_error::HostError (line 15)
[INFO] [stdout] 
[INFO] [stdout] test result: FAILED. 0 passed; 1 failed; 0 ignored; 0 measured; 0 filtered out; finished in 0.08s
[INFO] [stdout] 
[INFO] [stderr] error: doctest failed, to rerun pass `--doc`
[INFO] running `Command { std: "docker" "inspect" "a59198162311ada110e563eb72eb43aa265510c22d0e2e4da1fea5a6af576f4e", kill_on_drop: false }`
[INFO] running `Command { std: "docker" "rm" "-f" "a59198162311ada110e563eb72eb43aa265510c22d0e2e4da1fea5a6af576f4e", kill_on_drop: false }`
[INFO] [stdout] a59198162311ada110e563eb72eb43aa265510c22d0e2e4da1fea5a6af576f4e
