[INFO] fetching crate gwaf 0.1.5...
[INFO] testing gwaf-0.1.5 against 1.99.0-beta.8+cargoflags=--release for beta-release-1.100-2
[INFO] extracting crate gwaf 0.1.5 into /workspace/builds/worker-6-tc1/source
[INFO] started tweaking crates.io crate gwaf 0.1.5
[INFO] finished tweaking crates.io crate gwaf 0.1.5
[INFO] tweaked toml for crates.io crate gwaf 0.1.5 written to /workspace/builds/worker-6-tc1/source/Cargo.toml
[INFO] validating manifest of crates.io crate gwaf 0.1.5 on toolchain 1.99.0-beta.8
[INFO] running `Command { std: CARGO_HOME="/workspace/cargo-home" RUSTUP_HOME="/workspace/rustup-home" "/workspace/cargo-home/bin/cargo" "+1.99.0-beta.8" "metadata" "--manifest-path" "Cargo.toml" "--no-deps", kill_on_drop: false }`
[INFO] crate crates.io crate gwaf 0.1.5 already has a lockfile, it will not be regenerated
[INFO] running `Command { std: CARGO_HOME="/workspace/cargo-home" RUSTUP_HOME="/workspace/rustup-home" "/workspace/cargo-home/bin/cargo" "+1.99.0-beta.8" "fetch" "--manifest-path" "Cargo.toml", kill_on_drop: false }`
[INFO] [stderr]     Updating crates.io index
[INFO] [stderr]  Downloading crates ...
[INFO] [stderr]   Downloaded tokio v1.52.2
[INFO] [stderr]   Downloaded maxminddb v0.27.3
[INFO] [stderr]   Downloaded ingress-core v0.1.5
[INFO] [stderr]   Downloaded ingress-rate-limit v0.1.5
[INFO] [stderr]   Downloaded ipnetwork v0.21.1
[INFO] [stderr]   Downloaded ingress-policy v0.1.5
[INFO] [stderr]   Downloaded ingress-ai v0.1.5
[INFO] [stderr]   Downloaded serde_with_macros v3.19.0
[INFO] [stderr]   Downloaded ingress-gateway v0.1.5
[INFO] [stderr]   Downloaded ingress-caddy v0.1.5
[INFO] [stderr]   Downloaded ingress-api v0.1.5
[INFO] [stderr]   Downloaded serde_with v3.19.0
[INFO] [stderr]   Downloaded genai v0.2.4
[INFO] [stderr]   Downloaded value-ext v0.1.3
[INFO] running `Command { std: "docker" "create" "-v" "/var/lib/crater-agent-workspace/builds/worker-6-tc1/source:/opt/rustwide/workdir:ro,Z" "-v" "/var/lib/crater-agent-workspace/builds/worker-6-tc1/target:/opt/rustwide/target:rw,Z" "-v" "/var/lib/crater-agent-workspace/cargo-home:/opt/rustwide/cargo-home:ro,Z" "-v" "/var/lib/crater-agent-workspace/rustup-home:/opt/rustwide/rustup-home:ro,Z" "-m" "1610612736" "--network" "none" "ghcr.io/rust-lang/crates-build-env/linux@sha256:77db811e55d90add9212f6832c23229e3de5f1c1f9905e8cb07319ea15df73ac" "sleep" "infinity", kill_on_drop: false }`
[INFO] [stdout] aa5ddeabad9a2a9729940ec2ff18cf1ac4ff525d6c15b524423e9664f0bcecc5
[INFO] running `Command { std: "docker" "start" "aa5ddeabad9a2a9729940ec2ff18cf1ac4ff525d6c15b524423e9664f0bcecc5", kill_on_drop: false }`
[INFO] running `Command { std: "docker" "inspect" "aa5ddeabad9a2a9729940ec2ff18cf1ac4ff525d6c15b524423e9664f0bcecc5", kill_on_drop: false }`
[INFO] running `Command { std: "docker" "exec" "-e" "SOURCE_DIR=/opt/rustwide/workdir" "-e" "CARGO_HOME=/opt/rustwide/cargo-home" "-e" "RUSTUP_HOME=/opt/rustwide/rustup-home" "-e" "CARGO_TARGET_DIR=/opt/rustwide/target" "-w" "/opt/rustwide/workdir" "--user" "0:0" "aa5ddeabad9a2a9729940ec2ff18cf1ac4ff525d6c15b524423e9664f0bcecc5" "/opt/rustwide/cargo-home/bin/cargo" "+1.99.0-beta.8" "metadata" "--no-deps" "--format-version=1", kill_on_drop: false }`
[INFO] running `Command { std: "docker" "inspect" "aa5ddeabad9a2a9729940ec2ff18cf1ac4ff525d6c15b524423e9664f0bcecc5", kill_on_drop: false }`
[INFO] running `Command { std: "docker" "exec" "-e" "SOURCE_DIR=/opt/rustwide/workdir" "-e" "CARGO_HOME=/opt/rustwide/cargo-home" "-e" "RUSTUP_HOME=/opt/rustwide/rustup-home" "-e" "CARGO_TARGET_DIR=/opt/rustwide/target" "-e" "CARGO_INCREMENTAL=0" "-e" "RUST_BACKTRACE=full" "-e" "RUSTFLAGS=--cap-lints=warn" "-e" "RUSTDOCFLAGS=--cap-lints=warn" "-w" "/opt/rustwide/workdir" "--user" "0:0" "aa5ddeabad9a2a9729940ec2ff18cf1ac4ff525d6c15b524423e9664f0bcecc5" "/opt/rustwide/cargo-home/bin/cargo" "+1.99.0-beta.8" "build" "--frozen" "--message-format=json" "--release", kill_on_drop: false }`
[INFO] [stderr]    Compiling serde_core v1.0.228
[INFO] [stderr]    Compiling num-traits v0.2.19
[INFO] [stderr]    Compiling cc v1.2.61
[INFO] [stderr]    Compiling mio v1.2.0
[INFO] [stderr]    Compiling zerofrom v0.1.7
[INFO] [stderr]    Compiling getrandom v0.2.17
[INFO] [stderr]    Compiling futures-io v0.3.32
[INFO] [stderr]    Compiling tracing v0.1.44
[INFO] [stderr]    Compiling yoke v0.8.2
[INFO] [stderr]    Compiling futures-util v0.3.32
[INFO] [stderr]    Compiling serde_json v1.0.149
[INFO] [stderr]    Compiling zerovec v0.11.6
[INFO] [stderr]    Compiling zerotrie v0.2.4
[INFO] [stderr]    Compiling typenum v1.20.0
[INFO] [stderr]    Compiling tokio v1.52.2
[INFO] [stderr]    Compiling rustls v0.23.40
[INFO] [stderr]    Compiling bigdecimal v0.4.10
[INFO] [stderr]    Compiling num-integer v0.1.46
[INFO] [stderr]    Compiling tinystr v0.8.3
[INFO] [stderr]    Compiling potential_utf v0.1.5
[INFO] [stderr]    Compiling generic-array v0.14.7
[INFO] [stderr]    Compiling icu_collections v2.2.0
[INFO] [stderr]    Compiling icu_locale_core v2.2.0
[INFO] [stderr]    Compiling ring v0.17.14
[INFO] [stderr]    Compiling zerocopy v0.8.48
[INFO] [stderr]    Compiling rust_decimal v1.41.0
[INFO] [stderr]    Compiling num-conv v0.2.1
[INFO] [stderr]    Compiling crypto-common v0.1.7
[INFO] [stderr]    Compiling block-buffer v0.10.4
[INFO] [stderr]    Compiling time-core v0.1.8
[INFO] [stderr]    Compiling digest v0.10.7
[INFO] [stderr]    Compiling num-bigint v0.4.6
[INFO] [stderr]    Compiling time-macros v0.2.27
[INFO] [stderr]    Compiling arrayvec v0.7.6
[INFO] [stderr]    Compiling indexmap v2.14.0
[INFO] [stderr]    Compiling serde v1.0.228
[INFO] [stderr]    Compiling icu_provider v2.2.0
[INFO] [stderr]    Compiling deranged v0.5.8
[INFO] [stderr]    Compiling smallvec v1.15.1
[INFO] [stderr]    Compiling chrono v0.4.44
[INFO] [stderr]    Compiling icu_normalizer v2.2.0
[INFO] [stderr]    Compiling icu_properties v2.2.0
[INFO] [stderr]    Compiling parking_lot_core v0.9.12
[INFO] [stderr]    Compiling serde_urlencoded v0.7.1
[INFO] [stderr]    Compiling parking_lot v0.12.5
[INFO] [stderr]    Compiling idna_adapter v1.2.2
[INFO] [stderr]    Compiling idna v1.1.0
[INFO] [stderr]    Compiling url v2.5.8
[INFO] [stderr]    Compiling time v0.3.47
[INFO] [stderr]    Compiling tokio-stream v0.1.18
[INFO] [stderr]    Compiling uuid v1.23.1
[INFO] [stderr]    Compiling concurrent-queue v2.5.0
[INFO] [stderr]    Compiling crc-catalog v2.5.0
[INFO] [stderr]    Compiling libsqlite3-sys v0.30.1
[INFO] [stderr]    Compiling event-listener v5.4.1
[INFO] [stderr]    Compiling crc v3.4.0
[INFO] [stderr]    Compiling hyper v1.9.0
[INFO] [stderr]    Compiling sha2 v0.10.9
[INFO] [stderr]    Compiling futures-intrusive v0.5.0
[INFO] [stderr]    Compiling ingress-core v0.1.5
[INFO] [stderr]    Compiling either v1.15.0
[INFO] [stderr]    Compiling futures-executor v0.3.32
[INFO] [stderr]    Compiling crossbeam-queue v0.3.12
[INFO] [stderr]    Compiling webpki-roots v0.26.11
[INFO] [stderr]    Compiling rand_core v0.6.4
[INFO] [stderr]    Compiling hyper-util v0.1.20
[INFO] [stderr]    Compiling unicode-normalization v0.1.25
[INFO] [stderr]    Compiling tower v0.5.3
[INFO] [stderr]    Compiling hmac v0.12.1
[INFO] [stderr]    Compiling atoi v2.0.0
[INFO] [stderr]    Compiling spin v0.9.8
[INFO] [stderr]    Compiling proc-macro2-diagnostics v0.10.1
[INFO] [stderr]    Compiling stringprep v0.1.5
[INFO] [stderr]    Compiling derive_more-impl v2.1.1
[INFO] [stderr]    Compiling flume v0.11.1
[INFO] [stderr]    Compiling rustls-webpki v0.103.13
[INFO] [stderr]    Compiling ppv-lite86 v0.2.21
[INFO] [stderr]    Compiling rand_chacha v0.3.1
[INFO] [stderr]    Compiling rand v0.8.6
[INFO] [stderr]    Compiling hkdf v0.12.4
[INFO] [stderr]    Compiling md-5 v0.10.6
[INFO] [stderr]    Compiling proc-macro-error-attr2 v2.0.0
[INFO] [stderr]    Compiling yansi v1.0.1
[INFO] [stderr]    Compiling home v0.5.12
[INFO] [stderr]    Compiling byteorder v1.5.0
[INFO] [stderr]    Compiling dotenvy v0.15.7
[INFO] [stderr]    Compiling whoami v1.6.1
[INFO] [stderr]    Compiling proc-macro-error2 v2.0.1
[INFO] [stderr]    Compiling derive_more v2.1.1
[INFO] [stderr]    Compiling tower-http v0.6.10
[INFO] [stderr]    Compiling tokio-util v0.7.18
[INFO] [stderr]    Compiling ordered-float v4.6.0
[INFO] [stderr]    Compiling inherent v1.0.13
[INFO] [stderr]    Compiling thiserror-impl v1.0.69
[INFO] [stderr]    Compiling serde_with_macros v3.19.0
[INFO] [stderr]    Compiling sea-query v0.32.7
[INFO] [stderr]    Compiling sea-bae v0.2.1
[INFO] [stderr]    Compiling ouroboros_macro v0.18.5
[INFO] [stderr]    Compiling eventsource-stream v0.2.3
[INFO] [stderr]    Compiling async-stream-impl v0.3.6
[INFO] [stderr]    Compiling aliasable v0.1.3
[INFO] [stderr]    Compiling thiserror v1.0.69
[INFO] [stderr]    Compiling sea-orm-macros v1.1.20
[INFO] [stderr]    Compiling async-stream v0.3.6
[INFO] [stderr]    Compiling ingress-gateway v0.1.5
[INFO] [stderr]    Compiling value-ext v0.1.3
[INFO] [stderr]    Compiling serde_with v3.19.0
[INFO] [stderr]    Compiling axum-core v0.5.6
[INFO] [stderr]    Compiling ouroboros v0.18.5
[INFO] [stderr]    Compiling futures v0.3.32
[INFO] [stderr]    Compiling serde_path_to_error v0.1.20
[INFO] [stderr]    Compiling unsafe-libyaml v0.2.11
[INFO] [stderr]    Compiling strum v0.26.3
[INFO] [stderr]    Compiling ipnetwork v0.21.1
[INFO] [stderr]    Compiling maxminddb v0.27.3
[INFO] [stderr]    Compiling sqlx-core v0.8.6
[INFO] [stderr]    Compiling tokio-rustls v0.26.4
[INFO] [stderr]    Compiling axum v0.8.9
[INFO] [stderr]    Compiling hyper-rustls v0.27.9
[INFO] [stderr]    Compiling reqwest v0.12.28
[INFO] [stderr]    Compiling serde_yaml v0.9.34+deprecated
[INFO] [stderr]    Compiling ingress-caddy v0.1.5
[INFO] [stderr]    Compiling ingress-ai v0.1.5
[INFO] [stderr]    Compiling ingress-policy v0.1.5
[INFO] [stderr]    Compiling ingress-api v0.1.5
[INFO] [stderr]    Compiling sqlx-postgres v0.8.6
[INFO] [stderr]    Compiling reqwest-eventsource v0.6.0
[INFO] [stderr]    Compiling genai v0.2.4
[INFO] [stderr]    Compiling ingress-rate-limit v0.1.5
[INFO] [stderr]    Compiling sqlx-sqlite v0.8.6
[INFO] [stderr]    Compiling sqlx v0.8.6
[INFO] [stderr]    Compiling sea-query-binder v0.7.0
[INFO] [stderr]    Compiling sea-orm v1.1.20
[INFO] [stderr]    Compiling gwaf v0.1.5 (/opt/rustwide/workdir)
[INFO] [stdout] warning: field `id` is never read
[INFO] [stdout]   --> src/console.rs:63:9
[INFO] [stdout]    |
[INFO] [stdout] 62 | pub struct PolicyRuleState {
[INFO] [stdout]    |            --------------- field in this struct
[INFO] [stdout] 63 |     pub id: i32,
[INFO] [stdout]    |         ^^
[INFO] [stdout]    |
[INFO] [stdout]    = note: `PolicyRuleState` has derived impls for the traits `Clone` and `Debug`, but these are intentionally ignored during dead code analysis
[INFO] [stdout]    = note: `#[warn(dead_code)]` (part of `#[warn(unused)]`) on by default
[INFO] [stdout] 
[INFO] [stdout] 
[INFO] [stderr]     Finished `release` profile [optimized] target(s) in 7m 51s
[INFO] [stderr] warning: the following packages contain code that will be rejected by a future version of Rust: proc-macro-error2 v2.0.1
[INFO] [stderr] note: to see what the problems were, use the option `--future-incompat-report`, or run `cargo report future-incompatibilities --id 1`
[INFO] running `Command { std: "docker" "inspect" "aa5ddeabad9a2a9729940ec2ff18cf1ac4ff525d6c15b524423e9664f0bcecc5", kill_on_drop: false }`
[INFO] running `Command { std: "docker" "exec" "-e" "SOURCE_DIR=/opt/rustwide/workdir" "-e" "CARGO_HOME=/opt/rustwide/cargo-home" "-e" "RUSTUP_HOME=/opt/rustwide/rustup-home" "-e" "CARGO_TARGET_DIR=/opt/rustwide/target" "-e" "CARGO_INCREMENTAL=0" "-e" "RUST_BACKTRACE=full" "-e" "RUSTFLAGS=--cap-lints=warn" "-e" "RUSTDOCFLAGS=--cap-lints=warn" "-w" "/opt/rustwide/workdir" "--user" "0:0" "aa5ddeabad9a2a9729940ec2ff18cf1ac4ff525d6c15b524423e9664f0bcecc5" "/opt/rustwide/cargo-home/bin/cargo" "+1.99.0-beta.8" "test" "--frozen" "--no-run" "--message-format=json" "--release", kill_on_drop: false }`
[INFO] [stderr]    Compiling gwaf v0.1.5 (/opt/rustwide/workdir)
[INFO] [stdout] warning: field `id` is never read
[INFO] [stdout]   --> src/console.rs:63:9
[INFO] [stdout]    |
[INFO] [stdout] 62 | pub struct PolicyRuleState {
[INFO] [stdout]    |            --------------- field in this struct
[INFO] [stdout] 63 |     pub id: i32,
[INFO] [stdout]    |         ^^
[INFO] [stdout]    |
[INFO] [stdout]    = note: `PolicyRuleState` has derived impls for the traits `Clone` and `Debug`, but these are intentionally ignored during dead code analysis
[INFO] [stdout]    = note: `#[warn(dead_code)]` (part of `#[warn(unused)]`) on by default
[INFO] [stdout] 
[INFO] [stdout] 
[INFO] [stderr]     Finished `release` profile [optimized] target(s) in 50.95s
[INFO] [stderr] warning: the following packages contain code that will be rejected by a future version of Rust: proc-macro-error2 v2.0.1
[INFO] [stderr] note: to see what the problems were, use the option `--future-incompat-report`, or run `cargo report future-incompatibilities --id 1`
[INFO] running `Command { std: "docker" "inspect" "aa5ddeabad9a2a9729940ec2ff18cf1ac4ff525d6c15b524423e9664f0bcecc5", kill_on_drop: false }`
[INFO] running `Command { std: "docker" "exec" "-e" "SOURCE_DIR=/opt/rustwide/workdir" "-e" "CARGO_HOME=/opt/rustwide/cargo-home" "-e" "RUSTUP_HOME=/opt/rustwide/rustup-home" "-e" "CARGO_TARGET_DIR=/opt/rustwide/target" "-e" "CARGO_INCREMENTAL=0" "-e" "RUST_BACKTRACE=full" "-e" "RUSTFLAGS=--cap-lints=warn" "-e" "RUSTDOCFLAGS=--cap-lints=warn" "-w" "/opt/rustwide/workdir" "--user" "0:0" "aa5ddeabad9a2a9729940ec2ff18cf1ac4ff525d6c15b524423e9664f0bcecc5" "/opt/rustwide/cargo-home/bin/cargo" "+1.99.0-beta.8" "test" "--frozen" "--release", kill_on_drop: false }`
[INFO] [stderr] warning: field `id` is never read
[INFO] [stderr]   --> src/console.rs:63:9
[INFO] [stderr]    |
[INFO] [stderr] 62 | pub struct PolicyRuleState {
[INFO] [stderr]    |            --------------- field in this struct
[INFO] [stderr] 63 |     pub id: i32,
[INFO] [stderr]    |         ^^
[INFO] [stderr]    |
[INFO] [stderr]    = note: `PolicyRuleState` has derived impls for the traits `Clone` and `Debug`, but these are intentionally ignored during dead code analysis
[INFO] [stderr]    = note: `#[warn(dead_code)]` (part of `#[warn(unused)]`) on by default
[INFO] [stderr] 
[INFO] [stderr] warning: `gwaf` (bin "gatewarden" test) generated 1 warning
[INFO] [stderr]     Finished `release` profile [optimized] target(s) in 0.31s
[INFO] [stderr] warning: the following packages contain code that will be rejected by a future version of Rust: proc-macro-error2 v2.0.1
[INFO] [stderr] note: to see what the problems were, use the option `--future-incompat-report`, or run `cargo report future-incompatibilities --id 1`
[INFO] [stderr]      Running unittests src/main.rs (/opt/rustwide/target/release/deps/gatewarden-0a0712ae624141bc)
[INFO] [stdout] 
[INFO] [stdout] running 5 tests
[INFO] [stdout] test http::tests::console_routes_require_authentication ... ok
[INFO] [stdout] test http::tests::console_routes_require_admin_group ... ok
[INFO] [stdout] test http::tests::forward_auth_echoes_identity_headers ... ok
[INFO] [stdout] test http::tests::saving_settings_can_disable_shadow_mode ... FAILED
[INFO] [stderr] error: test failed, to rerun pass `--bin gatewarden`
[INFO] [stdout] test http::tests::approving_rule_moves_it_into_active_inventory ... ok
[INFO] [stdout] 
[INFO] [stdout] failures:
[INFO] [stdout] 
[INFO] [stdout] ---- http::tests::saving_settings_can_disable_shadow_mode stdout ----
[INFO] [stdout] 
[INFO] [stdout] thread 'http::tests::saving_settings_can_disable_shadow_mode' (2483) panicked at src/http.rs:963:9:
[INFO] [stdout] assertion `left == right` failed
[INFO] [stdout]   left: 200
[INFO] [stdout]  right: 403
[INFO] [stdout] stack backtrace:
[INFO] [stdout]    0:     0x57ecf2041b91 - <<std[70759c8f55707aa4]::sys::backtrace::BacktraceLock>::print::DisplayBacktrace as core[df12db4294e9bfd3]::fmt::Display>::fmt
[INFO] [stdout]    1:     0x57ecf205aeca - core[df12db4294e9bfd3]::fmt::write
[INFO] [stdout]    2:     0x57ecf2046c0c - <alloc[2182bb758b4b3781]::vec::Vec<u8> as core[df12db4294e9bfd3]::io::write::Write>::write_fmt
[INFO] [stdout]    3:     0x57ecf201b036 - std[70759c8f55707aa4]::panicking::default_hook::{closure#0}
[INFO] [stdout]    4:     0x57ecf20390a9 - std[70759c8f55707aa4]::panicking::default_hook
[INFO] [stdout]    5:     0x57ecf19c96d0 - test[9d35eded1c95d3be]::test_main_inner::<test[9d35eded1c95d3be]::test_main_static::{closure#0}>::{closure#0}
[INFO] [stdout]    6:     0x57ecf20393d2 - std[70759c8f55707aa4]::panicking::panic_with_hook
[INFO] [stdout]    7:     0x57ecf201b0e2 - std[70759c8f55707aa4]::panicking::panic_handler::{closure#0}
[INFO] [stdout]    8:     0x57ecf2013549 - std[70759c8f55707aa4]::sys::backtrace::__rust_end_short_backtrace::<std[70759c8f55707aa4]::panicking::panic_handler::{closure#0}, !>
[INFO] [stdout]    9:     0x57ecf201bfdd - __rustc[8fa7c3cbc660c2b3]::rust_begin_unwind
[INFO] [stdout]   10:     0x57ecf205b62c - core[df12db4294e9bfd3]::panicking::panic_fmt
[INFO] [stdout]   11:     0x57ecf205b543 - core[df12db4294e9bfd3]::panicking::assert_failed_inner
[INFO] [stdout]   12:     0x57ecf1952c04 - core[df12db4294e9bfd3]::panicking::assert_failed::<http[43bb82ccde08b639]::status::StatusCode, http[43bb82ccde08b639]::status::StatusCode>
[INFO] [stdout]   13:     0x57ecf186df48 - gatewarden[395389a81ace485d]::http::tests::saving_settings_can_disable_shadow_mode::{closure#0}
[INFO] [stdout]   14:     0x57ecf18d4f73 - <tokio[b300e0d07a1a3461]::runtime::scheduler::current_thread::Context>::enter::<core[df12db4294e9bfd3]::task::poll::Poll<()>, <tokio[b300e0d07a1a3461]::runtime::scheduler::current_thread::CoreGuard>::block_on<core[df12db4294e9bfd3]::pin::Pin<&mut core[df12db4294e9bfd3]::pin::Pin<&mut dyn core[df12db4294e9bfd3]::future::future::Future<Output = ()>>>>::{closure#0}::{closure#0}>
[INFO] [stdout]   15:     0x57ecf191660c - <tokio[b300e0d07a1a3461]::runtime::context::scoped::Scoped<tokio[b300e0d07a1a3461]::runtime::scheduler::Context>>::set::<<tokio[b300e0d07a1a3461]::runtime::scheduler::current_thread::CoreGuard>::enter<<tokio[b300e0d07a1a3461]::runtime::scheduler::current_thread::CoreGuard>::block_on<core[df12db4294e9bfd3]::pin::Pin<&mut core[df12db4294e9bfd3]::pin::Pin<&mut dyn core[df12db4294e9bfd3]::future::future::Future<Output = ()>>>>::{closure#0}, core[df12db4294e9bfd3]::option::Option<()>>::{closure#0}, (alloc[2182bb758b4b3781]::boxed::Box<tokio[b300e0d07a1a3461]::runtime::scheduler::current_thread::Core>, core[df12db4294e9bfd3]::option::Option<()>)>
[INFO] [stdout]   16:     0x57ecf18d4a8d - <tokio[b300e0d07a1a3461]::runtime::runtime::Runtime>::block_on::<core[df12db4294e9bfd3]::pin::Pin<&mut dyn core[df12db4294e9bfd3]::future::future::Future<Output = ()>>>
[INFO] [stdout]   17:     0x57ecf186f74b - gatewarden[395389a81ace485d]::http::tests::saving_settings_can_disable_shadow_mode
[INFO] [stdout]   18:     0x57ecf19841e9 - <gatewarden[395389a81ace485d]::http::tests::saving_settings_can_disable_shadow_mode::{closure#0} as core[df12db4294e9bfd3]::ops::function::FnOnce<()>>::call_once
[INFO] [stdout]   19:     0x57ecf19bc9bb - test[9d35eded1c95d3be]::__rust_begin_short_backtrace::<core[df12db4294e9bfd3]::result::Result<(), alloc[2182bb758b4b3781]::string::String>, fn() -> core[df12db4294e9bfd3]::result::Result<(), alloc[2182bb758b4b3781]::string::String>>
[INFO] [stdout]   20:     0x57ecf19ca025 - test[9d35eded1c95d3be]::run_test::{closure#0}
[INFO] [stdout]   21:     0x57ecf19c38e4 - std[70759c8f55707aa4]::sys::backtrace::__rust_begin_short_backtrace::<test[9d35eded1c95d3be]::run_test::{closure#1}, ()>
[INFO] [stdout]   22:     0x57ecf19cd182 - <std[70759c8f55707aa4]::thread::lifecycle::spawn_unchecked<test[9d35eded1c95d3be]::run_test::{closure#1}, ()>::{closure#1} as core[df12db4294e9bfd3]::ops::function::FnOnce<()>>::call_once::{shim:vtable#0}
[INFO] [stdout]   23:     0x57ecf2040839 - <std[70759c8f55707aa4]::sys::thread::unix::Thread>::new::thread_start
[INFO] [stdout]   24:     0x7ab0d6e0cdfa - <unknown>
[INFO] [stdout]   25:     0x7ab0d6ea03d4 - clone
[INFO] [stdout]   26:                0x0 - <unknown>
[INFO] [stdout] 
[INFO] [stdout] 
[INFO] [stdout] failures:
[INFO] [stdout]     http::tests::saving_settings_can_disable_shadow_mode
[INFO] [stdout] 
[INFO] [stdout] test result: FAILED. 4 passed; 1 failed; 0 ignored; 0 measured; 0 filtered out; finished in 0.64s
[INFO] [stdout] 
[INFO] running `Command { std: "docker" "inspect" "aa5ddeabad9a2a9729940ec2ff18cf1ac4ff525d6c15b524423e9664f0bcecc5", kill_on_drop: false }`
[INFO] running `Command { std: "docker" "rm" "-f" "aa5ddeabad9a2a9729940ec2ff18cf1ac4ff525d6c15b524423e9664f0bcecc5", kill_on_drop: false }`
[INFO] [stdout] aa5ddeabad9a2a9729940ec2ff18cf1ac4ff525d6c15b524423e9664f0bcecc5
