[INFO] fetching crate gw2lib 3.0.2...
[INFO] testing gw2lib-3.0.2 against 1.100.0-beta.1+cargoflags=--release for beta-release-1.100-2
[INFO] extracting crate gw2lib 3.0.2 into /workspace/builds/worker-0-tc2/source
[INFO] started tweaking crates.io crate gw2lib 3.0.2
[INFO] removed 0 missing tests
[INFO] finished tweaking crates.io crate gw2lib 3.0.2
[INFO] tweaked toml for crates.io crate gw2lib 3.0.2 written to /workspace/builds/worker-0-tc2/source/Cargo.toml
[INFO] validating manifest of crates.io crate gw2lib 3.0.2 on toolchain 1.100.0-beta.1
[INFO] running `Command { std: CARGO_HOME="/workspace/cargo-home" RUSTUP_HOME="/workspace/rustup-home" "/workspace/cargo-home/bin/cargo" "+1.100.0-beta.1" "metadata" "--manifest-path" "Cargo.toml" "--no-deps", kill_on_drop: false }`
[INFO] running `Command { std: CARGO_HOME="/workspace/cargo-home" RUSTUP_HOME="/workspace/rustup-home" "/workspace/cargo-home/bin/cargo" "+1.100.0-beta.1" "generate-lockfile" "--manifest-path" "Cargo.toml", kill_on_drop: false }`
[INFO] [stderr]     Updating crates.io index
[INFO] [stderr]      Locking 150 packages to highest compatible versions
[INFO] [stderr]       Adding dashmap v5.5.3 (available: v6.2.1)
[INFO] [stderr]       Adding hyper v0.14.32 (available: v1.12.0)
[INFO] [stderr]       Adding hyper-rustls v0.24.2 (available: v0.27.10)
[INFO] [stderr]       Adding redis v0.23.5 (available: v1.7.1)
[INFO] [stderr]       Adding thiserror v1.0.69 (available: v2.0.21)
[INFO] running `Command { std: CARGO_HOME="/workspace/cargo-home" RUSTUP_HOME="/workspace/rustup-home" "/workspace/cargo-home/bin/cargo" "+1.100.0-beta.1" "fetch" "--manifest-path" "Cargo.toml", kill_on_drop: false }`
[INFO] running `Command { std: "docker" "create" "-v" "/var/lib/crater-agent-workspace/builds/worker-0-tc2/source:/opt/rustwide/workdir:ro,Z" "-v" "/var/lib/crater-agent-workspace/builds/worker-0-tc2/target:/opt/rustwide/target:rw,Z" "-v" "/var/lib/crater-agent-workspace/cargo-home:/opt/rustwide/cargo-home:ro,Z" "-v" "/var/lib/crater-agent-workspace/rustup-home:/opt/rustwide/rustup-home:ro,Z" "-m" "1610612736" "--network" "none" "ghcr.io/rust-lang/crates-build-env/linux@sha256:77db811e55d90add9212f6832c23229e3de5f1c1f9905e8cb07319ea15df73ac" "sleep" "infinity", kill_on_drop: false }`
[INFO] [stdout] 02466b6867b9030c3bfbfc4dddf5cbc1f9122dc87cd351fe76d623c783cdb5aa
[INFO] running `Command { std: "docker" "start" "02466b6867b9030c3bfbfc4dddf5cbc1f9122dc87cd351fe76d623c783cdb5aa", kill_on_drop: false }`
[INFO] running `Command { std: "docker" "inspect" "02466b6867b9030c3bfbfc4dddf5cbc1f9122dc87cd351fe76d623c783cdb5aa", kill_on_drop: false }`
[INFO] running `Command { std: "docker" "exec" "-e" "SOURCE_DIR=/opt/rustwide/workdir" "-e" "CARGO_HOME=/opt/rustwide/cargo-home" "-e" "RUSTUP_HOME=/opt/rustwide/rustup-home" "-e" "CARGO_TARGET_DIR=/opt/rustwide/target" "-w" "/opt/rustwide/workdir" "--user" "0:0" "02466b6867b9030c3bfbfc4dddf5cbc1f9122dc87cd351fe76d623c783cdb5aa" "/opt/rustwide/cargo-home/bin/cargo" "+1.100.0-beta.1" "metadata" "--no-deps" "--format-version=1", kill_on_drop: false }`
[INFO] running `Command { std: "docker" "inspect" "02466b6867b9030c3bfbfc4dddf5cbc1f9122dc87cd351fe76d623c783cdb5aa", kill_on_drop: false }`
[INFO] running `Command { std: "docker" "exec" "-e" "SOURCE_DIR=/opt/rustwide/workdir" "-e" "CARGO_HOME=/opt/rustwide/cargo-home" "-e" "RUSTUP_HOME=/opt/rustwide/rustup-home" "-e" "CARGO_TARGET_DIR=/opt/rustwide/target" "-e" "CARGO_INCREMENTAL=0" "-e" "RUST_BACKTRACE=full" "-e" "RUSTFLAGS=--cap-lints=warn" "-e" "RUSTDOCFLAGS=--cap-lints=warn" "-w" "/opt/rustwide/workdir" "--user" "0:0" "02466b6867b9030c3bfbfc4dddf5cbc1f9122dc87cd351fe76d623c783cdb5aa" "/opt/rustwide/cargo-home/bin/cargo" "+1.100.0-beta.1" "build" "--frozen" "--message-format=json" "--release", kill_on_drop: false }`
[INFO] [stderr]    Compiling futures-channel v0.3.34
[INFO] [stderr]    Compiling cfg_aliases v0.1.1
[INFO] [stderr]    Compiling rustls v0.21.12
[INFO] [stderr]    Compiling ring v0.17.14
[INFO] [stderr]    Compiling base64 v0.21.7
[INFO] [stderr]    Compiling syn v3.0.9
[INFO] [stderr]    Compiling getrandom v0.2.17
[INFO] [stderr]    Compiling socket2 v0.6.5
[INFO] [stderr]    Compiling cfg_aliases v0.2.2
[INFO] [stderr]    Compiling http-body v0.4.6
[INFO] [stderr]    Compiling socket2 v0.5.10
[INFO] [stderr]    Compiling syn v1.0.109
[INFO] [stderr]    Compiling tracing v0.1.44
[INFO] [stderr]    Compiling parking_lot_core v0.9.12
[INFO] [stderr]    Compiling hashbrown v0.14.5
[INFO] [stderr]    Compiling urlencoding v2.1.3
[INFO] [stderr]    Compiling static_init_macro v1.0.4
[INFO] [stderr]    Compiling static_init v1.0.4
[INFO] [stderr]    Compiling chrono v0.4.45
[INFO] [stderr]    Compiling serde_json v1.0.154
[INFO] [stderr]    Compiling tokio v1.53.3
[INFO] [stderr]    Compiling rustls-pemfile v1.0.4
[INFO] [stderr]    Compiling rustls-native-certs v0.6.3
[INFO] [stderr]    Compiling dashmap v5.5.3
[INFO] [stderr]    Compiling futures-macro v0.3.34
[INFO] [stderr]    Compiling serde_derive v1.0.229
[INFO] [stderr]    Compiling async-trait v0.1.92
[INFO] [stderr]    Compiling futures-util v0.3.34
[INFO] [stderr]    Compiling serde v1.0.229
[INFO] [stderr]    Compiling either v1.19.0
[INFO] [stderr]    Compiling gw2lib-model v2.2.4
[INFO] [stderr]    Compiling hyper v0.14.32
[INFO] [stderr]    Compiling futures-executor v0.3.34
[INFO] [stderr]    Compiling futures v0.3.34
[INFO] [stderr]    Compiling rustls-webpki v0.101.7
[INFO] [stderr]    Compiling sct v0.7.1
[INFO] [stderr]    Compiling tokio-rustls v0.24.1
[INFO] [stderr]    Compiling hyper-rustls v0.24.2
[INFO] [stderr]    Compiling gw2lib v3.0.2 (/opt/rustwide/workdir)
[INFO] [stdout] warning: hiding a lifetime that's elided elsewhere is confusing
[INFO] [stdout]   --> src/client/requester.rs:61:9
[INFO] [stdout]    |
[INFO] [stdout] 61 |         &self,
[INFO] [stdout]    |         ^^^^^ the lifetime is elided here
[INFO] [stdout] 62 |         cache_duration: Duration,
[INFO] [stdout] 63 |     ) -> CachedRequest<Self::Caching, Self::RateLimiting, Self::Connector, AUTHENTICATED, FORCE>
[INFO] [stdout]    |          ^^^^^^^^^^^^^^^^^^^^^^^^^^^^^^^^^^^^^^^^^^^^^^^^^^^^^^^^^^^^^^^^^^^^^^^^^^^^^^^^^^^^^^^ the same lifetime is hidden here
[INFO] [stdout]    |
[INFO] [stdout]    = help: the same lifetime is referred to in inconsistent ways, making the signature confusing
[INFO] [stdout]    = note: `#[warn(mismatched_lifetime_syntaxes)]` on by default
[INFO] [stdout] help: use `'_` for type paths
[INFO] [stdout]    |
[INFO] [stdout] 63 |     ) -> CachedRequest<'_, Self::Caching, Self::RateLimiting, Self::Connector, AUTHENTICATED, FORCE>
[INFO] [stdout]    |                        +++
[INFO] [stdout] 
[INFO] [stdout] 
[INFO] [stdout] warning: hiding a lifetime that's elided elsewhere is confusing
[INFO] [stdout]   --> src/client/requester.rs:84:9
[INFO] [stdout]    |
[INFO] [stdout] 84 |         &self,
[INFO] [stdout]    |         ^^^^^ the lifetime is elided here
[INFO] [stdout] 85 |     ) -> CachedRequest<Self::Caching, Self::RateLimiting, Self::Connector, AUTHENTICATED, true>
[INFO] [stdout]    |          ^^^^^^^^^^^^^^^^^^^^^^^^^^^^^^^^^^^^^^^^^^^^^^^^^^^^^^^^^^^^^^^^^^^^^^^^^^^^^^^^^^^^^^ the same lifetime is hidden here
[INFO] [stdout]    |
[INFO] [stdout]    = help: the same lifetime is referred to in inconsistent ways, making the signature confusing
[INFO] [stdout] help: use `'_` for type paths
[INFO] [stdout]    |
[INFO] [stdout] 85 |     ) -> CachedRequest<'_, Self::Caching, Self::RateLimiting, Self::Connector, AUTHENTICATED, true>
[INFO] [stdout]    |                        +++
[INFO] [stdout] 
[INFO] [stdout] 
[INFO] [stderr]     Finished `release` profile [optimized] target(s) in 47.93s
[INFO] [stderr] warning: the following packages contain code that will be rejected by a future version of Rust: static_init_macro v1.0.4
[INFO] [stderr] note: to see what the problems were, use the option `--future-incompat-report`, or run `cargo report future-incompatibilities --id 7`
[INFO] running `Command { std: "docker" "inspect" "02466b6867b9030c3bfbfc4dddf5cbc1f9122dc87cd351fe76d623c783cdb5aa", kill_on_drop: false }`
[INFO] running `Command { std: "docker" "exec" "-e" "SOURCE_DIR=/opt/rustwide/workdir" "-e" "CARGO_HOME=/opt/rustwide/cargo-home" "-e" "RUSTUP_HOME=/opt/rustwide/rustup-home" "-e" "CARGO_TARGET_DIR=/opt/rustwide/target" "-e" "CARGO_INCREMENTAL=0" "-e" "RUST_BACKTRACE=full" "-e" "RUSTFLAGS=--cap-lints=warn" "-e" "RUSTDOCFLAGS=--cap-lints=warn" "-w" "/opt/rustwide/workdir" "--user" "0:0" "02466b6867b9030c3bfbfc4dddf5cbc1f9122dc87cd351fe76d623c783cdb5aa" "/opt/rustwide/cargo-home/bin/cargo" "+1.100.0-beta.1" "test" "--frozen" "--no-run" "--message-format=json" "--release", kill_on_drop: false }`
[INFO] [stdout] warning: hiding a lifetime that's elided elsewhere is confusing
[INFO] [stdout]   --> src/client/requester.rs:61:9
[INFO] [stdout]    |
[INFO] [stdout] 61 |         &self,
[INFO] [stdout]    |         ^^^^^ the lifetime is elided here
[INFO] [stdout] 62 |         cache_duration: Duration,
[INFO] [stdout] 63 |     ) -> CachedRequest<Self::Caching, Self::RateLimiting, Self::Connector, AUTHENTICATED, FORCE>
[INFO] [stdout]    |          ^^^^^^^^^^^^^^^^^^^^^^^^^^^^^^^^^^^^^^^^^^^^^^^^^^^^^^^^^^^^^^^^^^^^^^^^^^^^^^^^^^^^^^^ the same lifetime is hidden here
[INFO] [stdout]    |
[INFO] [stdout]    = help: the same lifetime is referred to in inconsistent ways, making the signature confusing
[INFO] [stdout]    = note: `#[warn(mismatched_lifetime_syntaxes)]` on by default
[INFO] [stdout] help: use `'_` for type paths
[INFO] [stdout]    |
[INFO] [stdout] 63 |     ) -> CachedRequest<'_, Self::Caching, Self::RateLimiting, Self::Connector, AUTHENTICATED, FORCE>
[INFO] [stdout]    |                        +++
[INFO] [stdout] 
[INFO] [stdout] 
[INFO] [stdout] warning: hiding a lifetime that's elided elsewhere is confusing
[INFO] [stdout]   --> src/client/requester.rs:84:9
[INFO] [stdout]    |
[INFO] [stdout] 84 |         &self,
[INFO] [stdout]    |         ^^^^^ the lifetime is elided here
[INFO] [stdout] 85 |     ) -> CachedRequest<Self::Caching, Self::RateLimiting, Self::Connector, AUTHENTICATED, true>
[INFO] [stdout]    |          ^^^^^^^^^^^^^^^^^^^^^^^^^^^^^^^^^^^^^^^^^^^^^^^^^^^^^^^^^^^^^^^^^^^^^^^^^^^^^^^^^^^^^^ the same lifetime is hidden here
[INFO] [stdout]    |
[INFO] [stdout]    = help: the same lifetime is referred to in inconsistent ways, making the signature confusing
[INFO] [stdout] help: use `'_` for type paths
[INFO] [stdout]    |
[INFO] [stdout] 85 |     ) -> CachedRequest<'_, Self::Caching, Self::RateLimiting, Self::Connector, AUTHENTICATED, true>
[INFO] [stdout]    |                        +++
[INFO] [stdout] 
[INFO] [stdout] 
[INFO] [stderr]    Compiling gw2lib v3.0.2 (/opt/rustwide/workdir)
[INFO] [stdout] warning: hiding a lifetime that's elided elsewhere is confusing
[INFO] [stdout]   --> src/client/requester.rs:61:9
[INFO] [stdout]    |
[INFO] [stdout] 61 |         &self,
[INFO] [stdout]    |         ^^^^^ the lifetime is elided here
[INFO] [stdout] 62 |         cache_duration: Duration,
[INFO] [stdout] 63 |     ) -> CachedRequest<Self::Caching, Self::RateLimiting, Self::Connector, AUTHENTICATED, FORCE>
[INFO] [stdout]    |          ^^^^^^^^^^^^^^^^^^^^^^^^^^^^^^^^^^^^^^^^^^^^^^^^^^^^^^^^^^^^^^^^^^^^^^^^^^^^^^^^^^^^^^^ the same lifetime is hidden here
[INFO] [stdout]    |
[INFO] [stdout]    = help: the same lifetime is referred to in inconsistent ways, making the signature confusing
[INFO] [stdout]    = note: `#[warn(mismatched_lifetime_syntaxes)]` on by default
[INFO] [stdout] help: use `'_` for type paths
[INFO] [stdout]    |
[INFO] [stdout] 63 |     ) -> CachedRequest<'_, Self::Caching, Self::RateLimiting, Self::Connector, AUTHENTICATED, FORCE>
[INFO] [stdout]    |                        +++
[INFO] [stdout] 
[INFO] [stdout] 
[INFO] [stdout] warning: hiding a lifetime that's elided elsewhere is confusing
[INFO] [stdout]   --> src/client/requester.rs:84:9
[INFO] [stdout]    |
[INFO] [stdout] 84 |         &self,
[INFO] [stdout]    |         ^^^^^ the lifetime is elided here
[INFO] [stdout] 85 |     ) -> CachedRequest<Self::Caching, Self::RateLimiting, Self::Connector, AUTHENTICATED, true>
[INFO] [stdout]    |          ^^^^^^^^^^^^^^^^^^^^^^^^^^^^^^^^^^^^^^^^^^^^^^^^^^^^^^^^^^^^^^^^^^^^^^^^^^^^^^^^^^^^^^ the same lifetime is hidden here
[INFO] [stdout]    |
[INFO] [stdout]    = help: the same lifetime is referred to in inconsistent ways, making the signature confusing
[INFO] [stdout] help: use `'_` for type paths
[INFO] [stdout]    |
[INFO] [stdout] 85 |     ) -> CachedRequest<'_, Self::Caching, Self::RateLimiting, Self::Connector, AUTHENTICATED, true>
[INFO] [stdout]    |                        +++
[INFO] [stdout] 
[INFO] [stdout] 
[INFO] [stderr]     Finished `release` profile [optimized] target(s) in 1.99s
[INFO] [stderr] warning: the following packages contain code that will be rejected by a future version of Rust: static_init_macro v1.0.4
[INFO] [stderr] note: to see what the problems were, use the option `--future-incompat-report`, or run `cargo report future-incompatibilities --id 7`
[INFO] running `Command { std: "docker" "inspect" "02466b6867b9030c3bfbfc4dddf5cbc1f9122dc87cd351fe76d623c783cdb5aa", kill_on_drop: false }`
[INFO] running `Command { std: "docker" "exec" "-e" "SOURCE_DIR=/opt/rustwide/workdir" "-e" "CARGO_HOME=/opt/rustwide/cargo-home" "-e" "RUSTUP_HOME=/opt/rustwide/rustup-home" "-e" "CARGO_TARGET_DIR=/opt/rustwide/target" "-e" "CARGO_INCREMENTAL=0" "-e" "RUST_BACKTRACE=full" "-e" "RUSTFLAGS=--cap-lints=warn" "-e" "RUSTDOCFLAGS=--cap-lints=warn" "-w" "/opt/rustwide/workdir" "--user" "0:0" "02466b6867b9030c3bfbfc4dddf5cbc1f9122dc87cd351fe76d623c783cdb5aa" "/opt/rustwide/cargo-home/bin/cargo" "+1.100.0-beta.1" "test" "--frozen" "--release", kill_on_drop: false }`
[INFO] [stderr] warning: hiding a lifetime that's elided elsewhere is confusing
[INFO] [stderr]   --> src/client/requester.rs:61:9
[INFO] [stderr]    |
[INFO] [stderr] 61 |         &self,
[INFO] [stderr]    |         ^^^^^ the lifetime is elided here
[INFO] [stderr] 62 |         cache_duration: Duration,
[INFO] [stderr] 63 |     ) -> CachedRequest<Self::Caching, Self::RateLimiting, Self::Connector, AUTHENTICATED, FORCE>
[INFO] [stderr]    |          ^^^^^^^^^^^^^^^^^^^^^^^^^^^^^^^^^^^^^^^^^^^^^^^^^^^^^^^^^^^^^^^^^^^^^^^^^^^^^^^^^^^^^^^ the same lifetime is hidden here
[INFO] [stderr]    |
[INFO] [stderr]    = help: the same lifetime is referred to in inconsistent ways, making the signature confusing
[INFO] [stderr]    = note: `#[warn(mismatched_lifetime_syntaxes)]` on by default
[INFO] [stderr] help: use `'_` for type paths
[INFO] [stderr]    |
[INFO] [stderr] 63 |     ) -> CachedRequest<'_, Self::Caching, Self::RateLimiting, Self::Connector, AUTHENTICATED, FORCE>
[INFO] [stderr]    |                        +++
[INFO] [stderr] 
[INFO] [stderr] warning: hiding a lifetime that's elided elsewhere is confusing
[INFO] [stderr]   --> src/client/requester.rs:84:9
[INFO] [stderr]    |
[INFO] [stderr] 84 |         &self,
[INFO] [stderr]    |         ^^^^^ the lifetime is elided here
[INFO] [stderr] 85 |     ) -> CachedRequest<Self::Caching, Self::RateLimiting, Self::Connector, AUTHENTICATED, true>
[INFO] [stderr]    |          ^^^^^^^^^^^^^^^^^^^^^^^^^^^^^^^^^^^^^^^^^^^^^^^^^^^^^^^^^^^^^^^^^^^^^^^^^^^^^^^^^^^^^^ the same lifetime is hidden here
[INFO] [stderr]    |
[INFO] [stderr]    = help: the same lifetime is referred to in inconsistent ways, making the signature confusing
[INFO] [stderr] help: use `'_` for type paths
[INFO] [stderr]    |
[INFO] [stderr] 85 |     ) -> CachedRequest<'_, Self::Caching, Self::RateLimiting, Self::Connector, AUTHENTICATED, true>
[INFO] [stderr]    |                        +++
[INFO] [stderr] 
[INFO] [stderr] warning: `gw2lib` (lib) generated 2 warnings (run `cargo fix --lib -p gw2lib` to apply 2 suggestions)
[INFO] [stderr] warning: `gw2lib` (lib test) generated 2 warnings (2 duplicates)
[INFO] [stderr]     Finished `release` profile [optimized] target(s) in 0.12s
[INFO] [stderr] warning: the following packages contain code that will be rejected by a future version of Rust: static_init_macro v1.0.4
[INFO] [stderr] note: to see what the problems were, use the option `--future-incompat-report`, or run `cargo report future-incompatibilities --id 7`
[INFO] [stderr]      Running unittests src/lib.rs (/opt/rustwide/target/release/build/gw2lib/5b1c6ead63081bc9/out/gw2lib-5b1c6ead63081bc9)
[INFO] [stdout] 
[INFO] [stdout] running 0 tests
[INFO] [stdout] 
[INFO] [stdout] test result: ok. 0 passed; 0 failed; 0 ignored; 0 measured; 0 filtered out; finished in 0.00s
[INFO] [stdout] 
[INFO] [stderr]      Running tests/account.rs (/opt/rustwide/target/release/build/gw2lib/2a3a399a1f1952dd/out/account-2a3a399a1f1952dd)
[INFO] [stdout] 
[INFO] [stdout] running 0 tests
[INFO] [stdout] 
[INFO] [stdout] test result: ok. 0 passed; 0 failed; 0 ignored; 0 measured; 0 filtered out; finished in 0.00s
[INFO] [stdout] 
[INFO] [stderr]      Running tests/account_bank.rs (/opt/rustwide/target/release/build/gw2lib/1b5156b3164ec874/out/account_bank-1b5156b3164ec874)
[INFO] [stdout] 
[INFO] [stderr]      Running tests/account_inventory.rs (/opt/rustwide/target/release/build/gw2lib/6eaf61c380a68a02/out/account_inventory-6eaf61c380a68a02)
[INFO] [stdout] running 0 tests
[INFO] [stderr]      Running tests/account_materials.rs (/opt/rustwide/target/release/build/gw2lib/d8fa2bc3b7152037/out/account_materials-d8fa2bc3b7152037)
[INFO] [stdout] 
[INFO] [stderr]      Running tests/account_raids.rs (/opt/rustwide/target/release/build/gw2lib/b000520df3fee7bd/out/account_raids-b000520df3fee7bd)
[INFO] [stdout] test result: ok. 0 passed; 0 failed; 0 ignored; 0 measured; 0 filtered out; finished in 0.00s
[INFO] [stdout] 
[INFO] [stdout] 
[INFO] [stdout] running 0 tests
[INFO] [stdout] 
[INFO] [stdout] test result: ok. 0 passed; 0 failed; 0 ignored; 0 measured; 0 filtered out; finished in 0.00s
[INFO] [stdout] 
[INFO] [stdout] 
[INFO] [stdout] running 0 tests
[INFO] [stdout] 
[INFO] [stdout] test result: ok. 0 passed; 0 failed; 0 ignored; 0 measured; 0 filtered out; finished in 0.00s
[INFO] [stdout] 
[INFO] [stdout] 
[INFO] [stdout] running 0 tests
[INFO] [stdout] 
[INFO] [stdout] test result: ok. 0 passed; 0 failed; 0 ignored; 0 measured; 0 filtered out; finished in 0.00s
[INFO] [stdout] 
[INFO] [stderr]      Running tests/account_wallet.rs (/opt/rustwide/target/release/build/gw2lib/e63dac24a31bd5f8/out/account_wallet-e63dac24a31bd5f8)
[INFO] [stderr]      Running tests/characters.rs (/opt/rustwide/target/release/build/gw2lib/bae20798d22531e5/out/characters-bae20798d22531e5)
[INFO] [stdout] 
[INFO] [stdout] running 0 tests
[INFO] [stdout] 
[INFO] [stdout] test result: ok. 0 passed; 0 failed; 0 ignored; 0 measured; 0 filtered out; finished in 0.00s
[INFO] [stdout] 
[INFO] [stdout] 
[INFO] [stderr]      Running tests/commerce_delivery.rs (/opt/rustwide/target/release/build/gw2lib/9ecbc0bc47a13655/out/commerce_delivery-9ecbc0bc47a13655)
[INFO] [stdout] running 0 tests
[INFO] [stdout] 
[INFO] [stdout] test result: ok. 0 passed; 0 failed; 0 ignored; 0 measured; 0 filtered out; finished in 0.00s
[INFO] [stdout] 
[INFO] [stdout] 
[INFO] [stdout] running 0 tests
[INFO] [stdout] 
[INFO] [stderr]      Running tests/continents.rs (/opt/rustwide/target/release/build/gw2lib/0e97160723b2fca9/out/continents-0e97160723b2fca9)
[INFO] [stdout] test result: ok. 0 passed; 0 failed; 0 ignored; 0 measured; 0 filtered out; finished in 0.00s
[INFO] [stdout] 
[INFO] [stderr]      Running tests/general.rs (/opt/rustwide/target/release/build/gw2lib/3764ac730ae961cd/out/general-3764ac730ae961cd)
[INFO] [stdout] 
[INFO] [stdout] running 0 tests
[INFO] [stdout] 
[INFO] [stdout] test result: ok. 0 passed; 0 failed; 0 ignored; 0 measured; 0 filtered out; finished in 0.00s
[INFO] [stdout] 
[INFO] [stdout] 
[INFO] [stdout] running 0 tests
[INFO] [stdout] 
[INFO] [stdout] test result: ok. 0 passed; 0 failed; 0 ignored; 0 measured; 0 filtered out; finished in 0.00s
[INFO] [stdout] 
[INFO] [stderr]      Running tests/home_cats.rs (/opt/rustwide/target/release/build/gw2lib/48bebed0268eb3fd/out/home_cats-48bebed0268eb3fd)
[INFO] [stdout] 
[INFO] [stdout] running 0 tests
[INFO] [stdout] 
[INFO] [stdout] test result: ok. 0 passed; 0 failed; 0 ignored; 0 measured; 0 filtered out; finished in 0.00s
[INFO] [stdout] 
[INFO] [stderr]      Running tests/home_nodes.rs (/opt/rustwide/target/release/build/gw2lib/47b4013890326f0c/out/home_nodes-47b4013890326f0c)
[INFO] [stdout] 
[INFO] [stdout] running 0 tests
[INFO] [stdout] 
[INFO] [stdout] test result: ok. 0 passed; 0 failed; 0 ignored; 0 measured; 0 filtered out; finished in 0.00s
[INFO] [stdout] 
[INFO] [stderr]      Running tests/items.rs (/opt/rustwide/target/release/build/gw2lib/06c3263704a54c50/out/items-06c3263704a54c50)
[INFO] [stdout] 
[INFO] [stdout] running 0 tests
[INFO] [stdout] 
[INFO] [stdout] test result: ok. 0 passed; 0 failed; 0 ignored; 0 measured; 0 filtered out; finished in 0.00s
[INFO] [stdout] 
[INFO] [stderr]      Running tests/itemstats.rs (/opt/rustwide/target/release/build/gw2lib/b8b3836f94dd025a/out/itemstats-b8b3836f94dd025a)
[INFO] [stdout] 
[INFO] [stdout] running 0 tests
[INFO] [stdout] 
[INFO] [stdout] test result: ok. 0 passed; 0 failed; 0 ignored; 0 measured; 0 filtered out; finished in 0.00s
[INFO] [stdout] 
[INFO] [stderr]      Running tests/maps.rs (/opt/rustwide/target/release/build/gw2lib/e19c2e915d16cacb/out/maps-e19c2e915d16cacb)
[INFO] [stdout] 
[INFO] [stdout] running 0 tests
[INFO] [stdout] 
[INFO] [stdout] test result: ok. 0 passed; 0 failed; 0 ignored; 0 measured; 0 filtered out; finished in 0.00s
[INFO] [stdout] 
[INFO] [stderr]      Running tests/pets.rs (/opt/rustwide/target/release/build/gw2lib/946ebca0325fc271/out/pets-946ebca0325fc271)
[INFO] [stdout] 
[INFO] [stdout] running 0 tests
[INFO] [stdout] 
[INFO] [stdout] test result: ok. 0 passed; 0 failed; 0 ignored; 0 measured; 0 filtered out; finished in 0.00s
[INFO] [stdout] 
[INFO] [stderr]      Running tests/raids.rs (/opt/rustwide/target/release/build/gw2lib/ab09bda96ef89880/out/raids-ab09bda96ef89880)
[INFO] [stdout] 
[INFO] [stdout] running 0 tests
[INFO] [stdout] 
[INFO] [stdout] test result: ok. 0 passed; 0 failed; 0 ignored; 0 measured; 0 filtered out; finished in 0.00s
[INFO] [stdout] 
[INFO] [stderr]      Running tests/recipes.rs (/opt/rustwide/target/release/build/gw2lib/7b567a465b7ed73f/out/recipes-7b567a465b7ed73f)
[INFO] [stdout] 
[INFO] [stdout] running 0 tests
[INFO] [stdout] 
[INFO] [stdout] test result: ok. 0 passed; 0 failed; 0 ignored; 0 measured; 0 filtered out; finished in 0.00s
[INFO] [stdout] 
[INFO] [stderr]      Running tests/setup.rs (/opt/rustwide/target/release/build/gw2lib/0cf0a22beb1abccb/out/setup-0cf0a22beb1abccb)
[INFO] [stdout] 
[INFO] [stdout] running 0 tests
[INFO] [stdout] 
[INFO] [stdout] test result: ok. 0 passed; 0 failed; 0 ignored; 0 measured; 0 filtered out; finished in 0.00s
[INFO] [stderr]      Running tests/skins.rs (/opt/rustwide/target/release/build/gw2lib/b1e0903d3eebb2a6/out/skins-b1e0903d3eebb2a6)
[INFO] [stdout] 
[INFO] [stdout] 
[INFO] [stdout] running 0 tests
[INFO] [stdout] 
[INFO] [stdout] test result: ok. 0 passed; 0 failed; 0 ignored; 0 measured; 0 filtered out; finished in 0.00s
[INFO] [stdout] 
[INFO] [stderr]      Running tests/worlds.rs (/opt/rustwide/target/release/build/gw2lib/aa7c2685a211a85d/out/worlds-aa7c2685a211a85d)
[INFO] [stdout] 
[INFO] [stdout] running 0 tests
[INFO] [stdout] 
[INFO] [stdout] test result: ok. 0 passed; 0 failed; 0 ignored; 0 measured; 0 filtered out; finished in 0.00s
[INFO] [stdout] 
[INFO] [stderr]    Doc-tests gw2lib
[INFO] [stdout] 
[INFO] [stdout] running 6 tests
[INFO] [stdout] test src/client/mod.rs - client::Client<C,R,Conn,AUTHENTICATED>::identifier (line 164) - compile ... FAILED
[INFO] [stdout] test src/client/requester.rs - client::requester::Requester::forced (line 73) ... FAILED
[INFO] [stdout] test src/client/requester.rs - client::requester::Requester::try_get (line 156) ... FAILED
[INFO] [stdout] test src/client/requester.rs - client::requester::Requester::cached (line 47) ... FAILED
[INFO] [stdout] test src/client/mod.rs - client::Client<C,R,Conn,AUTHENTICATED>::cache (line 193) ... FAILED
[INFO] [stdout] test src/client/mod.rs - client::Client<C,R,Conn,AUTHENTICATED>::rate_limiter (line 219) ... FAILED
[INFO] [stdout] 
[INFO] [stdout] failures:
[INFO] [stdout] 
[INFO] [stdout] ---- src/client/mod.rs - client::Client<C,R,Conn,AUTHENTICATED>::identifier (line 164) stdout ----
[INFO] [stdout] error[E0599]: no method named `unwrap` found for struct `Pin<Box<dyn Future<Output = Result<_, EndpointError>> + Send>>` in the current scope
[INFO] [stdout]    --> src/client/mod.rs:173:37
[INFO] [stdout]     |
[INFO] [stdout] 173 | let account: Account = client.get().unwrap();
[INFO] [stdout]     |                                     ^^^^^^ method not found in `Pin<Box<dyn Future<Output = Result<_, EndpointError>> + Send>>`
[INFO] [stdout] 
[INFO] [stdout] error[E0599]: no method named `unwrap` found for struct `Pin<Box<dyn Future<Output = Result<Vec<String>, EndpointError>> + Send>>` in the current scope
[INFO] [stdout]    --> src/client/mod.rs:177:75
[INFO] [stdout]     |
[INFO] [stdout] 177 | let characters: Vec<CharacterId> = client.ids::<Character, CharacterId>().unwrap();
[INFO] [stdout]     |                                                                           ^^^^^^ method not found in `Pin<Box<dyn Future<Output = Result<Vec<String>, EndpointError>> + Send>>`
[INFO] [stdout] 
[INFO] [stdout] error[E0599]: no method named `unwrap` found for struct `Pin<Box<dyn Future<Output = Result<Vec<String>, EndpointError>> + Send>>` in the current scope
[INFO] [stdout]    --> src/client/mod.rs:183:75
[INFO] [stdout]     |
[INFO] [stdout] 183 | let characters: Vec<CharacterId> = client.ids::<Character, CharacterId>().unwrap();
[INFO] [stdout]     |                                                                           ^^^^^^ method not found in `Pin<Box<dyn Future<Output = Result<Vec<String>, EndpointError>> + Send>>`
[INFO] [stdout] 
[INFO] [stdout] error: aborting due to 3 previous errors
[INFO] [stdout] 
[INFO] [stdout] For more information about this error, try `rustc --explain E0599`.
[INFO] [stdout] Couldn't compile the test.
[INFO] [stdout] ---- src/client/requester.rs - client::requester::Requester::forced (line 73) stdout ----
[INFO] [stdout] error[E0599]: no method named `unwrap` found for struct `Pin<Box<dyn Future<Output = Result<_, EndpointError>> + Send>>` in the current scope
[INFO] [stdout]   --> src/client/requester.rs:79:36
[INFO] [stdout]    |
[INFO] [stdout] 79 | let build_id: Build = client.get().unwrap();
[INFO] [stdout]    |                                    ^^^^^^ method not found in `Pin<Box<dyn Future<Output = Result<_, EndpointError>> + Send>>`
[INFO] [stdout] 
[INFO] [stdout] error[E0599]: no method named `unwrap` found for struct `Pin<Box<dyn Future<Output = Result<_, EndpointError>> + Send>>` in the current scope
[INFO] [stdout]   --> src/client/requester.rs:81:36
[INFO] [stdout]    |
[INFO] [stdout] 81 | let build_id: Build = client.get().unwrap();
[INFO] [stdout]    |                                    ^^^^^^ method not found in `Pin<Box<dyn Future<Output = Result<_, EndpointError>> + Send>>`
[INFO] [stdout] 
[INFO] [stdout] error[E0599]: no method named `unwrap` found for struct `Pin<Box<dyn Future<Output = Result<_, EndpointError>> + Send>>` in the current scope
[INFO] [stdout]   --> src/client/requester.rs:83:45
[INFO] [stdout]    |
[INFO] [stdout] 83 | let build_id: Build = client.forced().get().unwrap();
[INFO] [stdout]    |                                             ^^^^^^ method not found in `Pin<Box<dyn Future<Output = Result<_, EndpointError>> + Send>>`
[INFO] [stdout] 
[INFO] [stdout] error: aborting due to 3 previous errors
[INFO] [stdout] 
[INFO] [stdout] For more information about this error, try `rustc --explain E0599`.
[INFO] [stdout] Couldn't compile the test.
[INFO] [stdout] ---- src/client/requester.rs - client::requester::Requester::try_get (line 156) stdout ----
[INFO] [stdout] error[E0308]: mismatched types
[INFO] [stdout]    --> src/client/requester.rs:161:32
[INFO] [stdout]     |
[INFO] [stdout] 161 | let from_cache: Option<Item> = client.try_get(&19721);
[INFO] [stdout]     |                 ------------   ^^^^^^^^^^^^^^^^^^^^^^ expected `Option<Item>`, found `Pin<Box<_>>`
[INFO] [stdout]     |                 |
[INFO] [stdout]     |                 expected due to this
[INFO] [stdout]     |
[INFO] [stdout]     = note: expected enum `Option<gw2lib::gw2lib_model::items::Item>`
[INFO] [stdout]              found struct `Pin<Box<dyn Future<Output = Option<_>> + Send>>`
[INFO] [stdout] 
[INFO] [stdout] error: aborting due to 1 previous error
[INFO] [stdout] 
[INFO] [stdout] For more information about this error, try `rustc --explain E0308`.
[INFO] [stdout] Couldn't compile the test.
[INFO] [stdout] ---- src/client/requester.rs - client::requester::Requester::cached (line 47) stdout ----
[INFO] [stdout] error[E0599]: no method named `unwrap` found for struct `Pin<Box<dyn Future<Output = Result<_, EndpointError>> + Send>>` in the current scope
[INFO] [stdout]   --> src/client/requester.rs:57:42
[INFO] [stdout]    |
[INFO] [stdout] 57 | let build_id: Build = cache_client.get().unwrap();
[INFO] [stdout]    |                                          ^^^^^^ method not found in `Pin<Box<dyn Future<Output = Result<_, EndpointError>> + Send>>`
[INFO] [stdout] 
[INFO] [stdout] error[E0599]: no method named `unwrap` found for struct `Pin<Box<dyn Future<Output = Result<_, EndpointError>> + Send>>` in the current scope
[INFO] [stdout]   --> src/client/requester.rs:58:45
[INFO] [stdout]    |
[INFO] [stdout] 58 | let item: Item = cache_client.single(19993).unwrap();
[INFO] [stdout]    |                                             ^^^^^^ method not found in `Pin<Box<dyn Future<Output = Result<_, EndpointError>> + Send>>`
[INFO] [stdout] 
[INFO] [stdout] error[E0599]: no method named `unwrap` found for struct `Pin<Box<dyn Future<Output = Result<_, EndpointError>> + Send>>` in the current scope
[INFO] [stdout]   --> src/client/requester.rs:60:45
[INFO] [stdout]    |
[INFO] [stdout] 60 | let other_item: Item = client.single(19721).unwrap();
[INFO] [stdout]    |                                             ^^^^^^ method not found in `Pin<Box<dyn Future<Output = Result<_, EndpointError>> + Send>>`
[INFO] [stdout] 
[INFO] [stdout] error: aborting due to 3 previous errors
[INFO] [stdout] 
[INFO] [stdout] For more information about this error, try `rustc --explain E0599`.
[INFO] [stdout] Couldn't compile the test.
[INFO] [stdout] ---- src/client/mod.rs - client::Client<C,R,Conn,AUTHENTICATED>::cache (line 193) stdout ----
[INFO] [stdout] Test executable failed (exit status: 101).
[INFO] [stdout] 
[INFO] [stdout] stderr:
[INFO] [stdout] 
[INFO] [stdout] thread 'main' (1679) panicked at src/block.rs:20:5:
[INFO] [stdout] there is no reactor running, must be called from the context of a Tokio 1.x runtime
[INFO] [stdout] stack backtrace:
[INFO] [stdout]    0:     0x60ab203d2f01 - std[617be2ca0a6fd877]::backtrace_rs::backtrace::libunwind::trace
[INFO] [stdout]                                at /rustc/e3feeb59cd1bdd011a2bfcc0747b55125d9b8527/library/std/src/../../backtrace/src/backtrace/libunwind.rs:117:9
[INFO] [stdout]    1:     0x60ab203d2f01 - std[617be2ca0a6fd877]::backtrace_rs::backtrace::trace_unsynchronized::<std[617be2ca0a6fd877]::sys::backtrace::_print_fmt::{closure#1}>
[INFO] [stdout]                                at /rustc/e3feeb59cd1bdd011a2bfcc0747b55125d9b8527/library/std/src/../../backtrace/src/backtrace/mod.rs:66:14
[INFO] [stdout]    2:     0x60ab203d2f01 - std[617be2ca0a6fd877]::sys::backtrace::_print_fmt
[INFO] [stdout]                                at /rustc/e3feeb59cd1bdd011a2bfcc0747b55125d9b8527/library/std/src/sys/backtrace.rs:74:9
[INFO] [stdout]    3:     0x60ab203d2f01 - <<std[617be2ca0a6fd877]::sys::backtrace::BacktraceLock>::print::DisplayBacktrace as core[a373ad73a504971]::fmt::Display>::fmt
[INFO] [stdout]                                at /rustc/e3feeb59cd1bdd011a2bfcc0747b55125d9b8527/library/std/src/sys/backtrace.rs:44:26
[INFO] [stdout]    4:     0x60ab203e412a - <core[a373ad73a504971]::fmt::rt::Argument>::fmt
[INFO] [stdout]                                at /rustc/e3feeb59cd1bdd011a2bfcc0747b55125d9b8527/library/core/src/fmt/rt.rs:152:76
[INFO] [stdout]    5:     0x60ab203e412a - core[a373ad73a504971]::fmt::write
[INFO] [stdout]    6:     0x60ab203d653c - core[a373ad73a504971]::io::write::default_write_fmt::<std[617be2ca0a6fd877]::sys::stdio::unix::Stderr>
[INFO] [stdout]                                at /rustc/e3feeb59cd1bdd011a2bfcc0747b55125d9b8527/library/core/src/io/write.rs:402:11
[INFO] [stdout]    7:     0x60ab203d653c - <std[617be2ca0a6fd877]::sys::stdio::unix::Stderr as core[a373ad73a504971]::io::write::Write>::write_fmt
[INFO] [stdout]                                at /rustc/e3feeb59cd1bdd011a2bfcc0747b55125d9b8527/library/core/src/io/write.rs:335:13
[INFO] [stdout]    8:     0x60ab203b90e6 - <std[617be2ca0a6fd877]::sys::backtrace::BacktraceLock>::print
[INFO] [stdout]                                at /rustc/e3feeb59cd1bdd011a2bfcc0747b55125d9b8527/library/std/src/sys/backtrace.rs:47:9
[INFO] [stdout]    9:     0x60ab203b90e6 - std[617be2ca0a6fd877]::panicking::default_hook::{closure#0}
[INFO] [stdout]                                at /rustc/e3feeb59cd1bdd011a2bfcc0747b55125d9b8527/library/std/src/panicking.rs:289:27
[INFO] [stdout]   10:     0x60ab203cc7a1 - std[617be2ca0a6fd877]::panicking::default_hook
[INFO] [stdout]                                at /rustc/e3feeb59cd1bdd011a2bfcc0747b55125d9b8527/library/std/src/panicking.rs:316:9
[INFO] [stdout]   11:     0x60ab203ccacb - std[617be2ca0a6fd877]::panicking::panic_with_hook
[INFO] [stdout]                                at /rustc/e3feeb59cd1bdd011a2bfcc0747b55125d9b8527/library/std/src/panicking.rs:811:13
[INFO] [stdout]   12:     0x60ab203b9192 - std[617be2ca0a6fd877]::panicking::panic_handler::{closure#0}
[INFO] [stdout]                                at /rustc/e3feeb59cd1bdd011a2bfcc0747b55125d9b8527/library/std/src/panicking.rs:685:13
[INFO] [stdout]   13:     0x60ab203b2179 - std[617be2ca0a6fd877]::sys::backtrace::__rust_end_short_backtrace::<std[617be2ca0a6fd877]::panicking::panic_handler::{closure#0}, !>
[INFO] [stdout]                                at /rustc/e3feeb59cd1bdd011a2bfcc0747b55125d9b8527/library/std/src/sys/backtrace.rs:182:18
[INFO] [stdout]   14:     0x60ab203b9d0d - __rustc[ea4f61d10b84890b]::rust_begin_unwind
[INFO] [stdout]                                at /rustc/e3feeb59cd1bdd011a2bfcc0747b55125d9b8527/library/std/src/panicking.rs:676:5
[INFO] [stdout]   15:     0x60ab203e488c - core[a373ad73a504971]::panicking::panic_fmt
[INFO] [stdout]                                at /rustc/e3feeb59cd1bdd011a2bfcc0747b55125d9b8527/library/core/src/panicking.rs:80:14
[INFO] [stdout]   16:     0x60ab203343ec - tokio[30c735b7127609ee]::task::spawn::spawn::<gw2lib[d5eb340ea6126d43]::client::periodically_cleanup_cache::{closure#0}>
[INFO] [stdout]   17:     0x60ab20332555 - gw2lib[d5eb340ea6126d43]::client::periodically_cleanup_cache
[INFO] [stdout]   18:     0x60ab2032b7be - <gw2lib[d5eb340ea6126d43]::client::Client<gw2lib[d5eb340ea6126d43]::cache::noop::NoopCache, gw2lib[d5eb340ea6126d43]::rate_limit::noop::NoopRateLimiter, hyper_rustls[7192254bed7d7d58]::connector::HttpsConnector<hyper[5e735a51ad21ebdc]::client::connect::http::HttpConnector>, false>>::cache::<gw2lib[d5eb340ea6126d43]::cache::in_memory::InMemoryCache>
[INFO] [stdout]   19:     0x60ab2032d09b - rust_out[72a830746f8703f]::main::_doctest_main_src_client_mod_rs_193_0
[INFO] [stdout]   20:     0x60ab2032ca36 - rust_out[72a830746f8703f]::main
[INFO] [stdout]   21:     0x60ab2032d74b - <fn() as core[a373ad73a504971]::ops::function::FnOnce<()>>::call_once
[INFO] [stdout]   22:     0x60ab2032c856 - std[617be2ca0a6fd877]::sys::backtrace::__rust_begin_short_backtrace::<fn(), ()>
[INFO] [stdout]   23:     0x60ab2032c869 - std[617be2ca0a6fd877]::rt::lang_start::<()>::{closure#0}
[INFO] [stdout]   24:     0x60ab203cbf38 - <&dyn core[a373ad73a504971]::ops::function::Fn<(), Output = i32> + core[a373ad73a504971]::marker::Sync + core[a373ad73a504971]::panic::unwind_safe::RefUnwindSafe as core[a373ad73a504971]::ops::function::FnOnce<()>>::call_once
[INFO] [stdout]                                at /rustc/e3feeb59cd1bdd011a2bfcc0747b55125d9b8527/library/core/src/ops/function.rs:287:21
[INFO] [stdout]   25:     0x60ab203cbf38 - std[617be2ca0a6fd877]::panicking::catch_unwind::do_call::<&dyn core[a373ad73a504971]::ops::function::Fn<(), Output = i32> + core[a373ad73a504971]::marker::Sync + core[a373ad73a504971]::panic::unwind_safe::RefUnwindSafe, i32>
[INFO] [stdout]                                at /rustc/e3feeb59cd1bdd011a2bfcc0747b55125d9b8527/library/std/src/panicking.rs:573:43
[INFO] [stdout]   26:     0x60ab203cbf38 - std[617be2ca0a6fd877]::panicking::catch_unwind::<i32, &dyn core[a373ad73a504971]::ops::function::Fn<(), Output = i32> + core[a373ad73a504971]::marker::Sync + core[a373ad73a504971]::panic::unwind_safe::RefUnwindSafe>
[INFO] [stdout]                                at /rustc/e3feeb59cd1bdd011a2bfcc0747b55125d9b8527/library/std/src/panicking.rs:541:19
[INFO] [stdout]   27:     0x60ab203cbf38 - std[617be2ca0a6fd877]::panic::catch_unwind::<&dyn core[a373ad73a504971]::ops::function::Fn<(), Output = i32> + core[a373ad73a504971]::marker::Sync + core[a373ad73a504971]::panic::unwind_safe::RefUnwindSafe, i32>
[INFO] [stdout]                                at /rustc/e3feeb59cd1bdd011a2bfcc0747b55125d9b8527/library/std/src/panic.rs:359:14
[INFO] [stdout]   28:     0x60ab203cbf38 - std[617be2ca0a6fd877]::rt::lang_start_internal::{closure#0}
[INFO] [stdout]                                at /rustc/e3feeb59cd1bdd011a2bfcc0747b55125d9b8527/library/std/src/rt.rs:175:24
[INFO] [stdout]   29:     0x60ab203cbf38 - std[617be2ca0a6fd877]::panicking::catch_unwind::do_call::<std[617be2ca0a6fd877]::rt::lang_start_internal::{closure#0}, isize>
[INFO] [stdout]                                at /rustc/e3feeb59cd1bdd011a2bfcc0747b55125d9b8527/library/std/src/panicking.rs:573:43
[INFO] [stdout]   30:     0x60ab203cbf38 - std[617be2ca0a6fd877]::panicking::catch_unwind::<isize, std[617be2ca0a6fd877]::rt::lang_start_internal::{closure#0}>
[INFO] [stdout]                                at /rustc/e3feeb59cd1bdd011a2bfcc0747b55125d9b8527/library/std/src/panicking.rs:541:19
[INFO] [stdout]   31:     0x60ab203cbf38 - std[617be2ca0a6fd877]::panic::catch_unwind::<std[617be2ca0a6fd877]::rt::lang_start_internal::{closure#0}, isize>
[INFO] [stdout]                                at /rustc/e3feeb59cd1bdd011a2bfcc0747b55125d9b8527/library/std/src/panic.rs:359:14
[INFO] [stdout]   32:     0x60ab203cbf38 - std[617be2ca0a6fd877]::rt::lang_start_internal
[INFO] [stdout]                                at /rustc/e3feeb59cd1bdd011a2bfcc0747b55125d9b8527/library/std/src/rt.rs:171:5
[INFO] [stdout]   33:     0x60ab2032bf61 - std[617be2ca0a6fd877]::rt::lang_start::<()>
[INFO] [stdout]   34:     0x60ab2032d785 - main
[INFO] [stdout]   35:     0x772982c79601 - <unknown>
[INFO] [stdout]   36:     0x772982c79718 - __libc_start_main
[INFO] [stdout]   37:     0x60ab2032b6a5 - _start
[INFO] [stdout]   38:                0x0 - <unknown>
[INFO] [stdout] 
[INFO] [stdout] 
[INFO] [stdout] ---- src/client/mod.rs - client::Client<C,R,Conn,AUTHENTICATED>::rate_limiter (line 219) stdout ----
[INFO] [stdout] Test executable failed (exit status: 101).
[INFO] [stdout] 
[INFO] [stdout] stderr:
[INFO] [stdout] 
[INFO] [stdout] thread 'main' (1680) panicked at src/block.rs:20:5:
[INFO] [stdout] there is no reactor running, must be called from the context of a Tokio 1.x runtime
[INFO] [stdout] stack backtrace:
[INFO] [stdout]    0:     0x5fd052284701 - std[617be2ca0a6fd877]::backtrace_rs::backtrace::libunwind::trace
[INFO] [stdout]                                at /rustc/e3feeb59cd1bdd011a2bfcc0747b55125d9b8527/library/std/src/../../backtrace/src/backtrace/libunwind.rs:117:9
[INFO] [stdout]    1:     0x5fd052284701 - std[617be2ca0a6fd877]::backtrace_rs::backtrace::trace_unsynchronized::<std[617be2ca0a6fd877]::sys::backtrace::_print_fmt::{closure#1}>
[INFO] [stdout]                                at /rustc/e3feeb59cd1bdd011a2bfcc0747b55125d9b8527/library/std/src/../../backtrace/src/backtrace/mod.rs:66:14
[INFO] [stdout]    2:     0x5fd052284701 - std[617be2ca0a6fd877]::sys::backtrace::_print_fmt
[INFO] [stdout]                                at /rustc/e3feeb59cd1bdd011a2bfcc0747b55125d9b8527/library/std/src/sys/backtrace.rs:74:9
[INFO] [stdout]    3:     0x5fd052284701 - <<std[617be2ca0a6fd877]::sys::backtrace::BacktraceLock>::print::DisplayBacktrace as core[a373ad73a504971]::fmt::Display>::fmt
[INFO] [stdout]                                at /rustc/e3feeb59cd1bdd011a2bfcc0747b55125d9b8527/library/std/src/sys/backtrace.rs:44:26
[INFO] [stdout]    4:     0x5fd05229597a - <core[a373ad73a504971]::fmt::rt::Argument>::fmt
[INFO] [stdout]                                at /rustc/e3feeb59cd1bdd011a2bfcc0747b55125d9b8527/library/core/src/fmt/rt.rs:152:76
[INFO] [stdout]    5:     0x5fd05229597a - core[a373ad73a504971]::fmt::write
[INFO] [stdout]    6:     0x5fd052287d8c - core[a373ad73a504971]::io::write::default_write_fmt::<std[617be2ca0a6fd877]::sys::stdio::unix::Stderr>
[INFO] [stdout]                                at /rustc/e3feeb59cd1bdd011a2bfcc0747b55125d9b8527/library/core/src/io/write.rs:402:11
[INFO] [stdout]    7:     0x5fd052287d8c - <std[617be2ca0a6fd877]::sys::stdio::unix::Stderr as core[a373ad73a504971]::io::write::Write>::write_fmt
[INFO] [stdout]                                at /rustc/e3feeb59cd1bdd011a2bfcc0747b55125d9b8527/library/core/src/io/write.rs:335:13
[INFO] [stdout]    8:     0x5fd05226a8e6 - <std[617be2ca0a6fd877]::sys::backtrace::BacktraceLock>::print
[INFO] [stdout]                                at /rustc/e3feeb59cd1bdd011a2bfcc0747b55125d9b8527/library/std/src/sys/backtrace.rs:47:9
[INFO] [stdout]    9:     0x5fd05226a8e6 - std[617be2ca0a6fd877]::panicking::default_hook::{closure#0}
[INFO] [stdout]                                at /rustc/e3feeb59cd1bdd011a2bfcc0747b55125d9b8527/library/std/src/panicking.rs:289:27
[INFO] [stdout]   10:     0x5fd05227dfa1 - std[617be2ca0a6fd877]::panicking::default_hook
[INFO] [stdout]                                at /rustc/e3feeb59cd1bdd011a2bfcc0747b55125d9b8527/library/std/src/panicking.rs:316:9
[INFO] [stdout]   11:     0x5fd05227e2cb - std[617be2ca0a6fd877]::panicking::panic_with_hook
[INFO] [stdout]                                at /rustc/e3feeb59cd1bdd011a2bfcc0747b55125d9b8527/library/std/src/panicking.rs:811:13
[INFO] [stdout]   12:     0x5fd05226a992 - std[617be2ca0a6fd877]::panicking::panic_handler::{closure#0}
[INFO] [stdout]                                at /rustc/e3feeb59cd1bdd011a2bfcc0747b55125d9b8527/library/std/src/panicking.rs:685:13
[INFO] [stdout]   13:     0x5fd052263979 - std[617be2ca0a6fd877]::sys::backtrace::__rust_end_short_backtrace::<std[617be2ca0a6fd877]::panicking::panic_handler::{closure#0}, !>
[INFO] [stdout]                                at /rustc/e3feeb59cd1bdd011a2bfcc0747b55125d9b8527/library/std/src/sys/backtrace.rs:182:18
[INFO] [stdout]   14:     0x5fd05226b50d - __rustc[ea4f61d10b84890b]::rust_begin_unwind
[INFO] [stdout]                                at /rustc/e3feeb59cd1bdd011a2bfcc0747b55125d9b8527/library/std/src/panicking.rs:676:5
[INFO] [stdout]   15:     0x5fd0522960dc - core[a373ad73a504971]::panicking::panic_fmt
[INFO] [stdout]                                at /rustc/e3feeb59cd1bdd011a2bfcc0747b55125d9b8527/library/core/src/panicking.rs:80:14
[INFO] [stdout]   16:     0x5fd0521e5bdc - tokio[30c735b7127609ee]::task::spawn::spawn::<gw2lib[d5eb340ea6126d43]::client::periodically_cleanup_cache::{closure#0}>
[INFO] [stdout]   17:     0x5fd0521e3845 - gw2lib[d5eb340ea6126d43]::client::periodically_cleanup_cache
[INFO] [stdout]   18:     0x5fd0521dbbfe - <gw2lib[d5eb340ea6126d43]::client::Client<gw2lib[d5eb340ea6126d43]::cache::noop::NoopCache, gw2lib[d5eb340ea6126d43]::rate_limit::noop::NoopRateLimiter, hyper_rustls[7192254bed7d7d58]::connector::HttpsConnector<hyper[5e735a51ad21ebdc]::client::connect::http::HttpConnector>, false>>::cache::<gw2lib[d5eb340ea6126d43]::cache::in_memory::InMemoryCache>
[INFO] [stdout]   19:     0x5fd0521ddb8f - rust_out[72a830746f8703f]::main::_doctest_main_src_client_mod_rs_219_0
[INFO] [stdout]   20:     0x5fd0521dd456 - rust_out[72a830746f8703f]::main
[INFO] [stdout]   21:     0x5fd0521de59b - <fn() as core[a373ad73a504971]::ops::function::FnOnce<()>>::call_once
[INFO] [stdout]   22:     0x5fd0521dd276 - std[617be2ca0a6fd877]::sys::backtrace::__rust_begin_short_backtrace::<fn(), ()>
[INFO] [stdout]   23:     0x5fd0521dd289 - std[617be2ca0a6fd877]::rt::lang_start::<()>::{closure#0}
[INFO] [stdout]   24:     0x5fd05227d738 - <&dyn core[a373ad73a504971]::ops::function::Fn<(), Output = i32> + core[a373ad73a504971]::marker::Sync + core[a373ad73a504971]::panic::unwind_safe::RefUnwindSafe as core[a373ad73a504971]::ops::function::FnOnce<()>>::call_once
[INFO] [stdout]                                at /rustc/e3feeb59cd1bdd011a2bfcc0747b55125d9b8527/library/core/src/ops/function.rs:287:21
[INFO] [stdout]   25:     0x5fd05227d738 - std[617be2ca0a6fd877]::panicking::catch_unwind::do_call::<&dyn core[a373ad73a504971]::ops::function::Fn<(), Output = i32> + core[a373ad73a504971]::marker::Sync + core[a373ad73a504971]::panic::unwind_safe::RefUnwindSafe, i32>
[INFO] [stdout]                                at /rustc/e3feeb59cd1bdd011a2bfcc0747b55125d9b8527/library/std/src/panicking.rs:573:43
[INFO] [stdout]   26:     0x5fd05227d738 - std[617be2ca0a6fd877]::panicking::catch_unwind::<i32, &dyn core[a373ad73a504971]::ops::function::Fn<(), Output = i32> + core[a373ad73a504971]::marker::Sync + core[a373ad73a504971]::panic::unwind_safe::RefUnwindSafe>
[INFO] [stdout]                                at /rustc/e3feeb59cd1bdd011a2bfcc0747b55125d9b8527/library/std/src/panicking.rs:541:19
[INFO] [stdout]   27:     0x5fd05227d738 - std[617be2ca0a6fd877]::panic::catch_unwind::<&dyn core[a373ad73a504971]::ops::function::Fn<(), Output = i32> + core[a373ad73a504971]::marker::Sync + core[a373ad73a504971]::panic::unwind_safe::RefUnwindSafe, i32>
[INFO] [stdout]                                at /rustc/e3feeb59cd1bdd011a2bfcc0747b55125d9b8527/library/std/src/panic.rs:359:14
[INFO] [stdout]   28:     0x5fd05227d738 - std[617be2ca0a6fd877]::rt::lang_start_internal::{closure#0}
[INFO] [stdout]                                at /rustc/e3feeb59cd1bdd011a2bfcc0747b55125d9b8527/library/std/src/rt.rs:175:24
[INFO] [stdout]   29:     0x5fd05227d738 - std[617be2ca0a6fd877]::panicking::catch_unwind::do_call::<std[617be2ca0a6fd877]::rt::lang_start_internal::{closure#0}, isize>
[INFO] [stdout]                                at /rustc/e3feeb59cd1bdd011a2bfcc0747b55125d9b8527/library/std/src/panicking.rs:573:43
[INFO] [stdout]   30:     0x5fd05227d738 - std[617be2ca0a6fd877]::panicking::catch_unwind::<isize, std[617be2ca0a6fd877]::rt::lang_start_internal::{closure#0}>
[INFO] [stdout]                                at /rustc/e3feeb59cd1bdd011a2bfcc0747b55125d9b8527/library/std/src/panicking.rs:541:19
[INFO] [stdout]   31:     0x5fd05227d738 - std[617be2ca0a6fd877]::panic::catch_unwind::<std[617be2ca0a6fd877]::rt::lang_start_internal::{closure#0}, isize>
[INFO] [stdout]                                at /rustc/e3feeb59cd1bdd011a2bfcc0747b55125d9b8527/library/std/src/panic.rs:359:14
[INFO] [stdout]   32:     0x5fd05227d738 - std[617be2ca0a6fd877]::rt::lang_start_internal
[INFO] [stdout]                                at /rustc/e3feeb59cd1bdd011a2bfcc0747b55125d9b8527/library/std/src/rt.rs:171:5
[INFO] [stdout]   33:     0x5fd0521dc701 - std[617be2ca0a6fd877]::rt::lang_start::<()>
[INFO] [stdout]   34:     0x5fd0521de5d5 - main
[INFO] [stdout]   35:     0x7bb41d6a4601 - <unknown>
[INFO] [stdout]   36:     0x7bb41d6a4718 - __libc_start_main
[INFO] [stdout]   37:     0x5fd0521dbae5 - _start
[INFO] [stdout]   38:                0x0 - <unknown>
[INFO] [stdout] 
[INFO] [stdout] 
[INFO] [stdout] 
[INFO] [stdout] failures:
[INFO] [stdout]     src/client/mod.rs - client::Client<C,R,Conn,AUTHENTICATED>::cache (line 193)
[INFO] [stdout]     src/client/mod.rs - client::Client<C,R,Conn,AUTHENTICATED>::identifier (line 164)
[INFO] [stdout]     src/client/mod.rs - client::Client<C,R,Conn,AUTHENTICATED>::rate_limiter (line 219)
[INFO] [stdout]     src/client/requester.rs - client::requester::Requester::cached (line 47)
[INFO] [stdout]     src/client/requester.rs - client::requester::Requester::forced (line 73)
[INFO] [stdout]     src/client/requester.rs - client::requester::Requester::try_get (line 156)
[INFO] [stdout] 
[INFO] [stdout] test result: FAILED. 0 passed; 6 failed; 0 ignored; 0 measured; 0 filtered out; finished in 0.67s
[INFO] [stdout] 
[INFO] [stderr] error: doctest failed, to rerun pass `--doc`
[INFO] running `Command { std: "docker" "inspect" "02466b6867b9030c3bfbfc4dddf5cbc1f9122dc87cd351fe76d623c783cdb5aa", kill_on_drop: false }`
[INFO] running `Command { std: "docker" "rm" "-f" "02466b6867b9030c3bfbfc4dddf5cbc1f9122dc87cd351fe76d623c783cdb5aa", kill_on_drop: false }`
[INFO] [stdout] 02466b6867b9030c3bfbfc4dddf5cbc1f9122dc87cd351fe76d623c783cdb5aa
