[INFO] fetching crate guilder-client-hyperliquid 0.7.9...
[INFO] testing guilder-client-hyperliquid-0.7.9 against 1.99.0-beta.8+cargoflags=--release for beta-release-1.100-2
[INFO] extracting crate guilder-client-hyperliquid 0.7.9 into /workspace/builds/worker-5-tc1/source
[INFO] started tweaking crates.io crate guilder-client-hyperliquid 0.7.9
[INFO] removed 0 missing examples
[INFO] removed 0 missing tests
[INFO] finished tweaking crates.io crate guilder-client-hyperliquid 0.7.9
[INFO] tweaked toml for crates.io crate guilder-client-hyperliquid 0.7.9 written to /workspace/builds/worker-5-tc1/source/Cargo.toml
[INFO] validating manifest of crates.io crate guilder-client-hyperliquid 0.7.9 on toolchain 1.99.0-beta.8
[INFO] running `Command { std: CARGO_HOME="/workspace/cargo-home" RUSTUP_HOME="/workspace/rustup-home" "/workspace/cargo-home/bin/cargo" "+1.99.0-beta.8" "metadata" "--manifest-path" "Cargo.toml" "--no-deps", kill_on_drop: false }`
[INFO] crate crates.io crate guilder-client-hyperliquid 0.7.9 already has a lockfile, it will not be regenerated
[INFO] running `Command { std: CARGO_HOME="/workspace/cargo-home" RUSTUP_HOME="/workspace/rustup-home" "/workspace/cargo-home/bin/cargo" "+1.99.0-beta.8" "fetch" "--manifest-path" "Cargo.toml", kill_on_drop: false }`
[INFO] [stderr]     Updating crates.io index
[INFO] [stderr]     Blocking waiting for file lock on package cache
[INFO] [stderr]  Downloading crates ...
[INFO] [stderr]   Downloaded security-framework-sys v2.11.1
[INFO] [stderr]   Downloaded openssl-sys v0.9.103
[INFO] [stderr]   Downloaded cc v1.1.15
[INFO] [stderr]   Downloaded toml_edit v0.23.4
[INFO] [stderr]   Downloaded wasm-bindgen-futures v0.4.43
[INFO] [stderr]   Downloaded serde_json v1.0.127
[INFO] [stderr]   Downloaded url v2.5.2
[INFO] [stderr]   Downloaded reqwest v0.12.7
[INFO] [stderr]   Downloaded rustls-pemfile v2.1.3
[INFO] [stderr]   Downloaded openssl v0.10.66
[INFO] [stderr]   Downloaded hyper-util v0.1.7
[INFO] [stderr]   Downloaded rustix v0.38.35
[INFO] [stderr]   Downloaded h2 v0.4.6
[INFO] [stderr]   Downloaded rustls-webpki v0.102.7
[INFO] [stderr]   Downloaded guilder-abstraction v0.1.28
[INFO] running `Command { std: "docker" "create" "-v" "/var/lib/crater-agent-workspace/builds/worker-5-tc1/source:/opt/rustwide/workdir:ro,Z" "-v" "/var/lib/crater-agent-workspace/builds/worker-5-tc1/target:/opt/rustwide/target:rw,Z" "-v" "/var/lib/crater-agent-workspace/cargo-home:/opt/rustwide/cargo-home:ro,Z" "-v" "/var/lib/crater-agent-workspace/rustup-home:/opt/rustwide/rustup-home:ro,Z" "-m" "1610612736" "--network" "none" "ghcr.io/rust-lang/crates-build-env/linux@sha256:77db811e55d90add9212f6832c23229e3de5f1c1f9905e8cb07319ea15df73ac" "sleep" "infinity", kill_on_drop: false }`
[INFO] [stdout] e2abecde7fbf7be81d1437c81aac67578b63a977c4b1057d5717ed8f169c7b4a
[INFO] running `Command { std: "docker" "start" "e2abecde7fbf7be81d1437c81aac67578b63a977c4b1057d5717ed8f169c7b4a", kill_on_drop: false }`
[INFO] running `Command { std: "docker" "inspect" "e2abecde7fbf7be81d1437c81aac67578b63a977c4b1057d5717ed8f169c7b4a", kill_on_drop: false }`
[INFO] running `Command { std: "docker" "exec" "-e" "SOURCE_DIR=/opt/rustwide/workdir" "-e" "CARGO_HOME=/opt/rustwide/cargo-home" "-e" "RUSTUP_HOME=/opt/rustwide/rustup-home" "-e" "CARGO_TARGET_DIR=/opt/rustwide/target" "-w" "/opt/rustwide/workdir" "--user" "0:0" "e2abecde7fbf7be81d1437c81aac67578b63a977c4b1057d5717ed8f169c7b4a" "/opt/rustwide/cargo-home/bin/cargo" "+1.99.0-beta.8" "metadata" "--no-deps" "--format-version=1", kill_on_drop: false }`
[INFO] running `Command { std: "docker" "inspect" "e2abecde7fbf7be81d1437c81aac67578b63a977c4b1057d5717ed8f169c7b4a", kill_on_drop: false }`
[INFO] running `Command { std: "docker" "exec" "-e" "SOURCE_DIR=/opt/rustwide/workdir" "-e" "CARGO_HOME=/opt/rustwide/cargo-home" "-e" "RUSTUP_HOME=/opt/rustwide/rustup-home" "-e" "CARGO_TARGET_DIR=/opt/rustwide/target" "-e" "CARGO_INCREMENTAL=0" "-e" "RUST_BACKTRACE=full" "-e" "RUSTFLAGS=--cap-lints=warn" "-e" "RUSTDOCFLAGS=--cap-lints=warn" "-w" "/opt/rustwide/workdir" "--user" "0:0" "e2abecde7fbf7be81d1437c81aac67578b63a977c4b1057d5717ed8f169c7b4a" "/opt/rustwide/cargo-home/bin/cargo" "+1.99.0-beta.8" "build" "--frozen" "--message-format=json" "--release", kill_on_drop: false }`
[INFO] [stderr]    Compiling libc v0.2.158
[INFO] [stderr]    Compiling typenum v1.19.0
[INFO] [stderr]    Compiling zeroize v1.8.1
[INFO] [stderr]    Compiling subtle v2.6.1
[INFO] [stderr]    Compiling const-oid v0.9.6
[INFO] [stderr]    Compiling once_cell v1.19.0
[INFO] [stderr]    Compiling pkg-config v0.3.30
[INFO] [stderr]    Compiling proc-macro2 v1.0.106
[INFO] [stderr]    Compiling generic-array v0.14.7
[INFO] [stderr]    Compiling cc v1.1.15
[INFO] [stderr]    Compiling http v1.1.0
[INFO] [stderr]    Compiling openssl v0.10.66
[INFO] [stderr]    Compiling httparse v1.9.4
[INFO] [stderr]    Compiling num-traits v0.2.19
[INFO] [stderr]    Compiling equivalent v1.0.1
[INFO] [stderr]    Compiling zerocopy v0.8.27
[INFO] [stderr]    Compiling native-tls v0.2.12
[INFO] [stderr]    Compiling bitflags v2.6.0
[INFO] [stderr]    Compiling indexmap v2.14.0
[INFO] [stderr]    Compiling der v0.7.10
[INFO] [stderr]    Compiling log v0.4.22
[INFO] [stderr]    Compiling tinyvec v1.8.0
[INFO] [stderr]    Compiling base16ct v0.2.0
[INFO] [stderr]    Compiling tracing-core v0.1.32
[INFO] [stderr]    Compiling quote v1.0.37
[INFO] [stderr]    Compiling smallvec v1.13.2
[INFO] [stderr]    Compiling serde_json v1.0.127
[INFO] [stderr]    Compiling syn v2.0.117
[INFO] [stderr]    Compiling rust_decimal v1.40.0
[INFO] [stderr]    Compiling unicode-bidi v0.3.15
[INFO] [stderr]    Compiling rustls-pki-types v1.8.0
[INFO] [stderr]    Compiling encoding_rs v0.8.34
[INFO] [stderr]    Compiling keccak v0.2.0
[INFO] [stderr]    Compiling sync_wrapper v1.0.1
[INFO] [stderr]    Compiling ipnet v2.9.0
[INFO] [stderr]    Compiling socket2 v0.5.7
[INFO] [stderr]    Compiling mio v1.0.2
[INFO] [stderr]    Compiling openssl-sys v0.9.103
[INFO] [stderr]    Compiling getrandom v0.2.15
[INFO] [stderr]    Compiling getrandom v0.3.4
[INFO] [stderr]    Compiling rand_core v0.6.4
[INFO] [stderr]    Compiling http-body v1.0.1
[INFO] [stderr]    Compiling rand_core v0.9.5
[INFO] [stderr]    Compiling hybrid-array v0.4.10
[INFO] [stderr]    Compiling unicode-normalization v0.1.23
[INFO] [stderr]    Compiling ff v0.13.1
[INFO] [stderr]    Compiling group v0.13.0
[INFO] [stderr]    Compiling rustls-pemfile v2.1.3
[INFO] [stderr]    Compiling block-buffer v0.10.4
[INFO] [stderr]    Compiling crypto-common v0.1.7
[INFO] [stderr]    Compiling crypto-bigint v0.5.5
[INFO] [stderr]    Compiling crypto-common v0.2.1
[INFO] [stderr]    Compiling digest v0.10.7
[INFO] [stderr]    Compiling block-buffer v0.12.0
[INFO] [stderr]    Compiling rmp v0.8.15
[INFO] [stderr]    Compiling chrono v0.4.44
[INFO] [stderr]    Compiling spki v0.7.3
[INFO] [stderr]    Compiling hmac v0.12.1
[INFO] [stderr]    Compiling sec1 v0.7.3
[INFO] [stderr]    Compiling sha1 v0.10.6
[INFO] [stderr]    Compiling signature v2.2.0
[INFO] [stderr]    Compiling idna v0.5.0
[INFO] [stderr]    Compiling sha2 v0.10.9
[INFO] [stderr]    Compiling pkcs8 v0.10.2
[INFO] [stderr]    Compiling rfc6979 v0.4.0
[INFO] [stderr]    Compiling url v2.5.2
[INFO] [stderr]    Compiling ppv-lite86 v0.2.21
[INFO] [stderr]    Compiling rand_chacha v0.9.0
[INFO] [stderr]    Compiling digest v0.11.2
[INFO] [stderr]    Compiling sha3 v0.11.0
[INFO] [stderr]    Compiling rand v0.9.2
[INFO] [stderr]    Compiling elliptic-curve v0.13.8
[INFO] [stderr]    Compiling ecdsa v0.16.9
[INFO] [stderr]    Compiling k256 v0.13.4
[INFO] [stderr]    Compiling tokio-macros v2.4.0
[INFO] [stderr]    Compiling futures-macro v0.3.32
[INFO] [stderr]    Compiling serde_derive v1.0.228
[INFO] [stderr]    Compiling openssl-macros v0.1.1
[INFO] [stderr]    Compiling tracing-attributes v0.1.31
[INFO] [stderr]    Compiling pin-project-internal v1.1.5
[INFO] [stderr]    Compiling thiserror-impl v2.0.18
[INFO] [stderr]    Compiling async-stream-impl v0.3.6
[INFO] [stderr]    Compiling async-trait v0.1.89
[INFO] [stderr]    Compiling async-stream v0.3.6
[INFO] [stderr]    Compiling futures-util v0.3.32
[INFO] [stderr]    Compiling tokio v1.39.3
[INFO] [stderr]    Compiling pin-project v1.1.5
[INFO] [stderr]    Compiling tracing v0.1.40
[INFO] [stderr]    Compiling thiserror v2.0.18
[INFO] [stderr]    Compiling serde v1.0.228
[INFO] [stderr]    Compiling http-body-util v0.1.2
[INFO] [stderr]    Compiling serde_urlencoded v0.7.1
[INFO] [stderr]    Compiling rmp-serde v1.3.1
[INFO] [stderr]    Compiling guilder-abstraction v0.1.28
[INFO] [stderr]    Compiling tungstenite v0.29.0
[INFO] [stderr]    Compiling tokio-util v0.7.11
[INFO] [stderr]    Compiling tower v0.4.13
[INFO] [stderr]    Compiling tokio-native-tls v0.3.1
[INFO] [stderr]    Compiling tokio-tungstenite v0.29.0
[INFO] [stderr]    Compiling h2 v0.4.6
[INFO] [stderr]    Compiling hyper v1.4.1
[INFO] [stderr]    Compiling hyper-util v0.1.7
[INFO] [stderr]    Compiling hyper-tls v0.6.0
[INFO] [stderr]    Compiling reqwest v0.12.7
[INFO] [stderr]    Compiling guilder-client-hyperliquid v0.7.9 (/opt/rustwide/workdir)
[INFO] [stdout] warning: type `ClearinghouseStateResponse` is more private than the item `map_perp_state`
[INFO] [stdout]    --> src/client.rs:600:1
[INFO] [stdout]     |
[INFO] [stdout] 600 | / pub(crate) fn map_perp_state(
[INFO] [stdout] 601 | |     state: ClearinghouseStateResponse,
[INFO] [stdout] 602 | | ) -> Result<guilder_abstraction::AccountBalance, String> {
[INFO] [stdout]     | |________________________________________________________^ function `map_perp_state` is reachable at visibility `pub(crate)`
[INFO] [stdout]     |
[INFO] [stdout] note: but type `ClearinghouseStateResponse` is only usable at visibility `pub(self)`
[INFO] [stdout]    --> src/client.rs:456:1
[INFO] [stdout]     |
[INFO] [stdout] 456 | struct ClearinghouseStateResponse {
[INFO] [stdout]     | ^^^^^^^^^^^^^^^^^^^^^^^^^^^^^^^^^
[INFO] [stdout]     = note: `#[warn(private_interfaces)]` on by default
[INFO] [stdout] 
[INFO] [stdout] 
[INFO] [stdout] warning: field `entry_ntl` is never read
[INFO] [stdout]    --> src/client.rs:537:9
[INFO] [stdout]     |
[INFO] [stdout] 529 | pub(crate) struct SpotBalance {
[INFO] [stdout]     |                   ----------- field in this struct
[INFO] [stdout] ...
[INFO] [stdout] 537 |     pub entry_ntl: Option<String>,
[INFO] [stdout]     |         ^^^^^^^^^
[INFO] [stdout]     |
[INFO] [stdout]     = note: `#[warn(dead_code)]` (part of `#[warn(unused)]`) on by default
[INFO] [stdout] 
[INFO] [stdout] 
[INFO] [stdout] warning: constant `HYPERLIQUID_WS_URL` is never used
[INFO] [stdout]   --> src/ws/transport.rs:43:7
[INFO] [stdout]    |
[INFO] [stdout] 43 | const HYPERLIQUID_WS_URL: &str = "wss://api.hyperliquid.xyz/ws";
[INFO] [stdout]    |       ^^^^^^^^^^^^^^^^^^
[INFO] [stdout] 
[INFO] [stdout] 
[INFO] [stdout] warning: variable `venue_uPnL` should have a snake case name
[INFO] [stdout]    --> src/client.rs:616:9
[INFO] [stdout]     |
[INFO] [stdout] 616 |     let venue_uPnL: Decimal = state
[INFO] [stdout]     |         ^^^^^^^^^^ help: convert the identifier to snake case: `venue_u_pn_l`
[INFO] [stdout]     |
[INFO] [stdout]     = note: `#[warn(non_snake_case)]` (part of `#[warn(nonstandard_style)]`) on by default
[INFO] [stdout] 
[INFO] [stdout] 
[INFO] [stderr]     Finished `release` profile [optimized] target(s) in 1m 21s
[INFO] running `Command { std: "docker" "inspect" "e2abecde7fbf7be81d1437c81aac67578b63a977c4b1057d5717ed8f169c7b4a", kill_on_drop: false }`
[INFO] running `Command { std: "docker" "exec" "-e" "SOURCE_DIR=/opt/rustwide/workdir" "-e" "CARGO_HOME=/opt/rustwide/cargo-home" "-e" "RUSTUP_HOME=/opt/rustwide/rustup-home" "-e" "CARGO_TARGET_DIR=/opt/rustwide/target" "-e" "CARGO_INCREMENTAL=0" "-e" "RUST_BACKTRACE=full" "-e" "RUSTFLAGS=--cap-lints=warn" "-e" "RUSTDOCFLAGS=--cap-lints=warn" "-w" "/opt/rustwide/workdir" "--user" "0:0" "e2abecde7fbf7be81d1437c81aac67578b63a977c4b1057d5717ed8f169c7b4a" "/opt/rustwide/cargo-home/bin/cargo" "+1.99.0-beta.8" "test" "--frozen" "--no-run" "--message-format=json" "--release", kill_on_drop: false }`
[INFO] [stderr]    Compiling guilder-client-hyperliquid v0.7.9 (/opt/rustwide/workdir)
[INFO] [stdout] warning: type `ClearinghouseStateResponse` is more private than the item `map_perp_state`
[INFO] [stdout]    --> src/client.rs:600:1
[INFO] [stdout]     |
[INFO] [stdout] 600 | / pub(crate) fn map_perp_state(
[INFO] [stdout] 601 | |     state: ClearinghouseStateResponse,
[INFO] [stdout] 602 | | ) -> Result<guilder_abstraction::AccountBalance, String> {
[INFO] [stdout]     | |________________________________________________________^ function `map_perp_state` is reachable at visibility `pub(crate)`
[INFO] [stdout]     |
[INFO] [stdout] note: but type `ClearinghouseStateResponse` is only usable at visibility `pub(self)`
[INFO] [stdout]    --> src/client.rs:456:1
[INFO] [stdout]     |
[INFO] [stdout] 456 | struct ClearinghouseStateResponse {
[INFO] [stdout]     | ^^^^^^^^^^^^^^^^^^^^^^^^^^^^^^^^^
[INFO] [stdout]     = note: `#[warn(private_interfaces)]` on by default
[INFO] [stdout] 
[INFO] [stdout] 
[INFO] [stdout] warning: field `entry_ntl` is never read
[INFO] [stdout]    --> src/client.rs:537:9
[INFO] [stdout]     |
[INFO] [stdout] 529 | pub(crate) struct SpotBalance {
[INFO] [stdout]     |                   ----------- field in this struct
[INFO] [stdout] ...
[INFO] [stdout] 537 |     pub entry_ntl: Option<String>,
[INFO] [stdout]     |         ^^^^^^^^^
[INFO] [stdout]     |
[INFO] [stdout]     = note: `#[warn(dead_code)]` (part of `#[warn(unused)]`) on by default
[INFO] [stdout] 
[INFO] [stdout] 
[INFO] [stdout] warning: constant `HYPERLIQUID_WS_URL` is never used
[INFO] [stdout]   --> src/ws/transport.rs:43:7
[INFO] [stdout]    |
[INFO] [stdout] 43 | const HYPERLIQUID_WS_URL: &str = "wss://api.hyperliquid.xyz/ws";
[INFO] [stdout]    |       ^^^^^^^^^^^^^^^^^^
[INFO] [stdout] 
[INFO] [stdout] 
[INFO] [stdout] warning: variable `venue_uPnL` should have a snake case name
[INFO] [stdout]    --> src/client.rs:616:9
[INFO] [stdout]     |
[INFO] [stdout] 616 |     let venue_uPnL: Decimal = state
[INFO] [stdout]     |         ^^^^^^^^^^ help: convert the identifier to snake case: `venue_u_pn_l`
[INFO] [stdout]     |
[INFO] [stdout]     = note: `#[warn(non_snake_case)]` (part of `#[warn(nonstandard_style)]`) on by default
[INFO] [stdout] 
[INFO] [stdout] 
[INFO] [stdout] warning: type `client::ClearinghouseStateResponse` is more private than the item `client::map_perp_state`
[INFO] [stdout]    --> src/client.rs:600:1
[INFO] [stdout]     |
[INFO] [stdout] 600 | / pub(crate) fn map_perp_state(
[INFO] [stdout] 601 | |     state: ClearinghouseStateResponse,
[INFO] [stdout] 602 | | ) -> Result<guilder_abstraction::AccountBalance, String> {
[INFO] [stdout]     | |________________________________________________________^ function `client::map_perp_state` is reachable at visibility `pub(crate)`
[INFO] [stdout]     |
[INFO] [stdout] note: but type `client::ClearinghouseStateResponse` is only usable at visibility `pub(self)`
[INFO] [stdout]    --> src/client.rs:456:1
[INFO] [stdout]     |
[INFO] [stdout] 456 | struct ClearinghouseStateResponse {
[INFO] [stdout]     | ^^^^^^^^^^^^^^^^^^^^^^^^^^^^^^^^^
[INFO] [stdout]     = note: `#[warn(private_interfaces)]` on by default
[INFO] [stdout] 
[INFO] [stdout] 
[INFO] [stdout] warning: field `entry_ntl` is never read
[INFO] [stdout]    --> src/client.rs:537:9
[INFO] [stdout]     |
[INFO] [stdout] 529 | pub(crate) struct SpotBalance {
[INFO] [stdout]     |                   ----------- field in this struct
[INFO] [stdout] ...
[INFO] [stdout] 537 |     pub entry_ntl: Option<String>,
[INFO] [stdout]     |         ^^^^^^^^^
[INFO] [stdout]     |
[INFO] [stdout]     = note: `#[warn(dead_code)]` (part of `#[warn(unused)]`) on by default
[INFO] [stdout] 
[INFO] [stdout] 
[INFO] [stdout] warning: constant `HYPERLIQUID_WS_URL` is never used
[INFO] [stdout]   --> src/ws/transport.rs:43:7
[INFO] [stdout]    |
[INFO] [stdout] 43 | const HYPERLIQUID_WS_URL: &str = "wss://api.hyperliquid.xyz/ws";
[INFO] [stdout]    |       ^^^^^^^^^^^^^^^^^^
[INFO] [stdout] 
[INFO] [stdout] 
[INFO] [stdout] warning: variable `venue_uPnL` should have a snake case name
[INFO] [stdout]    --> src/client.rs:616:9
[INFO] [stdout]     |
[INFO] [stdout] 616 |     let venue_uPnL: Decimal = state
[INFO] [stdout]     |         ^^^^^^^^^^ help: convert the identifier to snake case: `venue_u_pn_l`
[INFO] [stdout]     |
[INFO] [stdout]     = note: `#[warn(non_snake_case)]` (part of `#[warn(nonstandard_style)]`) on by default
[INFO] [stdout] 
[INFO] [stdout] 
[INFO] [stderr]     Finished `release` profile [optimized] target(s) in 13.54s
[INFO] running `Command { std: "docker" "inspect" "e2abecde7fbf7be81d1437c81aac67578b63a977c4b1057d5717ed8f169c7b4a", kill_on_drop: false }`
[INFO] running `Command { std: "docker" "exec" "-e" "SOURCE_DIR=/opt/rustwide/workdir" "-e" "CARGO_HOME=/opt/rustwide/cargo-home" "-e" "RUSTUP_HOME=/opt/rustwide/rustup-home" "-e" "CARGO_TARGET_DIR=/opt/rustwide/target" "-e" "CARGO_INCREMENTAL=0" "-e" "RUST_BACKTRACE=full" "-e" "RUSTFLAGS=--cap-lints=warn" "-e" "RUSTDOCFLAGS=--cap-lints=warn" "-w" "/opt/rustwide/workdir" "--user" "0:0" "e2abecde7fbf7be81d1437c81aac67578b63a977c4b1057d5717ed8f169c7b4a" "/opt/rustwide/cargo-home/bin/cargo" "+1.99.0-beta.8" "test" "--frozen" "--release", kill_on_drop: false }`
[INFO] [stderr] warning: type `ClearinghouseStateResponse` is more private than the item `map_perp_state`
[INFO] [stderr]    --> src/client.rs:600:1
[INFO] [stderr]     |
[INFO] [stderr] 600 | / pub(crate) fn map_perp_state(
[INFO] [stderr] 601 | |     state: ClearinghouseStateResponse,
[INFO] [stderr] 602 | | ) -> Result<guilder_abstraction::AccountBalance, String> {
[INFO] [stderr]     | |________________________________________________________^ function `map_perp_state` is reachable at visibility `pub(crate)`
[INFO] [stderr]     |
[INFO] [stderr] note: but type `ClearinghouseStateResponse` is only usable at visibility `pub(self)`
[INFO] [stderr]    --> src/client.rs:456:1
[INFO] [stderr]     |
[INFO] [stderr] 456 | struct ClearinghouseStateResponse {
[INFO] [stderr]     | ^^^^^^^^^^^^^^^^^^^^^^^^^^^^^^^^^
[INFO] [stderr]     = note: `#[warn(private_interfaces)]` on by default
[INFO] [stderr] 
[INFO] [stderr] warning: field `entry_ntl` is never read
[INFO] [stderr]    --> src/client.rs:537:9
[INFO] [stderr]     |
[INFO] [stderr] 529 | pub(crate) struct SpotBalance {
[INFO] [stderr]     |                   ----------- field in this struct
[INFO] [stderr] ...
[INFO] [stderr] 537 |     pub entry_ntl: Option<String>,
[INFO] [stderr]     |         ^^^^^^^^^
[INFO] [stderr]     |
[INFO] [stderr]     = note: `#[warn(dead_code)]` (part of `#[warn(unused)]`) on by default
[INFO] [stderr] 
[INFO] [stderr] warning: constant `HYPERLIQUID_WS_URL` is never used
[INFO] [stderr]   --> src/ws/transport.rs:43:7
[INFO] [stderr]    |
[INFO] [stderr] 43 | const HYPERLIQUID_WS_URL: &str = "wss://api.hyperliquid.xyz/ws";
[INFO] [stderr]    |       ^^^^^^^^^^^^^^^^^^
[INFO] [stderr] 
[INFO] [stderr] warning: variable `venue_uPnL` should have a snake case name
[INFO] [stderr]    --> src/client.rs:616:9
[INFO] [stderr]     |
[INFO] [stderr] 616 |     let venue_uPnL: Decimal = state
[INFO] [stderr]     |         ^^^^^^^^^^ help: convert the identifier to snake case: `venue_u_pn_l`
[INFO] [stderr]     |
[INFO] [stderr]     = note: `#[warn(non_snake_case)]` (part of `#[warn(nonstandard_style)]`) on by default
[INFO] [stderr] 
[INFO] [stderr] warning: type `client::ClearinghouseStateResponse` is more private than the item `client::map_perp_state`
[INFO] [stderr]    --> src/client.rs:600:1
[INFO] [stderr]     |
[INFO] [stderr] 600 | / pub(crate) fn map_perp_state(
[INFO] [stderr] 601 | |     state: ClearinghouseStateResponse,
[INFO] [stderr] 602 | | ) -> Result<guilder_abstraction::AccountBalance, String> {
[INFO] [stderr]     | |________________________________________________________^ function `client::map_perp_state` is reachable at visibility `pub(crate)`
[INFO] [stderr]     |
[INFO] [stderr] note: but type `client::ClearinghouseStateResponse` is only usable at visibility `pub(self)`
[INFO] [stderr]    --> src/client.rs:456:1
[INFO] [stderr]     |
[INFO] [stderr] 456 | struct ClearinghouseStateResponse {
[INFO] [stderr]     | ^^^^^^^^^^^^^^^^^^^^^^^^^^^^^^^^^
[INFO] [stderr]     = note: `#[warn(private_interfaces)]` on by default
[INFO] [stderr] 
[INFO] [stderr] warning: `guilder-client-hyperliquid` (lib) generated 4 warnings
[INFO] [stderr] warning: `guilder-client-hyperliquid` (lib test) generated 4 warnings (3 duplicates)
[INFO] [stderr]     Finished `release` profile [optimized] target(s) in 0.25s
[INFO] [stderr]      Running unittests src/lib.rs (/opt/rustwide/target/release/deps/guilder_client_hyperliquid-522ba9d7cdca588c)
[INFO] [stdout] 
[INFO] [stdout] running 38 tests
[INFO] [stdout] test client::msgpack_tests::test_msgpack_bool ... ok
[INFO] [stdout] test client::msgpack_tests::test_msgpack_bool_encoding ... ok
[INFO] [stdout] test client::msgpack_tests::test_msgpack_float ... ok
[INFO] [stdout] test client::msgpack_tests::test_msgpack_int16 ... ok
[INFO] [stdout] test client::msgpack_tests::test_msgpack_int32 ... ok
[INFO] [stdout] test client::msgpack_tests::test_msgpack_int64 ... ok
[INFO] [stdout] test client::msgpack_tests::test_build_order_msgpack_with_cloid ... ok
[INFO] [stdout] test client::msgpack_tests::test_build_order_msgpack_without_cloid ... ok
[INFO] [stdout] test client::msgpack_tests::test_msgpack_empty_containers ... ok
[INFO] [stdout] test client::msgpack_tests::test_action_to_canonical_msgpack ... ok
[INFO] [stdout] test client::msgpack_tests::test_msgmap_preserves_insertion_order ... ok
[INFO] [stdout] test client::msgpack_tests::test_msgpack_matches_rmp_serde_for_simple_values ... ok
[INFO] [stdout] test client::msgpack_tests::test_msgpack_fixarray ... ok
[INFO] [stdout] test client::msgpack_tests::test_eip712_digest_known_answers ... ok
[INFO] [stdout] test client::msgpack_tests::test_msgpack_nested_object ... ok
[INFO] [stdout] test client::msgpack_tests::test_msgpack_uint8 ... ok
[INFO] [stdout] test client::msgpack_tests::test_msgpack_negative_fixint ... ok
[INFO] [stdout] test client::msgpack_tests::test_msgpack_mixed_array ... ok
[INFO] [stdout] test client::msgpack_tests::test_msgpack_int8 ... ok
[INFO] [stdout] test client::msgpack_tests::test_msgpack_null_encoding ... ok
[INFO] [stdout] test client::msgpack_tests::test_msgpack_positive_fixint ... ok
[INFO] [stdout] test client::msgpack_tests::test_msgpack_fixmap ... ok
[INFO] [stdout] test client::msgpack_tests::test_msgpack_string_encoding ... ok
[INFO] [stdout] test client::msgpack_tests::test_msgpack_str8 ... ok
[INFO] [stdout] test client::spot_state_tests::mainnet_spot_state_with_maintenance_map_parses ... ok
[INFO] [stdout] test client::msgpack_tests::test_msgpack_uint16 ... ok
[INFO] [stdout] test client::msgpack_tests::test_msgpack_uint32 ... ok
[INFO] [stdout] test client::msgpack_tests::test_msgpack_null ... ok
[INFO] [stdout] test client::msgpack_tests::test_msgpack_fixstr ... ok
[INFO] [stdout] test client::msgpack_tests::test_msgpack_uint64 ... ok
[INFO] [stdout] test client::spot_state_tests::usdc_balance_carries_perp_margin_used ... ok
[INFO] [stdout] test client::spot_state_tests::testnet_spot_state_without_maintenance_map_parses ... ok
[INFO] [stdout] test client::spot_state_tests::perp_margin_account_maps_to_usdc_row ... ok
[INFO] [stdout] test client::spot_state_tests::balance_rows_end_with_marked_perp_row ... ok
[INFO] [stdout] test client::asset_index_cache_tests::cache_hits_skip_second_fetch ... ok
[INFO] [stdout] test client::nonce_tests::next_nonce_tracks_clock_but_never_repeats_or_regresses ... ok
[INFO] [stdout] test client::nonce_tests::concurrent_nonce_take_is_duplicate_free ... ok
[INFO] [stdout] test client::nonce_tests::next_nonce_is_strictly_increasing_across_concurrent_calls ... ok
[INFO] [stdout] 
[INFO] [stdout] test result: ok. 38 passed; 0 failed; 0 ignored; 0 measured; 0 filtered out; finished in 0.09s
[INFO] [stdout] 
[INFO] [stderr]      Running unittests src/main.rs (/opt/rustwide/target/release/deps/guilder_client_hyperliquid-c0201b8bbce31117)
[INFO] [stdout] 
[INFO] [stderr]      Running unittests src/bin/guilder_stress_test.rs (/opt/rustwide/target/release/deps/guilder_stress_test-edc7f2f0d42b74f4)
[INFO] [stdout] running 0 tests
[INFO] [stdout] 
[INFO] [stdout] test result: ok. 0 passed; 0 failed; 0 ignored; 0 measured; 0 filtered out; finished in 0.00s
[INFO] [stdout] 
[INFO] [stdout] 
[INFO] [stdout] running 0 tests
[INFO] [stdout] 
[INFO] [stdout] test result: ok. 0 passed; 0 failed; 0 ignored; 0 measured; 0 filtered out; finished in 0.00s
[INFO] [stdout] 
[INFO] [stderr]      Running tests/cancel_idempotent.rs (/opt/rustwide/target/release/deps/cancel_idempotent-d10913df8ff5b83a)
[INFO] [stdout] 
[INFO] [stdout] running 1 test
[INFO] [stdout] test tests::cancel_without_auth_fails_at_auth_gate_not_at_notfound ... ok
[INFO] [stdout] 
[INFO] [stdout] test result: ok. 1 passed; 0 failed; 0 ignored; 0 measured; 0 filtered out; finished in 0.04s
[INFO] [stdout] 
[INFO] [stderr]      Running tests/connection.rs (/opt/rustwide/target/release/deps/connection-21d96851a9c71431)
[INFO] [stdout] 
[INFO] [stdout] running 3 tests
[INFO] [stdout] test test_reconnect_via_new_subscription ... FAILED
[INFO] [stdout] test test_l2_stream_delivers_multiple_events ... FAILED
[INFO] [stdout] test test_stream_continues_after_errors ... FAILED
[INFO] [stdout] 
[INFO] [stdout] failures:
[INFO] [stdout] 
[INFO] [stdout] ---- test_reconnect_via_new_subscription stdout ----
[INFO] [stdout] 
[INFO] [stdout] thread 'test_reconnect_via_new_subscription' (2391) panicked at tests/connection.rs:110:14:
[INFO] [stdout] timed out on first subscription: Elapsed(())
[INFO] [stdout] stack backtrace:
[INFO] [stdout]    0:     0x60c6987b32a1 - <<std[70759c8f55707aa4]::sys::backtrace::BacktraceLock>::print::DisplayBacktrace as core[df12db4294e9bfd3]::fmt::Display>::fmt
[INFO] [stdout]    1:     0x60c6987c985a - core[df12db4294e9bfd3]::fmt::write
[INFO] [stdout]    2:     0x60c6987b7fec - <alloc[2182bb758b4b3781]::vec::Vec<u8> as core[df12db4294e9bfd3]::io::write::Write>::write_fmt
[INFO] [stdout]    3:     0x60c69878e766 - std[70759c8f55707aa4]::panicking::default_hook::{closure#0}
[INFO] [stdout]    4:     0x60c6987ab1d9 - std[70759c8f55707aa4]::panicking::default_hook
[INFO] [stdout]    5:     0x60c698663dd0 - test[9d35eded1c95d3be]::test_main_inner::<test[9d35eded1c95d3be]::test_main_static::{closure#0}>::{closure#0}
[INFO] [stdout]    6:     0x60c6987ab502 - std[70759c8f55707aa4]::panicking::panic_with_hook
[INFO] [stdout]    7:     0x60c69878e812 - std[70759c8f55707aa4]::panicking::panic_handler::{closure#0}
[INFO] [stdout]    8:     0x60c698787279 - std[70759c8f55707aa4]::sys::backtrace::__rust_end_short_backtrace::<std[70759c8f55707aa4]::panicking::panic_handler::{closure#0}, !>
[INFO] [stdout]    9:     0x60c69878f69d - __rustc[8fa7c3cbc660c2b3]::rust_begin_unwind
[INFO] [stdout]   10:     0x60c6987c9fbc - core[df12db4294e9bfd3]::panicking::panic_fmt
[INFO] [stdout]   11:     0x60c6987c9d92 - core[df12db4294e9bfd3]::result::unwrap_failed
[INFO] [stdout]   12:     0x60c6986539ca - connection[38447ed6d890bfde]::test_reconnect_via_new_subscription::{closure#0}
[INFO] [stdout]   13:     0x60c698651913 - <tokio[532b92eaf3d16e2a]::runtime::scheduler::current_thread::Context>::enter::<core[df12db4294e9bfd3]::task::poll::Poll<()>, <tokio[532b92eaf3d16e2a]::runtime::scheduler::current_thread::CoreGuard>::block_on<core[df12db4294e9bfd3]::pin::Pin<&mut core[df12db4294e9bfd3]::pin::Pin<&mut dyn core[df12db4294e9bfd3]::future::future::Future<Output = ()>>>>::{closure#0}::{closure#0}>
[INFO] [stdout]   14:     0x60c698655ea2 - <tokio[532b92eaf3d16e2a]::runtime::context::scoped::Scoped<tokio[532b92eaf3d16e2a]::runtime::scheduler::Context>>::set::<<tokio[532b92eaf3d16e2a]::runtime::scheduler::current_thread::CoreGuard>::enter<<tokio[532b92eaf3d16e2a]::runtime::scheduler::current_thread::CoreGuard>::block_on<core[df12db4294e9bfd3]::pin::Pin<&mut core[df12db4294e9bfd3]::pin::Pin<&mut dyn core[df12db4294e9bfd3]::future::future::Future<Output = ()>>>>::{closure#0}, core[df12db4294e9bfd3]::option::Option<()>>::{closure#0}, (alloc[2182bb758b4b3781]::boxed::Box<tokio[532b92eaf3d16e2a]::runtime::scheduler::current_thread::Core>, core[df12db4294e9bfd3]::option::Option<()>)>
[INFO] [stdout]   15:     0x60c698651c67 - <tokio[532b92eaf3d16e2a]::runtime::scheduler::current_thread::CoreGuard>::block_on::<core[df12db4294e9bfd3]::pin::Pin<&mut core[df12db4294e9bfd3]::pin::Pin<&mut dyn core[df12db4294e9bfd3]::future::future::Future<Output = ()>>>>
[INFO] [stdout]   16:     0x60c698656ba1 - tokio[532b92eaf3d16e2a]::runtime::context::runtime::enter_runtime::<<tokio[532b92eaf3d16e2a]::runtime::scheduler::current_thread::CurrentThread>::block_on<core[df12db4294e9bfd3]::pin::Pin<&mut dyn core[df12db4294e9bfd3]::future::future::Future<Output = ()>>>::{closure#0}, ()>
[INFO] [stdout]   17:     0x60c698655b4f - <tokio[532b92eaf3d16e2a]::runtime::runtime::Runtime>::block_on_inner::<core[df12db4294e9bfd3]::pin::Pin<&mut dyn core[df12db4294e9bfd3]::future::future::Future<Output = ()>>>
[INFO] [stdout]   18:     0x60c69865419e - <connection[38447ed6d890bfde]::test_reconnect_via_new_subscription::{closure#0} as core[df12db4294e9bfd3]::ops::function::FnOnce<()>>::call_once
[INFO] [stdout]   19:     0x60c6986570bb - test[9d35eded1c95d3be]::__rust_begin_short_backtrace::<core[df12db4294e9bfd3]::result::Result<(), alloc[2182bb758b4b3781]::string::String>, fn() -> core[df12db4294e9bfd3]::result::Result<(), alloc[2182bb758b4b3781]::string::String>>
[INFO] [stdout]   20:     0x60c698664725 - test[9d35eded1c95d3be]::run_test::{closure#0}
[INFO] [stdout]   21:     0x60c69865dfe4 - std[70759c8f55707aa4]::sys::backtrace::__rust_begin_short_backtrace::<test[9d35eded1c95d3be]::run_test::{closure#1}, ()>
[INFO] [stdout]   22:     0x60c698667882 - <std[70759c8f55707aa4]::thread::lifecycle::spawn_unchecked<test[9d35eded1c95d3be]::run_test::{closure#1}, ()>::{closure#1} as core[df12db4294e9bfd3]::ops::function::FnOnce<()>>::call_once::{shim:vtable#0}
[INFO] [stdout]   23:     0x60c6987b27c9 - <std[70759c8f55707aa4]::sys::thread::unix::Thread>::new::thread_start
[INFO] [stdout]   24:     0x756d7e9a1dfa - <unknown>
[INFO] [stdout]   25:     0x756d7ea353d4 - clone
[INFO] [stdout]   26:                0x0 - <unknown>
[INFO] [stdout] 
[INFO] [stdout] ---- test_l2_stream_delivers_multiple_events stdout ----
[INFO] [stdout] 
[INFO] [stdout] thread 'test_l2_stream_delivers_multiple_events' (2390) panicked at tests/connection.rs:47:5:
[INFO] [stdout] timed out — only 0/5 events received within 15s
[INFO] [stdout] stack backtrace:
[INFO] [stdout]    0:     0x60c6987b32a1 - <<std[70759c8f55707aa4]::sys::backtrace::BacktraceLock>::print::DisplayBacktrace as core[df12db4294e9bfd3]::fmt::Display>::fmt
[INFO] [stdout]    1:     0x60c6987c985a - core[df12db4294e9bfd3]::fmt::write
[INFO] [stdout]    2:     0x60c6987b7fec - <alloc[2182bb758b4b3781]::vec::Vec<u8> as core[df12db4294e9bfd3]::io::write::Write>::write_fmt
[INFO] [stdout]    3:     0x60c69878e766 - std[70759c8f55707aa4]::panicking::default_hook::{closure#0}
[INFO] [stdout]    4:     0x60c6987ab1d9 - std[70759c8f55707aa4]::panicking::default_hook
[INFO] [stdout]    5:     0x60c698663dd0 - test[9d35eded1c95d3be]::test_main_inner::<test[9d35eded1c95d3be]::test_main_static::{closure#0}>::{closure#0}
[INFO] [stdout]    6:     0x60c6987ab502 - std[70759c8f55707aa4]::panicking::panic_with_hook
[INFO] [stdout]    7:     0x60c69878e812 - std[70759c8f55707aa4]::panicking::panic_handler::{closure#0}
[INFO] [stdout]    8:     0x60c698787279 - std[70759c8f55707aa4]::sys::backtrace::__rust_end_short_backtrace::<std[70759c8f55707aa4]::panicking::panic_handler::{closure#0}, !>
[INFO] [stdout]    9:     0x60c69878f69d - __rustc[8fa7c3cbc660c2b3]::rust_begin_unwind
[INFO] [stdout]   10:     0x60c6987c9fbc - core[df12db4294e9bfd3]::panicking::panic_fmt
[INFO] [stdout]   11:     0x60c698653e9b - connection[38447ed6d890bfde]::test_l2_stream_delivers_multiple_events::{closure#0}
[INFO] [stdout]   12:     0x60c698651913 - <tokio[532b92eaf3d16e2a]::runtime::scheduler::current_thread::Context>::enter::<core[df12db4294e9bfd3]::task::poll::Poll<()>, <tokio[532b92eaf3d16e2a]::runtime::scheduler::current_thread::CoreGuard>::block_on<core[df12db4294e9bfd3]::pin::Pin<&mut core[df12db4294e9bfd3]::pin::Pin<&mut dyn core[df12db4294e9bfd3]::future::future::Future<Output = ()>>>>::{closure#0}::{closure#0}>
[INFO] [stdout]   13:     0x60c698655ea2 - <tokio[532b92eaf3d16e2a]::runtime::context::scoped::Scoped<tokio[532b92eaf3d16e2a]::runtime::scheduler::Context>>::set::<<tokio[532b92eaf3d16e2a]::runtime::scheduler::current_thread::CoreGuard>::enter<<tokio[532b92eaf3d16e2a]::runtime::scheduler::current_thread::CoreGuard>::block_on<core[df12db4294e9bfd3]::pin::Pin<&mut core[df12db4294e9bfd3]::pin::Pin<&mut dyn core[df12db4294e9bfd3]::future::future::Future<Output = ()>>>>::{closure#0}, core[df12db4294e9bfd3]::option::Option<()>>::{closure#0}, (alloc[2182bb758b4b3781]::boxed::Box<tokio[532b92eaf3d16e2a]::runtime::scheduler::current_thread::Core>, core[df12db4294e9bfd3]::option::Option<()>)>
[INFO] [stdout]   14:     0x60c698651c67 - <tokio[532b92eaf3d16e2a]::runtime::scheduler::current_thread::CoreGuard>::block_on::<core[df12db4294e9bfd3]::pin::Pin<&mut core[df12db4294e9bfd3]::pin::Pin<&mut dyn core[df12db4294e9bfd3]::future::future::Future<Output = ()>>>>
[INFO] [stdout]   15:     0x60c698656ba1 - tokio[532b92eaf3d16e2a]::runtime::context::runtime::enter_runtime::<<tokio[532b92eaf3d16e2a]::runtime::scheduler::current_thread::CurrentThread>::block_on<core[df12db4294e9bfd3]::pin::Pin<&mut dyn core[df12db4294e9bfd3]::future::future::Future<Output = ()>>>::{closure#0}, ()>
[INFO] [stdout]   16:     0x60c698655b4f - <tokio[532b92eaf3d16e2a]::runtime::runtime::Runtime>::block_on_inner::<core[df12db4294e9bfd3]::pin::Pin<&mut dyn core[df12db4294e9bfd3]::future::future::Future<Output = ()>>>
[INFO] [stdout]   17:     0x60c6986542fe - <connection[38447ed6d890bfde]::test_l2_stream_delivers_multiple_events::{closure#0} as core[df12db4294e9bfd3]::ops::function::FnOnce<()>>::call_once
[INFO] [stdout]   18:     0x60c6986570bb - test[9d35eded1c95d3be]::__rust_begin_short_backtrace::<core[df12db4294e9bfd3]::result::Result<(), alloc[2182bb758b4b3781]::string::String>, fn() -> core[df12db4294e9bfd3]::result::Result<(), alloc[2182bb758b4b3781]::string::String>>
[INFO] [stdout]   19:     0x60c698664725 - test[9d35eded1c95d3be]::run_test::{closure#0}
[INFO] [stdout]   20:     0x60c69865dfe4 - std[70759c8f55707aa4]::sys::backtrace::__rust_begin_short_backtrace::<test[9d35eded1c95d3be]::run_test::{closure#1}, ()>
[INFO] [stdout]   21:     0x60c698667882 - <std[70759c8f55707aa4]::thread::lifecycle::spawn_unchecked<test[9d35eded1c95d3be]::run_test::{closure#1}, ()>::{closure#1} as core[df12db4294e9bfd3]::ops::function::FnOnce<()>>::call_once::{shim:vtable#0}
[INFO] [stdout]   22:     0x60c6987b27c9 - <std[70759c8f55707aa4]::sys::thread::unix::Thread>::new::thread_start
[INFO] [stdout]   23:     0x756d7e9a1dfa - <unknown>
[INFO] [stdout]   24:     0x756d7ea353d4 - clone
[INFO] [stdout]   25:                0x0 - <unknown>
[INFO] [stdout] 
[INFO] [stdout] ---- test_stream_continues_after_errors stdout ----
[INFO] [stdout] 
[INFO] [stdout] thread 'test_stream_continues_after_errors' (2392) panicked at tests/connection.rs:87:5:
[INFO] [stdout] stream did not recover — 0 ok events, 0 errors within 20s
[INFO] [stdout] stack backtrace:
[INFO] [stdout]    0:     0x60c6987b32a1 - <<std[70759c8f55707aa4]::sys::backtrace::BacktraceLock>::print::DisplayBacktrace as core[df12db4294e9bfd3]::fmt::Display>::fmt
[INFO] [stdout]    1:     0x60c6987c985a - core[df12db4294e9bfd3]::fmt::write
[INFO] [stdout]    2:     0x60c6987b7fec - <alloc[2182bb758b4b3781]::vec::Vec<u8> as core[df12db4294e9bfd3]::io::write::Write>::write_fmt
[INFO] [stdout]    3:     0x60c69878e766 - std[70759c8f55707aa4]::panicking::default_hook::{closure#0}
[INFO] [stdout]    4:     0x60c6987ab1d9 - std[70759c8f55707aa4]::panicking::default_hook
[INFO] [stdout]    5:     0x60c698663dd0 - test[9d35eded1c95d3be]::test_main_inner::<test[9d35eded1c95d3be]::test_main_static::{closure#0}>::{closure#0}
[INFO] [stdout]    6:     0x60c6987ab502 - std[70759c8f55707aa4]::panicking::panic_with_hook
[INFO] [stdout]    7:     0x60c69878e812 - std[70759c8f55707aa4]::panicking::panic_handler::{closure#0}
[INFO] [stdout]    8:     0x60c698787279 - std[70759c8f55707aa4]::sys::backtrace::__rust_end_short_backtrace::<std[70759c8f55707aa4]::panicking::panic_handler::{closure#0}, !>
[INFO] [stdout]    9:     0x60c69878f69d - __rustc[8fa7c3cbc660c2b3]::rust_begin_unwind
[INFO] [stdout]   10:     0x60c6987c9fbc - core[df12db4294e9bfd3]::panicking::panic_fmt
[INFO] [stdout]   11:     0x60c6986532e7 - connection[38447ed6d890bfde]::test_stream_continues_after_errors::{closure#0}
[INFO] [stdout]   12:     0x60c698651913 - <tokio[532b92eaf3d16e2a]::runtime::scheduler::current_thread::Context>::enter::<core[df12db4294e9bfd3]::task::poll::Poll<()>, <tokio[532b92eaf3d16e2a]::runtime::scheduler::current_thread::CoreGuard>::block_on<core[df12db4294e9bfd3]::pin::Pin<&mut core[df12db4294e9bfd3]::pin::Pin<&mut dyn core[df12db4294e9bfd3]::future::future::Future<Output = ()>>>>::{closure#0}::{closure#0}>
[INFO] [stdout]   13:     0x60c698655ea2 - <tokio[532b92eaf3d16e2a]::runtime::context::scoped::Scoped<tokio[532b92eaf3d16e2a]::runtime::scheduler::Context>>::set::<<tokio[532b92eaf3d16e2a]::runtime::scheduler::current_thread::CoreGuard>::enter<<tokio[532b92eaf3d16e2a]::runtime::scheduler::current_thread::CoreGuard>::block_on<core[df12db4294e9bfd3]::pin::Pin<&mut core[df12db4294e9bfd3]::pin::Pin<&mut dyn core[df12db4294e9bfd3]::future::future::Future<Output = ()>>>>::{closure#0}, core[df12db4294e9bfd3]::option::Option<()>>::{closure#0}, (alloc[2182bb758b4b3781]::boxed::Box<tokio[532b92eaf3d16e2a]::runtime::scheduler::current_thread::Core>, core[df12db4294e9bfd3]::option::Option<()>)>
[INFO] [stdout]   14:     0x60c698651c67 - <tokio[532b92eaf3d16e2a]::runtime::scheduler::current_thread::CoreGuard>::block_on::<core[df12db4294e9bfd3]::pin::Pin<&mut core[df12db4294e9bfd3]::pin::Pin<&mut dyn core[df12db4294e9bfd3]::future::future::Future<Output = ()>>>>
[INFO] [stdout]   15:     0x60c698656ba1 - tokio[532b92eaf3d16e2a]::runtime::context::runtime::enter_runtime::<<tokio[532b92eaf3d16e2a]::runtime::scheduler::current_thread::CurrentThread>::block_on<core[df12db4294e9bfd3]::pin::Pin<&mut dyn core[df12db4294e9bfd3]::future::future::Future<Output = ()>>>::{closure#0}, ()>
[INFO] [stdout]   16:     0x60c698655b4f - <tokio[532b92eaf3d16e2a]::runtime::runtime::Runtime>::block_on_inner::<core[df12db4294e9bfd3]::pin::Pin<&mut dyn core[df12db4294e9bfd3]::future::future::Future<Output = ()>>>
[INFO] [stdout]   17:     0x60c69865403e - <connection[38447ed6d890bfde]::test_stream_continues_after_errors::{closure#0} as core[df12db4294e9bfd3]::ops::function::FnOnce<()>>::call_once
[INFO] [stdout]   18:     0x60c6986570bb - test[9d35eded1c95d3be]::__rust_begin_short_backtrace::<core[df12db4294e9bfd3]::result::Result<(), alloc[2182bb758b4b3781]::string::String>, fn() -> core[df12db4294e9bfd3]::result::Result<(), alloc[2182bb758b4b3781]::string::String>>
[INFO] [stdout]   19:     0x60c698664725 - test[9d35eded1c95d3be]::run_test::{closure#0}
[INFO] [stdout]   20:     0x60c69865dfe4 - std[70759c8f55707aa4]::sys::backtrace::__rust_begin_short_backtrace::<test[9d35eded1c95d3be]::run_test::{closure#1}, ()>
[INFO] [stdout]   21:     0x60c698667882 - <std[70759c8f55707aa4]::thread::lifecycle::spawn_unchecked<test[9d35eded1c95d3be]::run_test::{closure#1}, ()>::{closure#1} as core[df12db4294e9bfd3]::ops::function::FnOnce<()>>::call_once::{shim:vtable#0}
[INFO] [stdout]   22:     0x60c6987b27c9 - <std[70759c8f55707aa4]::sys::thread::unix::Thread>::new::thread_start
[INFO] [stdout]   23:     0x756d7e9a1dfa - <unknown>
[INFO] [stdout]   24:     0x756d7ea353d4 - clone
[INFO] [stdout]   25:                0x0 - <unknown>
[INFO] [stdout] 
[INFO] [stdout] 
[INFO] [stdout] failures:
[INFO] [stdout]     test_l2_stream_delivers_multiple_events
[INFO] [stdout]     test_reconnect_via_new_subscription
[INFO] [stdout]     test_stream_continues_after_errors
[INFO] [stdout] 
[INFO] [stdout] test result: FAILED. 0 passed; 3 failed; 0 ignored; 0 measured; 0 filtered out; finished in 20.05s
[INFO] [stdout] 
[INFO] [stderr] error: test failed, to rerun pass `--test connection`
[INFO] running `Command { std: "docker" "inspect" "e2abecde7fbf7be81d1437c81aac67578b63a977c4b1057d5717ed8f169c7b4a", kill_on_drop: false }`
[INFO] running `Command { std: "docker" "rm" "-f" "e2abecde7fbf7be81d1437c81aac67578b63a977c4b1057d5717ed8f169c7b4a", kill_on_drop: false }`
[INFO] [stdout] e2abecde7fbf7be81d1437c81aac67578b63a977c4b1057d5717ed8f169c7b4a
