[INFO] fetching crate guideme 0.2.1...
[INFO] testing guideme-0.2.1 against 1.100.0-beta.1+cargoflags=--release for beta-release-1.100-2
[INFO] extracting crate guideme 0.2.1 into /workspace/builds/worker-7-tc2/source
[INFO] started tweaking crates.io crate guideme 0.2.1
[INFO] removed 0 missing tests
[INFO] finished tweaking crates.io crate guideme 0.2.1
[INFO] tweaked toml for crates.io crate guideme 0.2.1 written to /workspace/builds/worker-7-tc2/source/Cargo.toml
[INFO] validating manifest of crates.io crate guideme 0.2.1 on toolchain 1.100.0-beta.1
[INFO] running `Command { std: CARGO_HOME="/workspace/cargo-home" RUSTUP_HOME="/workspace/rustup-home" "/workspace/cargo-home/bin/cargo" "+1.100.0-beta.1" "metadata" "--manifest-path" "Cargo.toml" "--no-deps", kill_on_drop: false }`
[INFO] crate crates.io crate guideme 0.2.1 already has a lockfile, it will not be regenerated
[INFO] running `Command { std: CARGO_HOME="/workspace/cargo-home" RUSTUP_HOME="/workspace/rustup-home" "/workspace/cargo-home/bin/cargo" "+1.100.0-beta.1" "fetch" "--manifest-path" "Cargo.toml", kill_on_drop: false }`
[INFO] running `Command { std: "docker" "create" "-v" "/var/lib/crater-agent-workspace/builds/worker-7-tc2/source:/opt/rustwide/workdir:ro,Z" "-v" "/var/lib/crater-agent-workspace/builds/worker-7-tc2/target:/opt/rustwide/target:rw,Z" "-v" "/var/lib/crater-agent-workspace/cargo-home:/opt/rustwide/cargo-home:ro,Z" "-v" "/var/lib/crater-agent-workspace/rustup-home:/opt/rustwide/rustup-home:ro,Z" "-m" "1610612736" "--network" "none" "ghcr.io/rust-lang/crates-build-env/linux@sha256:77db811e55d90add9212f6832c23229e3de5f1c1f9905e8cb07319ea15df73ac" "sleep" "infinity", kill_on_drop: false }`
[INFO] [stdout] f4aed1dc0a04b84f029bc04479336f3cb3725fc60bb7fc6948d8f6872d298eca
[INFO] running `Command { std: "docker" "start" "f4aed1dc0a04b84f029bc04479336f3cb3725fc60bb7fc6948d8f6872d298eca", kill_on_drop: false }`
[INFO] running `Command { std: "docker" "inspect" "f4aed1dc0a04b84f029bc04479336f3cb3725fc60bb7fc6948d8f6872d298eca", kill_on_drop: false }`
[INFO] running `Command { std: "docker" "exec" "-e" "SOURCE_DIR=/opt/rustwide/workdir" "-e" "CARGO_HOME=/opt/rustwide/cargo-home" "-e" "RUSTUP_HOME=/opt/rustwide/rustup-home" "-e" "CARGO_TARGET_DIR=/opt/rustwide/target" "-w" "/opt/rustwide/workdir" "--user" "0:0" "f4aed1dc0a04b84f029bc04479336f3cb3725fc60bb7fc6948d8f6872d298eca" "/opt/rustwide/cargo-home/bin/cargo" "+1.100.0-beta.1" "metadata" "--no-deps" "--format-version=1", kill_on_drop: false }`
[INFO] running `Command { std: "docker" "inspect" "f4aed1dc0a04b84f029bc04479336f3cb3725fc60bb7fc6948d8f6872d298eca", kill_on_drop: false }`
[INFO] running `Command { std: "docker" "exec" "-e" "SOURCE_DIR=/opt/rustwide/workdir" "-e" "CARGO_HOME=/opt/rustwide/cargo-home" "-e" "RUSTUP_HOME=/opt/rustwide/rustup-home" "-e" "CARGO_TARGET_DIR=/opt/rustwide/target" "-e" "CARGO_INCREMENTAL=0" "-e" "RUST_BACKTRACE=full" "-e" "RUSTFLAGS=--cap-lints=warn" "-e" "RUSTDOCFLAGS=--cap-lints=warn" "-w" "/opt/rustwide/workdir" "--user" "0:0" "f4aed1dc0a04b84f029bc04479336f3cb3725fc60bb7fc6948d8f6872d298eca" "/opt/rustwide/cargo-home/bin/cargo" "+1.100.0-beta.1" "build" "--frozen" "--message-format=json" "--release", kill_on_drop: false }`
[INFO] [stderr]    Compiling find-msvc-tools v0.1.13
[INFO] [stderr]    Compiling syn v3.0.6
[INFO] [stderr]    Compiling futures-util v0.3.34
[INFO] [stderr]    Compiling indexmap v2.14.2
[INFO] [stderr]    Compiling serde_json v1.0.151
[INFO] [stderr]    Compiling tracing v0.1.44
[INFO] [stderr]    Compiling encoding_rs v0.8.41
[INFO] [stderr]    Compiling thiserror v2.0.20
[INFO] [stderr]    Compiling cc v1.4.7
[INFO] [stderr]    Compiling cmake v0.1.58
[INFO] [stderr]    Compiling aws-lc-sys v0.45.0
[INFO] [stderr]    Compiling h2 v0.4.19
[INFO] [stderr]    Compiling tower v0.5.3
[INFO] [stderr]    Compiling synstructure v0.14.0
[INFO] [stderr]    Compiling serde_derive_internals v0.30.0
[INFO] [stderr]    Compiling hyper v1.11.1
[INFO] [stderr]    Compiling zerofrom-derive v0.1.8
[INFO] [stderr]    Compiling yoke-derive v0.8.3
[INFO] [stderr]    Compiling zerovec-derive v0.11.6
[INFO] [stderr]    Compiling displaydoc v0.2.7
[INFO] [stderr]    Compiling multiversion-macros v0.9.0
[INFO] [stderr]    Compiling serde_derive v1.0.229
[INFO] [stderr]    Compiling ref-cast-impl v1.0.27
[INFO] [stderr]    Compiling thiserror-impl v2.0.20
[INFO] [stderr]    Compiling guideme-derive v0.2.1
[INFO] [stderr]    Compiling ref-cast v1.0.27
[INFO] [stderr]    Compiling schemars_derive v1.2.2
[INFO] [stderr]    Compiling zerofrom v0.1.8
[INFO] [stderr]    Compiling yoke v0.8.3
[INFO] [stderr]    Compiling multiversion v0.9.0
[INFO] [stderr]    Compiling zerovec v0.11.8
[INFO] [stderr]    Compiling zerotrie v0.2.5
[INFO] [stderr]    Compiling tinystr v0.8.4
[INFO] [stderr]    Compiling potential_utf v0.1.6
[INFO] [stderr]    Compiling hyper-util v0.1.20
[INFO] [stderr]    Compiling icu_collections v2.3.0
[INFO] [stderr]    Compiling icu_locale_core v2.3.0
[INFO] [stderr]    Compiling serde v1.0.229
[INFO] [stderr]    Compiling schemars v1.2.2
[INFO] [stderr]    Compiling icu_provider v2.3.1
[INFO] [stderr]    Compiling icu_properties v2.3.0
[INFO] [stderr]    Compiling icu_normalizer v2.3.0
[INFO] [stderr]    Compiling idna_adapter v1.2.2
[INFO] [stderr]    Compiling idna v1.1.0
[INFO] [stderr]    Compiling url v2.5.8
[INFO] [stderr]    Compiling tower-http v0.6.11
[INFO] [stderr]    Compiling aws-lc-rs v1.18.1
[INFO] [stderr]    Compiling rustls v0.23.45
[INFO] [stderr]    Compiling rustls-webpki v0.103.15
[INFO] [stderr]    Compiling tokio-rustls v0.26.5
[INFO] [stderr]    Compiling rustls-platform-verifier v0.7.0
[INFO] [stderr]    Compiling hyper-rustls v0.27.10
[INFO] [stderr]    Compiling reqwest v0.13.5
[INFO] [stderr]    Compiling guideme v0.2.1 (/opt/rustwide/workdir)
[INFO] [stderr]     Finished `release` profile [optimized] target(s) in 1m 55s
[INFO] running `Command { std: "docker" "inspect" "f4aed1dc0a04b84f029bc04479336f3cb3725fc60bb7fc6948d8f6872d298eca", kill_on_drop: false }`
[INFO] running `Command { std: "docker" "exec" "-e" "SOURCE_DIR=/opt/rustwide/workdir" "-e" "CARGO_HOME=/opt/rustwide/cargo-home" "-e" "RUSTUP_HOME=/opt/rustwide/rustup-home" "-e" "CARGO_TARGET_DIR=/opt/rustwide/target" "-e" "CARGO_INCREMENTAL=0" "-e" "RUST_BACKTRACE=full" "-e" "RUSTFLAGS=--cap-lints=warn" "-e" "RUSTDOCFLAGS=--cap-lints=warn" "-w" "/opt/rustwide/workdir" "--user" "0:0" "f4aed1dc0a04b84f029bc04479336f3cb3725fc60bb7fc6948d8f6872d298eca" "/opt/rustwide/cargo-home/bin/cargo" "+1.100.0-beta.1" "test" "--frozen" "--no-run" "--message-format=json" "--release", kill_on_drop: false }`
[INFO] [stderr]    Compiling tokio-macros v2.7.2
[INFO] [stderr]    Compiling futures-macro v0.3.34
[INFO] [stderr]    Compiling tracing v0.1.44
[INFO] [stderr]    Compiling bitflags v2.13.2
[INFO] [stderr]    Compiling serde_json v1.0.151
[INFO] [stderr]    Compiling zerocopy v0.8.57
[INFO] [stderr]    Compiling rustix v1.1.5
[INFO] [stderr]    Compiling getrandom v0.3.4
[INFO] [stderr]    Compiling regex-automata v0.4.18
[INFO] [stderr]    Compiling rustls-platform-verifier v0.7.0
[INFO] [stderr]    Compiling getrandom v0.4.3
[INFO] [stderr]    Compiling target-tuple v1.0.2
[INFO] [stderr]    Compiling toml_parser v1.1.3+spec-1.1.0
[INFO] [stderr]    Compiling toml_datetime v1.1.1+spec-1.1.0
[INFO] [stderr]    Compiling serde_spanned v1.1.1
[INFO] [stderr]    Compiling num_cpus v1.17.0
[INFO] [stderr]    Compiling rand_core v0.9.5
[INFO] [stderr]    Compiling toml_writer v1.1.2+spec-1.1.0
[INFO] [stderr]    Compiling termcolor v1.4.1
[INFO] [stderr]    Compiling rand_xorshift v0.4.0
[INFO] [stderr]    Compiling rand v0.9.5
[INFO] [stderr]    Compiling tokio v1.53.1
[INFO] [stderr]    Compiling futures-util v0.3.34
[INFO] [stderr]    Compiling toml v1.1.6+spec-1.1.0
[INFO] [stderr]    Compiling schemars v1.2.2
[INFO] [stderr]    Compiling assert-json-diff v2.0.2
[INFO] [stderr]    Compiling trybuild v1.0.121
[INFO] [stderr]    Compiling tempfile v3.27.0
[INFO] [stderr]    Compiling rusty-fork v0.3.1
[INFO] [stderr]    Compiling futures-executor v0.3.34
[INFO] [stderr]    Compiling futures v0.3.34
[INFO] [stderr]    Compiling ppv-lite86 v0.2.21
[INFO] [stderr]    Compiling rand_chacha v0.9.0
[INFO] [stderr]    Compiling proptest v1.11.0
[INFO] [stderr]    Compiling regex v1.13.1
[INFO] [stderr]    Compiling matchers v0.2.0
[INFO] [stderr]    Compiling tracing-subscriber v0.3.23
[INFO] [stderr]    Compiling tokio-util v0.7.19
[INFO] [stderr]    Compiling tower v0.5.3
[INFO] [stderr]    Compiling tokio-rustls v0.26.5
[INFO] [stderr]    Compiling deadpool v0.12.3
[INFO] [stderr]    Compiling h2 v0.4.19
[INFO] [stderr]    Compiling tower-http v0.6.11
[INFO] [stderr]    Compiling hyper v1.11.1
[INFO] [stderr]    Compiling hyper-util v0.1.20
[INFO] [stderr]    Compiling hyper-rustls v0.27.10
[INFO] [stderr]    Compiling wiremock v0.6.5
[INFO] [stderr]    Compiling reqwest v0.13.5
[INFO] [stderr]    Compiling guideme v0.2.1 (/opt/rustwide/workdir)
[INFO] [stderr]     Finished `release` profile [optimized] target(s) in 1m 54s
[INFO] running `Command { std: "docker" "inspect" "f4aed1dc0a04b84f029bc04479336f3cb3725fc60bb7fc6948d8f6872d298eca", kill_on_drop: false }`
[INFO] running `Command { std: "docker" "exec" "-e" "SOURCE_DIR=/opt/rustwide/workdir" "-e" "CARGO_HOME=/opt/rustwide/cargo-home" "-e" "RUSTUP_HOME=/opt/rustwide/rustup-home" "-e" "CARGO_TARGET_DIR=/opt/rustwide/target" "-e" "CARGO_INCREMENTAL=0" "-e" "RUST_BACKTRACE=full" "-e" "RUSTFLAGS=--cap-lints=warn" "-e" "RUSTDOCFLAGS=--cap-lints=warn" "-w" "/opt/rustwide/workdir" "--user" "0:0" "f4aed1dc0a04b84f029bc04479336f3cb3725fc60bb7fc6948d8f6872d298eca" "/opt/rustwide/cargo-home/bin/cargo" "+1.100.0-beta.1" "test" "--frozen" "--release", kill_on_drop: false }`
[INFO] [stderr]     Finished `release` profile [optimized] target(s) in 0.39s
[INFO] [stderr]      Running unittests src/lib.rs (/opt/rustwide/target/release/build/guideme/4c0afd28d87c5962/out/guideme-4c0afd28d87c5962)
[INFO] [stderr]      Running unittests src/bin/spec.rs (/opt/rustwide/target/release/build/guideme/734ed2f955ed3b4c/out/guideme_spec-734ed2f955ed3b4c)
[INFO] [stdout] 
[INFO] [stdout] running 0 tests
[INFO] [stdout] 
[INFO] [stdout] test result: ok. 0 passed; 0 failed; 0 ignored; 0 measured; 0 filtered out; finished in 0.00s
[INFO] [stdout] 
[INFO] [stdout] 
[INFO] [stderr]      Running tests/batch.rs (/opt/rustwide/target/release/build/guideme/2840376466f1941d/out/batch-2840376466f1941d)
[INFO] [stdout] running 0 tests
[INFO] [stdout] 
[INFO] [stdout] test result: ok. 0 passed; 0 failed; 0 ignored; 0 measured; 0 filtered out; finished in 0.00s
[INFO] [stdout] 
[INFO] [stdout] 
[INFO] [stdout] running 6 tests
[INFO] [stdout] test an_option_outside_the_rubric_is_a_protocol_error ... ok
[INFO] [stdout] test unsure_ladder_or_beats_enum_fallback_beats_error_and_detail_never_fails ... ok
[INFO] [stdout] test a_receipt_carries_the_model_and_usage_from_the_response ... ok
[INFO] [stdout] test unsure_without_fallback_fails_the_whole_call_naming_the_question ... ok
[INFO] [stdout] test an_injected_client_carries_the_transport_and_refuses_a_conflict ... ok
[INFO] [stdout] test a_shape_of_questions_is_one_request_with_per_question_policy ... ok
[INFO] [stdout] 
[INFO] [stdout] test result: ok. 6 passed; 0 failed; 0 ignored; 0 measured; 0 filtered out; finished in 0.09s
[INFO] [stdout] 
[INFO] [stderr]      Running tests/derive.rs (/opt/rustwide/target/release/build/guideme/427c6de993815330/out/derive-427c6de993815330)
[INFO] [stdout] 
[INFO] [stdout] running 4 tests
[INFO] [stdout] test choice_key_round_trips_every_variant ... ok
[INFO] [stdout] test level_index_round_trips_in_declaration_order ... ok
[INFO] [stdout] test choice_rubric_keys_and_fallback_come_from_the_enum ... ok
[INFO] [stderr]    Compiling proc-macro2 v1.0.107
[INFO] [stderr]    Compiling quote v1.0.47
[INFO] [stderr]    Compiling unicode-ident v1.0.26
[INFO] [stderr]    Compiling libc v0.2.189
[INFO] [stderr]     Checking pin-project-lite v0.2.17
[INFO] [stderr]     Checking memchr v2.8.3
[INFO] [stderr]     Checking stable_deref_trait v1.2.1
[INFO] [stderr]     Checking once_cell v1.21.4
[INFO] [stderr]     Checking futures-core v0.3.34
[INFO] [stderr]     Checking bytes v1.12.1
[INFO] [stderr]    Compiling shlex v2.0.1
[INFO] [stderr]    Compiling find-msvc-tools v0.1.13
[INFO] [stderr]     Checking cfg-if v1.0.5
[INFO] [stderr]     Checking itoa v1.0.18
[INFO] [stderr]     Checking futures-sink v0.3.34
[INFO] [stderr]    Compiling dunce v1.0.5
[INFO] [stderr]    Compiling fs_extra v1.3.0
[INFO] [stderr]    Compiling pkg-config v0.3.34
[INFO] [stderr]     Checking smallvec v1.16.1
[INFO] [stderr]     Checking slab v0.4.12
[INFO] [stderr]     Checking litemap v0.8.3
[INFO] [stderr]     Checking writeable v0.6.4
[INFO] [stderr]     Checking futures-channel v0.3.34
[INFO] [stderr]    Compiling aws-lc-rs v1.18.1
[INFO] [stderr]     Checking futures-task v0.3.34
[INFO] [stderr]     Checking tracing-core v0.1.36
[INFO] [stderr]    Compiling icu_properties_data v2.3.0
[INFO] [stderr]    Compiling icu_normalizer_data v2.3.0
[INFO] [stderr]     Checking futures-io v0.3.34
[INFO] [stderr]     Checking utf8_iter v1.0.4
[INFO] [stderr]     Checking zeroize v1.9.0
[INFO] [stderr]     Checking fnv v1.0.7
[INFO] [stderr]    Compiling serde_core v1.0.229
[INFO] [stderr]    Compiling rustversion v1.0.23
[INFO] [stderr]     Checking hashbrown v0.17.1
[INFO] [stderr]     Checking equivalent v1.0.2
[INFO] [stderr]     Checking percent-encoding v2.3.2
[INFO] [stderr]    Compiling httparse v1.10.1
[INFO] [stderr]    Compiling zmij v1.0.23
[INFO] [stderr]    Compiling getrandom v0.3.4
[INFO] [stderr]     Checking rustls-pki-types v1.15.1
[INFO] [stderr]     Checking atomic-waker v1.1.2
[INFO] [stderr]     Checking untrusted v0.9.0
[INFO] [stderr]    Compiling serde_json v1.0.151
[INFO] [stderr]     Checking bitflags v2.13.2
[INFO] [stderr]    Compiling serde v1.0.229
[INFO] [stderr]     Checking try-lock v0.2.5
[INFO] [stderr]     Checking tower-service v0.3.3
[INFO] [stderr]     Checking http v1.5.0
[INFO] [stderr]    Compiling rustls v0.23.45
[INFO] [stderr]     Checking want v0.3.1
[INFO] [stderr]     Checking regex-syntax v0.8.11
[INFO] [stderr]     Checking log v0.4.34
[INFO] [stderr]     Checking httpdate v1.0.3
[INFO] [stderr]     Checking subtle v2.6.1
[INFO] [stderr]     Checking form_urlencoded v1.2.2
[INFO] [stderr]     Checking aho-corasick v1.1.5
[INFO] [stderr]    Compiling rustix v1.1.5
[INFO] [stderr]     Checking ipnet v2.12.2
[INFO] [stderr]    Compiling zerocopy v0.8.57
[INFO] [stderr]     Checking base64 v0.22.1
[INFO] [stderr]    Compiling getrandom v0.4.3
[INFO] [stderr]     Checking sync_wrapper v1.0.2
[INFO] [stderr]     Checking indexmap v2.14.2
[INFO] [stderr]     Checking openssl-probe v0.2.1
[INFO] [stderr]    Compiling syn v3.0.6
[INFO] [stderr]    Compiling syn v2.0.119
[INFO] [stderr]     Checking linux-raw-sys v0.12.1
[INFO] [stderr]     Checking lazy_static v1.5.0
[INFO] [stderr]     Checking tower-layer v0.3.3
[INFO] [stderr]    Compiling ref-cast v1.0.27
[INFO] [stderr]    Compiling autocfg v1.5.1
[INFO] [stderr]    Compiling encoding_rs v0.8.41
[INFO] [stderr]     Checking rustls-native-certs v0.8.4
[INFO] [stderr]     Checking core_detect v1.0.0
[INFO] [stderr]     Checking simdutf8 v0.1.5
[INFO] [stderr]     Checking scopeguard v1.2.0
[INFO] [stderr]    Compiling thiserror v2.0.20
[INFO] [stderr]     Checking fastrand v2.5.0
[INFO] [stderr]    Compiling multiversion_no_op v1.0.0
[INFO] [stderr]     Checking dyn-clone v1.0.20
[INFO] [stderr]     Checking base64 v0.23.1
[INFO] [stderr]     Checking http-body v1.1.0
[INFO] [stderr]     Checking mime v0.3.17
[INFO] [stderr]     Checking bit-vec v0.8.0
[INFO] [stderr]     Checking socket2 v0.6.5
[INFO] [stderr]     Checking mio v1.2.3
[INFO] [stderr]    Compiling jobserver v0.1.35
[INFO] [stderr]     Checking http-body-util v0.1.5
[INFO] [stderr]    Compiling num-traits v0.2.19
[INFO] [stderr]     Checking wait-timeout v0.2.1
[INFO] [stderr]     Checking num_cpus v1.17.0
[INFO] [stderr]     Checking deadpool-runtime v0.1.4
[INFO] [stderr]     Checking quick-error v1.2.3
[INFO] [stderr]     Checking rand_core v0.9.5
[INFO] [stderr]    Compiling heck v0.5.0
[INFO] [stderr]     Checking bit-set v0.8.0
[INFO] [stderr]     Checking sharded-slab v0.1.7
[INFO] [stderr]     Checking tracing-log v0.2.0
[INFO] [stderr]     Checking thread_local v1.1.10
[INFO] [stderr]     Checking unarray v0.1.4
[INFO] [stderr]    Compiling cc v1.4.7
[INFO] [stderr]     Checking nu-ansi-term v0.50.3
[INFO] [stderr]     Checking rand v0.9.5
[INFO] [stderr]     Checking rand_xorshift v0.4.0
[INFO] [stderr]     Checking regex-automata v0.4.18
[INFO] [stderr]    Compiling cmake v0.1.58
[INFO] [stderr]     Checking tempfile v3.27.0
[INFO] [stderr]     Checking rusty-fork v0.3.1
[INFO] [stderr]    Compiling aws-lc-sys v0.45.0
[INFO] [stderr]    Compiling tracing-attributes v0.1.31
[INFO] [stderr]     Checking matchers v0.2.0
[INFO] [stderr]     Checking regex v1.13.1
[INFO] [stderr]    Compiling synstructure v0.14.0
[INFO] [stderr]    Compiling serde_derive_internals v0.30.0
[INFO] [stderr]     Checking ppv-lite86 v0.2.21
[INFO] [stderr]     Checking rand_chacha v0.9.0
[INFO] [stderr]     Checking tracing v0.1.44
[INFO] [stderr]     Checking proptest v1.11.0
[INFO] [stderr]     Checking tracing-subscriber v0.3.23
[INFO] [stderr]    Compiling zerofrom-derive v0.1.8
[INFO] [stderr]    Compiling yoke-derive v0.8.3
[INFO] [stderr]    Compiling zerovec-derive v0.11.6
[INFO] [stderr]    Compiling displaydoc v0.2.7
[INFO] [stderr]    Compiling tokio-macros v2.7.2
[INFO] [stderr]    Compiling futures-macro v0.3.34
[INFO] [stderr]    Compiling serde_derive v1.0.229
[INFO] [stderr]    Compiling multiversion-macros v0.9.0
[INFO] [stderr]    Compiling ref-cast-impl v1.0.27
[INFO] [stderr]    Compiling thiserror-impl v2.0.20
[INFO] [stderr]    Compiling guideme-derive v0.2.1
[INFO] [stderr]    Compiling schemars_derive v1.2.2
[INFO] [stderr]     Checking tokio v1.53.1
[INFO] [stderr]     Checking futures-util v0.3.34
[INFO] [stderr]     Checking zerofrom v0.1.8
[INFO] [stderr]     Checking yoke v0.8.3
[INFO] [stderr]     Checking zerovec v0.11.8
[INFO] [stderr]     Checking zerotrie v0.2.5
[INFO] [stderr]     Checking multiversion v0.9.0
[INFO] [stderr]     Checking tinystr v0.8.4
[INFO] [stderr]     Checking potential_utf v0.1.6
[INFO] [stderr]     Checking icu_collections v2.3.0
[INFO] [stderr]     Checking icu_locale_core v2.3.0
[INFO] [stderr]     Checking icu_provider v2.3.1
[INFO] [stderr]     Checking schemars v1.2.2
[INFO] [stderr]     Checking assert-json-diff v2.0.2
[INFO] [stderr]     Checking icu_properties v2.3.0
[INFO] [stderr]     Checking icu_normalizer v2.3.0
[INFO] [stderr]     Checking futures-executor v0.3.34
[INFO] [stderr]     Checking futures v0.3.34
[INFO] [stderr]     Checking tokio-util v0.7.19
[INFO] [stderr]     Checking tower v0.5.3
[INFO] [stderr]     Checking deadpool v0.12.3
[INFO] [stderr]     Checking idna_adapter v1.2.2
[INFO] [stderr]     Checking h2 v0.4.19
[INFO] [stderr]     Checking idna v1.1.0
[INFO] [stderr]     Checking url v2.5.8
[INFO] [stderr]     Checking tower-http v0.6.11
[INFO] [stderr]     Checking hyper v1.11.1
[INFO] [stderr]     Checking hyper-util v0.1.20
[INFO] [stderr]     Checking wiremock v0.6.5
[INFO] [stderr]     Checking rustls-webpki v0.103.15
[INFO] [stderr]     Checking tokio-rustls v0.26.5
[INFO] [stderr]     Checking rustls-platform-verifier v0.7.0
[INFO] [stderr]     Checking hyper-rustls v0.27.10
[INFO] [stderr]     Checking reqwest v0.13.5
[INFO] [stderr]     Checking guideme v0.2.1 (/opt/rustwide/workdir)
[INFO] [stderr]     Checking guideme-tests v0.0.0 (/opt/rustwide/target/tests/trybuild/guideme)
[INFO] [stderr]     Finished `dev` profile [unoptimized + debuginfo] target(s) in 55.53s
[INFO] [stderr] 
[INFO] [stderr] 
[INFO] [stdout] test misuse_is_a_compile_error_naming_the_rule has been running for over 60 seconds
[INFO] [stderr] test tests/ui/api_key_display.rs ... mismatch
[INFO] [stderr] 
[INFO] [stderr] EXPECTED:
[INFO] [stderr] ┈┈┈┈┈┈┈┈┈┈┈┈┈┈┈┈┈┈┈┈┈┈┈┈┈┈┈┈┈┈┈┈┈┈┈┈┈┈┈┈┈┈┈┈┈┈┈┈┈┈┈┈┈┈┈┈┈┈┈┈
[INFO] [stderr] error[E0277]: `ApiKey` doesn't implement `std::fmt::Display`
[INFO] [stderr]  --> tests/ui/api_key_display.rs:4:22
[INFO] [stderr]   |
[INFO] [stderr] 4 |     let _ = format!("{key}");
[INFO] [stderr]   |                      ^^^^^ `ApiKey` cannot be formatted with the default formatter
[INFO] [stderr]   |
[INFO] [stderr]   = help: the trait `std::fmt::Display` is not implemented for `ApiKey`
[INFO] [stderr]   = note: in format strings you may be able to use `{:?}` (or {:#?} for pretty-print) instead
[INFO] [stderr] ┈┈┈┈┈┈┈┈┈┈┈┈┈┈┈┈┈┈┈┈┈┈┈┈┈┈┈┈┈┈┈┈┈┈┈┈┈┈┈┈┈┈┈┈┈┈┈┈┈┈┈┈┈┈┈┈┈┈┈┈
[INFO] [stderr] 
[INFO] [stderr] ACTUAL OUTPUT:
[INFO] [stderr] ┈┈┈┈┈┈┈┈┈┈┈┈┈┈┈┈┈┈┈┈┈┈┈┈┈┈┈┈┈┈┈┈┈┈┈┈┈┈┈┈┈┈┈┈┈┈┈┈┈┈┈┈┈┈┈┈┈┈┈┈
[INFO] [stderr] error[E0277]: `ApiKey` doesn't implement `std::fmt::Display`
[INFO] [stderr]  --> tests/ui/api_key_display.rs:4:22
[INFO] [stderr]   |
[INFO] [stderr] 4 |     let _ = format!("{key}");
[INFO] [stderr]   |                      ^^^^^ `ApiKey` cannot be formatted with the default formatter
[INFO] [stderr]   |
[INFO] [stderr]   = help: the trait `std::fmt::Display` is not implemented for `ApiKey`
[INFO] [stderr]   = note: in format strings you may be able to use `{:?}` (or `{:#?}` for pretty-print) instead
[INFO] [stderr] ┈┈┈┈┈┈┈┈┈┈┈┈┈┈┈┈┈┈┈┈┈┈┈┈┈┈┈┈┈┈┈┈┈┈┈┈┈┈┈┈┈┈┈┈┈┈┈┈┈┈┈┈┈┈┈┈┈┈┈┈
[INFO] [stderr] note: If the actual output is the correct output you can bless it by rerunning
[INFO] [stderr]       your test with the environment variable TRYBUILD=overwrite
[INFO] [stderr] 
[INFO] [stderr] test tests/ui/api_key_serialize.rs ... mismatch
[INFO] [stderr] 
[INFO] [stderr] EXPECTED:
[INFO] [stderr] ┈┈┈┈┈┈┈┈┈┈┈┈┈┈┈┈┈┈┈┈┈┈┈┈┈┈┈┈┈┈┈┈┈┈┈┈┈┈┈┈┈┈┈┈┈┈┈┈┈┈┈┈┈┈┈┈┈┈┈┈
[INFO] [stderr] error[E0277]: the trait bound `ApiKey: serde::Serialize` is not satisfied
[INFO] [stderr]  --> tests/ui/api_key_serialize.rs:4:35
[INFO] [stderr]   |
[INFO] [stderr] 4 |     let _ = serde_json::to_string(&key);
[INFO] [stderr]   |             --------------------- ^^^^ the trait `serde_core::ser::Serialize` is not implemented for `ApiKey`
[INFO] [stderr]   |             |
[INFO] [stderr]   |             required by a bound introduced by this call
[INFO] [stderr]   |
[INFO] [stderr]   = note: for local types consider adding `#[derive(serde::Serialize)]` to your `ApiKey` type
[INFO] [stderr]   = note: for types from other crates check whether the crate offers a `serde` feature flag
[INFO] [stderr]   = help: the following other types implement trait `serde_core::ser::Serialize`:
[INFO] [stderr]             &'a T
[INFO] [stderr]             &'a mut T
[INFO] [stderr]             ()
[INFO] [stderr]             (T,)
[INFO] [stderr]             (T0, T1)
[INFO] [stderr]             (T0, T1, T2)
[INFO] [stderr]             (T0, T1, T2, T3)
[INFO] [stderr]             (T0, T1, T2, T3, T4)
[INFO] [stderr]           and $N others
[INFO] [stderr] note: required by a bound in `serde_json::to_string`
[INFO] [stderr]  --> $CARGO/serde_json-$VERSION/src/ser.rs
[INFO] [stderr]   |
[INFO] [stderr]   | pub fn to_string<T>(value: &T) -> Result<String>
[INFO] [stderr]   |        --------- required by a bound in this function
[INFO] [stderr]   | where
[INFO] [stderr]   |     T: ?Sized + Serialize,
[INFO] [stderr]   |                 ^^^^^^^^^ required by this bound in `to_string`
[INFO] [stderr] ┈┈┈┈┈┈┈┈┈┈┈┈┈┈┈┈┈┈┈┈┈┈┈┈┈┈┈┈┈┈┈┈┈┈┈┈┈┈┈┈┈┈┈┈┈┈┈┈┈┈┈┈┈┈┈┈┈┈┈┈
[INFO] [stderr] 
[INFO] [stderr] ACTUAL OUTPUT:
[INFO] [stderr] ┈┈┈┈┈┈┈┈┈┈┈┈┈┈┈┈┈┈┈┈┈┈┈┈┈┈┈┈┈┈┈┈┈┈┈┈┈┈┈┈┈┈┈┈┈┈┈┈┈┈┈┈┈┈┈┈┈┈┈┈
[INFO] [stderr] error[E0277]: the trait bound `ApiKey: serde::Serialize` is not satisfied
[INFO] [stderr]  --> tests/ui/api_key_serialize.rs:4:35
[INFO] [stderr]   |
[INFO] [stderr] 4 |     let _ = serde_json::to_string(&key);
[INFO] [stderr]   |             --------------------- ^^^^ the trait `serde_core::ser::Serialize` is not implemented for `ApiKey`
[INFO] [stderr]   |             |
[INFO] [stderr]   |             required by a bound introduced by this call
[INFO] [stderr]   |
[INFO] [stderr]   = note: for local types consider adding `#[derive(serde::Serialize)]` to your `ApiKey` type
[INFO] [stderr]   = note: for types from other crates check whether the crate offers a `serde` feature flag
[INFO] [stderr]   = help: the following other types implement trait `serde_core::ser::Serialize`:
[INFO] [stderr]             &'a T
[INFO] [stderr]             &'a mut T
[INFO] [stderr]             ()
[INFO] [stderr]             (T,)
[INFO] [stderr]             (T0, T1)
[INFO] [stderr]             (T0, T1, T2)
[INFO] [stderr]             (T0, T1, T2, T3)
[INFO] [stderr]             (T0, T1, T2, T3, T4)
[INFO] [stderr]           and $N others
[INFO] [stderr] note: required by a bound in `serde_json::to_string`
[INFO] [stderr]  --> $CARGO/serde_json-$VERSION/src/ser.rs
[INFO] [stderr]   |
[INFO] [stderr]   | pub fn to_string<T>(value: &T) -> Result<String>
[INFO] [stderr]   | where
[INFO] [stderr]   |     T: ?Sized + Serialize,
[INFO] [stderr]   |                 ^^^^^^^^^ required by this bound in `to_string`
[INFO] [stderr] ┈┈┈┈┈┈┈┈┈┈┈┈┈┈┈┈┈┈┈┈┈┈┈┈┈┈┈┈┈┈┈┈┈┈┈┈┈┈┈┈┈┈┈┈┈┈┈┈┈┈┈┈┈┈┈┈┈┈┈┈
[INFO] [stderr] note: If the actual output is the correct output you can bless it by rerunning
[INFO] [stderr]       your test with the environment variable TRYBUILD=overwrite
[INFO] [stderr] 
[INFO] [stderr] test tests/ui/counterexample_on_levels.rs ... ok
[INFO] [stderr] test tests/ui/duplicate_counterexample.rs ... ok
[INFO] [stderr] test tests/ui/duplicate_example.rs ... ok
[INFO] [stderr] test tests/ui/duplicate_keys.rs ... ok
[INFO] [stderr] test tests/ui/eleven_levels.rs ... ok
[INFO] [stderr] test tests/ui/empty_counterexample.rs ... ok
[INFO] [stderr] test tests/ui/empty_example.rs ... ok
[INFO] [stderr] test tests/ui/empty_rubric.rs ... ok
[INFO] [stderr] test tests/ui/example_and_counterexample.rs ... ok
[INFO] [stderr] test tests/ui/example_of_two_options.rs ... ok
[INFO] [stderr] test tests/ui/example_without_rubric.rs ... ok
[INFO] [stderr] test tests/ui/key_on_levels.rs ... ok
[INFO] [stderr] test tests/ui/missing_level_rubric.rs ... ok
[INFO] [stderr] test tests/ui/newline_in_example.rs ... ok
[INFO] [stderr] test tests/ui/one_variant.rs ... ok
[INFO] [stderr] test tests/ui/tuple_variant.rs ... ok
[INFO] [stderr] test tests/ui/two_fallbacks.rs ... ok
[INFO] [stderr] 
[INFO] [stderr] 
[INFO] [stdout] test misuse_is_a_compile_error_naming_the_rule ... FAILED
[INFO] [stdout] 
[INFO] [stdout] failures:
[INFO] [stdout] 
[INFO] [stdout] ---- misuse_is_a_compile_error_naming_the_rule stdout ----
[INFO] [stdout] 
[INFO] [stdout] thread 'misuse_is_a_compile_error_naming_the_rule' (4031) panicked at /opt/rustwide/cargo-home/registry/src/index.crates.io-1949cf8c6b5b557f/trybuild-1.0.121/src/run.rs:103:13:
[INFO] [stdout] 2 of 19 tests failed
[INFO] [stdout] stack backtrace:
[INFO] [stdout]    0:     0x625e811fbe11 - <<std[617be2ca0a6fd877]::sys::backtrace::BacktraceLock>::print::DisplayBacktrace as core[a373ad73a504971]::fmt::Display>::fmt
[INFO] [stdout]    1:     0x625e812120fa - core[a373ad73a504971]::fmt::write
[INFO] [stdout]    2:     0x625e8120065c - <alloc[2e1b2a31b91974c5]::vec::Vec<u8> as core[a373ad73a504971]::io::write::Write>::write_fmt
[INFO] [stdout]    3:     0x625e811d5276 - std[617be2ca0a6fd877]::panicking::default_hook::{closure#0}
[INFO] [stdout]    4:     0x625e811f33b9 - std[617be2ca0a6fd877]::panicking::default_hook
[INFO] [stdout]    5:     0x625e81187550 - test[aada8e7e76ba119b]::test_main_inner::{closure#0}
[INFO] [stdout]    6:     0x625e811f3572 - std[617be2ca0a6fd877]::panicking::panic_with_hook
[INFO] [stdout]    7:     0x625e811d5322 - std[617be2ca0a6fd877]::panicking::panic_handler::{closure#0}
[INFO] [stdout]    8:     0x625e811cdb79 - std[617be2ca0a6fd877]::sys::backtrace::__rust_end_short_backtrace::<std[617be2ca0a6fd877]::panicking::panic_handler::{closure#0}, !>
[INFO] [stdout]    9:     0x625e811d5f2d - __rustc[ea4f61d10b84890b]::rust_begin_unwind
[INFO] [stdout]   10:     0x625e8121286c - core[a373ad73a504971]::panicking::panic_fmt
[INFO] [stdout]   11:     0x625e810e0698 - <trybuild[ad3558def54e616d]::Runner>::run
[INFO] [stdout]   12:     0x625e810e3900 - <trybuild[ad3558def54e616d]::TestCases as core[a373ad73a504971]::ops::drop::Drop>::drop
[INFO] [stdout]   13:     0x625e810d9f58 - derive[3f509b965eb1c4e5]::misuse_is_a_compile_error_naming_the_rule
[INFO] [stdout]   14:     0x625e810da169 - <derive[3f509b965eb1c4e5]::misuse_is_a_compile_error_naming_the_rule::{closure#0} as core[a373ad73a504971]::ops::function::FnOnce<()>>::call_once
[INFO] [stdout]   15:     0x625e8117a99b - test[aada8e7e76ba119b]::__rust_begin_short_backtrace::<core[a373ad73a504971]::result::Result<(), alloc[2e1b2a31b91974c5]::string::String>, fn() -> core[a373ad73a504971]::result::Result<(), alloc[2e1b2a31b91974c5]::string::String>>
[INFO] [stdout]   16:     0x625e81187b75 - test[aada8e7e76ba119b]::run_test::{closure#0}
[INFO] [stdout]   17:     0x625e81181464 - std[617be2ca0a6fd877]::sys::backtrace::__rust_begin_short_backtrace::<test[aada8e7e76ba119b]::run_test::{closure#1}, ()>
[INFO] [stdout]   18:     0x625e8118ac02 - <std[617be2ca0a6fd877]::thread::lifecycle::spawn_unchecked<test[aada8e7e76ba119b]::run_test::{closure#1}, ()>::{closure#1} as core[a373ad73a504971]::ops::function::FnOnce<()>>::call_once::{shim:vtable#0}
[INFO] [stdout]   19:     0x625e811fb06f - <std[617be2ca0a6fd877]::sys::thread::unix::Thread>::new::thread_start
[INFO] [stdout]   20:     0x7db936229dfa - <unknown>
[INFO] [stdout]   21:     0x7db9362bd3d4 - clone
[INFO] [stdout]   22:                0x0 - <unknown>
[INFO] [stdout] 
[INFO] [stdout] 
[INFO] [stdout] failures:
[INFO] [stdout]     misuse_is_a_compile_error_naming_the_rule
[INFO] [stdout] 
[INFO] [stdout] test result: FAILED. 3 passed; 1 failed; 0 ignored; 0 measured; 0 filtered out; finished in 88.22s
[INFO] [stdout] 
[INFO] [stderr] error: test failed, to rerun pass `--test derive`
[INFO] running `Command { std: "docker" "inspect" "f4aed1dc0a04b84f029bc04479336f3cb3725fc60bb7fc6948d8f6872d298eca", kill_on_drop: false }`
[INFO] running `Command { std: "docker" "rm" "-f" "f4aed1dc0a04b84f029bc04479336f3cb3725fc60bb7fc6948d8f6872d298eca", kill_on_drop: false }`
[INFO] [stdout] f4aed1dc0a04b84f029bc04479336f3cb3725fc60bb7fc6948d8f6872d298eca
