[INFO] fetching crate gtk3-macros 0.19.0...
[INFO] testing gtk3-macros-0.19.0 against 1.99.0-beta.8+cargoflags=--release for beta-release-1.100-2
[INFO] extracting crate gtk3-macros 0.19.0 into /workspace/builds/worker-7-tc1/source
[INFO] started tweaking crates.io crate gtk3-macros 0.19.0
[INFO] finished tweaking crates.io crate gtk3-macros 0.19.0
[INFO] tweaked toml for crates.io crate gtk3-macros 0.19.0 written to /workspace/builds/worker-7-tc1/source/Cargo.toml
[INFO] validating manifest of crates.io crate gtk3-macros 0.19.0 on toolchain 1.99.0-beta.8
[INFO] running `Command { std: CARGO_HOME="/workspace/cargo-home" RUSTUP_HOME="/workspace/rustup-home" "/workspace/cargo-home/bin/cargo" "+1.99.0-beta.8" "metadata" "--manifest-path" "Cargo.toml" "--no-deps", kill_on_drop: false }`
[INFO] crate crates.io crate gtk3-macros 0.19.0 already has a lockfile, it will not be regenerated
[INFO] running `Command { std: CARGO_HOME="/workspace/cargo-home" RUSTUP_HOME="/workspace/rustup-home" "/workspace/cargo-home/bin/cargo" "+1.99.0-beta.8" "fetch" "--manifest-path" "Cargo.toml", kill_on_drop: false }`
[INFO] running `Command { std: "docker" "create" "-v" "/var/lib/crater-agent-workspace/builds/worker-7-tc1/source:/opt/rustwide/workdir:ro,Z" "-v" "/var/lib/crater-agent-workspace/builds/worker-7-tc1/target:/opt/rustwide/target:rw,Z" "-v" "/var/lib/crater-agent-workspace/cargo-home:/opt/rustwide/cargo-home:ro,Z" "-v" "/var/lib/crater-agent-workspace/rustup-home:/opt/rustwide/rustup-home:ro,Z" "-m" "1610612736" "--network" "none" "ghcr.io/rust-lang/crates-build-env/linux@sha256:77db811e55d90add9212f6832c23229e3de5f1c1f9905e8cb07319ea15df73ac" "sleep" "infinity", kill_on_drop: false }`
[INFO] [stdout] 47629f85569fe3dff3a38980b1769da78b4336d883566c88718698a57c667715
[INFO] running `Command { std: "docker" "start" "47629f85569fe3dff3a38980b1769da78b4336d883566c88718698a57c667715", kill_on_drop: false }`
[INFO] running `Command { std: "docker" "inspect" "47629f85569fe3dff3a38980b1769da78b4336d883566c88718698a57c667715", kill_on_drop: false }`
[INFO] running `Command { std: "docker" "exec" "-e" "SOURCE_DIR=/opt/rustwide/workdir" "-e" "CARGO_HOME=/opt/rustwide/cargo-home" "-e" "RUSTUP_HOME=/opt/rustwide/rustup-home" "-e" "CARGO_TARGET_DIR=/opt/rustwide/target" "-w" "/opt/rustwide/workdir" "--user" "0:0" "47629f85569fe3dff3a38980b1769da78b4336d883566c88718698a57c667715" "/opt/rustwide/cargo-home/bin/cargo" "+1.99.0-beta.8" "metadata" "--no-deps" "--format-version=1", kill_on_drop: false }`
[INFO] running `Command { std: "docker" "inspect" "47629f85569fe3dff3a38980b1769da78b4336d883566c88718698a57c667715", kill_on_drop: false }`
[INFO] running `Command { std: "docker" "exec" "-e" "SOURCE_DIR=/opt/rustwide/workdir" "-e" "CARGO_HOME=/opt/rustwide/cargo-home" "-e" "RUSTUP_HOME=/opt/rustwide/rustup-home" "-e" "CARGO_TARGET_DIR=/opt/rustwide/target" "-e" "CARGO_INCREMENTAL=0" "-e" "RUST_BACKTRACE=full" "-e" "RUSTFLAGS=--cap-lints=warn" "-e" "RUSTDOCFLAGS=--cap-lints=warn" "-w" "/opt/rustwide/workdir" "--user" "0:0" "47629f85569fe3dff3a38980b1769da78b4336d883566c88718698a57c667715" "/opt/rustwide/cargo-home/bin/cargo" "+1.99.0-beta.8" "build" "--frozen" "--message-format=json" "--release", kill_on_drop: false }`
[INFO] [stderr]    Compiling indexmap v2.14.2
[INFO] [stderr]    Compiling syn v3.0.5
[INFO] [stderr]    Compiling toml_edit v0.25.13+spec-1.1.0
[INFO] [stderr]    Compiling proc-macro-crate v3.5.0
[INFO] [stderr]    Compiling gtk3-macros v0.19.0 (/opt/rustwide/workdir)
[INFO] [stderr]     Finished `release` profile [optimized] target(s) in 6.56s
[INFO] running `Command { std: "docker" "inspect" "47629f85569fe3dff3a38980b1769da78b4336d883566c88718698a57c667715", kill_on_drop: false }`
[INFO] running `Command { std: "docker" "exec" "-e" "SOURCE_DIR=/opt/rustwide/workdir" "-e" "CARGO_HOME=/opt/rustwide/cargo-home" "-e" "RUSTUP_HOME=/opt/rustwide/rustup-home" "-e" "CARGO_TARGET_DIR=/opt/rustwide/target" "-e" "CARGO_INCREMENTAL=0" "-e" "RUST_BACKTRACE=full" "-e" "RUSTFLAGS=--cap-lints=warn" "-e" "RUSTDOCFLAGS=--cap-lints=warn" "-w" "/opt/rustwide/workdir" "--user" "0:0" "47629f85569fe3dff3a38980b1769da78b4336d883566c88718698a57c667715" "/opt/rustwide/cargo-home/bin/cargo" "+1.99.0-beta.8" "test" "--frozen" "--no-run" "--message-format=json" "--release", kill_on_drop: false }`
[INFO] [stderr]    Compiling gtk3-macros v0.19.0 (/opt/rustwide/workdir)
[INFO] [stderr]     Finished `release` profile [optimized] target(s) in 0.53s
[INFO] running `Command { std: "docker" "inspect" "47629f85569fe3dff3a38980b1769da78b4336d883566c88718698a57c667715", kill_on_drop: false }`
[INFO] running `Command { std: "docker" "exec" "-e" "SOURCE_DIR=/opt/rustwide/workdir" "-e" "CARGO_HOME=/opt/rustwide/cargo-home" "-e" "RUSTUP_HOME=/opt/rustwide/rustup-home" "-e" "CARGO_TARGET_DIR=/opt/rustwide/target" "-e" "CARGO_INCREMENTAL=0" "-e" "RUST_BACKTRACE=full" "-e" "RUSTFLAGS=--cap-lints=warn" "-e" "RUSTDOCFLAGS=--cap-lints=warn" "-w" "/opt/rustwide/workdir" "--user" "0:0" "47629f85569fe3dff3a38980b1769da78b4336d883566c88718698a57c667715" "/opt/rustwide/cargo-home/bin/cargo" "+1.99.0-beta.8" "test" "--frozen" "--release", kill_on_drop: false }`
[INFO] [stderr]     Finished `release` profile [optimized] target(s) in 0.05s
[INFO] [stderr]      Running unittests src/lib.rs (/opt/rustwide/target/release/deps/gtk3_macros-fcad0788ce0a3f3b)
[INFO] [stdout] 
[INFO] [stderr]    Doc-tests gtk3_macros
[INFO] [stdout] running 0 tests
[INFO] [stdout] 
[INFO] [stdout] test result: ok. 0 passed; 0 failed; 0 ignored; 0 measured; 0 filtered out; finished in 0.00s
[INFO] [stdout] 
[INFO] [stdout] 
[INFO] [stdout] running 1 test
[INFO] [stdout] test src/lib.rs - composite_template_derive (line 33) - compile ... FAILED
[INFO] [stdout] 
[INFO] [stdout] failures:
[INFO] [stdout] 
[INFO] [stdout] ---- src/lib.rs - composite_template_derive (line 33) stdout ----
[INFO] [stdout] error[E0433]: cannot find module or crate `gtk` in this scope
[INFO] [stdout]   --> src/lib.rs:34:5
[INFO] [stdout]    |
[INFO] [stdout] 34 | use gtk::prelude::*;
[INFO] [stdout]    |     ^^^ use of unresolved module or unlinked crate `gtk`
[INFO] [stdout]    |
[INFO] [stdout]    = help: if you wanted to use a crate named `gtk`, use `cargo add gtk` to add it to your `Cargo.toml`
[INFO] [stdout] 
[INFO] [stdout] error[E0433]: cannot find module or crate `gtk` in this scope
[INFO] [stdout]   --> src/lib.rs:36:5
[INFO] [stdout]    |
[INFO] [stdout] 36 | use gtk::subclass::prelude::*;
[INFO] [stdout]    |     ^^^ use of unresolved module or unlinked crate `gtk`
[INFO] [stdout]    |
[INFO] [stdout]    = help: if you wanted to use a crate named `gtk`, use `cargo add gtk` to add it to your `Cargo.toml`
[INFO] [stdout] 
[INFO] [stdout] error[E0432]: unresolved import `gtk`
[INFO] [stdout]   --> src/lib.rs:35:5
[INFO] [stdout]    |
[INFO] [stdout] 35 | use gtk::glib;
[INFO] [stdout]    |     ^^^ use of unresolved module or unlinked crate `gtk`
[INFO] [stdout]    |
[INFO] [stdout]    = help: if you wanted to use a crate named `gtk`, use `cargo add gtk` to add it to your `Cargo.toml`
[INFO] [stdout] 
[INFO] [stdout] error[E0433]: cannot find module or crate `gtk` in this scope
[INFO] [stdout]   --> src/lib.rs:41:30
[INFO] [stdout]    |
[INFO] [stdout] 41 |     #[derive(Debug, Default, gtk::CompositeTemplate)]
[INFO] [stdout]    |                              ^^^ use of unresolved module or unlinked crate `gtk`
[INFO] [stdout] 
[INFO] [stdout] error: cannot find attribute `template` in this scope
[INFO] [stdout]   --> src/lib.rs:42:7
[INFO] [stdout]    |
[INFO] [stdout] 42 |     #[template(file = "composite_template.ui")]
[INFO] [stdout]    |       ^^^^^^^^
[INFO] [stdout]    |
[INFO] [stdout] help: `template` is an attribute that can be used by the derive macro `CompositeTemplate`, you might be missing a `derive` attribute
[INFO] [stdout]    |
[INFO] [stdout] 43 +     #[derive(CompositeTemplate)]
[INFO] [stdout] 44 |     pub struct MyWidget {
[INFO] [stdout]    |
[INFO] [stdout] 
[INFO] [stdout] error: cannot find attribute `template_child` in this scope
[INFO] [stdout]   --> src/lib.rs:44:11
[INFO] [stdout]    |
[INFO] [stdout] 44 |         #[template_child]
[INFO] [stdout]    |           ^^^^^^^^^^^^^^
[INFO] [stdout]    |
[INFO] [stdout]    = note: `template_child` is an attribute that can be used by the derive macro `CompositeTemplate`, you might be missing a `derive` attribute
[INFO] [stdout] 
[INFO] [stdout] error: cannot find attribute `template_child` in this scope
[INFO] [stdout]   --> src/lib.rs:46:11
[INFO] [stdout]    |
[INFO] [stdout] 46 |         #[template_child(id = "my_button_id")]
[INFO] [stdout]    |           ^^^^^^^^^^^^^^
[INFO] [stdout]    |
[INFO] [stdout]    = note: `template_child` is an attribute that can be used by the derive macro `CompositeTemplate`, you might be missing a `derive` attribute
[INFO] [stdout] 
[INFO] [stdout] error[E0425]: cannot find type `TemplateChild` in this scope
[INFO] [stdout]   --> src/lib.rs:45:20
[INFO] [stdout]    |
[INFO] [stdout] 45 |         pub label: TemplateChild<gtk::Label>,
[INFO] [stdout]    |                    ^^^^^^^^^^^^^ not found in this scope
[INFO] [stdout] 
[INFO] [stdout] error[E0425]: cannot find type `TemplateChild` in this scope
[INFO] [stdout]   --> src/lib.rs:47:21
[INFO] [stdout]    |
[INFO] [stdout] 47 |         pub button: TemplateChild<gtk::Button>,
[INFO] [stdout]    |                     ^^^^^^^^^^^^^ not found in this scope
[INFO] [stdout] 
[INFO] [stdout] error[E0405]: cannot find trait `ObjectSubclass` in this scope
[INFO] [stdout]   --> src/lib.rs:51:10
[INFO] [stdout]    |
[INFO] [stdout] 51 |     impl ObjectSubclass for MyWidget {
[INFO] [stdout]    |          ^^^^^^^^^^^^^^ not found in this scope
[INFO] [stdout] 
[INFO] [stdout] error[E0425]: cannot find type `MyWidget` in module `super`
[INFO] [stdout]   --> src/lib.rs:53:28
[INFO] [stdout]    |
[INFO] [stdout] 53 |         type Type = super::MyWidget;
[INFO] [stdout]    |                            ^^^^^^^^ not found in `super`
[INFO] [stdout] 
[INFO] [stdout] error[E0405]: cannot find trait `ObjectImpl` in this scope
[INFO] [stdout]   --> src/lib.rs:65:10
[INFO] [stdout]    |
[INFO] [stdout] 65 |     impl ObjectImpl for MyWidget {}
[INFO] [stdout]    |          ^^^^^^^^^^ not found in this scope
[INFO] [stdout] 
[INFO] [stdout] error[E0405]: cannot find trait `WidgetImpl` in this scope
[INFO] [stdout]   --> src/lib.rs:66:10
[INFO] [stdout]    |
[INFO] [stdout] 66 |     impl WidgetImpl for MyWidget {}
[INFO] [stdout]    |          ^^^^^^^^^^ not found in this scope
[INFO] [stdout] 
[INFO] [stdout] error[E0405]: cannot find trait `ContainerImpl` in this scope
[INFO] [stdout]   --> src/lib.rs:67:10
[INFO] [stdout]    |
[INFO] [stdout] 67 |     impl ContainerImpl for MyWidget {}
[INFO] [stdout]    |          ^^^^^^^^^^^^^ not found in this scope
[INFO] [stdout] 
[INFO] [stdout] error[E0405]: cannot find trait `BoxImpl` in this scope
[INFO] [stdout]   --> src/lib.rs:68:10
[INFO] [stdout]    |
[INFO] [stdout] 68 |     impl BoxImpl for MyWidget {}
[INFO] [stdout]    |          ^^^^^^^ not found in this scope
[INFO] [stdout] 
[INFO] [stdout] error[E0425]: cannot find type `MyWidget` in this scope
[INFO] [stdout]   --> src/lib.rs:75:6
[INFO] [stdout]    |
[INFO] [stdout] 75 | impl MyWidget {
[INFO] [stdout]    |      ^^^^^^^^ not found in this scope
[INFO] [stdout]    |
[INFO] [stdout] help: consider importing this struct
[INFO] [stdout]    |
[INFO] [stdout] 34 + use crate::imp::MyWidget;
[INFO] [stdout]    |
[INFO] [stdout] 
[INFO] [stdout] error[E0433]: cannot find module or crate `gtk` in this scope
[INFO] [stdout]   --> src/lib.rs:45:34
[INFO] [stdout]    |
[INFO] [stdout] 45 |         pub label: TemplateChild<gtk::Label>,
[INFO] [stdout]    |                                  ^^^ use of unresolved module or unlinked crate `gtk`
[INFO] [stdout]    |
[INFO] [stdout]    = help: if you wanted to use a crate named `gtk`, use `cargo add gtk` to add it to your `Cargo.toml`
[INFO] [stdout] 
[INFO] [stdout] error[E0433]: cannot find module or crate `gtk` in this scope
[INFO] [stdout]   --> src/lib.rs:47:35
[INFO] [stdout]    |
[INFO] [stdout] 47 |         pub button: TemplateChild<gtk::Button>,
[INFO] [stdout]    |                                   ^^^ use of unresolved module or unlinked crate `gtk`
[INFO] [stdout]    |
[INFO] [stdout]    = help: if you wanted to use a crate named `gtk`, use `cargo add gtk` to add it to your `Cargo.toml`
[INFO] [stdout] 
[INFO] [stdout] error[E0433]: cannot find module or crate `gtk` in this scope
[INFO] [stdout]   --> src/lib.rs:54:27
[INFO] [stdout]    |
[INFO] [stdout] 54 |         type ParentType = gtk::Box;
[INFO] [stdout]    |                           ^^^ use of unresolved module or unlinked crate `gtk`
[INFO] [stdout]    |
[INFO] [stdout]    = help: if you wanted to use a crate named `gtk`, use `cargo add gtk` to add it to your `Cargo.toml`
[INFO] [stdout] 
[INFO] [stdout] error: aborting due to 19 previous errors
[INFO] [stdout] 
[INFO] [stdout] Some errors have detailed explanations: E0405, E0425, E0432, E0433.
[INFO] [stdout] For more information about an error, try `rustc --explain E0405`.
[INFO] [stdout] Couldn't compile the test.
[INFO] [stdout] 
[INFO] [stdout] failures:
[INFO] [stdout]     src/lib.rs - composite_template_derive (line 33)
[INFO] [stdout] 
[INFO] [stdout] test result: FAILED. 0 passed; 1 failed; 0 ignored; 0 measured; 0 filtered out; finished in 0.16s
[INFO] [stdout] 
[INFO] [stdout] all doctests ran in 0.33s; merged doctests compilation took 0.17s
[INFO] [stderr] error: doctest failed, to rerun pass `--doc`
[INFO] running `Command { std: "docker" "inspect" "47629f85569fe3dff3a38980b1769da78b4336d883566c88718698a57c667715", kill_on_drop: false }`
[INFO] running `Command { std: "docker" "rm" "-f" "47629f85569fe3dff3a38980b1769da78b4336d883566c88718698a57c667715", kill_on_drop: false }`
[INFO] [stdout] 47629f85569fe3dff3a38980b1769da78b4336d883566c88718698a57c667715
