[INFO] fetching crate gtars-tokenizers 0.5.3...
[INFO] testing gtars-tokenizers-0.5.3 against 1.99.0-beta.8+cargoflags=--release for beta-release-1.100-2
[INFO] extracting crate gtars-tokenizers 0.5.3 into /workspace/builds/worker-7-tc1/source
[INFO] started tweaking crates.io crate gtars-tokenizers 0.5.3
[INFO] finished tweaking crates.io crate gtars-tokenizers 0.5.3
[INFO] tweaked toml for crates.io crate gtars-tokenizers 0.5.3 written to /workspace/builds/worker-7-tc1/source/Cargo.toml
[INFO] validating manifest of crates.io crate gtars-tokenizers 0.5.3 on toolchain 1.99.0-beta.8
[INFO] running `Command { std: CARGO_HOME="/workspace/cargo-home" RUSTUP_HOME="/workspace/rustup-home" "/workspace/cargo-home/bin/cargo" "+1.99.0-beta.8" "metadata" "--manifest-path" "Cargo.toml" "--no-deps", kill_on_drop: false }`
[INFO] crate crates.io crate gtars-tokenizers 0.5.3 already has a lockfile, it will not be regenerated
[INFO] running `Command { std: CARGO_HOME="/workspace/cargo-home" RUSTUP_HOME="/workspace/rustup-home" "/workspace/cargo-home/bin/cargo" "+1.99.0-beta.8" "fetch" "--manifest-path" "Cargo.toml", kill_on_drop: false }`
[INFO] [stderr]     Updating crates.io index
[INFO] [stderr]  Downloading crates ...
[INFO] [stderr]   Downloaded wasm-bindgen-shared v0.2.123
[INFO] [stderr]   Downloaded wasm-bindgen-macro v0.2.123
[INFO] [stderr]   Downloaded wasm-bindgen-futures v0.4.73
[INFO] [stderr]   Downloaded wasm-bindgen-macro-support v0.2.123
[INFO] [stderr]   Downloaded wasm-bindgen v0.2.123
[INFO] [stderr]   Downloaded gtars-overlaprs v0.6.0
[INFO] [stderr]   Downloaded gtars-core v0.5.6
[INFO] [stderr]   Downloaded js-sys v0.3.100
[INFO] [stderr]   Downloaded web-sys v0.3.100
[INFO] running `Command { std: "docker" "create" "-v" "/var/lib/crater-agent-workspace/builds/worker-7-tc1/source:/opt/rustwide/workdir:ro,Z" "-v" "/var/lib/crater-agent-workspace/builds/worker-7-tc1/target:/opt/rustwide/target:rw,Z" "-v" "/var/lib/crater-agent-workspace/cargo-home:/opt/rustwide/cargo-home:ro,Z" "-v" "/var/lib/crater-agent-workspace/rustup-home:/opt/rustwide/rustup-home:ro,Z" "-m" "1610612736" "--network" "none" "ghcr.io/rust-lang/crates-build-env/linux@sha256:77db811e55d90add9212f6832c23229e3de5f1c1f9905e8cb07319ea15df73ac" "sleep" "infinity", kill_on_drop: false }`
[INFO] [stdout] 425006042bb13e500a1d7484fa0855e9edc61f29de1eadfae71bb1779b1a629e
[INFO] running `Command { std: "docker" "start" "425006042bb13e500a1d7484fa0855e9edc61f29de1eadfae71bb1779b1a629e", kill_on_drop: false }`
[INFO] running `Command { std: "docker" "inspect" "425006042bb13e500a1d7484fa0855e9edc61f29de1eadfae71bb1779b1a629e", kill_on_drop: false }`
[INFO] running `Command { std: "docker" "exec" "-e" "SOURCE_DIR=/opt/rustwide/workdir" "-e" "CARGO_HOME=/opt/rustwide/cargo-home" "-e" "RUSTUP_HOME=/opt/rustwide/rustup-home" "-e" "CARGO_TARGET_DIR=/opt/rustwide/target" "-w" "/opt/rustwide/workdir" "--user" "0:0" "425006042bb13e500a1d7484fa0855e9edc61f29de1eadfae71bb1779b1a629e" "/opt/rustwide/cargo-home/bin/cargo" "+1.99.0-beta.8" "metadata" "--no-deps" "--format-version=1", kill_on_drop: false }`
[INFO] running `Command { std: "docker" "inspect" "425006042bb13e500a1d7484fa0855e9edc61f29de1eadfae71bb1779b1a629e", kill_on_drop: false }`
[INFO] running `Command { std: "docker" "exec" "-e" "SOURCE_DIR=/opt/rustwide/workdir" "-e" "CARGO_HOME=/opt/rustwide/cargo-home" "-e" "RUSTUP_HOME=/opt/rustwide/rustup-home" "-e" "CARGO_TARGET_DIR=/opt/rustwide/target" "-e" "CARGO_INCREMENTAL=0" "-e" "RUST_BACKTRACE=full" "-e" "RUSTFLAGS=--cap-lints=warn" "-e" "RUSTDOCFLAGS=--cap-lints=warn" "-w" "/opt/rustwide/workdir" "--user" "0:0" "425006042bb13e500a1d7484fa0855e9edc61f29de1eadfae71bb1779b1a629e" "/opt/rustwide/cargo-home/bin/cargo" "+1.99.0-beta.8" "build" "--frozen" "--message-format=json" "--release", kill_on_drop: false }`
[INFO] [stderr]    Compiling winnow v0.7.15
[INFO] [stderr]    Compiling toml_write v0.1.2
[INFO] [stderr]    Compiling tokio v1.52.3
[INFO] [stderr]    Compiling serde_spanned v0.6.9
[INFO] [stderr]    Compiling toml_datetime v0.6.11
[INFO] [stderr]    Compiling md-5 v0.10.6
[INFO] [stderr]    Compiling gtars-core v0.5.6
[INFO] [stderr]    Compiling gtars-overlaprs v0.6.0
[INFO] [stderr]    Compiling toml_edit v0.22.27
[INFO] [stderr]    Compiling toml v0.8.23
[INFO] [stderr]    Compiling gtars-tokenizers v0.5.3 (/opt/rustwide/workdir)
[INFO] [stderr]     Finished `release` profile [optimized] target(s) in 13.78s
[INFO] running `Command { std: "docker" "inspect" "425006042bb13e500a1d7484fa0855e9edc61f29de1eadfae71bb1779b1a629e", kill_on_drop: false }`
[INFO] running `Command { std: "docker" "exec" "-e" "SOURCE_DIR=/opt/rustwide/workdir" "-e" "CARGO_HOME=/opt/rustwide/cargo-home" "-e" "RUSTUP_HOME=/opt/rustwide/rustup-home" "-e" "CARGO_TARGET_DIR=/opt/rustwide/target" "-e" "CARGO_INCREMENTAL=0" "-e" "RUST_BACKTRACE=full" "-e" "RUSTFLAGS=--cap-lints=warn" "-e" "RUSTDOCFLAGS=--cap-lints=warn" "-w" "/opt/rustwide/workdir" "--user" "0:0" "425006042bb13e500a1d7484fa0855e9edc61f29de1eadfae71bb1779b1a629e" "/opt/rustwide/cargo-home/bin/cargo" "+1.99.0-beta.8" "test" "--frozen" "--no-run" "--message-format=json" "--release", kill_on_drop: false }`
[INFO] [stderr]    Compiling winnow v1.0.3
[INFO] [stderr]    Compiling aho-corasick v1.1.4
[INFO] [stderr]    Compiling relative-path v1.9.3
[INFO] [stderr]    Compiling syn v2.0.117
[INFO] [stderr]    Compiling rstest_macros v0.26.1
[INFO] [stderr]    Compiling yansi v1.0.1
[INFO] [stderr]    Compiling diff v0.1.13
[INFO] [stderr]    Compiling futures-timer v3.0.4
[INFO] [stderr]    Compiling pretty_assertions v1.4.1
[INFO] [stderr]    Compiling regex-automata v0.4.14
[INFO] [stderr]    Compiling toml_parser v1.1.2+spec-1.1.0
[INFO] [stderr]    Compiling toml_edit v0.25.12+spec-1.1.0
[INFO] [stderr]    Compiling proc-macro-crate v3.5.0
[INFO] [stderr]    Compiling regex v1.12.4
[INFO] [stderr]    Compiling serde_derive v1.0.228
[INFO] [stderr]    Compiling thiserror-impl v2.0.18
[INFO] [stderr]    Compiling futures-macro v0.3.32
[INFO] [stderr]    Compiling futures-util v0.3.32
[INFO] [stderr]    Compiling thiserror v2.0.18
[INFO] [stderr]    Compiling gtars-core v0.5.6
[INFO] [stderr]    Compiling gtars-overlaprs v0.6.0
[INFO] [stderr]    Compiling rstest v0.26.1
[INFO] [stderr]    Compiling serde v1.0.228
[INFO] [stderr]    Compiling toml_datetime v0.6.11
[INFO] [stderr]    Compiling serde_spanned v0.6.9
[INFO] [stderr]    Compiling toml_edit v0.22.27
[INFO] [stderr]    Compiling toml v0.8.23
[INFO] [stderr]    Compiling gtars-tokenizers v0.5.3 (/opt/rustwide/workdir)
[INFO] [stderr]     Finished `release` profile [optimized] target(s) in 28.97s
[INFO] running `Command { std: "docker" "inspect" "425006042bb13e500a1d7484fa0855e9edc61f29de1eadfae71bb1779b1a629e", kill_on_drop: false }`
[INFO] running `Command { std: "docker" "exec" "-e" "SOURCE_DIR=/opt/rustwide/workdir" "-e" "CARGO_HOME=/opt/rustwide/cargo-home" "-e" "RUSTUP_HOME=/opt/rustwide/rustup-home" "-e" "CARGO_TARGET_DIR=/opt/rustwide/target" "-e" "CARGO_INCREMENTAL=0" "-e" "RUST_BACKTRACE=full" "-e" "RUSTFLAGS=--cap-lints=warn" "-e" "RUSTDOCFLAGS=--cap-lints=warn" "-w" "/opt/rustwide/workdir" "--user" "0:0" "425006042bb13e500a1d7484fa0855e9edc61f29de1eadfae71bb1779b1a629e" "/opt/rustwide/cargo-home/bin/cargo" "+1.99.0-beta.8" "test" "--frozen" "--release", kill_on_drop: false }`
[INFO] [stderr]     Finished `release` profile [optimized] target(s) in 0.14s
[INFO] [stderr]      Running unittests src/lib.rs (/opt/rustwide/target/release/deps/gtars_tokenizers-37003f47c1e8bce1)
[INFO] [stdout] 
[INFO] [stdout] running 20 tests
[INFO] [stdout] test config::tests::test_from_path_for_invalid_extension ... ok
[INFO] [stdout] test tokenizer::tokenizer_tests::test_tokenizer_creation_from_bed ... FAILED
[INFO] [stdout] test config::tests::test_try_from_toml ... FAILED
[INFO] [stdout] test tokenizer::tokenizer_tests::test_tokenizer_bad_tokenizer_type ... ok
[INFO] [stdout] test tokenizer::tokenizer_tests::test_tokenizer_creation_from_bed_gz ... FAILED
[INFO] [stdout] test tokenizer::tokenizer_tests::test_tokenizer_creation_from_config ... FAILED
[INFO] [stdout] test config::tests::test_get_universe_name ... FAILED
[INFO] [stdout] test tokenizer::tokenizer_tests::test_tokenize_on_two_crhoms ... FAILED
[INFO] [stdout] test tokenizer::tokenizer_tests::test_tokenizer_custom_special_tokens ... FAILED
[INFO] [stdout] test tokenizer::tokenizer_tests::test_tokenize_single_region_not_overlapping ... FAILED
[INFO] [stdout] test tokenizer::tokenizer_tests::test_tokenize_unk_chrom ... FAILED
[INFO] [stdout] test tokenizer::tokenizer_tests::test_tokenize_with_multi_overlap ... FAILED
[INFO] [stdout] test tokenizer::tokenizer_tests::test_tokenizer_creation_auto_all ... FAILED
[INFO] [stdout] test utils::fragments::tests::test_tokenize_frament ... FAILED
[INFO] [stdout] test config::tests::test_get_special_tokens ... FAILED
[INFO] [stdout] test tokenizer::tokenizer_tests::test_tokenize_on_two_chroms_ailist ... FAILED
[INFO] [stdout] test universe::tests::test_create_vanilla_universe ... FAILED
[INFO] [stdout] test universe::tests::test_create_ordered_universe ... FAILED
[INFO] [stdout] test config::tests::test_from_path_for_toml_extension ... ok
[INFO] [stdout] test utils::fragments::tests::test_count_fragments_by_barcode ... FAILED
[INFO] [stdout] 
[INFO] [stdout] failures:
[INFO] [stdout] 
[INFO] [stdout] ---- tokenizer::tokenizer_tests::test_tokenizer_creation_from_bed stdout ----
[INFO] [stdout] 
[INFO] [stdout] thread 'tokenizer::tokenizer_tests::test_tokenizer_creation_from_bed' (971) panicked at src/tokenizer.rs:306:43:
[INFO] [stdout] Failed to create tokenizer from config.: UniverseError(Io(Os { code: 2, kind: NotFound, message: "No such file or directory" }))
[INFO] [stdout] stack backtrace:
[INFO] [stdout]    0:     0x559305faa4f1 - <<std[70759c8f55707aa4]::sys::backtrace::BacktraceLock>::print::DisplayBacktrace as core[df12db4294e9bfd3]::fmt::Display>::fmt
[INFO] [stdout]    1:     0x559305fbffca - core[df12db4294e9bfd3]::fmt::write
[INFO] [stdout]    2:     0x559305faeeac - <alloc[2182bb758b4b3781]::vec::Vec<u8> as core[df12db4294e9bfd3]::io::write::Write>::write_fmt
[INFO] [stdout]    3:     0x559305f85e56 - std[70759c8f55707aa4]::panicking::default_hook::{closure#0}
[INFO] [stdout]    4:     0x559305fa28c9 - std[70759c8f55707aa4]::panicking::default_hook
[INFO] [stdout]    5:     0x559305f2b400 - test[9d35eded1c95d3be]::test_main_inner::<test[9d35eded1c95d3be]::test_main_static::{closure#0}>::{closure#0}
[INFO] [stdout]    6:     0x559305fa2a82 - std[70759c8f55707aa4]::panicking::panic_with_hook
[INFO] [stdout]    7:     0x559305f85f02 - std[70759c8f55707aa4]::panicking::panic_handler::{closure#0}
[INFO] [stdout]    8:     0x559305f7e569 - std[70759c8f55707aa4]::sys::backtrace::__rust_end_short_backtrace::<std[70759c8f55707aa4]::panicking::panic_handler::{closure#0}, !>
[INFO] [stdout]    9:     0x559305f86c0d - __rustc[8fa7c3cbc660c2b3]::rust_begin_unwind
[INFO] [stdout]   10:     0x559305fc06fc - core[df12db4294e9bfd3]::panicking::panic_fmt
[INFO] [stdout]   11:     0x559305fc04d2 - core[df12db4294e9bfd3]::result::unwrap_failed
[INFO] [stdout]   12:     0x559305ee33db - gtars_tokenizers[cf0be880ccf4f17b]::tokenizer::tokenizer_tests::test_tokenizer_creation_from_bed
[INFO] [stdout]   13:     0x559305eee759 - <gtars_tokenizers[cf0be880ccf4f17b]::tokenizer::tokenizer_tests::test_tokenizer_creation_from_bed::{closure#0} as core[df12db4294e9bfd3]::ops::function::FnOnce<()>>::call_once
[INFO] [stdout]   14:     0x559305f1e6eb - test[9d35eded1c95d3be]::__rust_begin_short_backtrace::<core[df12db4294e9bfd3]::result::Result<(), alloc[2182bb758b4b3781]::string::String>, fn() -> core[df12db4294e9bfd3]::result::Result<(), alloc[2182bb758b4b3781]::string::String>>
[INFO] [stdout]   15:     0x559305f2bd55 - test[9d35eded1c95d3be]::run_test::{closure#0}
[INFO] [stdout]   16:     0x559305f25614 - std[70759c8f55707aa4]::sys::backtrace::__rust_begin_short_backtrace::<test[9d35eded1c95d3be]::run_test::{closure#1}, ()>
[INFO] [stdout]   17:     0x559305f2eeb2 - <std[70759c8f55707aa4]::thread::lifecycle::spawn_unchecked<test[9d35eded1c95d3be]::run_test::{closure#1}, ()>::{closure#1} as core[df12db4294e9bfd3]::ops::function::FnOnce<()>>::call_once::{shim:vtable#0}
[INFO] [stdout]   18:     0x559305fa9a59 - <std[70759c8f55707aa4]::sys::thread::unix::Thread>::new::thread_start
[INFO] [stdout]   19:     0x74be7633bdfa - <unknown>
[INFO] [stdout]   20:     0x74be763cf3d4 - clone
[INFO] [stdout]   21:                0x0 - <unknown>
[INFO] [stdout] 
[INFO] [stdout] ---- config::tests::test_try_from_toml stdout ----
[INFO] [stdout] 
[INFO] [stdout] thread 'config::tests::test_try_from_toml' (963) panicked at src/config.rs:120:9:
[INFO] [stdout] assertion failed: `(left == right)`
[INFO] [stdout] 
[INFO] [stdout] [1mDiff[0m [31m< left[0m / [32mright >[0m :
[INFO] [stdout] [31m<[0m[1;48;5;52;31mfals[0m[31me[0m
[INFO] [stdout] [32m>[0m[1;48;5;22;32mtru[0m[32me[0m
[INFO] [stdout] 
[INFO] [stdout] 
[INFO] [stdout] stack backtrace:
[INFO] [stdout]    0:     0x559305faa4f1 - <<std[70759c8f55707aa4]::sys::backtrace::BacktraceLock>::print::DisplayBacktrace as core[df12db4294e9bfd3]::fmt::Display>::fmt
[INFO] [stdout]    1:     0x559305fbffca - core[df12db4294e9bfd3]::fmt::write
[INFO] [stdout]    2:     0x559305faeeac - <alloc[2182bb758b4b3781]::vec::Vec<u8> as core[df12db4294e9bfd3]::io::write::Write>::write_fmt
[INFO] [stdout]    3:     0x559305f85e56 - std[70759c8f55707aa4]::panicking::default_hook::{closure#0}
[INFO] [stdout]    4:     0x559305fa28c9 - std[70759c8f55707aa4]::panicking::default_hook
[INFO] [stdout]    5:     0x559305f2b400 - test[9d35eded1c95d3be]::test_main_inner::<test[9d35eded1c95d3be]::test_main_static::{closure#0}>::{closure#0}
[INFO] [stdout]    6:     0x559305fa2a82 - std[70759c8f55707aa4]::panicking::panic_with_hook
[INFO] [stdout]    7:     0x559305f85f02 - std[70759c8f55707aa4]::panicking::panic_handler::{closure#0}
[INFO] [stdout]    8:     0x559305f7e569 - std[70759c8f55707aa4]::sys::backtrace::__rust_end_short_backtrace::<std[70759c8f55707aa4]::panicking::panic_handler::{closure#0}, !>
[INFO] [stdout]    9:     0x559305f86c0d - __rustc[8fa7c3cbc660c2b3]::rust_begin_unwind
[INFO] [stdout]   10:     0x559305fc06fc - core[df12db4294e9bfd3]::panicking::panic_fmt
[INFO] [stdout]   11:     0x559305ee5a26 - gtars_tokenizers[cf0be880ccf4f17b]::config::tests::test_try_from_toml
[INFO] [stdout]   12:     0x559305eee5f9 - <gtars_tokenizers[cf0be880ccf4f17b]::config::tests::test_try_from_toml::{closure#0} as core[df12db4294e9bfd3]::ops::function::FnOnce<()>>::call_once
[INFO] [stdout]   13:     0x559305f1e6eb - test[9d35eded1c95d3be]::__rust_begin_short_backtrace::<core[df12db4294e9bfd3]::result::Result<(), alloc[2182bb758b4b3781]::string::String>, fn() -> core[df12db4294e9bfd3]::result::Result<(), alloc[2182bb758b4b3781]::string::String>>
[INFO] [stdout]   14:     0x559305f2bd55 - test[9d35eded1c95d3be]::run_test::{closure#0}
[INFO] [stdout]   15:     0x559305f25614 - std[70759c8f55707aa4]::sys::backtrace::__rust_begin_short_backtrace::<test[9d35eded1c95d3be]::run_test::{closure#1}, ()>
[INFO] [stdout]   16:     0x559305f2eeb2 - <std[70759c8f55707aa4]::thread::lifecycle::spawn_unchecked<test[9d35eded1c95d3be]::run_test::{closure#1}, ()>::{closure#1} as core[df12db4294e9bfd3]::ops::function::FnOnce<()>>::call_once::{shim:vtable#0}
[INFO] [stdout]   17:     0x559305fa9a59 - <std[70759c8f55707aa4]::sys::thread::unix::Thread>::new::thread_start
[INFO] [stdout]   18:     0x74be7633bdfa - <unknown>
[INFO] [stdout]   19:     0x74be763cf3d4 - clone
[INFO] [stdout]   20:                0x0 - <unknown>
[INFO] [stdout] 
[INFO] [stdout] ---- tokenizer::tokenizer_tests::test_tokenizer_creation_from_bed_gz stdout ----
[INFO] [stdout] 
[INFO] [stdout] thread 'tokenizer::tokenizer_tests::test_tokenizer_creation_from_bed_gz' (972) panicked at src/tokenizer.rs:314:43:
[INFO] [stdout] Failed to create tokenizer from config.: UniverseError(Io(Os { code: 2, kind: NotFound, message: "No such file or directory" }))
[INFO] [stdout] stack backtrace:
[INFO] [stdout]    0:     0x559305faa4f1 - <<std[70759c8f55707aa4]::sys::backtrace::BacktraceLock>::print::DisplayBacktrace as core[df12db4294e9bfd3]::fmt::Display>::fmt
[INFO] [stdout]    1:     0x559305fbffca - core[df12db4294e9bfd3]::fmt::write
[INFO] [stdout]    2:     0x559305faeeac - <alloc[2182bb758b4b3781]::vec::Vec<u8> as core[df12db4294e9bfd3]::io::write::Write>::write_fmt
[INFO] [stdout]    3:     0x559305f85e56 - std[70759c8f55707aa4]::panicking::default_hook::{closure#0}
[INFO] [stdout]    4:     0x559305fa28c9 - std[70759c8f55707aa4]::panicking::default_hook
[INFO] [stdout]    5:     0x559305f2b400 - test[9d35eded1c95d3be]::test_main_inner::<test[9d35eded1c95d3be]::test_main_static::{closure#0}>::{closure#0}
[INFO] [stdout]    6:     0x559305fa2a82 - std[70759c8f55707aa4]::panicking::panic_with_hook
[INFO] [stdout]    7:     0x559305f85f02 - std[70759c8f55707aa4]::panicking::panic_handler::{closure#0}
[INFO] [stdout]    8:     0x559305f7e569 - std[70759c8f55707aa4]::sys::backtrace::__rust_end_short_backtrace::<std[70759c8f55707aa4]::panicking::panic_handler::{closure#0}, !>
[INFO] [stdout]    9:     0x559305f86c0d - __rustc[8fa7c3cbc660c2b3]::rust_begin_unwind
[INFO] [stdout]   10:     0x559305fc06fc - core[df12db4294e9bfd3]::panicking::panic_fmt
[INFO] [stdout]   11:     0x559305fc04d2 - core[df12db4294e9bfd3]::result::unwrap_failed
[INFO] [stdout]   12:     0x559305ee3e9b - gtars_tokenizers[cf0be880ccf4f17b]::tokenizer::tokenizer_tests::test_tokenizer_creation_from_bed_gz
[INFO] [stdout]   13:     0x559305eee7b9 - <gtars_tokenizers[cf0be880ccf4f17b]::tokenizer::tokenizer_tests::test_tokenizer_creation_from_bed_gz::{closure#0} as core[df12db4294e9bfd3]::ops::function::FnOnce<()>>::call_once
[INFO] [stdout]   14:     0x559305f1e6eb - test[9d35eded1c95d3be]::__rust_begin_short_backtrace::<core[df12db4294e9bfd3]::result::Result<(), alloc[2182bb758b4b3781]::string::String>, fn() -> core[df12db4294e9bfd3]::result::Result<(), alloc[2182bb758b4b3781]::string::String>>
[INFO] [stdout]   15:     0x559305f2bd55 - test[9d35eded1c95d3be]::run_test::{closure#0}
[INFO] [stdout]   16:     0x559305f25614 - std[70759c8f55707aa4]::sys::backtrace::__rust_begin_short_backtrace::<test[9d35eded1c95d3be]::run_test::{closure#1}, ()>
[INFO] [stdout]   17:     0x559305f2eeb2 - <std[70759c8f55707aa4]::thread::lifecycle::spawn_unchecked<test[9d35eded1c95d3be]::run_test::{closure#1}, ()>::{closure#1} as core[df12db4294e9bfd3]::ops::function::FnOnce<()>>::call_once::{shim:vtable#0}
[INFO] [stdout]   18:     0x559305fa9a59 - <std[70759c8f55707aa4]::sys::thread::unix::Thread>::new::thread_start
[INFO] [stdout]   19:     0x74be7633bdfa - <unknown>
[INFO] [stdout]   20:     0x74be763cf3d4 - clone
[INFO] [stdout]   21:                0x0 - <unknown>
[INFO] [stdout] 
[INFO] [stdout] ---- tokenizer::tokenizer_tests::test_tokenizer_creation_from_config stdout ----
[INFO] [stdout] 
[INFO] [stdout] thread 'tokenizer::tokenizer_tests::test_tokenizer_creation_from_config' (973) panicked at src/tokenizer.rs:298:46:
[INFO] [stdout] Failed to create tokenizer from config.: Config(Io(Os { code: 2, kind: NotFound, message: "No such file or directory" }))
[INFO] [stdout] stack backtrace:
[INFO] [stdout]    0:     0x559305faa4f1 - <<std[70759c8f55707aa4]::sys::backtrace::BacktraceLock>::print::DisplayBacktrace as core[df12db4294e9bfd3]::fmt::Display>::fmt
[INFO] [stdout]    1:     0x559305fbffca - core[df12db4294e9bfd3]::fmt::write
[INFO] [stdout]    2:     0x559305faeeac - <alloc[2182bb758b4b3781]::vec::Vec<u8> as core[df12db4294e9bfd3]::io::write::Write>::write_fmt
[INFO] [stdout]    3:     0x559305f85e56 - std[70759c8f55707aa4]::panicking::default_hook::{closure#0}
[INFO] [stdout]    4:     0x559305fa28c9 - std[70759c8f55707aa4]::panicking::default_hook
[INFO] [stdout]    5:     0x559305f2b400 - test[9d35eded1c95d3be]::test_main_inner::<test[9d35eded1c95d3be]::test_main_static::{closure#0}>::{closure#0}
[INFO] [stdout]    6:     0x559305fa2a82 - std[70759c8f55707aa4]::panicking::panic_with_hook
[INFO] [stdout]    7:     0x559305f85f02 - std[70759c8f55707aa4]::panicking::panic_handler::{closure#0}
[INFO] [stdout]    8:     0x559305f7e569 - std[70759c8f55707aa4]::sys::backtrace::__rust_end_short_backtrace::<std[70759c8f55707aa4]::panicking::panic_handler::{closure#0}, !>
[INFO] [stdout]    9:     0x559305f86c0d - __rustc[8fa7c3cbc660c2b3]::rust_begin_unwind
[INFO] [stdout]   10:     0x559305fc06fc - core[df12db4294e9bfd3]::panicking::panic_fmt
[INFO] [stdout]   11:     0x559305fc04d2 - core[df12db4294e9bfd3]::result::unwrap_failed
[INFO] [stdout]   12:     0x559305ee407b - gtars_tokenizers[cf0be880ccf4f17b]::tokenizer::tokenizer_tests::test_tokenizer_creation_from_config
[INFO] [stdout]   13:     0x559305eee7d9 - <gtars_tokenizers[cf0be880ccf4f17b]::tokenizer::tokenizer_tests::test_tokenizer_creation_from_config::{closure#0} as core[df12db4294e9bfd3]::ops::function::FnOnce<()>>::call_once
[INFO] [stdout]   14:     0x559305f1e6eb - test[9d35eded1c95d3be]::__rust_begin_short_backtrace::<core[df12db4294e9bfd3]::result::Result<(), alloc[2182bb758b4b3781]::string::String>, fn() -> core[df12db4294e9bfd3]::result::Result<(), alloc[2182bb758b4b3781]::string::String>>
[INFO] [stdout]   15:     0x559305f2bd55 - test[9d35eded1c95d3be]::run_test::{closure#0}
[INFO] [stdout]   16:     0x559305f25614 - std[70759c8f55707aa4]::sys::backtrace::__rust_begin_short_backtrace::<test[9d35eded1c95d3be]::run_test::{closure#1}, ()>
[INFO] [stdout]   17:     0x559305f2eeb2 - <std[70759c8f55707aa4]::thread::lifecycle::spawn_unchecked<test[9d35eded1c95d3be]::run_test::{closure#1}, ()>::{closure#1} as core[df12db4294e9bfd3]::ops::function::FnOnce<()>>::call_once::{shim:vtable#0}
[INFO] [stdout]   18:     0x559305fa9a59 - <std[70759c8f55707aa4]::sys::thread::unix::Thread>::new::thread_start
[INFO] [stdout]   19:     0x74be7633bdfa - <unknown>
[INFO] [stdout]   20:     0x74be763cf3d4 - clone
[INFO] [stdout]   21:                0x0 - <unknown>
[INFO] [stdout] 
[INFO] [stdout] ---- config::tests::test_get_universe_name stdout ----
[INFO] [stdout] 
[INFO] [stdout] thread 'config::tests::test_get_universe_name' (962) panicked at src/config.rs:140:64:
[INFO] [stdout] called `Result::unwrap()` on an `Err` value: Io(Os { code: 2, kind: NotFound, message: "No such file or directory" })
[INFO] [stdout] stack backtrace:
[INFO] [stdout]    0:     0x559305faa4f1 - <<std[70759c8f55707aa4]::sys::backtrace::BacktraceLock>::print::DisplayBacktrace as core[df12db4294e9bfd3]::fmt::Display>::fmt
[INFO] [stdout]    1:     0x559305fbffca - core[df12db4294e9bfd3]::fmt::write
[INFO] [stdout]    2:     0x559305faeeac - <alloc[2182bb758b4b3781]::vec::Vec<u8> as core[df12db4294e9bfd3]::io::write::Write>::write_fmt
[INFO] [stdout]    3:     0x559305f85e56 - std[70759c8f55707aa4]::panicking::default_hook::{closure#0}
[INFO] [stdout]    4:     0x559305fa28c9 - std[70759c8f55707aa4]::panicking::default_hook
[INFO] [stdout]    5:     0x559305f2b400 - test[9d35eded1c95d3be]::test_main_inner::<test[9d35eded1c95d3be]::test_main_static::{closure#0}>::{closure#0}
[INFO] [stdout]    6:     0x559305fa2a82 - std[70759c8f55707aa4]::panicking::panic_with_hook
[INFO] [stdout]    7:     0x559305f85f02 - std[70759c8f55707aa4]::panicking::panic_handler::{closure#0}
[INFO] [stdout]    8:     0x559305f7e569 - std[70759c8f55707aa4]::sys::backtrace::__rust_end_short_backtrace::<std[70759c8f55707aa4]::panicking::panic_handler::{closure#0}, !>
[INFO] [stdout]    9:     0x559305f86c0d - __rustc[8fa7c3cbc660c2b3]::rust_begin_unwind
[INFO] [stdout]   10:     0x559305fc06fc - core[df12db4294e9bfd3]::panicking::panic_fmt
[INFO] [stdout]   11:     0x559305fc04d2 - core[df12db4294e9bfd3]::result::unwrap_failed
[INFO] [stdout]   12:     0x559305ee5ca2 - gtars_tokenizers[cf0be880ccf4f17b]::config::tests::test_get_universe_name
[INFO] [stdout]   13:     0x559305eee619 - <gtars_tokenizers[cf0be880ccf4f17b]::config::tests::test_get_universe_name::{closure#0} as core[df12db4294e9bfd3]::ops::function::FnOnce<()>>::call_once
[INFO] [stdout]   14:     0x559305f1e6eb - test[9d35eded1c95d3be]::__rust_begin_short_backtrace::<core[df12db4294e9bfd3]::result::Result<(), alloc[2182bb758b4b3781]::string::String>, fn() -> core[df12db4294e9bfd3]::result::Result<(), alloc[2182bb758b4b3781]::string::String>>
[INFO] [stdout]   15:     0x559305f2bd55 - test[9d35eded1c95d3be]::run_test::{closure#0}
[INFO] [stdout]   16:     0x559305f25614 - std[70759c8f55707aa4]::sys::backtrace::__rust_begin_short_backtrace::<test[9d35eded1c95d3be]::run_test::{closure#1}, ()>
[INFO] [stdout]   17:     0x559305f2eeb2 - <std[70759c8f55707aa4]::thread::lifecycle::spawn_unchecked<test[9d35eded1c95d3be]::run_test::{closure#1}, ()>::{closure#1} as core[df12db4294e9bfd3]::ops::function::FnOnce<()>>::call_once::{shim:vtable#0}
[INFO] [stdout]   18:     0x559305fa9a59 - <std[70759c8f55707aa4]::sys::thread::unix::Thread>::new::thread_start
[INFO] [stdout]   19:     0x74be7633bdfa - <unknown>
[INFO] [stdout]   20:     0x74be763cf3d4 - clone
[INFO] [stdout]   21:                0x0 - <unknown>
[INFO] [stdout] 
[INFO] [stdout] ---- tokenizer::tokenizer_tests::test_tokenize_on_two_crhoms stdout ----
[INFO] [stdout] 
[INFO] [stdout] thread 'tokenizer::tokenizer_tests::test_tokenize_on_two_crhoms' (965) panicked at src/tokenizer.rs:402:46:
[INFO] [stdout] Failed to create tokenizer from config.: Config(Io(Os { code: 2, kind: NotFound, message: "No such file or directory" }))
[INFO] [stdout] stack backtrace:
[INFO] [stdout]    0:     0x559305faa4f1 - <<std[70759c8f55707aa4]::sys::backtrace::BacktraceLock>::print::DisplayBacktrace as core[df12db4294e9bfd3]::fmt::Display>::fmt
[INFO] [stdout]    1:     0x559305fbffca - core[df12db4294e9bfd3]::fmt::write
[INFO] [stdout]    2:     0x559305faeeac - <alloc[2182bb758b4b3781]::vec::Vec<u8> as core[df12db4294e9bfd3]::io::write::Write>::write_fmt
[INFO] [stdout]    3:     0x559305f85e56 - std[70759c8f55707aa4]::panicking::default_hook::{closure#0}
[INFO] [stdout]    4:     0x559305fa28c9 - std[70759c8f55707aa4]::panicking::default_hook
[INFO] [stdout]    5:     0x559305f2b400 - test[9d35eded1c95d3be]::test_main_inner::<test[9d35eded1c95d3be]::test_main_static::{closure#0}>::{closure#0}
[INFO] [stdout]    6:     0x559305fa2a82 - std[70759c8f55707aa4]::panicking::panic_with_hook
[INFO] [stdout]    7:     0x559305f85f02 - std[70759c8f55707aa4]::panicking::panic_handler::{closure#0}
[INFO] [stdout]    8:     0x559305f7e569 - std[70759c8f55707aa4]::sys::backtrace::__rust_end_short_backtrace::<std[70759c8f55707aa4]::panicking::panic_handler::{closure#0}, !>
[INFO] [stdout]    9:     0x559305f86c0d - __rustc[8fa7c3cbc660c2b3]::rust_begin_unwind
[INFO] [stdout]   10:     0x559305fc06fc - core[df12db4294e9bfd3]::panicking::panic_fmt
[INFO] [stdout]   11:     0x559305fc04d2 - core[df12db4294e9bfd3]::result::unwrap_failed
[INFO] [stdout]   12:     0x559305ee2212 - gtars_tokenizers[cf0be880ccf4f17b]::tokenizer::tokenizer_tests::test_tokenize_on_two_crhoms
[INFO] [stdout]   13:     0x559305eee6f9 - <gtars_tokenizers[cf0be880ccf4f17b]::tokenizer::tokenizer_tests::test_tokenize_on_two_crhoms::{closure#0} as core[df12db4294e9bfd3]::ops::function::FnOnce<()>>::call_once
[INFO] [stdout]   14:     0x559305f1e6eb - test[9d35eded1c95d3be]::__rust_begin_short_backtrace::<core[df12db4294e9bfd3]::result::Result<(), alloc[2182bb758b4b3781]::string::String>, fn() -> core[df12db4294e9bfd3]::result::Result<(), alloc[2182bb758b4b3781]::string::String>>
[INFO] [stdout]   15:     0x559305f2bd55 - test[9d35eded1c95d3be]::run_test::{closure#0}
[INFO] [stdout]   16:     0x559305f25614 - std[70759c8f55707aa4]::sys::backtrace::__rust_begin_short_backtrace::<test[9d35eded1c95d3be]::run_test::{closure#1}, ()>
[INFO] [stdout]   17:     0x559305f2eeb2 - <std[70759c8f55707aa4]::thread::lifecycle::spawn_unchecked<test[9d35eded1c95d3be]::run_test::{closure#1}, ()>::{closure#1} as core[df12db4294e9bfd3]::ops::function::FnOnce<()>>::call_once::{shim:vtable#0}
[INFO] [stdout]   18:     0x559305fa9a59 - <std[70759c8f55707aa4]::sys::thread::unix::Thread>::new::thread_start
[INFO] [stdout]   19:     0x74be7633bdfa - <unknown>
[INFO] [stdout]   20:     0x74be763cf3d4 - clone
[INFO] [stdout]   21:                0x0 - <unknown>
[INFO] [stdout] 
[INFO] [stdout] ---- tokenizer::tokenizer_tests::test_tokenizer_custom_special_tokens stdout ----
[INFO] [stdout] 
[INFO] [stdout] thread 'tokenizer::tokenizer_tests::test_tokenizer_custom_special_tokens' (974) panicked at src/tokenizer.rs:347:46:
[INFO] [stdout] Failed to create tokenizer from config.: Config(Io(Os { code: 2, kind: NotFound, message: "No such file or directory" }))
[INFO] [stdout] stack backtrace:
[INFO] [stdout]    0:     0x559305faa4f1 - <<std[70759c8f55707aa4]::sys::backtrace::BacktraceLock>::print::DisplayBacktrace as core[df12db4294e9bfd3]::fmt::Display>::fmt
[INFO] [stdout]    1:     0x559305fbffca - core[df12db4294e9bfd3]::fmt::write
[INFO] [stdout]    2:     0x559305faeeac - <alloc[2182bb758b4b3781]::vec::Vec<u8> as core[df12db4294e9bfd3]::io::write::Write>::write_fmt
[INFO] [stdout]    3:     0x559305f85e56 - std[70759c8f55707aa4]::panicking::default_hook::{closure#0}
[INFO] [stdout]    4:     0x559305fa28c9 - std[70759c8f55707aa4]::panicking::default_hook
[INFO] [stdout]    5:     0x559305f2b400 - test[9d35eded1c95d3be]::test_main_inner::<test[9d35eded1c95d3be]::test_main_static::{closure#0}>::{closure#0}
[INFO] [stdout]    6:     0x559305fa2a82 - std[70759c8f55707aa4]::panicking::panic_with_hook
[INFO] [stdout]    7:     0x559305f85f02 - std[70759c8f55707aa4]::panicking::panic_handler::{closure#0}
[INFO] [stdout]    8:     0x559305f7e569 - std[70759c8f55707aa4]::sys::backtrace::__rust_end_short_backtrace::<std[70759c8f55707aa4]::panicking::panic_handler::{closure#0}, !>
[INFO] [stdout]    9:     0x559305f86c0d - __rustc[8fa7c3cbc660c2b3]::rust_begin_unwind
[INFO] [stdout]   10:     0x559305fc06fc - core[df12db4294e9bfd3]::panicking::panic_fmt
[INFO] [stdout]   11:     0x559305fc04d2 - core[df12db4294e9bfd3]::result::unwrap_failed
[INFO] [stdout]   12:     0x559305ee4394 - gtars_tokenizers[cf0be880ccf4f17b]::tokenizer::tokenizer_tests::test_tokenizer_custom_special_tokens
[INFO] [stdout]   13:     0x559305eee7f9 - <gtars_tokenizers[cf0be880ccf4f17b]::tokenizer::tokenizer_tests::test_tokenizer_custom_special_tokens::{closure#0} as core[df12db4294e9bfd3]::ops::function::FnOnce<()>>::call_once
[INFO] [stdout]   14:     0x559305f1e6eb - test[9d35eded1c95d3be]::__rust_begin_short_backtrace::<core[df12db4294e9bfd3]::result::Result<(), alloc[2182bb758b4b3781]::string::String>, fn() -> core[df12db4294e9bfd3]::result::Result<(), alloc[2182bb758b4b3781]::string::String>>
[INFO] [stdout]   15:     0x559305f2bd55 - test[9d35eded1c95d3be]::run_test::{closure#0}
[INFO] [stdout]   16:     0x559305f25614 - std[70759c8f55707aa4]::sys::backtrace::__rust_begin_short_backtrace::<test[9d35eded1c95d3be]::run_test::{closure#1}, ()>
[INFO] [stdout]   17:     0x559305f2eeb2 - <std[70759c8f55707aa4]::thread::lifecycle::spawn_unchecked<test[9d35eded1c95d3be]::run_test::{closure#1}, ()>::{closure#1} as core[df12db4294e9bfd3]::ops::function::FnOnce<()>>::call_once::{shim:vtable#0}
[INFO] [stdout]   18:     0x559305fa9a59 - <std[70759c8f55707aa4]::sys::thread::unix::Thread>::new::thread_start
[INFO] [stdout]   19:     0x74be7633bdfa - <unknown>
[INFO] [stdout]   20:     0x74be763cf3d4 - clone
[INFO] [stdout]   21:                0x0 - <unknown>
[INFO] [stdout] 
[INFO] [stdout] ---- tokenizer::tokenizer_tests::test_tokenize_single_region_not_overlapping stdout ----
[INFO] [stdout] 
[INFO] [stdout] thread 'tokenizer::tokenizer_tests::test_tokenize_single_region_not_overlapping' (966) panicked at src/tokenizer.rs:362:46:
[INFO] [stdout] Failed to create tokenizer from config.: Config(Io(Os { code: 2, kind: NotFound, message: "No such file or directory" }))
[INFO] [stdout] stack backtrace:
[INFO] [stdout]    0:     0x559305faa4f1 - <<std[70759c8f55707aa4]::sys::backtrace::BacktraceLock>::print::DisplayBacktrace as core[df12db4294e9bfd3]::fmt::Display>::fmt
[INFO] [stdout]    1:     0x559305fbffca - core[df12db4294e9bfd3]::fmt::write
[INFO] [stdout]    2:     0x559305faeeac - <alloc[2182bb758b4b3781]::vec::Vec<u8> as core[df12db4294e9bfd3]::io::write::Write>::write_fmt
[INFO] [stdout]    3:     0x559305f85e56 - std[70759c8f55707aa4]::panicking::default_hook::{closure#0}
[INFO] [stdout]    4:     0x559305fa28c9 - std[70759c8f55707aa4]::panicking::default_hook
[INFO] [stdout]    5:     0x559305f2b400 - test[9d35eded1c95d3be]::test_main_inner::<test[9d35eded1c95d3be]::test_main_static::{closure#0}>::{closure#0}
[INFO] [stdout]    6:     0x559305fa2a82 - std[70759c8f55707aa4]::panicking::panic_with_hook
[INFO] [stdout]    7:     0x559305f85f02 - std[70759c8f55707aa4]::panicking::panic_handler::{closure#0}
[INFO] [stdout]    8:     0x559305f7e569 - std[70759c8f55707aa4]::sys::backtrace::__rust_end_short_backtrace::<std[70759c8f55707aa4]::panicking::panic_handler::{closure#0}, !>
[INFO] [stdout]    9:     0x559305f86c0d - __rustc[8fa7c3cbc660c2b3]::rust_begin_unwind
[INFO] [stdout]   10:     0x559305fc06fc - core[df12db4294e9bfd3]::panicking::panic_fmt
[INFO] [stdout]   11:     0x559305fc04d2 - core[df12db4294e9bfd3]::result::unwrap_failed
[INFO] [stdout]   12:     0x559305ee4725 - gtars_tokenizers[cf0be880ccf4f17b]::tokenizer::tokenizer_tests::test_tokenize_single_region_not_overlapping
[INFO] [stdout]   13:     0x559305eee819 - <gtars_tokenizers[cf0be880ccf4f17b]::tokenizer::tokenizer_tests::test_tokenize_single_region_not_overlapping::{closure#0} as core[df12db4294e9bfd3]::ops::function::FnOnce<()>>::call_once
[INFO] [stdout]   14:     0x559305f1e6eb - test[9d35eded1c95d3be]::__rust_begin_short_backtrace::<core[df12db4294e9bfd3]::result::Result<(), alloc[2182bb758b4b3781]::string::String>, fn() -> core[df12db4294e9bfd3]::result::Result<(), alloc[2182bb758b4b3781]::string::String>>
[INFO] [stdout]   15:     0x559305f2bd55 - test[9d35eded1c95d3be]::run_test::{closure#0}
[INFO] [stdout]   16:     0x559305f25614 - std[70759c8f55707aa4]::sys::backtrace::__rust_begin_short_backtrace::<test[9d35eded1c95d3be]::run_test::{closure#1}, ()>
[INFO] [stdout]   17:     0x559305f2eeb2 - <std[70759c8f55707aa4]::thread::lifecycle::spawn_unchecked<test[9d35eded1c95d3be]::run_test::{closure#1}, ()>::{closure#1} as core[df12db4294e9bfd3]::ops::function::FnOnce<()>>::call_once::{shim:vtable#0}
[INFO] [stdout]   18:     0x559305fa9a59 - <std[70759c8f55707aa4]::sys::thread::unix::Thread>::new::thread_start
[INFO] [stdout]   19:     0x74be7633bdfa - <unknown>
[INFO] [stdout]   20:     0x74be763cf3d4 - clone
[INFO] [stdout]   21:                0x0 - <unknown>
[INFO] [stdout] 
[INFO] [stdout] ---- tokenizer::tokenizer_tests::test_tokenize_unk_chrom stdout ----
[INFO] [stdout] 
[INFO] [stdout] thread 'tokenizer::tokenizer_tests::test_tokenize_unk_chrom' (967) panicked at src/tokenizer.rs:382:46:
[INFO] [stdout] Failed to create tokenizer from config.: Config(Io(Os { code: 2, kind: NotFound, message: "No such file or directory" }))
[INFO] [stdout] stack backtrace:
[INFO] [stdout]    0:     0x559305faa4f1 - <<std[70759c8f55707aa4]::sys::backtrace::BacktraceLock>::print::DisplayBacktrace as core[df12db4294e9bfd3]::fmt::Display>::fmt
[INFO] [stdout]    1:     0x559305fbffca - core[df12db4294e9bfd3]::fmt::write
[INFO] [stdout]    2:     0x559305faeeac - <alloc[2182bb758b4b3781]::vec::Vec<u8> as core[df12db4294e9bfd3]::io::write::Write>::write_fmt
[INFO] [stdout]    3:     0x559305f85e56 - std[70759c8f55707aa4]::panicking::default_hook::{closure#0}
[INFO] [stdout]    4:     0x559305fa28c9 - std[70759c8f55707aa4]::panicking::default_hook
[INFO] [stdout]    5:     0x559305f2b400 - test[9d35eded1c95d3be]::test_main_inner::<test[9d35eded1c95d3be]::test_main_static::{closure#0}>::{closure#0}
[INFO] [stdout]    6:     0x559305fa2a82 - std[70759c8f55707aa4]::panicking::panic_with_hook
[INFO] [stdout]    7:     0x559305f85f02 - std[70759c8f55707aa4]::panicking::panic_handler::{closure#0}
[INFO] [stdout]    8:     0x559305f7e569 - std[70759c8f55707aa4]::sys::backtrace::__rust_end_short_backtrace::<std[70759c8f55707aa4]::panicking::panic_handler::{closure#0}, !>
[INFO] [stdout]    9:     0x559305f86c0d - __rustc[8fa7c3cbc660c2b3]::rust_begin_unwind
[INFO] [stdout]   10:     0x559305fc06fc - core[df12db4294e9bfd3]::panicking::panic_fmt
[INFO] [stdout]   11:     0x559305fc04d2 - core[df12db4294e9bfd3]::result::unwrap_failed
[INFO] [stdout]   12:     0x559305ee19fe - gtars_tokenizers[cf0be880ccf4f17b]::tokenizer::tokenizer_tests::test_tokenize_unk_chrom
[INFO] [stdout]   13:     0x559305eee6d9 - <gtars_tokenizers[cf0be880ccf4f17b]::tokenizer::tokenizer_tests::test_tokenize_unk_chrom::{closure#0} as core[df12db4294e9bfd3]::ops::function::FnOnce<()>>::call_once
[INFO] [stdout]   14:     0x559305f1e6eb - test[9d35eded1c95d3be]::__rust_begin_short_backtrace::<core[df12db4294e9bfd3]::result::Result<(), alloc[2182bb758b4b3781]::string::String>, fn() -> core[df12db4294e9bfd3]::result::Result<(), alloc[2182bb758b4b3781]::string::String>>
[INFO] [stdout]   15:     0x559305f2bd55 - test[9d35eded1c95d3be]::run_test::{closure#0}
[INFO] [stdout]   16:     0x559305f25614 - std[70759c8f55707aa4]::sys::backtrace::__rust_begin_short_backtrace::<test[9d35eded1c95d3be]::run_test::{closure#1}, ()>
[INFO] [stdout]   17:     0x559305f2eeb2 - <std[70759c8f55707aa4]::thread::lifecycle::spawn_unchecked<test[9d35eded1c95d3be]::run_test::{closure#1}, ()>::{closure#1} as core[df12db4294e9bfd3]::ops::function::FnOnce<()>>::call_once::{shim:vtable#0}
[INFO] [stdout]   18:     0x559305fa9a59 - <std[70759c8f55707aa4]::sys::thread::unix::Thread>::new::thread_start
[INFO] [stdout]   19:     0x74be7633bdfa - <unknown>
[INFO] [stdout]   20:     0x74be763cf3d4 - clone
[INFO] [stdout]   21:                0x0 - <unknown>
[INFO] [stdout] 
[INFO] [stdout] ---- tokenizer::tokenizer_tests::test_tokenize_with_multi_overlap stdout ----
[INFO] [stdout] 
[INFO] [stdout] thread 'tokenizer::tokenizer_tests::test_tokenize_with_multi_overlap' (968) panicked at src/tokenizer.rs:474:46:
[INFO] [stdout] Failed to create tokenizer from config.: Config(Io(Os { code: 2, kind: NotFound, message: "No such file or directory" }))
[INFO] [stdout] stack backtrace:
[INFO] [stdout]    0:     0x559305faa4f1 - <<std[70759c8f55707aa4]::sys::backtrace::BacktraceLock>::print::DisplayBacktrace as core[df12db4294e9bfd3]::fmt::Display>::fmt
[INFO] [stdout]    1:     0x559305fbffca - core[df12db4294e9bfd3]::fmt::write
[INFO] [stdout]    2:     0x559305faeeac - <alloc[2182bb758b4b3781]::vec::Vec<u8> as core[df12db4294e9bfd3]::io::write::Write>::write_fmt
[INFO] [stdout]    3:     0x559305f85e56 - std[70759c8f55707aa4]::panicking::default_hook::{closure#0}
[INFO] [stdout]    4:     0x559305fa28c9 - std[70759c8f55707aa4]::panicking::default_hook
[INFO] [stdout]    5:     0x559305f2b400 - test[9d35eded1c95d3be]::test_main_inner::<test[9d35eded1c95d3be]::test_main_static::{closure#0}>::{closure#0}
[INFO] [stdout]    6:     0x559305fa2a82 - std[70759c8f55707aa4]::panicking::panic_with_hook
[INFO] [stdout]    7:     0x559305f85f02 - std[70759c8f55707aa4]::panicking::panic_handler::{closure#0}
[INFO] [stdout]    8:     0x559305f7e569 - std[70759c8f55707aa4]::sys::backtrace::__rust_end_short_backtrace::<std[70759c8f55707aa4]::panicking::panic_handler::{closure#0}, !>
[INFO] [stdout]    9:     0x559305f86c0d - __rustc[8fa7c3cbc660c2b3]::rust_begin_unwind
[INFO] [stdout]   10:     0x559305fc06fc - core[df12db4294e9bfd3]::panicking::panic_fmt
[INFO] [stdout]   11:     0x559305fc04d2 - core[df12db4294e9bfd3]::result::unwrap_failed
[INFO] [stdout]   12:     0x559305ee2973 - gtars_tokenizers[cf0be880ccf4f17b]::tokenizer::tokenizer_tests::test_tokenize_with_multi_overlap
[INFO] [stdout]   13:     0x559305eee719 - <gtars_tokenizers[cf0be880ccf4f17b]::tokenizer::tokenizer_tests::test_tokenize_with_multi_overlap::{closure#0} as core[df12db4294e9bfd3]::ops::function::FnOnce<()>>::call_once
[INFO] [stdout]   14:     0x559305f1e6eb - test[9d35eded1c95d3be]::__rust_begin_short_backtrace::<core[df12db4294e9bfd3]::result::Result<(), alloc[2182bb758b4b3781]::string::String>, fn() -> core[df12db4294e9bfd3]::result::Result<(), alloc[2182bb758b4b3781]::string::String>>
[INFO] [stdout]   15:     0x559305f2bd55 - test[9d35eded1c95d3be]::run_test::{closure#0}
[INFO] [stdout]   16:     0x559305f25614 - std[70759c8f55707aa4]::sys::backtrace::__rust_begin_short_backtrace::<test[9d35eded1c95d3be]::run_test::{closure#1}, ()>
[INFO] [stdout]   17:     0x559305f2eeb2 - <std[70759c8f55707aa4]::thread::lifecycle::spawn_unchecked<test[9d35eded1c95d3be]::run_test::{closure#1}, ()>::{closure#1} as core[df12db4294e9bfd3]::ops::function::FnOnce<()>>::call_once::{shim:vtable#0}
[INFO] [stdout]   18:     0x559305fa9a59 - <std[70759c8f55707aa4]::sys::thread::unix::Thread>::new::thread_start
[INFO] [stdout]   19:     0x74be7633bdfa - <unknown>
[INFO] [stdout]   20:     0x74be763cf3d4 - clone
[INFO] [stdout]   21:                0x0 - <unknown>
[INFO] [stdout] 
[INFO] [stdout] ---- tokenizer::tokenizer_tests::test_tokenizer_creation_auto_all stdout ----
[INFO] [stdout] 
[INFO] [stdout] thread 'tokenizer::tokenizer_tests::test_tokenizer_creation_auto_all' (970) panicked at src/tokenizer.rs:322:44:
[INFO] [stdout] Failed to create tokenizer from config.: UniverseError(Io(Os { code: 2, kind: NotFound, message: "No such file or directory" }))
[INFO] [stdout] stack backtrace:
[INFO] [stdout]    0:     0x559305faa4f1 - <<std[70759c8f55707aa4]::sys::backtrace::BacktraceLock>::print::DisplayBacktrace as core[df12db4294e9bfd3]::fmt::Display>::fmt
[INFO] [stdout]    1:     0x559305fbffca - core[df12db4294e9bfd3]::fmt::write
[INFO] [stdout]    2:     0x559305faeeac - <alloc[2182bb758b4b3781]::vec::Vec<u8> as core[df12db4294e9bfd3]::io::write::Write>::write_fmt
[INFO] [stdout]    3:     0x559305f85e56 - std[70759c8f55707aa4]::panicking::default_hook::{closure#0}
[INFO] [stdout]    4:     0x559305fa28c9 - std[70759c8f55707aa4]::panicking::default_hook
[INFO] [stdout]    5:     0x559305f2b400 - test[9d35eded1c95d3be]::test_main_inner::<test[9d35eded1c95d3be]::test_main_static::{closure#0}>::{closure#0}
[INFO] [stdout]    6:     0x559305fa2a82 - std[70759c8f55707aa4]::panicking::panic_with_hook
[INFO] [stdout]    7:     0x559305f85f02 - std[70759c8f55707aa4]::panicking::panic_handler::{closure#0}
[INFO] [stdout]    8:     0x559305f7e569 - std[70759c8f55707aa4]::sys::backtrace::__rust_end_short_backtrace::<std[70759c8f55707aa4]::panicking::panic_handler::{closure#0}, !>
[INFO] [stdout]    9:     0x559305f86c0d - __rustc[8fa7c3cbc660c2b3]::rust_begin_unwind
[INFO] [stdout]   10:     0x559305fc06fc - core[df12db4294e9bfd3]::panicking::panic_fmt
[INFO] [stdout]   11:     0x559305fc04d2 - core[df12db4294e9bfd3]::result::unwrap_failed
[INFO] [stdout]   12:     0x559305ee2f8b - gtars_tokenizers[cf0be880ccf4f17b]::tokenizer::tokenizer_tests::test_tokenizer_creation_auto_all
[INFO] [stdout]   13:     0x559305eee739 - <gtars_tokenizers[cf0be880ccf4f17b]::tokenizer::tokenizer_tests::test_tokenizer_creation_auto_all::{closure#0} as core[df12db4294e9bfd3]::ops::function::FnOnce<()>>::call_once
[INFO] [stdout]   14:     0x559305f1e6eb - test[9d35eded1c95d3be]::__rust_begin_short_backtrace::<core[df12db4294e9bfd3]::result::Result<(), alloc[2182bb758b4b3781]::string::String>, fn() -> core[df12db4294e9bfd3]::result::Result<(), alloc[2182bb758b4b3781]::string::String>>
[INFO] [stdout]   15:     0x559305f2bd55 - test[9d35eded1c95d3be]::run_test::{closure#0}
[INFO] [stdout]   16:     0x559305f25614 - std[70759c8f55707aa4]::sys::backtrace::__rust_begin_short_backtrace::<test[9d35eded1c95d3be]::run_test::{closure#1}, ()>
[INFO] [stdout]   17:     0x559305f2eeb2 - <std[70759c8f55707aa4]::thread::lifecycle::spawn_unchecked<test[9d35eded1c95d3be]::run_test::{closure#1}, ()>::{closure#1} as core[df12db4294e9bfd3]::ops::function::FnOnce<()>>::call_once::{shim:vtable#0}
[INFO] [stdout]   18:     0x559305fa9a59 - <std[70759c8f55707aa4]::sys::thread::unix::Thread>::new::thread_start
[INFO] [stdout]   19:     0x74be7633bdfa - <unknown>
[INFO] [stdout]   20:     0x74be763cf3d4 - clone
[INFO] [stdout]   21:                0x0 - <unknown>
[INFO] [stdout] 
[INFO] [stdout] ---- utils::fragments::tests::test_tokenize_frament stdout ----
[INFO] [stdout] 
[INFO] [stdout] thread 'utils::fragments::tests::test_tokenize_frament' (978) panicked at src/utils/fragments.rs:122:87:
[INFO] [stdout] called `Result::unwrap()` on an `Err` value: UniverseError(Io(Os { code: 2, kind: NotFound, message: "No such file or directory" }))
[INFO] [stdout] stack backtrace:
[INFO] [stdout]    0:     0x559305faa4f1 - <<std[70759c8f55707aa4]::sys::backtrace::BacktraceLock>::print::DisplayBacktrace as core[df12db4294e9bfd3]::fmt::Display>::fmt
[INFO] [stdout]    1:     0x559305fbffca - core[df12db4294e9bfd3]::fmt::write
[INFO] [stdout]    2:     0x559305faeeac - <alloc[2182bb758b4b3781]::vec::Vec<u8> as core[df12db4294e9bfd3]::io::write::Write>::write_fmt
[INFO] [stdout]    3:     0x559305f85e56 - std[70759c8f55707aa4]::panicking::default_hook::{closure#0}
[INFO] [stdout]    4:     0x559305fa28c9 - std[70759c8f55707aa4]::panicking::default_hook
[INFO] [stdout]    5:     0x559305f2b400 - test[9d35eded1c95d3be]::test_main_inner::<test[9d35eded1c95d3be]::test_main_static::{closure#0}>::{closure#0}
[INFO] [stdout]    6:     0x559305fa2a82 - std[70759c8f55707aa4]::panicking::panic_with_hook
[INFO] [stdout]    7:     0x559305f85f02 - std[70759c8f55707aa4]::panicking::panic_handler::{closure#0}
[INFO] [stdout]    8:     0x559305f7e569 - std[70759c8f55707aa4]::sys::backtrace::__rust_end_short_backtrace::<std[70759c8f55707aa4]::panicking::panic_handler::{closure#0}, !>
[INFO] [stdout]    9:     0x559305f86c0d - __rustc[8fa7c3cbc660c2b3]::rust_begin_unwind
[INFO] [stdout]   10:     0x559305fc06fc - core[df12db4294e9bfd3]::panicking::panic_fmt
[INFO] [stdout]   11:     0x559305fc04d2 - core[df12db4294e9bfd3]::result::unwrap_failed
[INFO] [stdout]   12:     0x559305ee6408 - gtars_tokenizers[cf0be880ccf4f17b]::utils::fragments::tests::test_tokenize_frament
[INFO] [stdout]   13:     0x559305eee839 - <gtars_tokenizers[cf0be880ccf4f17b]::utils::fragments::tests::test_tokenize_frament::{closure#0} as core[df12db4294e9bfd3]::ops::function::FnOnce<()>>::call_once
[INFO] [stdout]   14:     0x559305f1e6eb - test[9d35eded1c95d3be]::__rust_begin_short_backtrace::<core[df12db4294e9bfd3]::result::Result<(), alloc[2182bb758b4b3781]::string::String>, fn() -> core[df12db4294e9bfd3]::result::Result<(), alloc[2182bb758b4b3781]::string::String>>
[INFO] [stdout]   15:     0x559305f2bd55 - test[9d35eded1c95d3be]::run_test::{closure#0}
[INFO] [stdout]   16:     0x559305f25614 - std[70759c8f55707aa4]::sys::backtrace::__rust_begin_short_backtrace::<test[9d35eded1c95d3be]::run_test::{closure#1}, ()>
[INFO] [stdout]   17:     0x559305f2eeb2 - <std[70759c8f55707aa4]::thread::lifecycle::spawn_unchecked<test[9d35eded1c95d3be]::run_test::{closure#1}, ()>::{closure#1} as core[df12db4294e9bfd3]::ops::function::FnOnce<()>>::call_once::{shim:vtable#0}
[INFO] [stdout]   18:     0x559305fa9a59 - <std[70759c8f55707aa4]::sys::thread::unix::Thread>::new::thread_start
[INFO] [stdout]   19:     0x74be7633bdfa - <unknown>
[INFO] [stdout]   20:     0x74be763cf3d4 - clone
[INFO] [stdout]   21:                0x0 - <unknown>
[INFO] [stdout] 
[INFO] [stdout] ---- config::tests::test_get_special_tokens stdout ----
[INFO] [stdout] 
[INFO] [stdout] thread 'config::tests::test_get_special_tokens' (961) panicked at src/config.rs:148:64:
[INFO] [stdout] called `Result::unwrap()` on an `Err` value: Io(Os { code: 2, kind: NotFound, message: "No such file or directory" })
[INFO] [stdout] stack backtrace:
[INFO] [stdout]    0:     0x559305faa4f1 - <<std[70759c8f55707aa4]::sys::backtrace::BacktraceLock>::print::DisplayBacktrace as core[df12db4294e9bfd3]::fmt::Display>::fmt
[INFO] [stdout]    1:     0x559305fbffca - core[df12db4294e9bfd3]::fmt::write
[INFO] [stdout]    2:     0x559305faeeac - <alloc[2182bb758b4b3781]::vec::Vec<u8> as core[df12db4294e9bfd3]::io::write::Write>::write_fmt
[INFO] [stdout]    3:     0x559305f85e56 - std[70759c8f55707aa4]::panicking::default_hook::{closure#0}
[INFO] [stdout]    4:     0x559305fa28c9 - std[70759c8f55707aa4]::panicking::default_hook
[INFO] [stdout]    5:     0x559305f2b400 - test[9d35eded1c95d3be]::test_main_inner::<test[9d35eded1c95d3be]::test_main_static::{closure#0}>::{closure#0}
[INFO] [stdout]    6:     0x559305fa2a82 - std[70759c8f55707aa4]::panicking::panic_with_hook
[INFO] [stdout]    7:     0x559305f85f02 - std[70759c8f55707aa4]::panicking::panic_handler::{closure#0}
[INFO] [stdout]    8:     0x559305f7e569 - std[70759c8f55707aa4]::sys::backtrace::__rust_end_short_backtrace::<std[70759c8f55707aa4]::panicking::panic_handler::{closure#0}, !>
[INFO] [stdout]    9:     0x559305f86c0d - __rustc[8fa7c3cbc660c2b3]::rust_begin_unwind
[INFO] [stdout]   10:     0x559305fc06fc - core[df12db4294e9bfd3]::panicking::panic_fmt
[INFO] [stdout]   11:     0x559305fc04d2 - core[df12db4294e9bfd3]::result::unwrap_failed
[INFO] [stdout]   12:     0x559305ee5ed6 - gtars_tokenizers[cf0be880ccf4f17b]::config::tests::test_get_special_tokens
[INFO] [stdout]   13:     0x559305eee639 - <gtars_tokenizers[cf0be880ccf4f17b]::config::tests::test_get_special_tokens::{closure#0} as core[df12db4294e9bfd3]::ops::function::FnOnce<()>>::call_once
[INFO] [stdout]   14:     0x559305f1e6eb - test[9d35eded1c95d3be]::__rust_begin_short_backtrace::<core[df12db4294e9bfd3]::result::Result<(), alloc[2182bb758b4b3781]::string::String>, fn() -> core[df12db4294e9bfd3]::result::Result<(), alloc[2182bb758b4b3781]::string::String>>
[INFO] [stdout]   15:     0x559305f2bd55 - test[9d35eded1c95d3be]::run_test::{closure#0}
[INFO] [stdout]   16:     0x559305f25614 - std[70759c8f55707aa4]::sys::backtrace::__rust_begin_short_backtrace::<test[9d35eded1c95d3be]::run_test::{closure#1}, ()>
[INFO] [stdout]   17:     0x559305f2eeb2 - <std[70759c8f55707aa4]::thread::lifecycle::spawn_unchecked<test[9d35eded1c95d3be]::run_test::{closure#1}, ()>::{closure#1} as core[df12db4294e9bfd3]::ops::function::FnOnce<()>>::call_once::{shim:vtable#0}
[INFO] [stdout]   18:     0x559305fa9a59 - <std[70759c8f55707aa4]::sys::thread::unix::Thread>::new::thread_start
[INFO] [stdout]   19:     0x74be7633bdfa - <unknown>
[INFO] [stdout]   20:     0x74be763cf3d4 - clone
[INFO] [stdout]   21:                0x0 - <unknown>
[INFO] [stdout] 
[INFO] [stdout] ---- tokenizer::tokenizer_tests::test_tokenize_on_two_chroms_ailist stdout ----
[INFO] [stdout] 
[INFO] [stdout] thread 'tokenizer::tokenizer_tests::test_tokenize_on_two_chroms_ailist' (964) panicked at src/tokenizer.rs:438:46:
[INFO] [stdout] Failed to create tokenizer from config.: Config(Io(Os { code: 2, kind: NotFound, message: "No such file or directory" }))
[INFO] [stdout] stack backtrace:
[INFO] [stdout]    0:     0x559305faa4f1 - <<std[70759c8f55707aa4]::sys::backtrace::BacktraceLock>::print::DisplayBacktrace as core[df12db4294e9bfd3]::fmt::Display>::fmt
[INFO] [stdout]    1:     0x559305fbffca - core[df12db4294e9bfd3]::fmt::write
[INFO] [stdout]    2:     0x559305faeeac - <alloc[2182bb758b4b3781]::vec::Vec<u8> as core[df12db4294e9bfd3]::io::write::Write>::write_fmt
[INFO] [stdout]    3:     0x559305f85e56 - std[70759c8f55707aa4]::panicking::default_hook::{closure#0}
[INFO] [stdout]    4:     0x559305fa28c9 - std[70759c8f55707aa4]::panicking::default_hook
[INFO] [stdout]    5:     0x559305f2b400 - test[9d35eded1c95d3be]::test_main_inner::<test[9d35eded1c95d3be]::test_main_static::{closure#0}>::{closure#0}
[INFO] [stdout]    6:     0x559305fa2a82 - std[70759c8f55707aa4]::panicking::panic_with_hook
[INFO] [stdout]    7:     0x559305f85f02 - std[70759c8f55707aa4]::panicking::panic_handler::{closure#0}
[INFO] [stdout]    8:     0x559305f7e569 - std[70759c8f55707aa4]::sys::backtrace::__rust_end_short_backtrace::<std[70759c8f55707aa4]::panicking::panic_handler::{closure#0}, !>
[INFO] [stdout]    9:     0x559305f86c0d - __rustc[8fa7c3cbc660c2b3]::rust_begin_unwind
[INFO] [stdout]   10:     0x559305fc06fc - core[df12db4294e9bfd3]::panicking::panic_fmt
[INFO] [stdout]   11:     0x559305fc04d2 - core[df12db4294e9bfd3]::result::unwrap_failed
[INFO] [stdout]   12:     0x559305ee3c32 - gtars_tokenizers[cf0be880ccf4f17b]::tokenizer::tokenizer_tests::test_tokenize_on_two_chroms_ailist
[INFO] [stdout]   13:     0x559305eee799 - <gtars_tokenizers[cf0be880ccf4f17b]::tokenizer::tokenizer_tests::test_tokenize_on_two_chroms_ailist::{closure#0} as core[df12db4294e9bfd3]::ops::function::FnOnce<()>>::call_once
[INFO] [stdout]   14:     0x559305f1e6eb - test[9d35eded1c95d3be]::__rust_begin_short_backtrace::<core[df12db4294e9bfd3]::result::Result<(), alloc[2182bb758b4b3781]::string::String>, fn() -> core[df12db4294e9bfd3]::result::Result<(), alloc[2182bb758b4b3781]::string::String>>
[INFO] [stdout]   15:     0x559305f2bd55 - test[9d35eded1c95d3be]::run_test::{closure#0}
[INFO] [stdout]   16:     0x559305f25614 - std[70759c8f55707aa4]::sys::backtrace::__rust_begin_short_backtrace::<test[9d35eded1c95d3be]::run_test::{closure#1}, ()>
[INFO] [stdout]   17:     0x559305f2eeb2 - <std[70759c8f55707aa4]::thread::lifecycle::spawn_unchecked<test[9d35eded1c95d3be]::run_test::{closure#1}, ()>::{closure#1} as core[df12db4294e9bfd3]::ops::function::FnOnce<()>>::call_once::{shim:vtable#0}
[INFO] [stdout]   18:     0x559305fa9a59 - <std[70759c8f55707aa4]::sys::thread::unix::Thread>::new::thread_start
[INFO] [stdout]   19:     0x74be7633bdfa - <unknown>
[INFO] [stdout]   20:     0x74be763cf3d4 - clone
[INFO] [stdout]   21:                0x0 - <unknown>
[INFO] [stdout] 
[INFO] [stdout] ---- universe::tests::test_create_vanilla_universe stdout ----
[INFO] [stdout] 
[INFO] [stdout] thread 'universe::tests::test_create_vanilla_universe' (976) panicked at src/universe/mod.rs:217:75:
[INFO] [stdout] called `Result::unwrap()` on an `Err` value: Io(Os { code: 2, kind: NotFound, message: "No such file or directory" })
[INFO] [stdout] stack backtrace:
[INFO] [stdout]    0:     0x559305faa4f1 - <<std[70759c8f55707aa4]::sys::backtrace::BacktraceLock>::print::DisplayBacktrace as core[df12db4294e9bfd3]::fmt::Display>::fmt
[INFO] [stdout]    1:     0x559305fbffca - core[df12db4294e9bfd3]::fmt::write
[INFO] [stdout]    2:     0x559305faeeac - <alloc[2182bb758b4b3781]::vec::Vec<u8> as core[df12db4294e9bfd3]::io::write::Write>::write_fmt
[INFO] [stdout]    3:     0x559305f85e56 - std[70759c8f55707aa4]::panicking::default_hook::{closure#0}
[INFO] [stdout]    4:     0x559305fa28c9 - std[70759c8f55707aa4]::panicking::default_hook
[INFO] [stdout]    5:     0x559305f2b400 - test[9d35eded1c95d3be]::test_main_inner::<test[9d35eded1c95d3be]::test_main_static::{closure#0}>::{closure#0}
[INFO] [stdout]    6:     0x559305fa2a82 - std[70759c8f55707aa4]::panicking::panic_with_hook
[INFO] [stdout]    7:     0x559305f85f02 - std[70759c8f55707aa4]::panicking::panic_handler::{closure#0}
[INFO] [stdout]    8:     0x559305f7e569 - std[70759c8f55707aa4]::sys::backtrace::__rust_end_short_backtrace::<std[70759c8f55707aa4]::panicking::panic_handler::{closure#0}, !>
[INFO] [stdout]    9:     0x559305f86c0d - __rustc[8fa7c3cbc660c2b3]::rust_begin_unwind
[INFO] [stdout]   10:     0x559305fc06fc - core[df12db4294e9bfd3]::panicking::panic_fmt
[INFO] [stdout]   11:     0x559305fc04d2 - core[df12db4294e9bfd3]::result::unwrap_failed
[INFO] [stdout]   12:     0x559305ef70dc - gtars_tokenizers[cf0be880ccf4f17b]::universe::tests::test_create_vanilla_universe
[INFO] [stdout]   13:     0x559305eee6b9 - <gtars_tokenizers[cf0be880ccf4f17b]::universe::tests::test_create_vanilla_universe::{closure#0} as core[df12db4294e9bfd3]::ops::function::FnOnce<()>>::call_once
[INFO] [stdout]   14:     0x559305f1e6eb - test[9d35eded1c95d3be]::__rust_begin_short_backtrace::<core[df12db4294e9bfd3]::result::Result<(), alloc[2182bb758b4b3781]::string::String>, fn() -> core[df12db4294e9bfd3]::result::Result<(), alloc[2182bb758b4b3781]::string::String>>
[INFO] [stdout]   15:     0x559305f2bd55 - test[9d35eded1c95d3be]::run_test::{closure#0}
[INFO] [stdout]   16:     0x559305f25614 - std[70759c8f55707aa4]::sys::backtrace::__rust_begin_short_backtrace::<test[9d35eded1c95d3be]::run_test::{closure#1}, ()>
[INFO] [stdout]   17:     0x559305f2eeb2 - <std[70759c8f55707aa4]::thread::lifecycle::spawn_unchecked<test[9d35eded1c95d3be]::run_test::{closure#1}, ()>::{closure#1} as core[df12db4294e9bfd3]::ops::function::FnOnce<()>>::call_once::{shim:vtable#0}
[INFO] [stdout]   18:     0x559305fa9a59 - <std[70759c8f55707aa4]::sys::thread::unix::Thread>::new::thread_start
[INFO] [stdout]   19:     0x74be7633bdfa - <unknown>
[INFO] [stdout]   20:     0x74be763cf3d4 - clone
[INFO] [stdout]   21:                0x0 - <unknown>
[INFO] [stdout] 
[INFO] [stdout] ---- universe::tests::test_create_ordered_universe stdout ----
[INFO] [stdout] 
[INFO] [stdout] thread 'universe::tests::test_create_ordered_universe' (975) panicked at src/universe/mod.rs:224:75:
[INFO] [stdout] called `Result::unwrap()` on an `Err` value: Io(Os { code: 2, kind: NotFound, message: "No such file or directory" })
[INFO] [stdout] stack backtrace:
[INFO] [stdout]    0:     0x559305faa4f1 - <<std[70759c8f55707aa4]::sys::backtrace::BacktraceLock>::print::DisplayBacktrace as core[df12db4294e9bfd3]::fmt::Display>::fmt
[INFO] [stdout]    1:     0x559305fbffca - core[df12db4294e9bfd3]::fmt::write
[INFO] [stdout]    2:     0x559305faeeac - <alloc[2182bb758b4b3781]::vec::Vec<u8> as core[df12db4294e9bfd3]::io::write::Write>::write_fmt
[INFO] [stdout]    3:     0x559305f85e56 - std[70759c8f55707aa4]::panicking::default_hook::{closure#0}
[INFO] [stdout]    4:     0x559305fa28c9 - std[70759c8f55707aa4]::panicking::default_hook
[INFO] [stdout]    5:     0x559305f2b400 - test[9d35eded1c95d3be]::test_main_inner::<test[9d35eded1c95d3be]::test_main_static::{closure#0}>::{closure#0}
[INFO] [stdout]    6:     0x559305fa2a82 - std[70759c8f55707aa4]::panicking::panic_with_hook
[INFO] [stdout]    7:     0x559305f85f02 - std[70759c8f55707aa4]::panicking::panic_handler::{closure#0}
[INFO] [stdout]    8:     0x559305f7e569 - std[70759c8f55707aa4]::sys::backtrace::__rust_end_short_backtrace::<std[70759c8f55707aa4]::panicking::panic_handler::{closure#0}, !>
[INFO] [stdout]    9:     0x559305f86c0d - __rustc[8fa7c3cbc660c2b3]::rust_begin_unwind
[INFO] [stdout]   10:     0x559305fc06fc - core[df12db4294e9bfd3]::panicking::panic_fmt
[INFO] [stdout]   11:     0x559305fc04d2 - core[df12db4294e9bfd3]::result::unwrap_failed
[INFO] [stdout]   12:     0x559305ef6e89 - gtars_tokenizers[cf0be880ccf4f17b]::universe::tests::test_create_ordered_universe
[INFO] [stdout]   13:     0x559305eee699 - <gtars_tokenizers[cf0be880ccf4f17b]::universe::tests::test_create_ordered_universe::{closure#0} as core[df12db4294e9bfd3]::ops::function::FnOnce<()>>::call_once
[INFO] [stdout]   14:     0x559305f1e6eb - test[9d35eded1c95d3be]::__rust_begin_short_backtrace::<core[df12db4294e9bfd3]::result::Result<(), alloc[2182bb758b4b3781]::string::String>, fn() -> core[df12db4294e9bfd3]::result::Result<(), alloc[2182bb758b4b3781]::string::String>>
[INFO] [stdout]   15:     0x559305f2bd55 - test[9d35eded1c95d3be]::run_test::{closure#0}
[INFO] [stdout]   16:     0x559305f25614 - std[70759c8f55707aa4]::sys::backtrace::__rust_begin_short_backtrace::<test[9d35eded1c95d3be]::run_test::{closure#1}, ()>
[INFO] [stdout]   17:     0x559305f2eeb2 - <std[70759c8f55707aa4]::thread::lifecycle::spawn_unchecked<test[9d35eded1c95d3be]::run_test::{closure#1}, ()>::{closure#1} as core[df12db4294e9bfd3]::ops::function::FnOnce<()>>::call_once::{shim:vtable#0}
[INFO] [stdout]   18:     0x559305fa9a59 - <std[70759c8f55707aa4]::sys::thread::unix::Thread>::new::thread_start
[INFO] [stdout]   19:     0x74be7633bdfa - <unknown>
[INFO] [stdout]   20:     0x74be763cf3d4 - clone
[INFO] [stdout]   21:                0x0 - <unknown>
[INFO] [stdout] 
[INFO] [stdout] ---- utils::fragments::tests::test_count_fragments_by_barcode stdout ----
[INFO] [stdout] 
[INFO] [stdout] thread 'utils::fragments::tests::test_count_fragments_by_barcode' (977) panicked at src/utils/fragments.rs:136:87:
[INFO] [stdout] called `Result::unwrap()` on an `Err` value: UniverseError(Io(Os { code: 2, kind: NotFound, message: "No such file or directory" }))
[INFO] [stdout] stack backtrace:
[INFO] [stdout]    0:     0x559305faa4f1 - <<std[70759c8f55707aa4]::sys::backtrace::BacktraceLock>::print::DisplayBacktrace as core[df12db4294e9bfd3]::fmt::Display>::fmt
[INFO] [stdout]    1:     0x559305fbffca - core[df12db4294e9bfd3]::fmt::write
[INFO] [stdout]    2:     0x559305faeeac - <alloc[2182bb758b4b3781]::vec::Vec<u8> as core[df12db4294e9bfd3]::io::write::Write>::write_fmt
[INFO] [stdout]    3:     0x559305f85e56 - std[70759c8f55707aa4]::panicking::default_hook::{closure#0}
[INFO] [stdout]    4:     0x559305fa28c9 - std[70759c8f55707aa4]::panicking::default_hook
[INFO] [stdout]    5:     0x559305f2b400 - test[9d35eded1c95d3be]::test_main_inner::<test[9d35eded1c95d3be]::test_main_static::{closure#0}>::{closure#0}
[INFO] [stdout]    6:     0x559305fa2a82 - std[70759c8f55707aa4]::panicking::panic_with_hook
[INFO] [stdout]    7:     0x559305f85f02 - std[70759c8f55707aa4]::panicking::panic_handler::{closure#0}
[INFO] [stdout]    8:     0x559305f7e569 - std[70759c8f55707aa4]::sys::backtrace::__rust_end_short_backtrace::<std[70759c8f55707aa4]::panicking::panic_handler::{closure#0}, !>
[INFO] [stdout]    9:     0x559305f86c0d - __rustc[8fa7c3cbc660c2b3]::rust_begin_unwind
[INFO] [stdout]   10:     0x559305fc06fc - core[df12db4294e9bfd3]::panicking::panic_fmt
[INFO] [stdout]   11:     0x559305fc04d2 - core[df12db4294e9bfd3]::result::unwrap_failed
[INFO] [stdout]   12:     0x559305ee680d - gtars_tokenizers[cf0be880ccf4f17b]::utils::fragments::tests::test_count_fragments_by_barcode
[INFO] [stdout]   13:     0x559305eee859 - <gtars_tokenizers[cf0be880ccf4f17b]::utils::fragments::tests::test_count_fragments_by_barcode::{closure#0} as core[df12db4294e9bfd3]::ops::function::FnOnce<()>>::call_once
[INFO] [stdout]   14:     0x559305f1e6eb - test[9d35eded1c95d3be]::__rust_begin_short_backtrace::<core[df12db4294e9bfd3]::result::Result<(), alloc[2182bb758b4b3781]::string::String>, fn() -> core[df12db4294e9bfd3]::result::Result<(), alloc[2182bb758b4b3781]::string::String>>
[INFO] [stdout]   15:     0x559305f2bd55 - test[9d35eded1c95d3be]::run_test::{closure#0}
[INFO] [stdout]   16:     0x559305f25614 - std[70759c8f55707aa4]::sys::backtrace::__rust_begin_short_backtrace::<test[9d35eded1c95d3be]::run_test::{closure#1}, ()>
[INFO] [stdout]   17:     0x559305f2eeb2 - <std[70759c8f55707aa4]::thread::lifecycle::spawn_unchecked<test[9d35eded1c95d3be]::run_test::{closure#1}, ()>::{closure#1} as core[df12db4294e9bfd3]::ops::function::FnOnce<()>>::call_once::{shim:vtable#0}
[INFO] [stdout]   18:     0x559305fa9a59 - <std[70759c8f55707aa4]::sys::thread::unix::Thread>::new::thread_start
[INFO] [stdout]   19:     0x74be7633bdfa - <unknown>
[INFO] [stdout]   20:     0x74be763cf3d4 - clone
[INFO] [stdout]   21:                0x0 - <unknown>
[INFO] [stdout] 
[INFO] [stdout] 
[INFO] [stdout] failures:
[INFO] [stdout]     config::tests::test_get_special_tokens
[INFO] [stdout]     config::tests::test_get_universe_name
[INFO] [stdout]     config::tests::test_try_from_toml
[INFO] [stdout]     tokenizer::tokenizer_tests::test_tokenize_on_two_chroms_ailist
[INFO] [stdout]     tokenizer::tokenizer_tests::test_tokenize_on_two_crhoms
[INFO] [stdout]     tokenizer::tokenizer_tests::test_tokenize_single_region_not_overlapping
[INFO] [stdout]     tokenizer::tokenizer_tests::test_tokenize_unk_chrom
[INFO] [stdout]     tokenizer::tokenizer_tests::test_tokenize_with_multi_overlap
[INFO] [stdout]     tokenizer::tokenizer_tests::test_tokenizer_creation_auto_all
[INFO] [stdout]     tokenizer::tokenizer_tests::test_tokenizer_creation_from_bed
[INFO] [stdout]     tokenizer::tokenizer_tests::test_tokenizer_creation_from_bed_gz
[INFO] [stdout]     tokenizer::tokenizer_tests::test_tokenizer_creation_from_config
[INFO] [stdout]     tokenizer::tokenizer_tests::test_tokenizer_custom_special_tokens
[INFO] [stdout]     universe::tests::test_create_ordered_universe
[INFO] [stdout]     universe::tests::test_create_vanilla_universe
[INFO] [stdout]     utils::fragments::tests::test_count_fragments_by_barcode
[INFO] [stdout]     utils::fragments::tests::test_tokenize_frament
[INFO] [stdout] 
[INFO] [stdout] test result: FAILED. 3 passed; 17 failed; 0 ignored; 0 measured; 0 filtered out; finished in 0.02s
[INFO] [stdout] 
[INFO] [stderr] error: test failed, to rerun pass `--lib`
[INFO] running `Command { std: "docker" "inspect" "425006042bb13e500a1d7484fa0855e9edc61f29de1eadfae71bb1779b1a629e", kill_on_drop: false }`
[INFO] running `Command { std: "docker" "rm" "-f" "425006042bb13e500a1d7484fa0855e9edc61f29de1eadfae71bb1779b1a629e", kill_on_drop: false }`
[INFO] [stdout] 425006042bb13e500a1d7484fa0855e9edc61f29de1eadfae71bb1779b1a629e
