[INFO] fetching crate gtars-core 0.5.6...
[INFO] testing gtars-core-0.5.6 against 1.100.0-beta.1+cargoflags=--release for beta-release-1.100-2
[INFO] extracting crate gtars-core 0.5.6 into /workspace/builds/worker-2-tc2/source
[INFO] started tweaking crates.io crate gtars-core 0.5.6
[INFO] finished tweaking crates.io crate gtars-core 0.5.6
[INFO] tweaked toml for crates.io crate gtars-core 0.5.6 written to /workspace/builds/worker-2-tc2/source/Cargo.toml
[INFO] validating manifest of crates.io crate gtars-core 0.5.6 on toolchain 1.100.0-beta.1
[INFO] running `Command { std: CARGO_HOME="/workspace/cargo-home" RUSTUP_HOME="/workspace/rustup-home" "/workspace/cargo-home/bin/cargo" "+1.100.0-beta.1" "metadata" "--manifest-path" "Cargo.toml" "--no-deps", kill_on_drop: false }`
[INFO] crate crates.io crate gtars-core 0.5.6 already has a lockfile, it will not be regenerated
[INFO] running `Command { std: CARGO_HOME="/workspace/cargo-home" RUSTUP_HOME="/workspace/rustup-home" "/workspace/cargo-home/bin/cargo" "+1.100.0-beta.1" "fetch" "--manifest-path" "Cargo.toml", kill_on_drop: false }`
[INFO] running `Command { std: "docker" "create" "-v" "/var/lib/crater-agent-workspace/builds/worker-2-tc2/source:/opt/rustwide/workdir:ro,Z" "-v" "/var/lib/crater-agent-workspace/builds/worker-2-tc2/target:/opt/rustwide/target:rw,Z" "-v" "/var/lib/crater-agent-workspace/cargo-home:/opt/rustwide/cargo-home:ro,Z" "-v" "/var/lib/crater-agent-workspace/rustup-home:/opt/rustwide/rustup-home:ro,Z" "-m" "1610612736" "--network" "none" "ghcr.io/rust-lang/crates-build-env/linux@sha256:77db811e55d90add9212f6832c23229e3de5f1c1f9905e8cb07319ea15df73ac" "sleep" "infinity", kill_on_drop: false }`
[INFO] [stdout] b5b828c1c4e96128accfc978c417c59c8671f5129f392f71c801ae8d0d6f6c82
[INFO] running `Command { std: "docker" "start" "b5b828c1c4e96128accfc978c417c59c8671f5129f392f71c801ae8d0d6f6c82", kill_on_drop: false }`
[INFO] running `Command { std: "docker" "inspect" "b5b828c1c4e96128accfc978c417c59c8671f5129f392f71c801ae8d0d6f6c82", kill_on_drop: false }`
[INFO] running `Command { std: "docker" "exec" "-e" "SOURCE_DIR=/opt/rustwide/workdir" "-e" "CARGO_HOME=/opt/rustwide/cargo-home" "-e" "RUSTUP_HOME=/opt/rustwide/rustup-home" "-e" "CARGO_TARGET_DIR=/opt/rustwide/target" "-w" "/opt/rustwide/workdir" "--user" "0:0" "b5b828c1c4e96128accfc978c417c59c8671f5129f392f71c801ae8d0d6f6c82" "/opt/rustwide/cargo-home/bin/cargo" "+1.100.0-beta.1" "metadata" "--no-deps" "--format-version=1", kill_on_drop: false }`
[INFO] running `Command { std: "docker" "inspect" "b5b828c1c4e96128accfc978c417c59c8671f5129f392f71c801ae8d0d6f6c82", kill_on_drop: false }`
[INFO] running `Command { std: "docker" "exec" "-e" "SOURCE_DIR=/opt/rustwide/workdir" "-e" "CARGO_HOME=/opt/rustwide/cargo-home" "-e" "RUSTUP_HOME=/opt/rustwide/rustup-home" "-e" "CARGO_TARGET_DIR=/opt/rustwide/target" "-e" "CARGO_INCREMENTAL=0" "-e" "RUST_BACKTRACE=full" "-e" "RUSTFLAGS=--cap-lints=warn" "-e" "RUSTDOCFLAGS=--cap-lints=warn" "-w" "/opt/rustwide/workdir" "--user" "0:0" "b5b828c1c4e96128accfc978c417c59c8671f5129f392f71c801ae8d0d6f6c82" "/opt/rustwide/cargo-home/bin/cargo" "+1.100.0-beta.1" "build" "--frozen" "--message-format=json" "--release", kill_on_drop: false }`
[INFO] [stderr]    Compiling simd-adler32 v0.3.9
[INFO] [stderr]    Compiling crypto-common v0.1.7
[INFO] [stderr]    Compiling tokio v1.52.3
[INFO] [stderr]    Compiling thiserror-impl v2.0.18
[INFO] [stderr]    Compiling digest v0.10.7
[INFO] [stderr]    Compiling miniz_oxide v0.8.9
[INFO] [stderr]    Compiling md-5 v0.10.6
[INFO] [stderr]    Compiling flate2 v1.1.9
[INFO] [stderr]    Compiling thiserror v2.0.18
[INFO] [stderr]    Compiling gtars-core v0.5.6 (/opt/rustwide/workdir)
[INFO] [stderr] warning: unused dependency `tokio`
[INFO] [stderr]   --> Cargo.toml:31:15
[INFO] [stderr]    |
[INFO] [stderr] 31 | [dependencies.tokio]
[INFO] [stderr]    |               ^^^^^^
[INFO] [stderr]    |
[INFO] [stderr]    = note: `cargo::unused_dependencies` is set to `warn` by default
[INFO] [stderr] help: consider removing the dependency on `tokio`
[INFO] [stderr] warning: `gtars-core` (manifest) generated 1 warning
[INFO] [stderr]     Finished `release` profile [optimized] target(s) in 11.49s
[INFO] running `Command { std: "docker" "inspect" "b5b828c1c4e96128accfc978c417c59c8671f5129f392f71c801ae8d0d6f6c82", kill_on_drop: false }`
[INFO] running `Command { std: "docker" "exec" "-e" "SOURCE_DIR=/opt/rustwide/workdir" "-e" "CARGO_HOME=/opt/rustwide/cargo-home" "-e" "RUSTUP_HOME=/opt/rustwide/rustup-home" "-e" "CARGO_TARGET_DIR=/opt/rustwide/target" "-e" "CARGO_INCREMENTAL=0" "-e" "RUST_BACKTRACE=full" "-e" "RUSTFLAGS=--cap-lints=warn" "-e" "RUSTDOCFLAGS=--cap-lints=warn" "-w" "/opt/rustwide/workdir" "--user" "0:0" "b5b828c1c4e96128accfc978c417c59c8671f5129f392f71c801ae8d0d6f6c82" "/opt/rustwide/cargo-home/bin/cargo" "+1.100.0-beta.1" "test" "--frozen" "--no-run" "--message-format=json" "--release", kill_on_drop: false }`
[INFO] [stderr]    Compiling winnow v1.0.3
[INFO] [stderr]    Compiling memchr v2.8.2
[INFO] [stderr]    Compiling rstest_macros v0.26.1
[INFO] [stderr]    Compiling futures-macro v0.3.32
[INFO] [stderr]    Compiling glob v0.3.3
[INFO] [stderr]    Compiling bitflags v2.13.0
[INFO] [stderr]    Compiling relative-path v1.9.3
[INFO] [stderr]    Compiling getrandom v0.4.2
[INFO] [stderr]    Compiling futures-timer v3.0.4
[INFO] [stderr]    Compiling diff v0.1.13
[INFO] [stderr]    Compiling rustix v1.1.4
[INFO] [stderr]    Compiling pretty_assertions v1.4.1
[INFO] [stderr]    Compiling aho-corasick v1.1.4
[INFO] [stderr]    Compiling gtars-core v0.5.6 (/opt/rustwide/workdir)
[INFO] [stderr]    Compiling futures-util v0.3.32
[INFO] [stderr]    Compiling toml_parser v1.1.2+spec-1.1.0
[INFO] [stderr]    Compiling regex-automata v0.4.14
[INFO] [stderr]    Compiling toml_edit v0.25.12+spec-1.1.0
[INFO] [stderr]    Compiling proc-macro-crate v3.5.0
[INFO] [stderr]    Compiling tempfile v3.27.0
[INFO] [stderr]    Compiling regex v1.12.4
[INFO] [stderr]    Compiling rstest v0.26.1
[INFO] [stderr] warning: unused dependency `tokio`
[INFO] [stderr]   --> Cargo.toml:31:15
[INFO] [stderr]    |
[INFO] [stderr] 31 | [dependencies.tokio]
[INFO] [stderr]    |               ^^^^^^
[INFO] [stderr]    |
[INFO] [stderr]    = note: `cargo::unused_dependencies` is set to `warn` by default
[INFO] [stderr] help: consider removing the dependency on `tokio`
[INFO] [stderr] warning: `gtars-core` (manifest) generated 1 warning
[INFO] [stderr]     Finished `release` profile [optimized] target(s) in 36.83s
[INFO] running `Command { std: "docker" "inspect" "b5b828c1c4e96128accfc978c417c59c8671f5129f392f71c801ae8d0d6f6c82", kill_on_drop: false }`
[INFO] running `Command { std: "docker" "exec" "-e" "SOURCE_DIR=/opt/rustwide/workdir" "-e" "CARGO_HOME=/opt/rustwide/cargo-home" "-e" "RUSTUP_HOME=/opt/rustwide/rustup-home" "-e" "CARGO_TARGET_DIR=/opt/rustwide/target" "-e" "CARGO_INCREMENTAL=0" "-e" "RUST_BACKTRACE=full" "-e" "RUSTFLAGS=--cap-lints=warn" "-e" "RUSTDOCFLAGS=--cap-lints=warn" "-w" "/opt/rustwide/workdir" "--user" "0:0" "b5b828c1c4e96128accfc978c417c59c8671f5129f392f71c801ae8d0d6f6c82" "/opt/rustwide/cargo-home/bin/cargo" "+1.100.0-beta.1" "test" "--frozen" "--release", kill_on_drop: false }`
[INFO] [stderr] warning: unused dependency `tokio`
[INFO] [stderr]   --> Cargo.toml:31:15
[INFO] [stderr]    |
[INFO] [stderr] 31 | [dependencies.tokio]
[INFO] [stderr]    |               ^^^^^^
[INFO] [stderr]    |
[INFO] [stderr]    = note: `cargo::unused_dependencies` is set to `warn` by default
[INFO] [stderr] help: consider removing the dependency on `tokio`
[INFO] [stderr] warning: `gtars-core` (manifest) generated 1 warning
[INFO] [stderr]     Finished `release` profile [optimized] target(s) in 0.22s
[INFO] [stderr]      Running unittests src/lib.rs (/opt/rustwide/target/release/build/gtars-core/0cfa31c3ad48390e/out/gtars_core-0cfa31c3ad48390e)
[INFO] [stdout] 
[INFO] [stdout] running 56 tests
[INFO] [stdout] test models::region_set::tests::test_concat_into_consumes_inputs ... ok
[INFO] [stdout] test models::region_set::tests::test_concat_into_empty ... ok
[INFO] [stdout] test models::region_set::tests::test_concat_into_matches_concat ... ok
[INFO] [stdout] test models::region_set::tests::test_closest_index_on_unsorted_other ... ok
[INFO] [stdout] test models::region_set::tests::test_file_digest ... FAILED
[INFO] [stdout] test models::region_set::tests::test_gaps_basic ... ok
[INFO] [stdout] test models::region_set::tests::test_calc_mid_points ... FAILED
[INFO] [stdout] test models::region_set::tests::test_gaps_chromosome_not_in_chrom_sizes_skipped ... ok
[INFO] [stdout] test models::region_set::tests::test_gaps_full_chrom_gap_for_unrepresented_chrom ... ok
[INFO] [stdout] test models::region_set::tests::test_gaps_empty_regionset_populated_chrom_sizes ... ok
[INFO] [stdout] test models::region_set::tests::test_calculate_identifier ... FAILED
[INFO] [stdout] test models::region_set::tests::test_gaps_overlapping_peaks_reduced ... ok
[INFO] [stdout] test models::region_set::tests::test_gaps_peak_at_chrom_end_no_trailing ... ok
[INFO] [stdout] test models::region_set::tests::test_gaps_peak_at_origin_no_leading ... ok
[INFO] [stdout] test models::region_set::tests::test_chr_length ... FAILED
[INFO] [stdout] test models::region_set::tests::test_gaps_karyotypic_ordering ... ok
[INFO] [stdout] test models::region_set::tests::test_open_from_bedbase ... ignored, Avoid BEDbase dependency in CI
[INFO] [stdout] test models::region_set::tests::test_gaps_peak_past_chrom_end_clipped ... ok
[INFO] [stdout] test models::region_set::tests::test_open_file_with_incorrect_headers ... FAILED
[INFO] [stdout] test models::region_set::tests::test_iter_chroms ... FAILED
[INFO] [stdout] test models::region_set::tests::test_open_from_path ... FAILED
[INFO] [stdout] test models::region_set::tests::test_mean_region_width ... FAILED
[INFO] [stdout] test models::region_set::tests::test_open_bed_gz ... FAILED
[INFO] [stdout] test models::region_set::tests::test_is_empty ... FAILED
[INFO] [stdout] test models::region_set::tests::test_open_from_url ... ignored, Hits encodeproject.org; the CDN blocks cloud/CI IPs. See test_open_from_url_matches_local for a self-contained version.
[INFO] [stdout] test models::region_set::tests::test_total_nucleotides_function ... FAILED
[INFO] [stdout] test models::region_set_list::tests::test_add_and_len ... FAILED
[INFO] [stdout] test models::region_set::tests::test_open_from_string ... FAILED
[INFO] [stdout] test models::region_set::tests::test_read_headers ... FAILED
[INFO] [stdout] test models::region_set_list::tests::test_calculate_identifier ... FAILED
[INFO] [stdout] test models::region_set::tests::test_union_into_matches_union ... ok
[INFO] [stdout] test models::region_set_list::tests::test_concat_empty ... ok
[INFO] [stdout] test models::region_set::tests::test_gaps_fully_covered_chrom_no_gaps ... ok
[INFO] [stdout] test models::region_set_list::tests::test_concat_flattens ... ok
[INFO] [stdout] test models::region_set_list::tests::test_concat_single ... ok
[INFO] [stdout] test models::region_set::tests::test_save_bed ... FAILED
[INFO] [stdout] test models::region_set::tests::test_save_bed_gz ... FAILED
[INFO] [stdout] test models::region_set_list::tests::test_from_vec_regionset ... FAILED
[INFO] [stdout] test models::region_set_list::tests::test_get ... ok
[INFO] [stdout] test models::region_set_list::tests::test_is_empty ... FAILED
[INFO] [stdout] test models::region_set_list::tests::test_new_empty ... ok
[INFO] [stdout] test models::region_set_list::tests::test_iter ... ok
[INFO] [stdout] test models::region_set_list::tests::test_try_from_path_vec ... FAILED
[INFO] [stdout] test models::region_set_list::tests::test_open_from_file_path ... FAILED
[INFO] [stdout] test models::region_set_list::tests::test_try_from_str_vec ... FAILED
[INFO] [stdout] test tests::test_region ... ok
[INFO] [stdout] test tests::test_extract_regions_from_bed_file ... FAILED
[INFO] [stdout] test models::region_set_list::tests::test_try_from_pathbuf_vec ... FAILED
[INFO] [stdout] test tests::test_extract_regions_from_bed_file_gzipped ... FAILED
[INFO] [stdout] test tests::test_region_set_from_bed ... FAILED
[INFO] [stdout] test models::region_set_list::tests::test_new_from_sets ... ok
[INFO] [stdout] test models::region_set_list::tests::test_with_names ... ok
[INFO] [stdout] test utils::tests::test_chrom_karyotype_without_prefix ... ok
[INFO] [stdout] test tests::test_region_set_from_bytes ... FAILED
[INFO] [stdout] test tests::test_region_set_to_bed ... FAILED
[INFO] [stdout] test utils::tests::test_chrom_karyotype_sort_order ... ok
[INFO] [stdout] 
[INFO] [stdout] failures:
[INFO] [stdout] 
[INFO] [stdout] ---- models::region_set::tests::test_file_digest stdout ----
[INFO] [stdout] 
[INFO] [stdout] thread 'models::region_set::tests::test_file_digest' (640) panicked at src/models/region_set.rs:1659:75:
[INFO] [stdout] called `Result::unwrap()` on an `Err` value: HttpFeatureDisabled("/opt/rustwide/workdir/../tests/data/regionset/dummy.narrowPeak")
[INFO] [stdout] stack backtrace:
[INFO] [stdout]    0:     0x5aa0522b62a1 - <<std[617be2ca0a6fd877]::sys::backtrace::BacktraceLock>::print::DisplayBacktrace as core[a373ad73a504971]::fmt::Display>::fmt
[INFO] [stdout]    1:     0x5aa0522cba6a - core[a373ad73a504971]::fmt::write
[INFO] [stdout]    2:     0x5aa0522baccc - <alloc[2e1b2a31b91974c5]::vec::Vec<u8> as core[a373ad73a504971]::io::write::Write>::write_fmt
[INFO] [stdout]    3:     0x5aa052290516 - std[617be2ca0a6fd877]::panicking::default_hook::{closure#0}
[INFO] [stdout]    4:     0x5aa0522ade69 - std[617be2ca0a6fd877]::panicking::default_hook
[INFO] [stdout]    5:     0x5aa052236270 - test[aada8e7e76ba119b]::test_main_inner::{closure#0}
[INFO] [stdout]    6:     0x5aa0522ae022 - std[617be2ca0a6fd877]::panicking::panic_with_hook
[INFO] [stdout]    7:     0x5aa0522905c2 - std[617be2ca0a6fd877]::panicking::panic_handler::{closure#0}
[INFO] [stdout]    8:     0x5aa052288b89 - std[617be2ca0a6fd877]::sys::backtrace::__rust_end_short_backtrace::<std[617be2ca0a6fd877]::panicking::panic_handler::{closure#0}, !>
[INFO] [stdout]    9:     0x5aa0522912dd - __rustc[ea4f61d10b84890b]::rust_begin_unwind
[INFO] [stdout]   10:     0x5aa0522cc19c - core[a373ad73a504971]::panicking::panic_fmt
[INFO] [stdout]   11:     0x5aa0522cbf72 - core[a373ad73a504971]::result::unwrap_failed
[INFO] [stdout]   12:     0x5aa052200acd - <gtars_core[d14d7c294311535]::models::region_set::tests::test_file_digest::{closure#0} as core[a373ad73a504971]::ops::function::FnOnce<()>>::call_once
[INFO] [stdout]   13:     0x5aa0522296bb - test[aada8e7e76ba119b]::__rust_begin_short_backtrace::<core[a373ad73a504971]::result::Result<(), alloc[2e1b2a31b91974c5]::string::String>, fn() -> core[a373ad73a504971]::result::Result<(), alloc[2e1b2a31b91974c5]::string::String>>
[INFO] [stdout]   14:     0x5aa052236895 - test[aada8e7e76ba119b]::run_test::{closure#0}
[INFO] [stdout]   15:     0x5aa052230184 - std[617be2ca0a6fd877]::sys::backtrace::__rust_begin_short_backtrace::<test[aada8e7e76ba119b]::run_test::{closure#1}, ()>
[INFO] [stdout]   16:     0x5aa052239922 - <std[617be2ca0a6fd877]::thread::lifecycle::spawn_unchecked<test[aada8e7e76ba119b]::run_test::{closure#1}, ()>::{closure#1} as core[a373ad73a504971]::ops::function::FnOnce<()>>::call_once::{shim:vtable#0}
[INFO] [stdout]   17:     0x5aa0522b5aff - <std[617be2ca0a6fd877]::sys::thread::unix::Thread>::new::thread_start
[INFO] [stdout]   18:     0x73e0337b6dfa - <unknown>
[INFO] [stdout]   19:     0x73e03384a3d4 - clone
[INFO] [stdout]   20:                0x0 - <unknown>
[INFO] [stdout] 
[INFO] [stdout] ---- models::region_set::tests::test_calc_mid_points stdout ----
[INFO] [stdout] 
[INFO] [stdout] thread 'models::region_set::tests::test_calc_mid_points' (633) panicked at src/models/region_set.rs:1715:75:
[INFO] [stdout] called `Result::unwrap()` on an `Err` value: HttpFeatureDisabled("/opt/rustwide/workdir/../tests/data/regionset/dummy.narrowPeak")
[INFO] [stdout] stack backtrace:
[INFO] [stdout]    0:     0x5aa0522b62a1 - <<std[617be2ca0a6fd877]::sys::backtrace::BacktraceLock>::print::DisplayBacktrace as core[a373ad73a504971]::fmt::Display>::fmt
[INFO] [stdout]    1:     0x5aa0522cba6a - core[a373ad73a504971]::fmt::write
[INFO] [stdout]    2:     0x5aa0522baccc - <alloc[2e1b2a31b91974c5]::vec::Vec<u8> as core[a373ad73a504971]::io::write::Write>::write_fmt
[INFO] [stdout]    3:     0x5aa052290516 - std[617be2ca0a6fd877]::panicking::default_hook::{closure#0}
[INFO] [stdout]    4:     0x5aa0522ade69 - std[617be2ca0a6fd877]::panicking::default_hook
[INFO] [stdout]    5:     0x5aa052236270 - test[aada8e7e76ba119b]::test_main_inner::{closure#0}
[INFO] [stdout]    6:     0x5aa0522ae022 - std[617be2ca0a6fd877]::panicking::panic_with_hook
[INFO] [stdout]    7:     0x5aa0522905c2 - std[617be2ca0a6fd877]::panicking::panic_handler::{closure#0}
[INFO] [stdout]    8:     0x5aa052288b89 - std[617be2ca0a6fd877]::sys::backtrace::__rust_end_short_backtrace::<std[617be2ca0a6fd877]::panicking::panic_handler::{closure#0}, !>
[INFO] [stdout]    9:     0x5aa0522912dd - __rustc[ea4f61d10b84890b]::rust_begin_unwind
[INFO] [stdout]   10:     0x5aa0522cc19c - core[a373ad73a504971]::panicking::panic_fmt
[INFO] [stdout]   11:     0x5aa0522cbf72 - core[a373ad73a504971]::result::unwrap_failed
[INFO] [stdout]   12:     0x5aa052201e8b - <gtars_core[d14d7c294311535]::models::region_set::tests::test_calc_mid_points::{closure#0} as core[a373ad73a504971]::ops::function::FnOnce<()>>::call_once
[INFO] [stdout]   13:     0x5aa0522296bb - test[aada8e7e76ba119b]::__rust_begin_short_backtrace::<core[a373ad73a504971]::result::Result<(), alloc[2e1b2a31b91974c5]::string::String>, fn() -> core[a373ad73a504971]::result::Result<(), alloc[2e1b2a31b91974c5]::string::String>>
[INFO] [stdout]   14:     0x5aa052236895 - test[aada8e7e76ba119b]::run_test::{closure#0}
[INFO] [stdout]   15:     0x5aa052230184 - std[617be2ca0a6fd877]::sys::backtrace::__rust_begin_short_backtrace::<test[aada8e7e76ba119b]::run_test::{closure#1}, ()>
[INFO] [stdout]   16:     0x5aa052239922 - <std[617be2ca0a6fd877]::thread::lifecycle::spawn_unchecked<test[aada8e7e76ba119b]::run_test::{closure#1}, ()>::{closure#1} as core[a373ad73a504971]::ops::function::FnOnce<()>>::call_once::{shim:vtable#0}
[INFO] [stdout]   17:     0x5aa0522b5aff - <std[617be2ca0a6fd877]::sys::thread::unix::Thread>::new::thread_start
[INFO] [stdout]   18:     0x73e0337b6dfa - <unknown>
[INFO] [stdout]   19:     0x73e03384a3d4 - clone
[INFO] [stdout]   20:                0x0 - <unknown>
[INFO] [stdout] 
[INFO] [stdout] ---- models::region_set::tests::test_calculate_identifier stdout ----
[INFO] [stdout] 
[INFO] [stdout] thread 'models::region_set::tests::test_calculate_identifier' (634) panicked at src/models/region_set.rs:1554:75:
[INFO] [stdout] called `Result::unwrap()` on an `Err` value: HttpFeatureDisabled("/opt/rustwide/workdir/../tests/data/regionset/dummy.narrowPeak.bed.gz")
[INFO] [stdout] stack backtrace:
[INFO] [stdout]    0:     0x5aa0522b62a1 - <<std[617be2ca0a6fd877]::sys::backtrace::BacktraceLock>::print::DisplayBacktrace as core[a373ad73a504971]::fmt::Display>::fmt
[INFO] [stdout]    1:     0x5aa0522cba6a - core[a373ad73a504971]::fmt::write
[INFO] [stdout]    2:     0x5aa0522baccc - <alloc[2e1b2a31b91974c5]::vec::Vec<u8> as core[a373ad73a504971]::io::write::Write>::write_fmt
[INFO] [stdout]    3:     0x5aa052290516 - std[617be2ca0a6fd877]::panicking::default_hook::{closure#0}
[INFO] [stdout]    4:     0x5aa0522ade69 - std[617be2ca0a6fd877]::panicking::default_hook
[INFO] [stdout]    5:     0x5aa052236270 - test[aada8e7e76ba119b]::test_main_inner::{closure#0}
[INFO] [stdout]    6:     0x5aa0522ae022 - std[617be2ca0a6fd877]::panicking::panic_with_hook
[INFO] [stdout]    7:     0x5aa0522905c2 - std[617be2ca0a6fd877]::panicking::panic_handler::{closure#0}
[INFO] [stdout]    8:     0x5aa052288b89 - std[617be2ca0a6fd877]::sys::backtrace::__rust_end_short_backtrace::<std[617be2ca0a6fd877]::panicking::panic_handler::{closure#0}, !>
[INFO] [stdout]    9:     0x5aa0522912dd - __rustc[ea4f61d10b84890b]::rust_begin_unwind
[INFO] [stdout]   10:     0x5aa0522cc19c - core[a373ad73a504971]::panicking::panic_fmt
[INFO] [stdout]   11:     0x5aa0522cbf72 - core[a373ad73a504971]::result::unwrap_failed
[INFO] [stdout]   12:     0x5aa052202e35 - <gtars_core[d14d7c294311535]::models::region_set::tests::test_calculate_identifier::{closure#0} as core[a373ad73a504971]::ops::function::FnOnce<()>>::call_once
[INFO] [stdout]   13:     0x5aa0522296bb - test[aada8e7e76ba119b]::__rust_begin_short_backtrace::<core[a373ad73a504971]::result::Result<(), alloc[2e1b2a31b91974c5]::string::String>, fn() -> core[a373ad73a504971]::result::Result<(), alloc[2e1b2a31b91974c5]::string::String>>
[INFO] [stdout]   14:     0x5aa052236895 - test[aada8e7e76ba119b]::run_test::{closure#0}
[INFO] [stdout]   15:     0x5aa052230184 - std[617be2ca0a6fd877]::sys::backtrace::__rust_begin_short_backtrace::<test[aada8e7e76ba119b]::run_test::{closure#1}, ()>
[INFO] [stdout]   16:     0x5aa052239922 - <std[617be2ca0a6fd877]::thread::lifecycle::spawn_unchecked<test[aada8e7e76ba119b]::run_test::{closure#1}, ()>::{closure#1} as core[a373ad73a504971]::ops::function::FnOnce<()>>::call_once::{shim:vtable#0}
[INFO] [stdout]   17:     0x5aa0522b5aff - <std[617be2ca0a6fd877]::sys::thread::unix::Thread>::new::thread_start
[INFO] [stdout]   18:     0x73e0337b6dfa - <unknown>
[INFO] [stdout]   19:     0x73e03384a3d4 - clone
[INFO] [stdout]   20:                0x0 - <unknown>
[INFO] [stdout] 
[INFO] [stdout] ---- models::region_set::tests::test_chr_length stdout ----
[INFO] [stdout] 
[INFO] [stdout] thread 'models::region_set::tests::test_chr_length' (635) panicked at src/models/region_set.rs:1681:75:
[INFO] [stdout] called `Result::unwrap()` on an `Err` value: HttpFeatureDisabled("/opt/rustwide/workdir/../tests/data/regionset/dummy.narrowPeak")
[INFO] [stdout] stack backtrace:
[INFO] [stdout]    0:     0x5aa0522b62a1 - <<std[617be2ca0a6fd877]::sys::backtrace::BacktraceLock>::print::DisplayBacktrace as core[a373ad73a504971]::fmt::Display>::fmt
[INFO] [stdout]    1:     0x5aa0522cba6a - core[a373ad73a504971]::fmt::write
[INFO] [stdout]    2:     0x5aa0522baccc - <alloc[2e1b2a31b91974c5]::vec::Vec<u8> as core[a373ad73a504971]::io::write::Write>::write_fmt
[INFO] [stdout]    3:     0x5aa052290516 - std[617be2ca0a6fd877]::panicking::default_hook::{closure#0}
[INFO] [stdout]    4:     0x5aa0522ade69 - std[617be2ca0a6fd877]::panicking::default_hook
[INFO] [stdout]    5:     0x5aa052236270 - test[aada8e7e76ba119b]::test_main_inner::{closure#0}
[INFO] [stdout]    6:     0x5aa0522ae022 - std[617be2ca0a6fd877]::panicking::panic_with_hook
[INFO] [stdout]    7:     0x5aa0522905c2 - std[617be2ca0a6fd877]::panicking::panic_handler::{closure#0}
[INFO] [stdout]    8:     0x5aa052288b89 - std[617be2ca0a6fd877]::sys::backtrace::__rust_end_short_backtrace::<std[617be2ca0a6fd877]::panicking::panic_handler::{closure#0}, !>
[INFO] [stdout]    9:     0x5aa0522912dd - __rustc[ea4f61d10b84890b]::rust_begin_unwind
[INFO] [stdout]   10:     0x5aa0522cc19c - core[a373ad73a504971]::panicking::panic_fmt
[INFO] [stdout]   11:     0x5aa0522cbf72 - core[a373ad73a504971]::result::unwrap_failed
[INFO] [stdout]   12:     0x5aa0522000a0 - <gtars_core[d14d7c294311535]::models::region_set::tests::test_chr_length::{closure#0} as core[a373ad73a504971]::ops::function::FnOnce<()>>::call_once
[INFO] [stdout]   13:     0x5aa0522296bb - test[aada8e7e76ba119b]::__rust_begin_short_backtrace::<core[a373ad73a504971]::result::Result<(), alloc[2e1b2a31b91974c5]::string::String>, fn() -> core[a373ad73a504971]::result::Result<(), alloc[2e1b2a31b91974c5]::string::String>>
[INFO] [stdout]   14:     0x5aa052236895 - test[aada8e7e76ba119b]::run_test::{closure#0}
[INFO] [stdout]   15:     0x5aa052230184 - std[617be2ca0a6fd877]::sys::backtrace::__rust_begin_short_backtrace::<test[aada8e7e76ba119b]::run_test::{closure#1}, ()>
[INFO] [stdout]   16:     0x5aa052239922 - <std[617be2ca0a6fd877]::thread::lifecycle::spawn_unchecked<test[aada8e7e76ba119b]::run_test::{closure#1}, ()>::{closure#1} as core[a373ad73a504971]::ops::function::FnOnce<()>>::call_once::{shim:vtable#0}
[INFO] [stdout]   17:     0x5aa0522b5aff - <std[617be2ca0a6fd877]::sys::thread::unix::Thread>::new::thread_start
[INFO] [stdout]   18:     0x73e0337b6dfa - <unknown>
[INFO] [stdout]   19:     0x73e03384a3d4 - clone
[INFO] [stdout]   20:                0x0 - <unknown>
[INFO] [stdout] 
[INFO] [stdout] ---- models::region_set::tests::test_open_file_with_incorrect_headers stdout ----
[INFO] [stdout] 
[INFO] [stdout] thread 'models::region_set::tests::test_open_file_with_incorrect_headers' (655) panicked at src/models/region_set.rs:1675:76:
[INFO] [stdout] called `Result::unwrap()` on an `Err` value: HttpFeatureDisabled("/opt/rustwide/workdir/../tests/data/regionset/dummy_incorrect_headers.bed")
[INFO] [stdout] stack backtrace:
[INFO] [stdout]    0:     0x5aa0522b62a1 - <<std[617be2ca0a6fd877]::sys::backtrace::BacktraceLock>::print::DisplayBacktrace as core[a373ad73a504971]::fmt::Display>::fmt
[INFO] [stdout]    1:     0x5aa0522cba6a - core[a373ad73a504971]::fmt::write
[INFO] [stdout]    2:     0x5aa0522baccc - <alloc[2e1b2a31b91974c5]::vec::Vec<u8> as core[a373ad73a504971]::io::write::Write>::write_fmt
[INFO] [stdout]    3:     0x5aa052290516 - std[617be2ca0a6fd877]::panicking::default_hook::{closure#0}
[INFO] [stdout]    4:     0x5aa0522ade69 - std[617be2ca0a6fd877]::panicking::default_hook
[INFO] [stdout]    5:     0x5aa052236270 - test[aada8e7e76ba119b]::test_main_inner::{closure#0}
[INFO] [stdout]    6:     0x5aa0522ae022 - std[617be2ca0a6fd877]::panicking::panic_with_hook
[INFO] [stdout]    7:     0x5aa0522905c2 - std[617be2ca0a6fd877]::panicking::panic_handler::{closure#0}
[INFO] [stdout]    8:     0x5aa052288b89 - std[617be2ca0a6fd877]::sys::backtrace::__rust_end_short_backtrace::<std[617be2ca0a6fd877]::panicking::panic_handler::{closure#0}, !>
[INFO] [stdout]    9:     0x5aa0522912dd - __rustc[ea4f61d10b84890b]::rust_begin_unwind
[INFO] [stdout]   10:     0x5aa0522cc19c - core[a373ad73a504971]::panicking::panic_fmt
[INFO] [stdout]   11:     0x5aa0522cbf72 - core[a373ad73a504971]::result::unwrap_failed
[INFO] [stdout]   12:     0x5aa052205f5d - <gtars_core[d14d7c294311535]::models::region_set::tests::test_open_file_with_incorrect_headers::{closure#0} as core[a373ad73a504971]::ops::function::FnOnce<()>>::call_once
[INFO] [stdout]   13:     0x5aa0522296bb - test[aada8e7e76ba119b]::__rust_begin_short_backtrace::<core[a373ad73a504971]::result::Result<(), alloc[2e1b2a31b91974c5]::string::String>, fn() -> core[a373ad73a504971]::result::Result<(), alloc[2e1b2a31b91974c5]::string::String>>
[INFO] [stdout]   14:     0x5aa052236895 - test[aada8e7e76ba119b]::run_test::{closure#0}
[INFO] [stdout]   15:     0x5aa052230184 - std[617be2ca0a6fd877]::sys::backtrace::__rust_begin_short_backtrace::<test[aada8e7e76ba119b]::run_test::{closure#1}, ()>
[INFO] [stdout]   16:     0x5aa052239922 - <std[617be2ca0a6fd877]::thread::lifecycle::spawn_unchecked<test[aada8e7e76ba119b]::run_test::{closure#1}, ()>::{closure#1} as core[a373ad73a504971]::ops::function::FnOnce<()>>::call_once::{shim:vtable#0}
[INFO] [stdout]   17:     0x5aa0522b5aff - <std[617be2ca0a6fd877]::sys::thread::unix::Thread>::new::thread_start
[INFO] [stdout]   18:     0x73e0337b6dfa - <unknown>
[INFO] [stdout]   19:     0x73e03384a3d4 - clone
[INFO] [stdout]   20:                0x0 - <unknown>
[INFO] [stdout] 
[INFO] [stdout] ---- models::region_set::tests::test_iter_chroms stdout ----
[INFO] [stdout] 
[INFO] [stdout] thread 'models::region_set::tests::test_iter_chroms' (652) panicked at src/models/region_set.rs:1697:75:
[INFO] [stdout] called `Result::unwrap()` on an `Err` value: HttpFeatureDisabled("/opt/rustwide/workdir/../tests/data/regionset/dummy.narrowPeak")
[INFO] [stdout] stack backtrace:
[INFO] [stdout]    0:     0x5aa0522b62a1 - <<std[617be2ca0a6fd877]::sys::backtrace::BacktraceLock>::print::DisplayBacktrace as core[a373ad73a504971]::fmt::Display>::fmt
[INFO] [stdout]    1:     0x5aa0522cba6a - core[a373ad73a504971]::fmt::write
[INFO] [stdout]    2:     0x5aa0522baccc - <alloc[2e1b2a31b91974c5]::vec::Vec<u8> as core[a373ad73a504971]::io::write::Write>::write_fmt
[INFO] [stdout]    3:     0x5aa052290516 - std[617be2ca0a6fd877]::panicking::default_hook::{closure#0}
[INFO] [stdout]    4:     0x5aa0522ade69 - std[617be2ca0a6fd877]::panicking::default_hook
[INFO] [stdout]    5:     0x5aa052236270 - test[aada8e7e76ba119b]::test_main_inner::{closure#0}
[INFO] [stdout]    6:     0x5aa0522ae022 - std[617be2ca0a6fd877]::panicking::panic_with_hook
[INFO] [stdout]    7:     0x5aa0522905c2 - std[617be2ca0a6fd877]::panicking::panic_handler::{closure#0}
[INFO] [stdout]    8:     0x5aa052288b89 - std[617be2ca0a6fd877]::sys::backtrace::__rust_end_short_backtrace::<std[617be2ca0a6fd877]::panicking::panic_handler::{closure#0}, !>
[INFO] [stdout]    9:     0x5aa0522912dd - __rustc[ea4f61d10b84890b]::rust_begin_unwind
[INFO] [stdout]   10:     0x5aa0522cc19c - core[a373ad73a504971]::panicking::panic_fmt
[INFO] [stdout]   11:     0x5aa0522cbf72 - core[a373ad73a504971]::result::unwrap_failed
[INFO] [stdout]   12:     0x5aa052200cc3 - <gtars_core[d14d7c294311535]::models::region_set::tests::test_iter_chroms::{closure#0} as core[a373ad73a504971]::ops::function::FnOnce<()>>::call_once
[INFO] [stdout]   13:     0x5aa0522296bb - test[aada8e7e76ba119b]::__rust_begin_short_backtrace::<core[a373ad73a504971]::result::Result<(), alloc[2e1b2a31b91974c5]::string::String>, fn() -> core[a373ad73a504971]::result::Result<(), alloc[2e1b2a31b91974c5]::string::String>>
[INFO] [stdout]   14:     0x5aa052236895 - test[aada8e7e76ba119b]::run_test::{closure#0}
[INFO] [stdout]   15:     0x5aa052230184 - std[617be2ca0a6fd877]::sys::backtrace::__rust_begin_short_backtrace::<test[aada8e7e76ba119b]::run_test::{closure#1}, ()>
[INFO] [stdout]   16:     0x5aa052239922 - <std[617be2ca0a6fd877]::thread::lifecycle::spawn_unchecked<test[aada8e7e76ba119b]::run_test::{closure#1}, ()>::{closure#1} as core[a373ad73a504971]::ops::function::FnOnce<()>>::call_once::{shim:vtable#0}
[INFO] [stdout]   17:     0x5aa0522b5aff - <std[617be2ca0a6fd877]::sys::thread::unix::Thread>::new::thread_start
[INFO] [stdout]   18:     0x73e0337b6dfa - <unknown>
[INFO] [stdout]   19:     0x73e03384a3d4 - clone
[INFO] [stdout]   20:                0x0 - <unknown>
[INFO] [stdout] 
[INFO] [stdout] ---- models::region_set::tests::test_open_from_path stdout ----
[INFO] [stdout] 
[INFO] [stdout] thread 'models::region_set::tests::test_open_from_path' (656) panicked at src/models/region_set.rs:1446:9:
[INFO] [stdout] assertion failed: RegionSet::try_from(file_path.as_path()).is_ok()
[INFO] [stdout] stack backtrace:
[INFO] [stdout]    0:     0x5aa0522b62a1 - <<std[617be2ca0a6fd877]::sys::backtrace::BacktraceLock>::print::DisplayBacktrace as core[a373ad73a504971]::fmt::Display>::fmt
[INFO] [stdout]    1:     0x5aa0522cba6a - core[a373ad73a504971]::fmt::write
[INFO] [stdout]    2:     0x5aa0522baccc - <alloc[2e1b2a31b91974c5]::vec::Vec<u8> as core[a373ad73a504971]::io::write::Write>::write_fmt
[INFO] [stdout]    3:     0x5aa052290516 - std[617be2ca0a6fd877]::panicking::default_hook::{closure#0}
[INFO] [stdout]    4:     0x5aa0522ade69 - std[617be2ca0a6fd877]::panicking::default_hook
[INFO] [stdout]    5:     0x5aa052236270 - test[aada8e7e76ba119b]::test_main_inner::{closure#0}
[INFO] [stdout]    6:     0x5aa0522ae022 - std[617be2ca0a6fd877]::panicking::panic_with_hook
[INFO] [stdout]    7:     0x5aa0522905f4 - std[617be2ca0a6fd877]::panicking::panic_handler::{closure#0}
[INFO] [stdout]    8:     0x5aa052288b89 - std[617be2ca0a6fd877]::sys::backtrace::__rust_end_short_backtrace::<std[617be2ca0a6fd877]::panicking::panic_handler::{closure#0}, !>
[INFO] [stdout]    9:     0x5aa0522912dd - __rustc[ea4f61d10b84890b]::rust_begin_unwind
[INFO] [stdout]   10:     0x5aa0522cc19c - core[a373ad73a504971]::panicking::panic_fmt
[INFO] [stdout]   11:     0x5aa0522cc162 - core[a373ad73a504971]::panicking::panic
[INFO] [stdout]   12:     0x5aa052201a46 - <gtars_core[d14d7c294311535]::models::region_set::tests::test_open_from_path::{closure#0} as core[a373ad73a504971]::ops::function::FnOnce<()>>::call_once
[INFO] [stdout]   13:     0x5aa0522296bb - test[aada8e7e76ba119b]::__rust_begin_short_backtrace::<core[a373ad73a504971]::result::Result<(), alloc[2e1b2a31b91974c5]::string::String>, fn() -> core[a373ad73a504971]::result::Result<(), alloc[2e1b2a31b91974c5]::string::String>>
[INFO] [stdout]   14:     0x5aa052236895 - test[aada8e7e76ba119b]::run_test::{closure#0}
[INFO] [stdout]   15:     0x5aa052230184 - std[617be2ca0a6fd877]::sys::backtrace::__rust_begin_short_backtrace::<test[aada8e7e76ba119b]::run_test::{closure#1}, ()>
[INFO] [stdout]   16:     0x5aa052239922 - <std[617be2ca0a6fd877]::thread::lifecycle::spawn_unchecked<test[aada8e7e76ba119b]::run_test::{closure#1}, ()>::{closure#1} as core[a373ad73a504971]::ops::function::FnOnce<()>>::call_once::{shim:vtable#0}
[INFO] [stdout]   17:     0x5aa0522b5aff - <std[617be2ca0a6fd877]::sys::thread::unix::Thread>::new::thread_start
[INFO] [stdout]   18:     0x73e0337b6dfa - <unknown>
[INFO] [stdout]   19:     0x73e03384a3d4 - clone
[INFO] [stdout]   20:                0x0 - <unknown>
[INFO] [stdout] 
[INFO] [stdout] ---- models::region_set::tests::test_mean_region_width stdout ----
[INFO] [stdout] 
[INFO] [stdout] thread 'models::region_set::tests::test_mean_region_width' (653) panicked at src/models/region_set.rs:1668:75:
[INFO] [stdout] called `Result::unwrap()` on an `Err` value: HttpFeatureDisabled("/opt/rustwide/workdir/../tests/data/regionset/dummy.narrowPeak")
[INFO] [stdout] stack backtrace:
[INFO] [stdout]    0:     0x5aa0522b62a1 - <<std[617be2ca0a6fd877]::sys::backtrace::BacktraceLock>::print::DisplayBacktrace as core[a373ad73a504971]::fmt::Display>::fmt
[INFO] [stdout]    1:     0x5aa0522cba6a - core[a373ad73a504971]::fmt::write
[INFO] [stdout]    2:     0x5aa0522baccc - <alloc[2e1b2a31b91974c5]::vec::Vec<u8> as core[a373ad73a504971]::io::write::Write>::write_fmt
[INFO] [stdout]    3:     0x5aa052290516 - std[617be2ca0a6fd877]::panicking::default_hook::{closure#0}
[INFO] [stdout]    4:     0x5aa0522ade69 - std[617be2ca0a6fd877]::panicking::default_hook
[INFO] [stdout]    5:     0x5aa052236270 - test[aada8e7e76ba119b]::test_main_inner::{closure#0}
[INFO] [stdout]    6:     0x5aa0522ae022 - std[617be2ca0a6fd877]::panicking::panic_with_hook
[INFO] [stdout]    7:     0x5aa0522905c2 - std[617be2ca0a6fd877]::panicking::panic_handler::{closure#0}
[INFO] [stdout]    8:     0x5aa052288b89 - std[617be2ca0a6fd877]::sys::backtrace::__rust_end_short_backtrace::<std[617be2ca0a6fd877]::panicking::panic_handler::{closure#0}, !>
[INFO] [stdout]    9:     0x5aa0522912dd - __rustc[ea4f61d10b84890b]::rust_begin_unwind
[INFO] [stdout]   10:     0x5aa0522cc19c - core[a373ad73a504971]::panicking::panic_fmt
[INFO] [stdout]   11:     0x5aa0522cbf72 - core[a373ad73a504971]::result::unwrap_failed
[INFO] [stdout]   12:     0x5aa05220293a - <gtars_core[d14d7c294311535]::models::region_set::tests::test_mean_region_width::{closure#0} as core[a373ad73a504971]::ops::function::FnOnce<()>>::call_once
[INFO] [stdout]   13:     0x5aa0522296bb - test[aada8e7e76ba119b]::__rust_begin_short_backtrace::<core[a373ad73a504971]::result::Result<(), alloc[2e1b2a31b91974c5]::string::String>, fn() -> core[a373ad73a504971]::result::Result<(), alloc[2e1b2a31b91974c5]::string::String>>
[INFO] [stdout]   14:     0x5aa052236895 - test[aada8e7e76ba119b]::run_test::{closure#0}
[INFO] [stdout]   15:     0x5aa052230184 - std[617be2ca0a6fd877]::sys::backtrace::__rust_begin_short_backtrace::<test[aada8e7e76ba119b]::run_test::{closure#1}, ()>
[INFO] [stdout]   16:     0x5aa052239922 - <std[617be2ca0a6fd877]::thread::lifecycle::spawn_unchecked<test[aada8e7e76ba119b]::run_test::{closure#1}, ()>::{closure#1} as core[a373ad73a504971]::ops::function::FnOnce<()>>::call_once::{shim:vtable#0}
[INFO] [stdout]   17:     0x5aa0522b5aff - <std[617be2ca0a6fd877]::sys::thread::unix::Thread>::new::thread_start
[INFO] [stdout]   18:     0x73e0337b6dfa - <unknown>
[INFO] [stdout]   19:     0x73e03384a3d4 - clone
[INFO] [stdout]   20:                0x0 - <unknown>
[INFO] [stdout] 
[INFO] [stdout] ---- models::region_set::tests::test_open_bed_gz stdout ----
[INFO] [stdout] 
[INFO] [stdout] thread 'models::region_set::tests::test_open_bed_gz' (654) panicked at src/models/region_set.rs:1548:9:
[INFO] [stdout] assertion failed: RegionSet::try_from(file_path.to_str().unwrap()).is_ok()
[INFO] [stdout] stack backtrace:
[INFO] [stdout]    0:     0x5aa0522b62a1 - <<std[617be2ca0a6fd877]::sys::backtrace::BacktraceLock>::print::DisplayBacktrace as core[a373ad73a504971]::fmt::Display>::fmt
[INFO] [stdout]    1:     0x5aa0522cba6a - core[a373ad73a504971]::fmt::write
[INFO] [stdout]    2:     0x5aa0522baccc - <alloc[2e1b2a31b91974c5]::vec::Vec<u8> as core[a373ad73a504971]::io::write::Write>::write_fmt
[INFO] [stdout]    3:     0x5aa052290516 - std[617be2ca0a6fd877]::panicking::default_hook::{closure#0}
[INFO] [stdout]    4:     0x5aa0522ade69 - std[617be2ca0a6fd877]::panicking::default_hook
[INFO] [stdout]    5:     0x5aa052236270 - test[aada8e7e76ba119b]::test_main_inner::{closure#0}
[INFO] [stdout]    6:     0x5aa0522ae022 - std[617be2ca0a6fd877]::panicking::panic_with_hook
[INFO] [stdout]    7:     0x5aa0522905f4 - std[617be2ca0a6fd877]::panicking::panic_handler::{closure#0}
[INFO] [stdout]    8:     0x5aa052288b89 - std[617be2ca0a6fd877]::sys::backtrace::__rust_end_short_backtrace::<std[617be2ca0a6fd877]::panicking::panic_handler::{closure#0}, !>
[INFO] [stdout]    9:     0x5aa0522912dd - __rustc[ea4f61d10b84890b]::rust_begin_unwind
[INFO] [stdout]   10:     0x5aa0522cc19c - core[a373ad73a504971]::panicking::panic_fmt
[INFO] [stdout]   11:     0x5aa0522cc162 - core[a373ad73a504971]::panicking::panic
[INFO] [stdout]   12:     0x5aa052200e5e - <gtars_core[d14d7c294311535]::models::region_set::tests::test_open_bed_gz::{closure#0} as core[a373ad73a504971]::ops::function::FnOnce<()>>::call_once
[INFO] [stdout]   13:     0x5aa0522296bb - test[aada8e7e76ba119b]::__rust_begin_short_backtrace::<core[a373ad73a504971]::result::Result<(), alloc[2e1b2a31b91974c5]::string::String>, fn() -> core[a373ad73a504971]::result::Result<(), alloc[2e1b2a31b91974c5]::string::String>>
[INFO] [stdout]   14:     0x5aa052236895 - test[aada8e7e76ba119b]::run_test::{closure#0}
[INFO] [stdout]   15:     0x5aa052230184 - std[617be2ca0a6fd877]::sys::backtrace::__rust_begin_short_backtrace::<test[aada8e7e76ba119b]::run_test::{closure#1}, ()>
[INFO] [stdout]   16:     0x5aa052239922 - <std[617be2ca0a6fd877]::thread::lifecycle::spawn_unchecked<test[aada8e7e76ba119b]::run_test::{closure#1}, ()>::{closure#1} as core[a373ad73a504971]::ops::function::FnOnce<()>>::call_once::{shim:vtable#0}
[INFO] [stdout]   17:     0x5aa0522b5aff - <std[617be2ca0a6fd877]::sys::thread::unix::Thread>::new::thread_start
[INFO] [stdout]   18:     0x73e0337b6dfa - <unknown>
[INFO] [stdout]   19:     0x73e03384a3d4 - clone
[INFO] [stdout]   20:                0x0 - <unknown>
[INFO] [stdout] 
[INFO] [stdout] ---- models::region_set::tests::test_is_empty stdout ----
[INFO] [stdout] 
[INFO] [stdout] thread 'models::region_set::tests::test_is_empty' (651) panicked at src/models/region_set.rs:1651:75:
[INFO] [stdout] called `Result::unwrap()` on an `Err` value: HttpFeatureDisabled("/opt/rustwide/workdir/../tests/data/regionset/dummy_headers.bed")
[INFO] [stdout] stack backtrace:
[INFO] [stdout]    0:     0x5aa0522b62a1 - <<std[617be2ca0a6fd877]::sys::backtrace::BacktraceLock>::print::DisplayBacktrace as core[a373ad73a504971]::fmt::Display>::fmt
[INFO] [stdout]    1:     0x5aa0522cba6a - core[a373ad73a504971]::fmt::write
[INFO] [stdout]    2:     0x5aa0522baccc - <alloc[2e1b2a31b91974c5]::vec::Vec<u8> as core[a373ad73a504971]::io::write::Write>::write_fmt
[INFO] [stdout]    3:     0x5aa052290516 - std[617be2ca0a6fd877]::panicking::default_hook::{closure#0}
[INFO] [stdout]    4:     0x5aa0522ade69 - std[617be2ca0a6fd877]::panicking::default_hook
[INFO] [stdout]    5:     0x5aa052236270 - test[aada8e7e76ba119b]::test_main_inner::{closure#0}
[INFO] [stdout]    6:     0x5aa0522ae022 - std[617be2ca0a6fd877]::panicking::panic_with_hook
[INFO] [stdout]    7:     0x5aa0522905c2 - std[617be2ca0a6fd877]::panicking::panic_handler::{closure#0}
[INFO] [stdout]    8:     0x5aa052288b89 - std[617be2ca0a6fd877]::sys::backtrace::__rust_end_short_backtrace::<std[617be2ca0a6fd877]::panicking::panic_handler::{closure#0}, !>
[INFO] [stdout]    9:     0x5aa0522912dd - __rustc[ea4f61d10b84890b]::rust_begin_unwind
[INFO] [stdout]   10:     0x5aa0522cc19c - core[a373ad73a504971]::panicking::panic_fmt
[INFO] [stdout]   11:     0x5aa0522cbf72 - core[a373ad73a504971]::result::unwrap_failed
[INFO] [stdout]   12:     0x5aa0521ff7b9 - <gtars_core[d14d7c294311535]::models::region_set::tests::test_is_empty::{closure#0} as core[a373ad73a504971]::ops::function::FnOnce<()>>::call_once
[INFO] [stdout]   13:     0x5aa0522296bb - test[aada8e7e76ba119b]::__rust_begin_short_backtrace::<core[a373ad73a504971]::result::Result<(), alloc[2e1b2a31b91974c5]::string::String>, fn() -> core[a373ad73a504971]::result::Result<(), alloc[2e1b2a31b91974c5]::string::String>>
[INFO] [stdout]   14:     0x5aa052236895 - test[aada8e7e76ba119b]::run_test::{closure#0}
[INFO] [stdout]   15:     0x5aa052230184 - std[617be2ca0a6fd877]::sys::backtrace::__rust_begin_short_backtrace::<test[aada8e7e76ba119b]::run_test::{closure#1}, ()>
[INFO] [stdout]   16:     0x5aa052239922 - <std[617be2ca0a6fd877]::thread::lifecycle::spawn_unchecked<test[aada8e7e76ba119b]::run_test::{closure#1}, ()>::{closure#1} as core[a373ad73a504971]::ops::function::FnOnce<()>>::call_once::{shim:vtable#0}
[INFO] [stdout]   17:     0x5aa0522b5aff - <std[617be2ca0a6fd877]::sys::thread::unix::Thread>::new::thread_start
[INFO] [stdout]   18:     0x73e0337b6dfa - <unknown>
[INFO] [stdout]   19:     0x73e03384a3d4 - clone
[INFO] [stdout]   20:                0x0 - <unknown>
[INFO] [stdout] 
[INFO] [stdout] ---- models::region_set::tests::test_total_nucleotides_function stdout ----
[INFO] [stdout] 
[INFO] [stdout] thread 'models::region_set::tests::test_total_nucleotides_function' (661) panicked at src/models/region_set.rs:1689:75:
[INFO] [stdout] called `Result::unwrap()` on an `Err` value: HttpFeatureDisabled("/opt/rustwide/workdir/../tests/data/regionset/dummy.narrowPeak")
[INFO] [stdout] stack backtrace:
[INFO] [stdout]    0:     0x5aa0522b62a1 - <<std[617be2ca0a6fd877]::sys::backtrace::BacktraceLock>::print::DisplayBacktrace as core[a373ad73a504971]::fmt::Display>::fmt
[INFO] [stdout]    1:     0x5aa0522cba6a - core[a373ad73a504971]::fmt::write
[INFO] [stdout]    2:     0x5aa0522baccc - <alloc[2e1b2a31b91974c5]::vec::Vec<u8> as core[a373ad73a504971]::io::write::Write>::write_fmt
[INFO] [stdout]    3:     0x5aa052290516 - std[617be2ca0a6fd877]::panicking::default_hook::{closure#0}
[INFO] [stdout]    4:     0x5aa0522ade69 - std[617be2ca0a6fd877]::panicking::default_hook
[INFO] [stdout]    5:     0x5aa052236270 - test[aada8e7e76ba119b]::test_main_inner::{closure#0}
[INFO] [stdout]    6:     0x5aa0522ae022 - std[617be2ca0a6fd877]::panicking::panic_with_hook
[INFO] [stdout]    7:     0x5aa0522905c2 - std[617be2ca0a6fd877]::panicking::panic_handler::{closure#0}
[INFO] [stdout]    8:     0x5aa052288b89 - std[617be2ca0a6fd877]::sys::backtrace::__rust_end_short_backtrace::<std[617be2ca0a6fd877]::panicking::panic_handler::{closure#0}, !>
[INFO] [stdout]    9:     0x5aa0522912dd - __rustc[ea4f61d10b84890b]::rust_begin_unwind
[INFO] [stdout]   10:     0x5aa0522cc19c - core[a373ad73a504971]::panicking::panic_fmt
[INFO] [stdout]   11:     0x5aa0522cbf72 - core[a373ad73a504971]::result::unwrap_failed
[INFO] [stdout]   12:     0x5aa05220425c - <gtars_core[d14d7c294311535]::models::region_set::tests::test_total_nucleotides_function::{closure#0} as core[a373ad73a504971]::ops::function::FnOnce<()>>::call_once
[INFO] [stdout]   13:     0x5aa0522296bb - test[aada8e7e76ba119b]::__rust_begin_short_backtrace::<core[a373ad73a504971]::result::Result<(), alloc[2e1b2a31b91974c5]::string::String>, fn() -> core[a373ad73a504971]::result::Result<(), alloc[2e1b2a31b91974c5]::string::String>>
[INFO] [stdout]   14:     0x5aa052236895 - test[aada8e7e76ba119b]::run_test::{closure#0}
[INFO] [stdout]   15:     0x5aa052230184 - std[617be2ca0a6fd877]::sys::backtrace::__rust_begin_short_backtrace::<test[aada8e7e76ba119b]::run_test::{closure#1}, ()>
[INFO] [stdout]   16:     0x5aa052239922 - <std[617be2ca0a6fd877]::thread::lifecycle::spawn_unchecked<test[aada8e7e76ba119b]::run_test::{closure#1}, ()>::{closure#1} as core[a373ad73a504971]::ops::function::FnOnce<()>>::call_once::{shim:vtable#0}
[INFO] [stdout]   17:     0x5aa0522b5aff - <std[617be2ca0a6fd877]::sys::thread::unix::Thread>::new::thread_start
[INFO] [stdout]   18:     0x73e0337b6dfa - <unknown>
[INFO] [stdout]   19:     0x73e03384a3d4 - clone
[INFO] [stdout]   20:                0x0 - <unknown>
[INFO] [stdout] 
[INFO] [stdout] ---- models::region_set_list::tests::test_add_and_len stdout ----
[INFO] [stdout] 
[INFO] [stdout] thread 'models::region_set_list::tests::test_add_and_len' (663) panicked at src/models/region_set_list.rs:263:36:
[INFO] [stdout] called `Result::unwrap()` on an `Err` value: Os { code: 2, kind: NotFound, message: "No such file or directory" }
[INFO] [stdout] stack backtrace:
[INFO] [stdout]    0:     0x5aa0522b62a1 - <<std[617be2ca0a6fd877]::sys::backtrace::BacktraceLock>::print::DisplayBacktrace as core[a373ad73a504971]::fmt::Display>::fmt
[INFO] [stdout]    1:     0x5aa0522cba6a - core[a373ad73a504971]::fmt::write
[INFO] [stdout]    2:     0x5aa0522baccc - <alloc[2e1b2a31b91974c5]::vec::Vec<u8> as core[a373ad73a504971]::io::write::Write>::write_fmt
[INFO] [stdout]    3:     0x5aa052290516 - std[617be2ca0a6fd877]::panicking::default_hook::{closure#0}
[INFO] [stdout]    4:     0x5aa0522ade69 - std[617be2ca0a6fd877]::panicking::default_hook
[INFO] [stdout]    5:     0x5aa052236270 - test[aada8e7e76ba119b]::test_main_inner::{closure#0}
[INFO] [stdout]    6:     0x5aa0522ae022 - std[617be2ca0a6fd877]::panicking::panic_with_hook
[INFO] [stdout]    7:     0x5aa0522905c2 - std[617be2ca0a6fd877]::panicking::panic_handler::{closure#0}
[INFO] [stdout]    8:     0x5aa052288b89 - std[617be2ca0a6fd877]::sys::backtrace::__rust_end_short_backtrace::<std[617be2ca0a6fd877]::panicking::panic_handler::{closure#0}, !>
[INFO] [stdout]    9:     0x5aa0522912dd - __rustc[ea4f61d10b84890b]::rust_begin_unwind
[INFO] [stdout]   10:     0x5aa0522cc19c - core[a373ad73a504971]::panicking::panic_fmt
[INFO] [stdout]   11:     0x5aa0522cbf72 - core[a373ad73a504971]::result::unwrap_failed
[INFO] [stdout]   12:     0x5aa052219898 - gtars_core[d14d7c294311535]::models::region_set_list::tests::get_test_bed_paths
[INFO] [stdout]   13:     0x5aa05221a3d1 - <gtars_core[d14d7c294311535]::models::region_set_list::tests::test_add_and_len::{closure#0} as core[a373ad73a504971]::ops::function::FnOnce<()>>::call_once
[INFO] [stdout]   14:     0x5aa0522296bb - test[aada8e7e76ba119b]::__rust_begin_short_backtrace::<core[a373ad73a504971]::result::Result<(), alloc[2e1b2a31b91974c5]::string::String>, fn() -> core[a373ad73a504971]::result::Result<(), alloc[2e1b2a31b91974c5]::string::String>>
[INFO] [stdout]   15:     0x5aa052236895 - test[aada8e7e76ba119b]::run_test::{closure#0}
[INFO] [stdout]   16:     0x5aa052230184 - std[617be2ca0a6fd877]::sys::backtrace::__rust_begin_short_backtrace::<test[aada8e7e76ba119b]::run_test::{closure#1}, ()>
[INFO] [stdout]   17:     0x5aa052239922 - <std[617be2ca0a6fd877]::thread::lifecycle::spawn_unchecked<test[aada8e7e76ba119b]::run_test::{closure#1}, ()>::{closure#1} as core[a373ad73a504971]::ops::function::FnOnce<()>>::call_once::{shim:vtable#0}
[INFO] [stdout]   18:     0x5aa0522b5aff - <std[617be2ca0a6fd877]::sys::thread::unix::Thread>::new::thread_start
[INFO] [stdout]   19:     0x73e0337b6dfa - <unknown>
[INFO] [stdout]   20:     0x73e03384a3d4 - clone
[INFO] [stdout]   21:                0x0 - <unknown>
[INFO] [stdout] 
[INFO] [stdout] ---- models::region_set::tests::test_open_from_string stdout ----
[INFO] [stdout] 
[INFO] [stdout] thread 'models::region_set::tests::test_open_from_string' (657) panicked at src/models/region_set.rs:1452:9:
[INFO] [stdout] assertion failed: RegionSet::try_from(file_path.to_str().unwrap()).is_ok()
[INFO] [stdout] stack backtrace:
[INFO] [stdout]    0:     0x5aa0522b62a1 - <<std[617be2ca0a6fd877]::sys::backtrace::BacktraceLock>::print::DisplayBacktrace as core[a373ad73a504971]::fmt::Display>::fmt
[INFO] [stdout]    1:     0x5aa0522cba6a - core[a373ad73a504971]::fmt::write
[INFO] [stdout]    2:     0x5aa0522baccc - <alloc[2e1b2a31b91974c5]::vec::Vec<u8> as core[a373ad73a504971]::io::write::Write>::write_fmt
[INFO] [stdout]    3:     0x5aa052290516 - std[617be2ca0a6fd877]::panicking::default_hook::{closure#0}
[INFO] [stdout]    4:     0x5aa0522ade69 - std[617be2ca0a6fd877]::panicking::default_hook
[INFO] [stdout]    5:     0x5aa052236270 - test[aada8e7e76ba119b]::test_main_inner::{closure#0}
[INFO] [stdout]    6:     0x5aa0522ae022 - std[617be2ca0a6fd877]::panicking::panic_with_hook
[INFO] [stdout]    7:     0x5aa0522905f4 - std[617be2ca0a6fd877]::panicking::panic_handler::{closure#0}
[INFO] [stdout]    8:     0x5aa052288b89 - std[617be2ca0a6fd877]::sys::backtrace::__rust_end_short_backtrace::<std[617be2ca0a6fd877]::panicking::panic_handler::{closure#0}, !>
[INFO] [stdout]    9:     0x5aa0522912dd - __rustc[ea4f61d10b84890b]::rust_begin_unwind
[INFO] [stdout]   10:     0x5aa0522cc19c - core[a373ad73a504971]::panicking::panic_fmt
[INFO] [stdout]   11:     0x5aa0522cc162 - core[a373ad73a504971]::panicking::panic
[INFO] [stdout]   12:     0x5aa05220209e - <gtars_core[d14d7c294311535]::models::region_set::tests::test_open_from_string::{closure#0} as core[a373ad73a504971]::ops::function::FnOnce<()>>::call_once
[INFO] [stdout]   13:     0x5aa0522296bb - test[aada8e7e76ba119b]::__rust_begin_short_backtrace::<core[a373ad73a504971]::result::Result<(), alloc[2e1b2a31b91974c5]::string::String>, fn() -> core[a373ad73a504971]::result::Result<(), alloc[2e1b2a31b91974c5]::string::String>>
[INFO] [stdout]   14:     0x5aa052236895 - test[aada8e7e76ba119b]::run_test::{closure#0}
[INFO] [stdout]   15:     0x5aa052230184 - std[617be2ca0a6fd877]::sys::backtrace::__rust_begin_short_backtrace::<test[aada8e7e76ba119b]::run_test::{closure#1}, ()>
[INFO] [stdout]   16:     0x5aa052239922 - <std[617be2ca0a6fd877]::thread::lifecycle::spawn_unchecked<test[aada8e7e76ba119b]::run_test::{closure#1}, ()>::{closure#1} as core[a373ad73a504971]::ops::function::FnOnce<()>>::call_once::{shim:vtable#0}
[INFO] [stdout]   17:     0x5aa0522b5aff - <std[617be2ca0a6fd877]::sys::thread::unix::Thread>::new::thread_start
[INFO] [stdout]   18:     0x73e0337b6dfa - <unknown>
[INFO] [stdout]   19:     0x73e03384a3d4 - clone
[INFO] [stdout]   20:                0x0 - <unknown>
[INFO] [stdout] 
[INFO] [stdout] ---- models::region_set::tests::test_read_headers stdout ----
[INFO] [stdout] 
[INFO] [stdout] thread 'models::region_set::tests::test_read_headers' (658) panicked at src/models/region_set.rs:1642:75:
[INFO] [stdout] called `Result::unwrap()` on an `Err` value: HttpFeatureDisabled("/opt/rustwide/workdir/../tests/data/regionset/dummy_headers.bed")
[INFO] [stdout] stack backtrace:
[INFO] [stdout]    0:     0x5aa0522b62a1 - <<std[617be2ca0a6fd877]::sys::backtrace::BacktraceLock>::print::DisplayBacktrace as core[a373ad73a504971]::fmt::Display>::fmt
[INFO] [stdout]    1:     0x5aa0522cba6a - core[a373ad73a504971]::fmt::write
[INFO] [stdout]    2:     0x5aa0522baccc - <alloc[2e1b2a31b91974c5]::vec::Vec<u8> as core[a373ad73a504971]::io::write::Write>::write_fmt
[INFO] [stdout]    3:     0x5aa052290516 - std[617be2ca0a6fd877]::panicking::default_hook::{closure#0}
[INFO] [stdout]    4:     0x5aa0522ade69 - std[617be2ca0a6fd877]::panicking::default_hook
[INFO] [stdout]    5:     0x5aa052236270 - test[aada8e7e76ba119b]::test_main_inner::{closure#0}
[INFO] [stdout]    6:     0x5aa0522ae022 - std[617be2ca0a6fd877]::panicking::panic_with_hook
[INFO] [stdout]    7:     0x5aa0522905c2 - std[617be2ca0a6fd877]::panicking::panic_handler::{closure#0}
[INFO] [stdout]    8:     0x5aa052288b89 - std[617be2ca0a6fd877]::sys::backtrace::__rust_end_short_backtrace::<std[617be2ca0a6fd877]::panicking::panic_handler::{closure#0}, !>
[INFO] [stdout]    9:     0x5aa0522912dd - __rustc[ea4f61d10b84890b]::rust_begin_unwind
[INFO] [stdout]   10:     0x5aa0522cc19c - core[a373ad73a504971]::panicking::panic_fmt
[INFO] [stdout]   11:     0x5aa0522cbf72 - core[a373ad73a504971]::result::unwrap_failed
[INFO] [stdout]   12:     0x5aa052201762 - <gtars_core[d14d7c294311535]::models::region_set::tests::test_read_headers::{closure#0} as core[a373ad73a504971]::ops::function::FnOnce<()>>::call_once
[INFO] [stdout]   13:     0x5aa0522296bb - test[aada8e7e76ba119b]::__rust_begin_short_backtrace::<core[a373ad73a504971]::result::Result<(), alloc[2e1b2a31b91974c5]::string::String>, fn() -> core[a373ad73a504971]::result::Result<(), alloc[2e1b2a31b91974c5]::string::String>>
[INFO] [stdout]   14:     0x5aa052236895 - test[aada8e7e76ba119b]::run_test::{closure#0}
[INFO] [stdout]   15:     0x5aa052230184 - std[617be2ca0a6fd877]::sys::backtrace::__rust_begin_short_backtrace::<test[aada8e7e76ba119b]::run_test::{closure#1}, ()>
[INFO] [stdout]   16:     0x5aa052239922 - <std[617be2ca0a6fd877]::thread::lifecycle::spawn_unchecked<test[aada8e7e76ba119b]::run_test::{closure#1}, ()>::{closure#1} as core[a373ad73a504971]::ops::function::FnOnce<()>>::call_once::{shim:vtable#0}
[INFO] [stdout]   17:     0x5aa0522b5aff - <std[617be2ca0a6fd877]::sys::thread::unix::Thread>::new::thread_start
[INFO] [stdout]   18:     0x73e0337b6dfa - <unknown>
[INFO] [stdout]   19:     0x73e03384a3d4 - clone
[INFO] [stdout]   20:                0x0 - <unknown>
[INFO] [stdout] 
[INFO] [stdout] ---- models::region_set_list::tests::test_calculate_identifier stdout ----
[INFO] [stdout] 
[INFO] [stdout] thread 'models::region_set_list::tests::test_calculate_identifier' (664) panicked at src/models/region_set_list.rs:263:36:
[INFO] [stdout] called `Result::unwrap()` on an `Err` value: Os { code: 2, kind: NotFound, message: "No such file or directory" }
[INFO] [stdout] stack backtrace:
[INFO] [stdout]    0:     0x5aa0522b62a1 - <<std[617be2ca0a6fd877]::sys::backtrace::BacktraceLock>::print::DisplayBacktrace as core[a373ad73a504971]::fmt::Display>::fmt
[INFO] [stdout]    1:     0x5aa0522cba6a - core[a373ad73a504971]::fmt::write
[INFO] [stdout]    2:     0x5aa0522baccc - <alloc[2e1b2a31b91974c5]::vec::Vec<u8> as core[a373ad73a504971]::io::write::Write>::write_fmt
[INFO] [stdout]    3:     0x5aa052290516 - std[617be2ca0a6fd877]::panicking::default_hook::{closure#0}
[INFO] [stdout]    4:     0x5aa0522ade69 - std[617be2ca0a6fd877]::panicking::default_hook
[INFO] [stdout]    5:     0x5aa052236270 - test[aada8e7e76ba119b]::test_main_inner::{closure#0}
[INFO] [stdout]    6:     0x5aa0522ae022 - std[617be2ca0a6fd877]::panicking::panic_with_hook
[INFO] [stdout]    7:     0x5aa0522905c2 - std[617be2ca0a6fd877]::panicking::panic_handler::{closure#0}
[INFO] [stdout]    8:     0x5aa052288b89 - std[617be2ca0a6fd877]::sys::backtrace::__rust_end_short_backtrace::<std[617be2ca0a6fd877]::panicking::panic_handler::{closure#0}, !>
[INFO] [stdout]    9:     0x5aa0522912dd - __rustc[ea4f61d10b84890b]::rust_begin_unwind
[INFO] [stdout]   10:     0x5aa0522cc19c - core[a373ad73a504971]::panicking::panic_fmt
[INFO] [stdout]   11:     0x5aa0522cbf72 - core[a373ad73a504971]::result::unwrap_failed
[INFO] [stdout]   12:     0x5aa052219898 - gtars_core[d14d7c294311535]::models::region_set_list::tests::get_test_bed_paths
[INFO] [stdout]   13:     0x5aa05221b4cd - <gtars_core[d14d7c294311535]::models::region_set_list::tests::test_calculate_identifier::{closure#0} as core[a373ad73a504971]::ops::function::FnOnce<()>>::call_once
[INFO] [stdout]   14:     0x5aa0522296bb - test[aada8e7e76ba119b]::__rust_begin_short_backtrace::<core[a373ad73a504971]::result::Result<(), alloc[2e1b2a31b91974c5]::string::String>, fn() -> core[a373ad73a504971]::result::Result<(), alloc[2e1b2a31b91974c5]::string::String>>
[INFO] [stdout]   15:     0x5aa052236895 - test[aada8e7e76ba119b]::run_test::{closure#0}
[INFO] [stdout]   16:     0x5aa052230184 - std[617be2ca0a6fd877]::sys::backtrace::__rust_begin_short_backtrace::<test[aada8e7e76ba119b]::run_test::{closure#1}, ()>
[INFO] [stdout]   17:     0x5aa052239922 - <std[617be2ca0a6fd877]::thread::lifecycle::spawn_unchecked<test[aada8e7e76ba119b]::run_test::{closure#1}, ()>::{closure#1} as core[a373ad73a504971]::ops::function::FnOnce<()>>::call_once::{shim:vtable#0}
[INFO] [stdout]   18:     0x5aa0522b5aff - <std[617be2ca0a6fd877]::sys::thread::unix::Thread>::new::thread_start
[INFO] [stdout]   19:     0x73e0337b6dfa - <unknown>
[INFO] [stdout]   20:     0x73e03384a3d4 - clone
[INFO] [stdout]   21:                0x0 - <unknown>
[INFO] [stdout] 
[INFO] [stdout] ---- models::region_set::tests::test_save_bed stdout ----
[INFO] [stdout] 
[INFO] [stdout] thread 'models::region_set::tests::test_save_bed' (659) panicked at src/models/region_set.rs:1606:75:
[INFO] [stdout] called `Result::unwrap()` on an `Err` value: HttpFeatureDisabled("/opt/rustwide/workdir/../tests/data/regionset/dummy.narrowPeak")
[INFO] [stdout] stack backtrace:
[INFO] [stdout]    0:     0x5aa0522b62a1 - <<std[617be2ca0a6fd877]::sys::backtrace::BacktraceLock>::print::DisplayBacktrace as core[a373ad73a504971]::fmt::Display>::fmt
[INFO] [stdout]    1:     0x5aa0522cba6a - core[a373ad73a504971]::fmt::write
[INFO] [stdout]    2:     0x5aa0522baccc - <alloc[2e1b2a31b91974c5]::vec::Vec<u8> as core[a373ad73a504971]::io::write::Write>::write_fmt
[INFO] [stdout]    3:     0x5aa052290516 - std[617be2ca0a6fd877]::panicking::default_hook::{closure#0}
[INFO] [stdout]    4:     0x5aa0522ade69 - std[617be2ca0a6fd877]::panicking::default_hook
[INFO] [stdout]    5:     0x5aa052236270 - test[aada8e7e76ba119b]::test_main_inner::{closure#0}
[INFO] [stdout]    6:     0x5aa0522ae022 - std[617be2ca0a6fd877]::panicking::panic_with_hook
[INFO] [stdout]    7:     0x5aa0522905c2 - std[617be2ca0a6fd877]::panicking::panic_handler::{closure#0}
[INFO] [stdout]    8:     0x5aa052288b89 - std[617be2ca0a6fd877]::sys::backtrace::__rust_end_short_backtrace::<std[617be2ca0a6fd877]::panicking::panic_handler::{closure#0}, !>
[INFO] [stdout]    9:     0x5aa0522912dd - __rustc[ea4f61d10b84890b]::rust_begin_unwind
[INFO] [stdout]   10:     0x5aa0522cc19c - core[a373ad73a504971]::panicking::panic_fmt
[INFO] [stdout]   11:     0x5aa0522cbf72 - core[a373ad73a504971]::result::unwrap_failed
[INFO] [stdout]   12:     0x5aa0521ffb50 - <gtars_core[d14d7c294311535]::models::region_set::tests::test_save_bed::{closure#0} as core[a373ad73a504971]::ops::function::FnOnce<()>>::call_once
[INFO] [stdout]   13:     0x5aa0522296bb - test[aada8e7e76ba119b]::__rust_begin_short_backtrace::<core[a373ad73a504971]::result::Result<(), alloc[2e1b2a31b91974c5]::string::String>, fn() -> core[a373ad73a504971]::result::Result<(), alloc[2e1b2a31b91974c5]::string::String>>
[INFO] [stdout]   14:     0x5aa052236895 - test[aada8e7e76ba119b]::run_test::{closure#0}
[INFO] [stdout]   15:     0x5aa052230184 - std[617be2ca0a6fd877]::sys::backtrace::__rust_begin_short_backtrace::<test[aada8e7e76ba119b]::run_test::{closure#1}, ()>
[INFO] [stdout]   16:     0x5aa052239922 - <std[617be2ca0a6fd877]::thread::lifecycle::spawn_unchecked<test[aada8e7e76ba119b]::run_test::{closure#1}, ()>::{closure#1} as core[a373ad73a504971]::ops::function::FnOnce<()>>::call_once::{shim:vtable#0}
[INFO] [stdout]   17:     0x5aa0522b5aff - <std[617be2ca0a6fd877]::sys::thread::unix::Thread>::new::thread_start
[INFO] [stdout]   18:     0x73e0337b6dfa - <unknown>
[INFO] [stdout]   19:     0x73e03384a3d4 - clone
[INFO] [stdout]   20:                0x0 - <unknown>
[INFO] [stdout] 
[INFO] [stdout] ---- models::region_set::tests::test_save_bed_gz stdout ----
[INFO] [stdout] 
[INFO] [stdout] thread 'models::region_set::tests::test_save_bed_gz' (660) panicked at src/models/region_set.rs:1589:75:
[INFO] [stdout] called `Result::unwrap()` on an `Err` value: HttpFeatureDisabled("/opt/rustwide/workdir/../tests/data/regionset/dummy.narrowPeak.bed.gz")
[INFO] [stdout] stack backtrace:
[INFO] [stdout]    0:     0x5aa0522b62a1 - <<std[617be2ca0a6fd877]::sys::backtrace::BacktraceLock>::print::DisplayBacktrace as core[a373ad73a504971]::fmt::Display>::fmt
[INFO] [stdout]    1:     0x5aa0522cba6a - core[a373ad73a504971]::fmt::write
[INFO] [stdout]    2:     0x5aa0522baccc - <alloc[2e1b2a31b91974c5]::vec::Vec<u8> as core[a373ad73a504971]::io::write::Write>::write_fmt
[INFO] [stdout]    3:     0x5aa052290516 - std[617be2ca0a6fd877]::panicking::default_hook::{closure#0}
[INFO] [stdout]    4:     0x5aa0522ade69 - std[617be2ca0a6fd877]::panicking::default_hook
[INFO] [stdout]    5:     0x5aa052236270 - test[aada8e7e76ba119b]::test_main_inner::{closure#0}
[INFO] [stdout]    6:     0x5aa0522ae022 - std[617be2ca0a6fd877]::panicking::panic_with_hook
[INFO] [stdout]    7:     0x5aa0522905c2 - std[617be2ca0a6fd877]::panicking::panic_handler::{closure#0}
[INFO] [stdout]    8:     0x5aa052288b89 - std[617be2ca0a6fd877]::sys::backtrace::__rust_end_short_backtrace::<std[617be2ca0a6fd877]::panicking::panic_handler::{closure#0}, !>
[INFO] [stdout]    9:     0x5aa0522912dd - __rustc[ea4f61d10b84890b]::rust_begin_unwind
[INFO] [stdout]   10:     0x5aa0522cc19c - core[a373ad73a504971]::panicking::panic_fmt
[INFO] [stdout]   11:     0x5aa0522cbf72 - core[a373ad73a504971]::result::unwrap_failed
[INFO] [stdout]   12:     0x5aa0522011c0 - <gtars_core[d14d7c294311535]::models::region_set::tests::test_save_bed_gz::{closure#0} as core[a373ad73a504971]::ops::function::FnOnce<()>>::call_once
[INFO] [stdout]   13:     0x5aa0522296bb - test[aada8e7e76ba119b]::__rust_begin_short_backtrace::<core[a373ad73a504971]::result::Result<(), alloc[2e1b2a31b91974c5]::string::String>, fn() -> core[a373ad73a504971]::result::Result<(), alloc[2e1b2a31b91974c5]::string::String>>
[INFO] [stdout]   14:     0x5aa052236895 - test[aada8e7e76ba119b]::run_test::{closure#0}
[INFO] [stdout]   15:     0x5aa052230184 - std[617be2ca0a6fd877]::sys::backtrace::__rust_begin_short_backtrace::<test[aada8e7e76ba119b]::run_test::{closure#1}, ()>
[INFO] [stdout]   16:     0x5aa052239922 - <std[617be2ca0a6fd877]::thread::lifecycle::spawn_unchecked<test[aada8e7e76ba119b]::run_test::{closure#1}, ()>::{closure#1} as core[a373ad73a504971]::ops::function::FnOnce<()>>::call_once::{shim:vtable#0}
[INFO] [stdout]   17:     0x5aa0522b5aff - <std[617be2ca0a6fd877]::sys::thread::unix::Thread>::new::thread_start
[INFO] [stdout]   18:     0x73e0337b6dfa - <unknown>
[INFO] [stdout]   19:     0x73e03384a3d4 - clone
[INFO] [stdout]   20:                0x0 - <unknown>
[INFO] [stdout] 
[INFO] [stdout] ---- models::region_set_list::tests::test_from_vec_regionset stdout ----
[INFO] [stdout] 
[INFO] [stdout] thread 'models::region_set_list::tests::test_from_vec_regionset' (668) panicked at src/models/region_set_list.rs:263:36:
[INFO] [stdout] called `Result::unwrap()` on an `Err` value: Os { code: 2, kind: NotFound, message: "No such file or directory" }
[INFO] [stdout] stack backtrace:
[INFO] [stdout]    0:     0x5aa0522b62a1 - <<std[617be2ca0a6fd877]::sys::backtrace::BacktraceLock>::print::DisplayBacktrace as core[a373ad73a504971]::fmt::Display>::fmt
[INFO] [stdout]    1:     0x5aa0522cba6a - core[a373ad73a504971]::fmt::write
[INFO] [stdout]    2:     0x5aa0522baccc - <alloc[2e1b2a31b91974c5]::vec::Vec<u8> as core[a373ad73a504971]::io::write::Write>::write_fmt
[INFO] [stdout]    3:     0x5aa052290516 - std[617be2ca0a6fd877]::panicking::default_hook::{closure#0}
[INFO] [stdout]    4:     0x5aa0522ade69 - std[617be2ca0a6fd877]::panicking::default_hook
[INFO] [stdout]    5:     0x5aa052236270 - test[aada8e7e76ba119b]::test_main_inner::{closure#0}
[INFO] [stdout]    6:     0x5aa0522ae022 - std[617be2ca0a6fd877]::panicking::panic_with_hook
[INFO] [stdout]    7:     0x5aa0522905c2 - std[617be2ca0a6fd877]::panicking::panic_handler::{closure#0}
[INFO] [stdout]    8:     0x5aa052288b89 - std[617be2ca0a6fd877]::sys::backtrace::__rust_end_short_backtrace::<std[617be2ca0a6fd877]::panicking::panic_handler::{closure#0}, !>
[INFO] [stdout]    9:     0x5aa0522912dd - __rustc[ea4f61d10b84890b]::rust_begin_unwind
[INFO] [stdout]   10:     0x5aa0522cc19c - core[a373ad73a504971]::panicking::panic_fmt
[INFO] [stdout]   11:     0x5aa0522cbf72 - core[a373ad73a504971]::result::unwrap_failed
[INFO] [stdout]   12:     0x5aa052219898 - gtars_core[d14d7c294311535]::models::region_set_list::tests::get_test_bed_paths
[INFO] [stdout]   13:     0x5aa05221b27d - <gtars_core[d14d7c294311535]::models::region_set_list::tests::test_from_vec_regionset::{closure#0} as core[a373ad73a504971]::ops::function::FnOnce<()>>::call_once
[INFO] [stdout]   14:     0x5aa0522296bb - test[aada8e7e76ba119b]::__rust_begin_short_backtrace::<core[a373ad73a504971]::result::Result<(), alloc[2e1b2a31b91974c5]::string::String>, fn() -> core[a373ad73a504971]::result::Result<(), alloc[2e1b2a31b91974c5]::string::String>>
[INFO] [stdout]   15:     0x5aa052236895 - test[aada8e7e76ba119b]::run_test::{closure#0}
[INFO] [stdout]   16:     0x5aa052230184 - std[617be2ca0a6fd877]::sys::backtrace::__rust_begin_short_backtrace::<test[aada8e7e76ba119b]::run_test::{closure#1}, ()>
[INFO] [stdout]   17:     0x5aa052239922 - <std[617be2ca0a6fd877]::thread::lifecycle::spawn_unchecked<test[aada8e7e76ba119b]::run_test::{closure#1}, ()>::{closure#1} as core[a373ad73a504971]::ops::function::FnOnce<()>>::call_once::{shim:vtable#0}
[INFO] [stdout]   18:     0x5aa0522b5aff - <std[617be2ca0a6fd877]::sys::thread::unix::Thread>::new::thread_start
[INFO] [stdout]   19:     0x73e0337b6dfa - <unknown>
[INFO] [stdout]   20:     0x73e03384a3d4 - clone
[INFO] [stdout]   21:                0x0 - <unknown>
[INFO] [stdout] 
[INFO] [stdout] ---- models::region_set_list::tests::test_is_empty stdout ----
[INFO] [stdout] 
[INFO] [stdout] thread 'models::region_set_list::tests::test_is_empty' (670) panicked at src/models/region_set_list.rs:263:36:
[INFO] [stdout] called `Result::unwrap()` on an `Err` value: Os { code: 2, kind: NotFound, message: "No such file or directory" }
[INFO] [stdout] stack backtrace:
[INFO] [stdout]    0:     0x5aa0522b62a1 - <<std[617be2ca0a6fd877]::sys::backtrace::BacktraceLock>::print::DisplayBacktrace as core[a373ad73a504971]::fmt::Display>::fmt
[INFO] [stdout]    1:     0x5aa0522cba6a - core[a373ad73a504971]::fmt::write
[INFO] [stdout]    2:     0x5aa0522baccc - <alloc[2e1b2a31b91974c5]::vec::Vec<u8> as core[a373ad73a504971]::io::write::Write>::write_fmt
[INFO] [stdout]    3:     0x5aa052290516 - std[617be2ca0a6fd877]::panicking::default_hook::{closure#0}
[INFO] [stdout]    4:     0x5aa0522ade69 - std[617be2ca0a6fd877]::panicking::default_hook
[INFO] [stdout]    5:     0x5aa052236270 - test[aada8e7e76ba119b]::test_main_inner::{closure#0}
[INFO] [stdout]    6:     0x5aa0522ae022 - std[617be2ca0a6fd877]::panicking::panic_with_hook
[INFO] [stdout]    7:     0x5aa0522905c2 - std[617be2ca0a6fd877]::panicking::panic_handler::{closure#0}
[INFO] [stdout]    8:     0x5aa052288b89 - std[617be2ca0a6fd877]::sys::backtrace::__rust_end_short_backtrace::<std[617be2ca0a6fd877]::panicking::panic_handler::{closure#0}, !>
[INFO] [stdout]    9:     0x5aa0522912dd - __rustc[ea4f61d10b84890b]::rust_begin_unwind
[INFO] [stdout]   10:     0x5aa0522cc19c - core[a373ad73a504971]::panicking::panic_fmt
[INFO] [stdout]   11:     0x5aa0522cbf72 - core[a373ad73a504971]::result::unwrap_failed
[INFO] [stdout]   12:     0x5aa052219898 - gtars_core[d14d7c294311535]::models::region_set_list::tests::get_test_bed_paths
[INFO] [stdout]   13:     0x5aa052219edd - <gtars_core[d14d7c294311535]::models::region_set_list::tests::test_is_empty::{closure#0} as core[a373ad73a504971]::ops::function::FnOnce<()>>::call_once
[INFO] [stdout]   14:     0x5aa0522296bb - test[aada8e7e76ba119b]::__rust_begin_short_backtrace::<core[a373ad73a504971]::result::Result<(), alloc[2e1b2a31b91974c5]::string::String>, fn() -> core[a373ad73a504971]::result::Result<(), alloc[2e1b2a31b91974c5]::string::String>>
[INFO] [stdout]   15:     0x5aa052236895 - test[aada8e7e76ba119b]::run_test::{closure#0}
[INFO] [stdout]   16:     0x5aa052230184 - std[617be2ca0a6fd877]::sys::backtrace::__rust_begin_short_backtrace::<test[aada8e7e76ba119b]::run_test::{closure#1}, ()>
[INFO] [stdout]   17:     0x5aa052239922 - <std[617be2ca0a6fd877]::thread::lifecycle::spawn_unchecked<test[aada8e7e76ba119b]::run_test::{closure#1}, ()>::{closure#1} as core[a373ad73a504971]::ops::function::FnOnce<()>>::call_once::{shim:vtable#0}
[INFO] [stdout]   18:     0x5aa0522b5aff - <std[617be2ca0a6fd877]::sys::thread::unix::Thread>::new::thread_start
[INFO] [stdout]   19:     0x73e0337b6dfa - <unknown>
[INFO] [stdout]   20:     0x73e03384a3d4 - clone
[INFO] [stdout]   21:                0x0 - <unknown>
[INFO] [stdout] 
[INFO] [stdout] ---- models::region_set_list::tests::test_try_from_path_vec stdout ----
[INFO] [stdout] 
[INFO] [stdout] thread 'models::region_set_list::tests::test_try_from_path_vec' (675) panicked at src/models/region_set_list.rs:263:36:
[INFO] [stdout] called `Result::unwrap()` on an `Err` value: Os { code: 2, kind: NotFound, message: "No such file or directory" }
[INFO] [stdout] stack backtrace:
[INFO] [stdout]    0:     0x5aa0522b62a1 - <<std[617be2ca0a6fd877]::sys::backtrace::BacktraceLock>::print::DisplayBacktrace as core[a373ad73a504971]::fmt::Display>::fmt
[INFO] [stdout]    1:     0x5aa0522cba6a - core[a373ad73a504971]::fmt::write
[INFO] [stdout]    2:     0x5aa0522baccc - <alloc[2e1b2a31b91974c5]::vec::Vec<u8> as core[a373ad73a504971]::io::write::Write>::write_fmt
[INFO] [stdout]    3:     0x5aa052290516 - std[617be2ca0a6fd877]::panicking::default_hook::{closure#0}
[INFO] [stdout]    4:     0x5aa0522ade69 - std[617be2ca0a6fd877]::panicking::default_hook
[INFO] [stdout]    5:     0x5aa052236270 - test[aada8e7e76ba119b]::test_main_inner::{closure#0}
[INFO] [stdout]    6:     0x5aa0522ae022 - std[617be2ca0a6fd877]::panicking::panic_with_hook
[INFO] [stdout]    7:     0x5aa0522905c2 - std[617be2ca0a6fd877]::panicking::panic_handler::{closure#0}
[INFO] [stdout]    8:     0x5aa052288b89 - std[617be2ca0a6fd877]::sys::backtrace::__rust_end_short_backtrace::<std[617be2ca0a6fd877]::panicking::panic_handler::{closure#0}, !>
[INFO] [stdout]    9:     0x5aa0522912dd - __rustc[ea4f61d10b84890b]::rust_begin_unwind
[INFO] [stdout]   10:     0x5aa0522cc19c - core[a373ad73a504971]::panicking::panic_fmt
[INFO] [stdout]   11:     0x5aa0522cbf72 - core[a373ad73a504971]::result::unwrap_failed
[INFO] [stdout]   12:     0x5aa052219898 - gtars_core[d14d7c294311535]::models::region_set_list::tests::get_test_bed_paths
[INFO] [stdout]   13:     0x5aa05221b0cd - <gtars_core[d14d7c294311535]::models::region_set_list::tests::test_try_from_path_vec::{closure#0} as core[a373ad73a504971]::ops::function::FnOnce<()>>::call_once
[INFO] [stdout]   14:     0x5aa0522296bb - test[aada8e7e76ba119b]::__rust_begin_short_backtrace::<core[a373ad73a504971]::result::Result<(), alloc[2e1b2a31b91974c5]::string::String>, fn() -> core[a373ad73a504971]::result::Result<(), alloc[2e1b2a31b91974c5]::string::String>>
[INFO] [stdout]   15:     0x5aa052236895 - test[aada8e7e76ba119b]::run_test::{closure#0}
[INFO] [stdout]   16:     0x5aa052230184 - std[617be2ca0a6fd877]::sys::backtrace::__rust_begin_short_backtrace::<test[aada8e7e76ba119b]::run_test::{closure#1}, ()>
[INFO] [stdout]   17:     0x5aa052239922 - <std[617be2ca0a6fd877]::thread::lifecycle::spawn_unchecked<test[aada8e7e76ba119b]::run_test::{closure#1}, ()>::{closure#1} as core[a373ad73a504971]::ops::function::FnOnce<()>>::call_once::{shim:vtable#0}
[INFO] [stdout]   18:     0x5aa0522b5aff - <std[617be2ca0a6fd877]::sys::thread::unix::Thread>::new::thread_start
[INFO] [stdout]   19:     0x73e0337b6dfa - <unknown>
[INFO] [stdout]   20:     0x73e03384a3d4 - clone
[INFO] [stdout]   21:                0x0 - <unknown>
[INFO] [stdout] 
[INFO] [stdout] ---- models::region_set_list::tests::test_open_from_file_path stdout ----
[INFO] [stdout] 
[INFO] [stdout] thread 'models::region_set_list::tests::test_open_from_file_path' (674) panicked at src/models/region_set_list.rs:263:36:
[INFO] [stdout] called `Result::unwrap()` on an `Err` value: Os { code: 2, kind: NotFound, message: "No such file or directory" }
[INFO] [stdout] stack backtrace:
[INFO] [stdout]    0:     0x5aa0522b62a1 - <<std[617be2ca0a6fd877]::sys::backtrace::BacktraceLock>::print::DisplayBacktrace as core[a373ad73a504971]::fmt::Display>::fmt
[INFO] [stdout]    1:     0x5aa0522cba6a - core[a373ad73a504971]::fmt::write
[INFO] [stdout]    2:     0x5aa0522baccc - <alloc[2e1b2a31b91974c5]::vec::Vec<u8> as core[a373ad73a504971]::io::write::Write>::write_fmt
[INFO] [stdout]    3:     0x5aa052290516 - std[617be2ca0a6fd877]::panicking::default_hook::{closure#0}
[INFO] [stdout]    4:     0x5aa0522ade69 - std[617be2ca0a6fd877]::panicking::default_hook
[INFO] [stdout]    5:     0x5aa052236270 - test[aada8e7e76ba119b]::test_main_inner::{closure#0}
[INFO] [stdout]    6:     0x5aa0522ae022 - std[617be2ca0a6fd877]::panicking::panic_with_hook
[INFO] [stdout]    7:     0x5aa0522905c2 - std[617be2ca0a6fd877]::panicking::panic_handler::{closure#0}
[INFO] [stdout]    8:     0x5aa052288b89 - std[617be2ca0a6fd877]::sys::backtrace::__rust_end_short_backtrace::<std[617be2ca0a6fd877]::panicking::panic_handler::{closure#0}, !>
[INFO] [stdout]    9:     0x5aa0522912dd - __rustc[ea4f61d10b84890b]::rust_begin_unwind
[INFO] [stdout]   10:     0x5aa0522cc19c - core[a373ad73a504971]::panicking::panic_fmt
[INFO] [stdout]   11:     0x5aa0522cbf72 - core[a373ad73a504971]::result::unwrap_failed
[INFO] [stdout]   12:     0x5aa052219898 - gtars_core[d14d7c294311535]::models::region_set_list::tests::get_test_bed_paths
[INFO] [stdout]   13:     0x5aa05221b3ca - <gtars_core[d14d7c294311535]::models::region_set_list::tests::test_open_from_file_path::{closure#0} as core[a373ad73a504971]::ops::function::FnOnce<()>>::call_once
[INFO] [stdout]   14:     0x5aa0522296bb - test[aada8e7e76ba119b]::__rust_begin_short_backtrace::<core[a373ad73a504971]::result::Result<(), alloc[2e1b2a31b91974c5]::string::String>, fn() -> core[a373ad73a504971]::result::Result<(), alloc[2e1b2a31b91974c5]::string::String>>
[INFO] [stdout]   15:     0x5aa052236895 - test[aada8e7e76ba119b]::run_test::{closure#0}
[INFO] [stdout]   16:     0x5aa052230184 - std[617be2ca0a6fd877]::sys::backtrace::__rust_begin_short_backtrace::<test[aada8e7e76ba119b]::run_test::{closure#1}, ()>
[INFO] [stdout]   17:     0x5aa052239922 - <std[617be2ca0a6fd877]::thread::lifecycle::spawn_unchecked<test[aada8e7e76ba119b]::run_test::{closure#1}, ()>::{closure#1} as core[a373ad73a504971]::ops::function::FnOnce<()>>::call_once::{shim:vtable#0}
[INFO] [stdout]   18:     0x5aa0522b5aff - <std[617be2ca0a6fd877]::sys::thread::unix::Thread>::new::thread_start
[INFO] [stdout]   19:     0x73e0337b6dfa - <unknown>
[INFO] [stdout]   20:     0x73e03384a3d4 - clone
[INFO] [stdout]   21:                0x0 - <unknown>
[INFO] [stdout] 
[INFO] [stdout] ---- models::region_set_list::tests::test_try_from_str_vec stdout ----
[INFO] [stdout] 
[INFO] [stdout] thread 'models::region_set_list::tests::test_try_from_str_vec' (677) panicked at src/models/region_set_list.rs:263:36:
[INFO] [stdout] called `Result::unwrap()` on an `Err` value: Os { code: 2, kind: NotFound, message: "No such file or directory" }
[INFO] [stdout] stack backtrace:
[INFO] [stdout]    0:     0x5aa0522b62a1 - <<std[617be2ca0a6fd877]::sys::backtrace::BacktraceLock>::print::DisplayBacktrace as core[a373ad73a504971]::fmt::Display>::fmt
[INFO] [stdout]    1:     0x5aa0522cba6a - core[a373ad73a504971]::fmt::write
[INFO] [stdout]    2:     0x5aa0522baccc - <alloc[2e1b2a31b91974c5]::vec::Vec<u8> as core[a373ad73a504971]::io::write::Write>::write_fmt
[INFO] [stdout]    3:     0x5aa052290516 - std[617be2ca0a6fd877]::panicking::default_hook::{closure#0}
[INFO] [stdout]    4:     0x5aa0522ade69 - std[617be2ca0a6fd877]::panicking::default_hook
[INFO] [stdout]    5:     0x5aa052236270 - test[aada8e7e76ba119b]::test_main_inner::{closure#0}
[INFO] [stdout]    6:     0x5aa0522ae022 - std[617be2ca0a6fd877]::panicking::panic_with_hook
[INFO] [stdout]    7:     0x5aa0522905c2 - std[617be2ca0a6fd877]::panicking::panic_handler::{closure#0}
[INFO] [stdout]    8:     0x5aa052288b89 - std[617be2ca0a6fd877]::sys::backtrace::__rust_end_short_backtrace::<std[617be2ca0a6fd877]::panicking::panic_handler::{closure#0}, !>
[INFO] [stdout]    9:     0x5aa0522912dd - __rustc[ea4f61d10b84890b]::rust_begin_unwind
[INFO] [stdout]   10:     0x5aa0522cc19c - core[a373ad73a504971]::panicking::panic_fmt
[INFO] [stdout]   11:     0x5aa0522cbf72 - core[a373ad73a504971]::result::unwrap_failed
[INFO] [stdout]   12:     0x5aa052219898 - gtars_core[d14d7c294311535]::models::region_set_list::tests::get_test_bed_paths
[INFO] [stdout]   13:     0x5aa05221afbd - <gtars_core[d14d7c294311535]::models::region_set_list::tests::test_try_from_str_vec::{closure#0} as core[a373ad73a504971]::ops::function::FnOnce<()>>::call_once
[INFO] [stdout]   14:     0x5aa0522296bb - test[aada8e7e76ba119b]::__rust_begin_short_backtrace::<core[a373ad73a504971]::result::Result<(), alloc[2e1b2a31b91974c5]::string::String>, fn() -> core[a373ad73a504971]::result::Result<(), alloc[2e1b2a31b91974c5]::string::String>>
[INFO] [stdout]   15:     0x5aa052236895 - test[aada8e7e76ba119b]::run_test::{closure#0}
[INFO] [stdout]   16:     0x5aa052230184 - std[617be2ca0a6fd877]::sys::backtrace::__rust_begin_short_backtrace::<test[aada8e7e76ba119b]::run_test::{closure#1}, ()>
[INFO] [stdout]   17:     0x5aa052239922 - <std[617be2ca0a6fd877]::thread::lifecycle::spawn_unchecked<test[aada8e7e76ba119b]::run_test::{closure#1}, ()>::{closure#1} as core[a373ad73a504971]::ops::function::FnOnce<()>>::call_once::{shim:vtable#0}
[INFO] [stdout]   18:     0x5aa0522b5aff - <std[617be2ca0a6fd877]::sys::thread::unix::Thread>::new::thread_start
[INFO] [stdout]   19:     0x73e0337b6dfa - <unknown>
[INFO] [stdout]   20:     0x73e03384a3d4 - clone
[INFO] [stdout]   21:                0x0 - <unknown>
[INFO] [stdout] 
[INFO] [stdout] ---- tests::test_extract_regions_from_bed_file stdout ----
[INFO] [stdout] 
[INFO] [stdout] thread 'tests::test_extract_regions_from_bed_file' (679) panicked at src/lib.rs:86:49:
[INFO] [stdout] called `Result::unwrap()` on an `Err` value: HttpFeatureDisabled("../tests/data/tokenizers/peaks.bed")
[INFO] [stdout] stack backtrace:
[INFO] [stdout]    0:     0x5aa0522b62a1 - <<std[617be2ca0a6fd877]::sys::backtrace::BacktraceLock>::print::DisplayBacktrace as core[a373ad73a504971]::fmt::Display>::fmt
[INFO] [stdout]    1:     0x5aa0522cba6a - core[a373ad73a504971]::fmt::write
[INFO] [stdout]    2:     0x5aa0522baccc - <alloc[2e1b2a31b91974c5]::vec::Vec<u8> as core[a373ad73a504971]::io::write::Write>::write_fmt
[INFO] [stdout]    3:     0x5aa052290516 - std[617be2ca0a6fd877]::panicking::default_hook::{closure#0}
[INFO] [stdout]    4:     0x5aa0522ade69 - std[617be2ca0a6fd877]::panicking::default_hook
[INFO] [stdout]    5:     0x5aa052236270 - test[aada8e7e76ba119b]::test_main_inner::{closure#0}
[INFO] [stdout]    6:     0x5aa0522ae022 - std[617be2ca0a6fd877]::panicking::panic_with_hook
[INFO] [stdout]    7:     0x5aa0522905c2 - std[617be2ca0a6fd877]::panicking::panic_handler::{closure#0}
[INFO] [stdout]    8:     0x5aa052288b89 - std[617be2ca0a6fd877]::sys::backtrace::__rust_end_short_backtrace::<std[617be2ca0a6fd877]::panicking::panic_handler::{closure#0}, !>
[INFO] [stdout]    9:     0x5aa0522912dd - __rustc[ea4f61d10b84890b]::rust_begin_unwind
[INFO] [stdout]   10:     0x5aa0522cc19c - core[a373ad73a504971]::panicking::panic_fmt
[INFO] [stdout]   11:     0x5aa0522cbf72 - core[a373ad73a504971]::result::unwrap_failed
[INFO] [stdout]   12:     0x5aa05220ef3f - <gtars_core[d14d7c294311535]::tests::test_extract_regions_from_bed_file::{closure#0} as core[a373ad73a504971]::ops::function::FnOnce<()>>::call_once
[INFO] [stdout]   13:     0x5aa0522296bb - test[aada8e7e76ba119b]::__rust_begin_short_backtrace::<core[a373ad73a504971]::result::Result<(), alloc[2e1b2a31b91974c5]::string::String>, fn() -> core[a373ad73a504971]::result::Result<(), alloc[2e1b2a31b91974c5]::string::String>>
[INFO] [stdout]   14:     0x5aa052236895 - test[aada8e7e76ba119b]::run_test::{closure#0}
[INFO] [stdout]   15:     0x5aa052230184 - std[617be2ca0a6fd877]::sys::backtrace::__rust_begin_short_backtrace::<test[aada8e7e76ba119b]::run_test::{closure#1}, ()>
[INFO] [stdout]   16:     0x5aa052239922 - <std[617be2ca0a6fd877]::thread::lifecycle::spawn_unchecked<test[aada8e7e76ba119b]::run_test::{closure#1}, ()>::{closure#1} as core[a373ad73a504971]::ops::function::FnOnce<()>>::call_once::{shim:vtable#0}
[INFO] [stdout]   17:     0x5aa0522b5aff - <std[617be2ca0a6fd877]::sys::thread::unix::Thread>::new::thread_start
[INFO] [stdout]   18:     0x73e0337b6dfa - <unknown>
[INFO] [stdout]   19:     0x73e03384a3d4 - clone
[INFO] [stdout]   20:                0x0 - <unknown>
[INFO] [stdout] 
[INFO] [stdout] ---- models::region_set_list::tests::test_try_from_pathbuf_vec stdout ----
[INFO] [stdout] 
[INFO] [stdout] thread 'models::region_set_list::tests::test_try_from_pathbuf_vec' (676) panicked at src/models/region_set_list.rs:263:36:
[INFO] [stdout] called `Result::unwrap()` on an `Err` value: Os { code: 2, kind: NotFound, message: "No such file or directory" }
[INFO] [stdout] stack backtrace:
[INFO] [stdout]    0:     0x5aa0522b62a1 - <<std[617be2ca0a6fd877]::sys::backtrace::BacktraceLock>::print::DisplayBacktrace as core[a373ad73a504971]::fmt::Display>::fmt
[INFO] [stdout]    1:     0x5aa0522cba6a - core[a373ad73a504971]::fmt::write
[INFO] [stdout]    2:     0x5aa0522baccc - <alloc[2e1b2a31b91974c5]::vec::Vec<u8> as core[a373ad73a504971]::io::write::Write>::write_fmt
[INFO] [stdout]    3:     0x5aa052290516 - std[617be2ca0a6fd877]::panicking::default_hook::{closure#0}
[INFO] [stdout]    4:     0x5aa0522ade69 - std[617be2ca0a6fd877]::panicking::default_hook
[INFO] [stdout]    5:     0x5aa052236270 - test[aada8e7e76ba119b]::test_main_inner::{closure#0}
[INFO] [stdout]    6:     0x5aa0522ae022 - std[617be2ca0a6fd877]::panicking::panic_with_hook
[INFO] [stdout]    7:     0x5aa0522905c2 - std[617be2ca0a6fd877]::panicking::panic_handler::{closure#0}
[INFO] [stdout]    8:     0x5aa052288b89 - std[617be2ca0a6fd877]::sys::backtrace::__rust_end_short_backtrace::<std[617be2ca0a6fd877]::panicking::panic_handler::{closure#0}, !>
[INFO] [stdout]    9:     0x5aa0522912dd - __rustc[ea4f61d10b84890b]::rust_begin_unwind
[INFO] [stdout]   10:     0x5aa0522cc19c - core[a373ad73a504971]::panicking::panic_fmt
[INFO] [stdout]   11:     0x5aa0522cbf72 - core[a373ad73a504971]::result::unwrap_failed
[INFO] [stdout]   12:     0x5aa052219898 - gtars_core[d14d7c294311535]::models::region_set_list::tests::get_test_bed_paths
[INFO] [stdout]   13:     0x5aa05221b6e7 - <gtars_core[d14d7c294311535]::models::region_set_list::tests::test_try_from_pathbuf_vec::{closure#0} as core[a373ad73a504971]::ops::function::FnOnce<()>>::call_once
[INFO] [stdout]   14:     0x5aa0522296bb - test[aada8e7e76ba119b]::__rust_begin_short_backtrace::<core[a373ad73a504971]::result::Result<(), alloc[2e1b2a31b91974c5]::string::String>, fn() -> core[a373ad73a504971]::result::Result<(), alloc[2e1b2a31b91974c5]::string::String>>
[INFO] [stdout]   15:     0x5aa052236895 - test[aada8e7e76ba119b]::run_test::{closure#0}
[INFO] [stdout]   16:     0x5aa052230184 - std[617be2ca0a6fd877]::sys::backtrace::__rust_begin_short_backtrace::<test[aada8e7e76ba119b]::run_test::{closure#1}, ()>
[INFO] [stdout]   17:     0x5aa052239922 - <std[617be2ca0a6fd877]::thread::lifecycle::spawn_unchecked<test[aada8e7e76ba119b]::run_test::{closure#1}, ()>::{closure#1} as core[a373ad73a504971]::ops::function::FnOnce<()>>::call_once::{shim:vtable#0}
[INFO] [stdout]   18:     0x5aa0522b5aff - <std[617be2ca0a6fd877]::sys::thread::unix::Thread>::new::thread_start
[INFO] [stdout]   19:     0x73e0337b6dfa - <unknown>
[INFO] [stdout]   20:     0x73e03384a3d4 - clone
[INFO] [stdout]   21:                0x0 - <unknown>
[INFO] [stdout] 
[INFO] [stdout] ---- tests::test_extract_regions_from_bed_file_gzipped stdout ----
[INFO] [stdout] 
[INFO] [stdout] thread 'tests::test_extract_regions_from_bed_file_gzipped' (680) panicked at src/lib.rs:93:49:
[INFO] [stdout] called `Result::unwrap()` on an `Err` value: HttpFeatureDisabled("../tests/data/tokenizers/peaks.bed.gz")
[INFO] [stdout] stack backtrace:
[INFO] [stdout]    0:     0x5aa0522b62a1 - <<std[617be2ca0a6fd877]::sys::backtrace::BacktraceLock>::print::DisplayBacktrace as core[a373ad73a504971]::fmt::Display>::fmt
[INFO] [stdout]    1:     0x5aa0522cba6a - core[a373ad73a504971]::fmt::write
[INFO] [stdout]    2:     0x5aa0522baccc - <alloc[2e1b2a31b91974c5]::vec::Vec<u8> as core[a373ad73a504971]::io::write::Write>::write_fmt
[INFO] [stdout]    3:     0x5aa052290516 - std[617be2ca0a6fd877]::panicking::default_hook::{closure#0}
[INFO] [stdout]    4:     0x5aa0522ade69 - std[617be2ca0a6fd877]::panicking::default_hook
[INFO] [stdout]    5:     0x5aa052236270 - test[aada8e7e76ba119b]::test_main_inner::{closure#0}
[INFO] [stdout]    6:     0x5aa0522ae022 - std[617be2ca0a6fd877]::panicking::panic_with_hook
[INFO] [stdout]    7:     0x5aa0522905c2 - std[617be2ca0a6fd877]::panicking::panic_handler::{closure#0}
[INFO] [stdout]    8:     0x5aa052288b89 - std[617be2ca0a6fd877]::sys::backtrace::__rust_end_short_backtrace::<std[617be2ca0a6fd877]::panicking::panic_handler::{closure#0}, !>
[INFO] [stdout]    9:     0x5aa0522912dd - __rustc[ea4f61d10b84890b]::rust_begin_unwind
[INFO] [stdout]   10:     0x5aa0522cc19c - core[a373ad73a504971]::panicking::panic_fmt
[INFO] [stdout]   11:     0x5aa0522cbf72 - core[a373ad73a504971]::result::unwrap_failed
[INFO] [stdout]   12:     0x5aa05220f15a - <gtars_core[d14d7c294311535]::tests::test_extract_regions_from_bed_file_gzipped::{closure#0} as core[a373ad73a504971]::ops::function::FnOnce<()>>::call_once
[INFO] [stdout]   13:     0x5aa0522296bb - test[aada8e7e76ba119b]::__rust_begin_short_backtrace::<core[a373ad73a504971]::result::Result<(), alloc[2e1b2a31b91974c5]::string::String>, fn() -> core[a373ad73a504971]::result::Result<(), alloc[2e1b2a31b91974c5]::string::String>>
[INFO] [stdout]   14:     0x5aa052236895 - test[aada8e7e76ba119b]::run_test::{closure#0}
[INFO] [stdout]   15:     0x5aa052230184 - std[617be2ca0a6fd877]::sys::backtrace::__rust_begin_short_backtrace::<test[aada8e7e76ba119b]::run_test::{closure#1}, ()>
[INFO] [stdout]   16:     0x5aa052239922 - <std[617be2ca0a6fd877]::thread::lifecycle::spawn_unchecked<test[aada8e7e76ba119b]::run_test::{closure#1}, ()>::{closure#1} as core[a373ad73a504971]::ops::function::FnOnce<()>>::call_once::{shim:vtable#0}
[INFO] [stdout]   17:     0x5aa0522b5aff - <std[617be2ca0a6fd877]::sys::thread::unix::Thread>::new::thread_start
[INFO] [stdout]   18:     0x73e0337b6dfa - <unknown>
[INFO] [stdout]   19:     0x73e03384a3d4 - clone
[INFO] [stdout]   20:                0x0 - <unknown>
[INFO] [stdout] 
[INFO] [stdout] ---- tests::test_region_set_from_bed stdout ----
[INFO] [stdout] 
[INFO] [stdout] thread 'tests::test_region_set_from_bed' (682) panicked at src/lib.rs:100:44:
[INFO] [stdout] called `Result::unwrap()` on an `Err` value: HttpFeatureDisabled("../tests/data/tokenizers/peaks.bed")
[INFO] [stdout] stack backtrace:
[INFO] [stdout]    0:     0x5aa0522b62a1 - <<std[617be2ca0a6fd877]::sys::backtrace::BacktraceLock>::print::DisplayBacktrace as core[a373ad73a504971]::fmt::Display>::fmt
[INFO] [stdout]    1:     0x5aa0522cba6a - core[a373ad73a504971]::fmt::write
[INFO] [stdout]    2:     0x5aa0522baccc - <alloc[2e1b2a31b91974c5]::vec::Vec<u8> as core[a373ad73a504971]::io::write::Write>::write_fmt
[INFO] [stdout]    3:     0x5aa052290516 - std[617be2ca0a6fd877]::panicking::default_hook::{closure#0}
[INFO] [stdout]    4:     0x5aa0522ade69 - std[617be2ca0a6fd877]::panicking::default_hook
[INFO] [stdout]    5:     0x5aa052236270 - test[aada8e7e76ba119b]::test_main_inner::{closure#0}
[INFO] [stdout]    6:     0x5aa0522ae022 - std[617be2ca0a6fd877]::panicking::panic_with_hook
[INFO] [stdout]    7:     0x5aa0522905c2 - std[617be2ca0a6fd877]::panicking::panic_handler::{closure#0}
[INFO] [stdout]    8:     0x5aa052288b89 - std[617be2ca0a6fd877]::sys::backtrace::__rust_end_short_backtrace::<std[617be2ca0a6fd877]::panicking::panic_handler::{closure#0}, !>
[INFO] [stdout]    9:     0x5aa0522912dd - __rustc[ea4f61d10b84890b]::rust_begin_unwind
[INFO] [stdout]   10:     0x5aa0522cc19c - core[a373ad73a504971]::panicking::panic_fmt
[INFO] [stdout]   11:     0x5aa0522cbf72 - core[a373ad73a504971]::result::unwrap_failed
[INFO] [stdout]   12:     0x5aa05220e9f3 - <gtars_core[d14d7c294311535]::tests::test_region_set_from_bed::{closure#0} as core[a373ad73a504971]::ops::function::FnOnce<()>>::call_once
[INFO] [stdout]   13:     0x5aa0522296bb - test[aada8e7e76ba119b]::__rust_begin_short_backtrace::<core[a373ad73a504971]::result::Result<(), alloc[2e1b2a31b91974c5]::string::String>, fn() -> core[a373ad73a504971]::result::Result<(), alloc[2e1b2a31b91974c5]::string::String>>
[INFO] [stdout]   14:     0x5aa052236895 - test[aada8e7e76ba119b]::run_test::{closure#0}
[INFO] [stdout]   15:     0x5aa052230184 - std[617be2ca0a6fd877]::sys::backtrace::__rust_begin_short_backtrace::<test[aada8e7e76ba119b]::run_test::{closure#1}, ()>
[INFO] [stdout]   16:     0x5aa052239922 - <std[617be2ca0a6fd877]::thread::lifecycle::spawn_unchecked<test[aada8e7e76ba119b]::run_test::{closure#1}, ()>::{closure#1} as core[a373ad73a504971]::ops::function::FnOnce<()>>::call_once::{shim:vtable#0}
[INFO] [stdout]   17:     0x5aa0522b5aff - <std[617be2ca0a6fd877]::sys::thread::unix::Thread>::new::thread_start
[INFO] [stdout]   18:     0x73e0337b6dfa - <unknown>
[INFO] [stdout]   19:     0x73e03384a3d4 - clone
[INFO] [stdout]   20:                0x0 - <unknown>
[INFO] [stdout] 
[INFO] [stdout] ---- tests::test_region_set_from_bytes stdout ----
[INFO] [stdout] 
[INFO] [stdout] thread 'tests::test_region_set_from_bytes' (683) panicked at src/lib.rs:108:44:
[INFO] [stdout] called `Result::unwrap()` on an `Err` value: HttpFeatureDisabled("../tests/data/tokenizers/peaks.bed")
[INFO] [stdout] stack backtrace:
[INFO] [stdout]    0:     0x5aa0522b62a1 - <<std[617be2ca0a6fd877]::sys::backtrace::BacktraceLock>::print::DisplayBacktrace as core[a373ad73a504971]::fmt::Display>::fmt
[INFO] [stdout]    1:     0x5aa0522cba6a - core[a373ad73a504971]::fmt::write
[INFO] [stdout]    2:     0x5aa0522baccc - <alloc[2e1b2a31b91974c5]::vec::Vec<u8> as core[a373ad73a504971]::io::write::Write>::write_fmt
[INFO] [stdout]    3:     0x5aa052290516 - std[617be2ca0a6fd877]::panicking::default_hook::{closure#0}
[INFO] [stdout]    4:     0x5aa0522ade69 - std[617be2ca0a6fd877]::panicking::default_hook
[INFO] [stdout]    5:     0x5aa052236270 - test[aada8e7e76ba119b]::test_main_inner::{closure#0}
[INFO] [stdout]    6:     0x5aa0522ae022 - std[617be2ca0a6fd877]::panicking::panic_with_hook
[INFO] [stdout]    7:     0x5aa0522905c2 - std[617be2ca0a6fd877]::panicking::panic_handler::{closure#0}
[INFO] [stdout]    8:     0x5aa052288b89 - std[617be2ca0a6fd877]::sys::backtrace::__rust_end_short_backtrace::<std[617be2ca0a6fd877]::panicking::panic_handler::{closure#0}, !>
[INFO] [stdout]    9:     0x5aa0522912dd - __rustc[ea4f61d10b84890b]::rust_begin_unwind
[INFO] [stdout]   10:     0x5aa0522cc19c - core[a373ad73a504971]::panicking::panic_fmt
[INFO] [stdout]   11:     0x5aa0522cbf72 - core[a373ad73a504971]::result::unwrap_failed
[INFO] [stdout]   12:     0x5aa05220ec4e - <gtars_core[d14d7c294311535]::tests::test_region_set_from_bytes::{closure#0} as core[a373ad73a504971]::ops::function::FnOnce<()>>::call_once
[INFO] [stdout]   13:     0x5aa0522296bb - test[aada8e7e76ba119b]::__rust_begin_short_backtrace::<core[a373ad73a504971]::result::Result<(), alloc[2e1b2a31b91974c5]::string::String>, fn() -> core[a373ad73a504971]::result::Result<(), alloc[2e1b2a31b91974c5]::string::String>>
[INFO] [stdout]   14:     0x5aa052236895 - test[aada8e7e76ba119b]::run_test::{closure#0}
[INFO] [stdout]   15:     0x5aa052230184 - std[617be2ca0a6fd877]::sys::backtrace::__rust_begin_short_backtrace::<test[aada8e7e76ba119b]::run_test::{closure#1}, ()>
[INFO] [stdout]   16:     0x5aa052239922 - <std[617be2ca0a6fd877]::thread::lifecycle::spawn_unchecked<test[aada8e7e76ba119b]::run_test::{closure#1}, ()>::{closure#1} as core[a373ad73a504971]::ops::function::FnOnce<()>>::call_once::{shim:vtable#0}
[INFO] [stdout]   17:     0x5aa0522b5aff - <std[617be2ca0a6fd877]::sys::thread::unix::Thread>::new::thread_start
[INFO] [stdout]   18:     0x73e0337b6dfa - <unknown>
[INFO] [stdout]   19:     0x73e03384a3d4 - clone
[INFO] [stdout]   20:                0x0 - <unknown>
[INFO] [stdout] 
[INFO] [stdout] ---- tests::test_region_set_to_bed stdout ----
[INFO] [stdout] 
[INFO] [stdout] thread 'tests::test_region_set_to_bed' (684) panicked at src/lib.rs:125:44:
[INFO] [stdout] called `Result::unwrap()` on an `Err` value: HttpFeatureDisabled("../tests/data/tokenizers/peaks.bed")
[INFO] [stdout] stack backtrace:
[INFO] [stdout]    0:     0x5aa0522b62a1 - <<std[617be2ca0a6fd877]::sys::backtrace::BacktraceLock>::print::DisplayBacktrace as core[a373ad73a504971]::fmt::Display>::fmt
[INFO] [stdout]    1:     0x5aa0522cba6a - core[a373ad73a504971]::fmt::write
[INFO] [stdout]    2:     0x5aa0522baccc - <alloc[2e1b2a31b91974c5]::vec::Vec<u8> as core[a373ad73a504971]::io::write::Write>::write_fmt
[INFO] [stdout]    3:     0x5aa052290516 - std[617be2ca0a6fd877]::panicking::default_hook::{closure#0}
[INFO] [stdout]    4:     0x5aa0522ade69 - std[617be2ca0a6fd877]::panicking::default_hook
[INFO] [stdout]    5:     0x5aa052236270 - test[aada8e7e76ba119b]::test_main_inner::{closure#0}
[INFO] [stdout]    6:     0x5aa0522ae022 - std[617be2ca0a6fd877]::panicking::panic_with_hook
[INFO] [stdout]    7:     0x5aa0522905c2 - std[617be2ca0a6fd877]::panicking::panic_handler::{closure#0}
[INFO] [stdout]    8:     0x5aa052288b89 - std[617be2ca0a6fd877]::sys::backtrace::__rust_end_short_backtrace::<std[617be2ca0a6fd877]::panicking::panic_handler::{closure#0}, !>
[INFO] [stdout]    9:     0x5aa0522912dd - __rustc[ea4f61d10b84890b]::rust_begin_unwind
[INFO] [stdout]   10:     0x5aa0522cc19c - core[a373ad73a504971]::panicking::panic_fmt
[INFO] [stdout]   11:     0x5aa0522cbf72 - core[a373ad73a504971]::result::unwrap_failed
[INFO] [stdout]   12:     0x5aa05220e70f - <gtars_core[d14d7c294311535]::tests::test_region_set_to_bed::{closure#0} as core[a373ad73a504971]::ops::function::FnOnce<()>>::call_once
[INFO] [stdout]   13:     0x5aa0522296bb - test[aada8e7e76ba119b]::__rust_begin_short_backtrace::<core[a373ad73a504971]::result::Result<(), alloc[2e1b2a31b91974c5]::string::String>, fn() -> core[a373ad73a504971]::result::Result<(), alloc[2e1b2a31b91974c5]::string::String>>
[INFO] [stdout]   14:     0x5aa052236895 - test[aada8e7e76ba119b]::run_test::{closure#0}
[INFO] [stdout]   15:     0x5aa052230184 - std[617be2ca0a6fd877]::sys::backtrace::__rust_begin_short_backtrace::<test[aada8e7e76ba119b]::run_test::{closure#1}, ()>
[INFO] [stdout]   16:     0x5aa052239922 - <std[617be2ca0a6fd877]::thread::lifecycle::spawn_unchecked<test[aada8e7e76ba119b]::run_test::{closure#1}, ()>::{closure#1} as core[a373ad73a504971]::ops::function::FnOnce<()>>::call_once::{shim:vtable#0}
[INFO] [stdout]   17:     0x5aa0522b5aff - <std[617be2ca0a6fd877]::sys::thread::unix::Thread>::new::thread_start
[INFO] [stdout]   18:     0x73e0337b6dfa - <unknown>
[INFO] [stdout]   19:     0x73e03384a3d4 - clone
[INFO] [stdout]   20:                0x0 - <unknown>
[INFO] [stdout] 
[INFO] [stdout] 
[INFO] [stdout] failures:
[INFO] [stdout]     models::region_set::tests::test_calc_mid_points
[INFO] [stdout]     models::region_set::tests::test_calculate_identifier
[INFO] [stdout]     models::region_set::tests::test_chr_length
[INFO] [stdout]     models::region_set::tests::test_file_digest
[INFO] [stdout]     models::region_set::tests::test_is_empty
[INFO] [stdout]     models::region_set::tests::test_iter_chroms
[INFO] [stdout]     models::region_set::tests::test_mean_region_width
[INFO] [stdout]     models::region_set::tests::test_open_bed_gz
[INFO] [stdout]     models::region_set::tests::test_open_file_with_incorrect_headers
[INFO] [stdout]     models::region_set::tests::test_open_from_path
[INFO] [stdout]     models::region_set::tests::test_open_from_string
[INFO] [stdout]     models::region_set::tests::test_read_headers
[INFO] [stdout]     models::region_set::tests::test_save_bed
[INFO] [stdout]     models::region_set::tests::test_save_bed_gz
[INFO] [stdout]     models::region_set::tests::test_total_nucleotides_function
[INFO] [stdout]     models::region_set_list::tests::test_add_and_len
[INFO] [stdout]     models::region_set_list::tests::test_calculate_identifier
[INFO] [stdout]     models::region_set_list::tests::test_from_vec_regionset
[INFO] [stdout]     models::region_set_list::tests::test_is_empty
[INFO] [stdout]     models::region_set_list::tests::test_open_from_file_path
[INFO] [stdout]     models::region_set_list::tests::test_try_from_path_vec
[INFO] [stdout]     models::region_set_list::tests::test_try_from_pathbuf_vec
[INFO] [stdout]     models::region_set_list::tests::test_try_from_str_vec
[INFO] [stdout]     tests::test_extract_regions_from_bed_file
[INFO] [stdout]     tests::test_extract_regions_from_bed_file_gzipped
[INFO] [stdout]     tests::test_region_set_from_bed
[INFO] [stdout]     tests::test_region_set_from_bytes
[INFO] [stdout]     tests::test_region_set_to_bed
[INFO] [stdout] 
[INFO] [stdout] test result: FAILED. 26 passed; 28 failed; 2 ignored; 0 measured; 0 filtered out; finished in 0.01s
[INFO] [stdout] 
[INFO] [stderr] error: test failed, to rerun pass `--lib`
[INFO] running `Command { std: "docker" "inspect" "b5b828c1c4e96128accfc978c417c59c8671f5129f392f71c801ae8d0d6f6c82", kill_on_drop: false }`
[INFO] running `Command { std: "docker" "rm" "-f" "b5b828c1c4e96128accfc978c417c59c8671f5129f392f71c801ae8d0d6f6c82", kill_on_drop: false }`
[INFO] [stdout] b5b828c1c4e96128accfc978c417c59c8671f5129f392f71c801ae8d0d6f6c82
