[INFO] fetching crate gstreamer-sys 0.25.4...
[INFO] testing gstreamer-sys-0.25.4 against 1.99.0-beta.8+cargoflags=--release for beta-release-1.100-2
[INFO] extracting crate gstreamer-sys 0.25.4 into /workspace/builds/worker-6-tc1/source
[INFO] started tweaking crates.io crate gstreamer-sys 0.25.4
[INFO] removed 0 missing tests
[INFO] finished tweaking crates.io crate gstreamer-sys 0.25.4
[INFO] tweaked toml for crates.io crate gstreamer-sys 0.25.4 written to /workspace/builds/worker-6-tc1/source/Cargo.toml
[INFO] validating manifest of crates.io crate gstreamer-sys 0.25.4 on toolchain 1.99.0-beta.8
[INFO] running `Command { std: CARGO_HOME="/workspace/cargo-home" RUSTUP_HOME="/workspace/rustup-home" "/workspace/cargo-home/bin/cargo" "+1.99.0-beta.8" "metadata" "--manifest-path" "Cargo.toml" "--no-deps", kill_on_drop: false }`
[INFO] crate crates.io crate gstreamer-sys 0.25.4 already has a lockfile, it will not be regenerated
[INFO] running `Command { std: CARGO_HOME="/workspace/cargo-home" RUSTUP_HOME="/workspace/rustup-home" "/workspace/cargo-home/bin/cargo" "+1.99.0-beta.8" "fetch" "--manifest-path" "Cargo.toml", kill_on_drop: false }`
[INFO] running `Command { std: "docker" "create" "-v" "/var/lib/crater-agent-workspace/builds/worker-6-tc1/source:/opt/rustwide/workdir:ro,Z" "-v" "/var/lib/crater-agent-workspace/builds/worker-6-tc1/target:/opt/rustwide/target:rw,Z" "-v" "/var/lib/crater-agent-workspace/cargo-home:/opt/rustwide/cargo-home:ro,Z" "-v" "/var/lib/crater-agent-workspace/rustup-home:/opt/rustwide/rustup-home:ro,Z" "-m" "1610612736" "--network" "none" "ghcr.io/rust-lang/crates-build-env/linux@sha256:77db811e55d90add9212f6832c23229e3de5f1c1f9905e8cb07319ea15df73ac" "sleep" "infinity", kill_on_drop: false }`
[INFO] [stdout] b3276a347128ffa9367d944115ec9ee5c700ba4a1faa8f8c3b8b32fb7eb3a447
[INFO] running `Command { std: "docker" "start" "b3276a347128ffa9367d944115ec9ee5c700ba4a1faa8f8c3b8b32fb7eb3a447", kill_on_drop: false }`
[INFO] running `Command { std: "docker" "inspect" "b3276a347128ffa9367d944115ec9ee5c700ba4a1faa8f8c3b8b32fb7eb3a447", kill_on_drop: false }`
[INFO] running `Command { std: "docker" "exec" "-e" "SOURCE_DIR=/opt/rustwide/workdir" "-e" "CARGO_HOME=/opt/rustwide/cargo-home" "-e" "RUSTUP_HOME=/opt/rustwide/rustup-home" "-e" "CARGO_TARGET_DIR=/opt/rustwide/target" "-w" "/opt/rustwide/workdir" "--user" "0:0" "b3276a347128ffa9367d944115ec9ee5c700ba4a1faa8f8c3b8b32fb7eb3a447" "/opt/rustwide/cargo-home/bin/cargo" "+1.99.0-beta.8" "metadata" "--no-deps" "--format-version=1", kill_on_drop: false }`
[INFO] running `Command { std: "docker" "inspect" "b3276a347128ffa9367d944115ec9ee5c700ba4a1faa8f8c3b8b32fb7eb3a447", kill_on_drop: false }`
[INFO] running `Command { std: "docker" "exec" "-e" "SOURCE_DIR=/opt/rustwide/workdir" "-e" "CARGO_HOME=/opt/rustwide/cargo-home" "-e" "RUSTUP_HOME=/opt/rustwide/rustup-home" "-e" "CARGO_TARGET_DIR=/opt/rustwide/target" "-e" "CARGO_INCREMENTAL=0" "-e" "RUST_BACKTRACE=full" "-e" "RUSTFLAGS=--cap-lints=warn" "-e" "RUSTDOCFLAGS=--cap-lints=warn" "-w" "/opt/rustwide/workdir" "--user" "0:0" "b3276a347128ffa9367d944115ec9ee5c700ba4a1faa8f8c3b8b32fb7eb3a447" "/opt/rustwide/cargo-home/bin/cargo" "+1.99.0-beta.8" "build" "--frozen" "--message-format=json" "--release", kill_on_drop: false }`
[INFO] [stderr]    Compiling target-lexicon v0.13.5
[INFO] [stderr]    Compiling winnow v1.0.4
[INFO] [stderr]    Compiling smallvec v1.16.1
[INFO] [stderr]    Compiling serde_spanned v1.1.1
[INFO] [stderr]    Compiling system-deps v9.0.0
[INFO] [stderr]    Compiling toml_datetime v1.1.1+spec-1.1.0
[INFO] [stderr]    Compiling toml_parser v1.1.3+spec-1.1.0
[INFO] [stderr]    Compiling cfg-expr v0.20.9
[INFO] [stderr]    Compiling toml v1.1.6+spec-1.1.0
[INFO] [stderr]    Compiling glib-sys v0.22.9
[INFO] [stderr]    Compiling gobject-sys v0.22.9
[INFO] [stderr]    Compiling gstreamer-sys v0.25.4 (/opt/rustwide/workdir)
[INFO] [stderr]     Finished `release` profile [optimized] target(s) in 6.87s
[INFO] running `Command { std: "docker" "inspect" "b3276a347128ffa9367d944115ec9ee5c700ba4a1faa8f8c3b8b32fb7eb3a447", kill_on_drop: false }`
[INFO] running `Command { std: "docker" "exec" "-e" "SOURCE_DIR=/opt/rustwide/workdir" "-e" "CARGO_HOME=/opt/rustwide/cargo-home" "-e" "RUSTUP_HOME=/opt/rustwide/rustup-home" "-e" "CARGO_TARGET_DIR=/opt/rustwide/target" "-e" "CARGO_INCREMENTAL=0" "-e" "RUST_BACKTRACE=full" "-e" "RUSTFLAGS=--cap-lints=warn" "-e" "RUSTDOCFLAGS=--cap-lints=warn" "-w" "/opt/rustwide/workdir" "--user" "0:0" "b3276a347128ffa9367d944115ec9ee5c700ba4a1faa8f8c3b8b32fb7eb3a447" "/opt/rustwide/cargo-home/bin/cargo" "+1.99.0-beta.8" "test" "--frozen" "--no-run" "--message-format=json" "--release", kill_on_drop: false }`
[INFO] [stderr]    Compiling getrandom v0.4.3
[INFO] [stderr]    Compiling tempfile v3.27.0
[INFO] [stderr]    Compiling gstreamer-sys v0.25.4 (/opt/rustwide/workdir)
[INFO] [stderr]     Finished `release` profile [optimized] target(s) in 2.61s
[INFO] running `Command { std: "docker" "inspect" "b3276a347128ffa9367d944115ec9ee5c700ba4a1faa8f8c3b8b32fb7eb3a447", kill_on_drop: false }`
[INFO] running `Command { std: "docker" "exec" "-e" "SOURCE_DIR=/opt/rustwide/workdir" "-e" "CARGO_HOME=/opt/rustwide/cargo-home" "-e" "RUSTUP_HOME=/opt/rustwide/rustup-home" "-e" "CARGO_TARGET_DIR=/opt/rustwide/target" "-e" "CARGO_INCREMENTAL=0" "-e" "RUST_BACKTRACE=full" "-e" "RUSTFLAGS=--cap-lints=warn" "-e" "RUSTDOCFLAGS=--cap-lints=warn" "-w" "/opt/rustwide/workdir" "--user" "0:0" "b3276a347128ffa9367d944115ec9ee5c700ba4a1faa8f8c3b8b32fb7eb3a447" "/opt/rustwide/cargo-home/bin/cargo" "+1.99.0-beta.8" "test" "--frozen" "--release", kill_on_drop: false }`
[INFO] [stderr]     Finished `release` profile [optimized] target(s) in 0.09s
[INFO] [stderr]      Running unittests src/lib.rs (/opt/rustwide/target/release/deps/gstreamer_sys-576f596fded676b3)
[INFO] [stdout] 
[INFO] [stdout] running 0 tests
[INFO] [stdout] 
[INFO] [stdout] test result: ok. 0 passed; 0 failed; 0 ignored; 0 measured; 0 filtered out; finished in 0.00s
[INFO] [stdout] 
[INFO] [stderr]      Running tests/abi.rs (/opt/rustwide/target/release/deps/abi-0fe3df031389b74a)
[INFO] [stdout] 
[INFO] [stdout] running 2 tests
[INFO] [stderr] tests/layout.c: In function 'main':
[INFO] [stderr] tests/layout.c:186:53: error: 'GstTraceSpanId' undeclared (first use in this function)
[INFO] [stderr]   186 |     printf("%s;%zu;%zu\n", "GstTraceSpanId", sizeof(GstTraceSpanId), alignof(GstTraceSpanId));
[INFO] [stderr]       |                                                     ^~~~~~~~~~~~~~
[INFO] [stderr] tests/layout.c:186:53: note: each undeclared identifier is reported only once for each function it appears in
[INFO] [stderr] tests/layout.c:187:52: error: 'GstTraceValue' undeclared (first use in this function); did you mean 'GstTimedValue'?
[INFO] [stderr]   187 |     printf("%s;%zu;%zu\n", "GstTraceValue", sizeof(GstTraceValue), alignof(GstTraceValue));
[INFO] [stderr]       |                                                    ^~~~~~~~~~~~~
[INFO] [stderr]       |                                                    GstTimedValue
[INFO] [stderr] tests/layout.c:190:57: error: 'GstTracerFieldType' undeclared (first use in this function)
[INFO] [stderr]   190 |     printf("%s;%zu;%zu\n", "GstTracerFieldType", sizeof(GstTracerFieldType), alignof(GstTracerFieldType));
[INFO] [stderr]       |                                                         ^~~~~~~~~~~~~~~~~~
[INFO] [stdout] test cross_validate_layout_with_c ... FAILED
[INFO] [stderr] tests/constant.c: In function 'main':
[INFO] [stderr] tests/constant.c:477:28: error: 'GST_PLUGIN_FLAG_STATIC_FEATURES' undeclared (first use in this function); did you mean 'GST_PLUGIN_STATIC_DECLARE'?
[INFO] [stderr]   477 |     PRINT_CONSTANT((guint) GST_PLUGIN_FLAG_STATIC_FEATURES);
[INFO] [stderr]       |                            ^~~~~~~~~~~~~~~~~~~~~~~~~~~~~~~
[INFO] [stderr] tests/constant.c:11:22: note: in definition of macro 'PRINT_CONSTANT'
[INFO] [stderr]    11 |     printf(_Generic((CONSTANT_NAME), \
[INFO] [stderr]       |                      ^~~~~~~~~~~~~
[INFO] [stderr] tests/constant.c:477:28: note: each undeclared identifier is reported only once for each function it appears in
[INFO] [stderr]   477 |     PRINT_CONSTANT((guint) GST_PLUGIN_FLAG_STATIC_FEATURES);
[INFO] [stderr]       |                            ^~~~~~~~~~~~~~~~~~~~~~~~~~~~~~~
[INFO] [stderr] tests/constant.c:11:22: note: in definition of macro 'PRINT_CONSTANT'
[INFO] [stderr]    11 |     printf(_Generic((CONSTANT_NAME), \
[INFO] [stderr]       |                      ^~~~~~~~~~~~~
[INFO] [stderr] tests/constant.c:750:27: error: 'GST_TRACER_FIELD_TYPE_BOOLEAN' undeclared (first use in this function)
[INFO] [stderr]   750 |     PRINT_CONSTANT((gint) GST_TRACER_FIELD_TYPE_BOOLEAN);
[INFO] [stderr]       |                           ^~~~~~~~~~~~~~~~~~~~~~~~~~~~~
[INFO] [stderr] tests/constant.c:11:22: note: in definition of macro 'PRINT_CONSTANT'
[INFO] [stderr]    11 |     printf(_Generic((CONSTANT_NAME), \
[INFO] [stderr]       |                      ^~~~~~~~~~~~~
[INFO] [stderr] tests/constant.c:751:27: error: 'GST_TRACER_FIELD_TYPE_CLOCK_TIME' undeclared (first use in this function)
[INFO] [stderr]   751 |     PRINT_CONSTANT((gint) GST_TRACER_FIELD_TYPE_CLOCK_TIME);
[INFO] [stderr]       |                           ^~~~~~~~~~~~~~~~~~~~~~~~~~~~~~~~
[INFO] [stderr] tests/constant.c:11:22: note: in definition of macro 'PRINT_CONSTANT'
[INFO] [stderr]    11 |     printf(_Generic((CONSTANT_NAME), \
[INFO] [stderr]       |                      ^~~~~~~~~~~~~
[INFO] [stderr] tests/constant.c:752:27: error: 'GST_TRACER_FIELD_TYPE_DOUBLE' undeclared (first use in this function)
[INFO] [stderr]   752 |     PRINT_CONSTANT((gint) GST_TRACER_FIELD_TYPE_DOUBLE);
[INFO] [stderr]       |                           ^~~~~~~~~~~~~~~~~~~~~~~~~~~~
[INFO] [stderr] tests/constant.c:11:22: note: in definition of macro 'PRINT_CONSTANT'
[INFO] [stderr]    11 |     printf(_Generic((CONSTANT_NAME), \
[INFO] [stderr]       |                      ^~~~~~~~~~~~~
[INFO] [stderr] tests/constant.c:753:27: error: 'GST_TRACER_FIELD_TYPE_INT' undeclared (first use in this function)
[INFO] [stderr]   753 |     PRINT_CONSTANT((gint) GST_TRACER_FIELD_TYPE_INT);
[INFO] [stderr]       |                           ^~~~~~~~~~~~~~~~~~~~~~~~~
[INFO] [stderr] tests/constant.c:11:22: note: in definition of macro 'PRINT_CONSTANT'
[INFO] [stderr]    11 |     printf(_Generic((CONSTANT_NAME), \
[INFO] [stderr]       |                      ^~~~~~~~~~~~~
[INFO] [stderr] tests/constant.c:754:27: error: 'GST_TRACER_FIELD_TYPE_INT64' undeclared (first use in this function)
[INFO] [stderr]   754 |     PRINT_CONSTANT((gint) GST_TRACER_FIELD_TYPE_INT64);
[INFO] [stderr]       |                           ^~~~~~~~~~~~~~~~~~~~~~~~~~~
[INFO] [stderr] tests/constant.c:11:22: note: in definition of macro 'PRINT_CONSTANT'
[INFO] [stderr]    11 |     printf(_Generic((CONSTANT_NAME), \
[INFO] [stderr]       |                      ^~~~~~~~~~~~~
[INFO] [stderr] tests/constant.c:755:27: error: 'GST_TRACER_FIELD_TYPE_OBJECT' undeclared (first use in this function); did you mean 'GST_TRACE_ONCE_OBJECT'?
[INFO] [stderr]   755 |     PRINT_CONSTANT((gint) GST_TRACER_FIELD_TYPE_OBJECT);
[INFO] [stderr]       |                           ^~~~~~~~~~~~~~~~~~~~~~~~~~~~
[INFO] [stderr] tests/constant.c:11:22: note: in definition of macro 'PRINT_CONSTANT'
[INFO] [stderr]    11 |     printf(_Generic((CONSTANT_NAME), \
[INFO] [stderr]       |                      ^~~~~~~~~~~~~
[INFO] [stderr] tests/constant.c:756:27: error: 'GST_TRACER_FIELD_TYPE_STRING' undeclared (first use in this function)
[INFO] [stderr]   756 |     PRINT_CONSTANT((gint) GST_TRACER_FIELD_TYPE_STRING);
[INFO] [stderr]       |                           ^~~~~~~~~~~~~~~~~~~~~~~~~~~~
[INFO] [stderr] tests/constant.c:11:22: note: in definition of macro 'PRINT_CONSTANT'
[INFO] [stderr]    11 |     printf(_Generic((CONSTANT_NAME), \
[INFO] [stderr]       |                      ^~~~~~~~~~~~~
[INFO] [stderr] tests/constant.c:757:27: error: 'GST_TRACER_FIELD_TYPE_STRUCTURE' undeclared (first use in this function)
[INFO] [stderr]   757 |     PRINT_CONSTANT((gint) GST_TRACER_FIELD_TYPE_STRUCTURE);
[INFO] [stderr]       |                           ^~~~~~~~~~~~~~~~~~~~~~~~~~~~~~~
[INFO] [stderr] tests/constant.c:11:22: note: in definition of macro 'PRINT_CONSTANT'
[INFO] [stderr]    11 |     printf(_Generic((CONSTANT_NAME), \
[INFO] [stderr]       |                      ^~~~~~~~~~~~~
[INFO] [stderr] tests/constant.c:758:27: error: 'GST_TRACER_FIELD_TYPE_UINT' undeclared (first use in this function)
[INFO] [stderr]   758 |     PRINT_CONSTANT((gint) GST_TRACER_FIELD_TYPE_UINT);
[INFO] [stderr]       |                           ^~~~~~~~~~~~~~~~~~~~~~~~~~
[INFO] [stderr] tests/constant.c:11:22: note: in definition of macro 'PRINT_CONSTANT'
[INFO] [stderr]    11 |     printf(_Generic((CONSTANT_NAME), \
[INFO] [stderr]       |                      ^~~~~~~~~~~~~
[INFO] [stderr] tests/constant.c:759:27: error: 'GST_TRACER_FIELD_TYPE_UINT64' undeclared (first use in this function)
[INFO] [stderr]   759 |     PRINT_CONSTANT((gint) GST_TRACER_FIELD_TYPE_UINT64);
[INFO] [stderr]       |                           ^~~~~~~~~~~~~~~~~~~~~~~~~~~~
[INFO] [stderr] tests/constant.c:11:22: note: in definition of macro 'PRINT_CONSTANT'
[INFO] [stderr]    11 |     printf(_Generic((CONSTANT_NAME), \
[INFO] [stderr]       |                      ^~~~~~~~~~~~~
[INFO] [stderr] tests/constant.c:767:20: error: 'GST_TRACE_SPAN_ID_NONE' undeclared (first use in this function); did you mean 'GST_TYPE_FIND_NONE'?
[INFO] [stderr]   767 |     PRINT_CONSTANT(GST_TRACE_SPAN_ID_NONE);
[INFO] [stderr]       |                    ^~~~~~~~~~~~~~~~~~~~~~
[INFO] [stderr] tests/constant.c:11:22: note: in definition of macro 'PRINT_CONSTANT'
[INFO] [stderr]    11 |     printf(_Generic((CONSTANT_NAME), \
[INFO] [stderr]       |                      ^~~~~~~~~~~~~
[INFO] [stderr] error: test failed, to rerun pass `--test abi`
[INFO] [stdout] test cross_validate_constants_with_c ... FAILED
[INFO] [stdout] 
[INFO] [stdout] failures:
[INFO] [stdout] 
[INFO] [stdout] ---- cross_validate_layout_with_c stdout ----
[INFO] [stdout] 
[INFO] [stdout] thread 'cross_validate_layout_with_c' (398) panicked at tests/abi.rs:155:37:
[INFO] [stdout] called `Result::unwrap()` on an `Err` value: "compilation command \"cc\" \"-Wno-deprecated-declarations\" \"-std=c11\" \"-D__USE_MINGW_ANSI_STDIO\" \"-I/usr/include/gstreamer-1.0\" \"-I/usr/include/glib-2.0\" \"-I/usr/lib/x86_64-linux-gnu/glib-2.0/include\" \"-I/usr/include/sysprof-6\" \"-pthread\" \"tests/layout.c\" \"-o\" \"/tmp/abizACRRM/layout\" failed, exit status: 1"
[INFO] [stdout] stack backtrace:
[INFO] [stdout]    0:     0x57f266195151 - <<std[70759c8f55707aa4]::sys::backtrace::BacktraceLock>::print::DisplayBacktrace as core[df12db4294e9bfd3]::fmt::Display>::fmt
[INFO] [stdout]    1:     0x57f2661ab17a - core[df12db4294e9bfd3]::fmt::write
[INFO] [stdout]    2:     0x57f26619ad7c - <alloc[2182bb758b4b3781]::vec::Vec<u8> as core[df12db4294e9bfd3]::io::write::Write>::write_fmt
[INFO] [stdout]    3:     0x57f26616ff76 - std[70759c8f55707aa4]::panicking::default_hook::{closure#0}
[INFO] [stdout]    4:     0x57f26618d129 - std[70759c8f55707aa4]::panicking::default_hook
[INFO] [stdout]    5:     0x57f266126ac0 - test[9d35eded1c95d3be]::test_main_inner::<test[9d35eded1c95d3be]::test_main_static::{closure#0}>::{closure#0}
[INFO] [stdout]    6:     0x57f26618d2e2 - std[70759c8f55707aa4]::panicking::panic_with_hook
[INFO] [stdout]    7:     0x57f266170022 - std[70759c8f55707aa4]::panicking::panic_handler::{closure#0}
[INFO] [stdout]    8:     0x57f266168c89 - std[70759c8f55707aa4]::sys::backtrace::__rust_end_short_backtrace::<std[70759c8f55707aa4]::panicking::panic_handler::{closure#0}, !>
[INFO] [stdout]    9:     0x57f266170c1d - __rustc[8fa7c3cbc660c2b3]::rust_begin_unwind
[INFO] [stdout]   10:     0x57f2661ab8ac - core[df12db4294e9bfd3]::panicking::panic_fmt
[INFO] [stdout]   11:     0x57f2661ab682 - core[df12db4294e9bfd3]::result::unwrap_failed
[INFO] [stdout]   12:     0x57f266117a48 - <abi[8ee60b1be9feab4e]::cross_validate_layout_with_c::{closure#0} as core[df12db4294e9bfd3]::ops::function::FnOnce<()>>::call_once
[INFO] [stdout]   13:     0x57f266119dab - test[9d35eded1c95d3be]::__rust_begin_short_backtrace::<core[df12db4294e9bfd3]::result::Result<(), alloc[2182bb758b4b3781]::string::String>, fn() -> core[df12db4294e9bfd3]::result::Result<(), alloc[2182bb758b4b3781]::string::String>>
[INFO] [stdout]   14:     0x57f266127415 - test[9d35eded1c95d3be]::run_test::{closure#0}
[INFO] [stdout]   15:     0x57f266120cd4 - std[70759c8f55707aa4]::sys::backtrace::__rust_begin_short_backtrace::<test[9d35eded1c95d3be]::run_test::{closure#1}, ()>
[INFO] [stdout]   16:     0x57f26612a572 - <std[70759c8f55707aa4]::thread::lifecycle::spawn_unchecked<test[9d35eded1c95d3be]::run_test::{closure#1}, ()>::{closure#1} as core[df12db4294e9bfd3]::ops::function::FnOnce<()>>::call_once::{shim:vtable#0}
[INFO] [stdout]   17:     0x57f2661949a9 - <std[70759c8f55707aa4]::sys::thread::unix::Thread>::new::thread_start
[INFO] [stdout]   18:     0x7ea88b6acdfa - <unknown>
[INFO] [stdout]   19:     0x7ea88b7403d4 - clone
[INFO] [stdout]   20:                0x0 - <unknown>
[INFO] [stdout] 
[INFO] [stdout] ---- cross_validate_constants_with_c stdout ----
[INFO] [stdout] 
[INFO] [stdout] thread 'cross_validate_constants_with_c' (397) panicked at tests/abi.rs:121:39:
[INFO] [stdout] called `Result::unwrap()` on an `Err` value: "compilation command \"cc\" \"-Wno-deprecated-declarations\" \"-std=c11\" \"-D__USE_MINGW_ANSI_STDIO\" \"-I/usr/include/gstreamer-1.0\" \"-I/usr/include/glib-2.0\" \"-I/usr/lib/x86_64-linux-gnu/glib-2.0/include\" \"-I/usr/include/sysprof-6\" \"-pthread\" \"tests/constant.c\" \"-o\" \"/tmp/abiPW5Y8V/constant\" failed, exit status: 1"
[INFO] [stdout] stack backtrace:
[INFO] [stdout]    0:     0x57f266195151 - <<std[70759c8f55707aa4]::sys::backtrace::BacktraceLock>::print::DisplayBacktrace as core[df12db4294e9bfd3]::fmt::Display>::fmt
[INFO] [stdout]    1:     0x57f2661ab17a - core[df12db4294e9bfd3]::fmt::write
[INFO] [stdout]    2:     0x57f26619ad7c - <alloc[2182bb758b4b3781]::vec::Vec<u8> as core[df12db4294e9bfd3]::io::write::Write>::write_fmt
[INFO] [stdout]    3:     0x57f26616ff76 - std[70759c8f55707aa4]::panicking::default_hook::{closure#0}
[INFO] [stdout]    4:     0x57f26618d129 - std[70759c8f55707aa4]::panicking::default_hook
[INFO] [stdout]    5:     0x57f266126ac0 - test[9d35eded1c95d3be]::test_main_inner::<test[9d35eded1c95d3be]::test_main_static::{closure#0}>::{closure#0}
[INFO] [stdout]    6:     0x57f26618d2e2 - std[70759c8f55707aa4]::panicking::panic_with_hook
[INFO] [stdout]    7:     0x57f266170022 - std[70759c8f55707aa4]::panicking::panic_handler::{closure#0}
[INFO] [stdout]    8:     0x57f266168c89 - std[70759c8f55707aa4]::sys::backtrace::__rust_end_short_backtrace::<std[70759c8f55707aa4]::panicking::panic_handler::{closure#0}, !>
[INFO] [stdout]    9:     0x57f266170c1d - __rustc[8fa7c3cbc660c2b3]::rust_begin_unwind
[INFO] [stdout]   10:     0x57f2661ab8ac - core[df12db4294e9bfd3]::panicking::panic_fmt
[INFO] [stdout]   11:     0x57f2661ab682 - core[df12db4294e9bfd3]::result::unwrap_failed
[INFO] [stdout]   12:     0x57f2661181e6 - <abi[8ee60b1be9feab4e]::cross_validate_constants_with_c::{closure#0} as core[df12db4294e9bfd3]::ops::function::FnOnce<()>>::call_once
[INFO] [stdout]   13:     0x57f266119dab - test[9d35eded1c95d3be]::__rust_begin_short_backtrace::<core[df12db4294e9bfd3]::result::Result<(), alloc[2182bb758b4b3781]::string::String>, fn() -> core[df12db4294e9bfd3]::result::Result<(), alloc[2182bb758b4b3781]::string::String>>
[INFO] [stdout]   14:     0x57f266127415 - test[9d35eded1c95d3be]::run_test::{closure#0}
[INFO] [stdout]   15:     0x57f266120cd4 - std[70759c8f55707aa4]::sys::backtrace::__rust_begin_short_backtrace::<test[9d35eded1c95d3be]::run_test::{closure#1}, ()>
[INFO] [stdout]   16:     0x57f26612a572 - <std[70759c8f55707aa4]::thread::lifecycle::spawn_unchecked<test[9d35eded1c95d3be]::run_test::{closure#1}, ()>::{closure#1} as core[df12db4294e9bfd3]::ops::function::FnOnce<()>>::call_once::{shim:vtable#0}
[INFO] [stdout]   17:     0x57f2661949a9 - <std[70759c8f55707aa4]::sys::thread::unix::Thread>::new::thread_start
[INFO] [stdout]   18:     0x7ea88b6acdfa - <unknown>
[INFO] [stdout]   19:     0x7ea88b7403d4 - clone
[INFO] [stdout]   20:                0x0 - <unknown>
[INFO] [stdout] 
[INFO] [stdout] 
[INFO] [stdout] failures:
[INFO] [stdout]     cross_validate_constants_with_c
[INFO] [stdout]     cross_validate_layout_with_c
[INFO] [stdout] 
[INFO] [stdout] test result: FAILED. 0 passed; 2 failed; 0 ignored; 0 measured; 0 filtered out; finished in 0.82s
[INFO] [stdout] 
[INFO] running `Command { std: "docker" "inspect" "b3276a347128ffa9367d944115ec9ee5c700ba4a1faa8f8c3b8b32fb7eb3a447", kill_on_drop: false }`
[INFO] running `Command { std: "docker" "rm" "-f" "b3276a347128ffa9367d944115ec9ee5c700ba4a1faa8f8c3b8b32fb7eb3a447", kill_on_drop: false }`
[INFO] [stdout] b3276a347128ffa9367d944115ec9ee5c700ba4a1faa8f8c3b8b32fb7eb3a447
