[INFO] fetching crate gstreamer-allocators-sys 0.25.4...
[INFO] testing gstreamer-allocators-sys-0.25.4 against 1.99.0-beta.8+cargoflags=--release for beta-release-1.100-2
[INFO] extracting crate gstreamer-allocators-sys 0.25.4 into /workspace/builds/worker-7-tc1/source
[INFO] started tweaking crates.io crate gstreamer-allocators-sys 0.25.4
[INFO] removed 0 missing tests
[INFO] finished tweaking crates.io crate gstreamer-allocators-sys 0.25.4
[INFO] tweaked toml for crates.io crate gstreamer-allocators-sys 0.25.4 written to /workspace/builds/worker-7-tc1/source/Cargo.toml
[INFO] validating manifest of crates.io crate gstreamer-allocators-sys 0.25.4 on toolchain 1.99.0-beta.8
[INFO] running `Command { std: CARGO_HOME="/workspace/cargo-home" RUSTUP_HOME="/workspace/rustup-home" "/workspace/cargo-home/bin/cargo" "+1.99.0-beta.8" "metadata" "--manifest-path" "Cargo.toml" "--no-deps", kill_on_drop: false }`
[INFO] crate crates.io crate gstreamer-allocators-sys 0.25.4 already has a lockfile, it will not be regenerated
[INFO] running `Command { std: CARGO_HOME="/workspace/cargo-home" RUSTUP_HOME="/workspace/rustup-home" "/workspace/cargo-home/bin/cargo" "+1.99.0-beta.8" "fetch" "--manifest-path" "Cargo.toml", kill_on_drop: false }`
[INFO] [stderr]  Downloading crates ...
[INFO] [stderr]   Downloaded gstreamer-sys v0.25.2
[INFO] running `Command { std: "docker" "create" "-v" "/var/lib/crater-agent-workspace/builds/worker-7-tc1/source:/opt/rustwide/workdir:ro,Z" "-v" "/var/lib/crater-agent-workspace/builds/worker-7-tc1/target:/opt/rustwide/target:rw,Z" "-v" "/var/lib/crater-agent-workspace/cargo-home:/opt/rustwide/cargo-home:ro,Z" "-v" "/var/lib/crater-agent-workspace/rustup-home:/opt/rustwide/rustup-home:ro,Z" "-m" "1610612736" "--network" "none" "ghcr.io/rust-lang/crates-build-env/linux@sha256:77db811e55d90add9212f6832c23229e3de5f1c1f9905e8cb07319ea15df73ac" "sleep" "infinity", kill_on_drop: false }`
[INFO] [stdout] 16c925e25699179b64350aa796bed52ec4194fdba0c0f4a519d12ccb4324221e
[INFO] running `Command { std: "docker" "start" "16c925e25699179b64350aa796bed52ec4194fdba0c0f4a519d12ccb4324221e", kill_on_drop: false }`
[INFO] running `Command { std: "docker" "inspect" "16c925e25699179b64350aa796bed52ec4194fdba0c0f4a519d12ccb4324221e", kill_on_drop: false }`
[INFO] running `Command { std: "docker" "exec" "-e" "SOURCE_DIR=/opt/rustwide/workdir" "-e" "CARGO_HOME=/opt/rustwide/cargo-home" "-e" "RUSTUP_HOME=/opt/rustwide/rustup-home" "-e" "CARGO_TARGET_DIR=/opt/rustwide/target" "-w" "/opt/rustwide/workdir" "--user" "0:0" "16c925e25699179b64350aa796bed52ec4194fdba0c0f4a519d12ccb4324221e" "/opt/rustwide/cargo-home/bin/cargo" "+1.99.0-beta.8" "metadata" "--no-deps" "--format-version=1", kill_on_drop: false }`
[INFO] running `Command { std: "docker" "inspect" "16c925e25699179b64350aa796bed52ec4194fdba0c0f4a519d12ccb4324221e", kill_on_drop: false }`
[INFO] running `Command { std: "docker" "exec" "-e" "SOURCE_DIR=/opt/rustwide/workdir" "-e" "CARGO_HOME=/opt/rustwide/cargo-home" "-e" "RUSTUP_HOME=/opt/rustwide/rustup-home" "-e" "CARGO_TARGET_DIR=/opt/rustwide/target" "-e" "CARGO_INCREMENTAL=0" "-e" "RUST_BACKTRACE=full" "-e" "RUSTFLAGS=--cap-lints=warn" "-e" "RUSTDOCFLAGS=--cap-lints=warn" "-w" "/opt/rustwide/workdir" "--user" "0:0" "16c925e25699179b64350aa796bed52ec4194fdba0c0f4a519d12ccb4324221e" "/opt/rustwide/cargo-home/bin/cargo" "+1.99.0-beta.8" "build" "--frozen" "--message-format=json" "--release", kill_on_drop: false }`
[INFO] [stderr]    Compiling target-lexicon v0.13.5
[INFO] [stderr]    Compiling winnow v1.0.4
[INFO] [stderr]    Compiling toml_datetime v1.1.1+spec-1.1.0
[INFO] [stderr]    Compiling smallvec v1.16.1
[INFO] [stderr]    Compiling serde_spanned v1.1.1
[INFO] [stderr]    Compiling version-compare v0.2.1
[INFO] [stderr]    Compiling system-deps v9.0.0
[INFO] [stderr]    Compiling toml_parser v1.1.3+spec-1.1.0
[INFO] [stderr]    Compiling cfg-expr v0.20.9
[INFO] [stderr]    Compiling toml v1.1.6+spec-1.1.0
[INFO] [stderr]    Compiling system-deps v7.0.8
[INFO] [stderr]    Compiling gstreamer-sys v0.25.2
[INFO] [stderr]    Compiling glib-sys v0.22.9
[INFO] [stderr]    Compiling gobject-sys v0.22.9
[INFO] [stderr]    Compiling gstreamer-allocators-sys v0.25.4 (/opt/rustwide/workdir)
[INFO] [stderr]     Finished `release` profile [optimized] target(s) in 5.97s
[INFO] running `Command { std: "docker" "inspect" "16c925e25699179b64350aa796bed52ec4194fdba0c0f4a519d12ccb4324221e", kill_on_drop: false }`
[INFO] running `Command { std: "docker" "exec" "-e" "SOURCE_DIR=/opt/rustwide/workdir" "-e" "CARGO_HOME=/opt/rustwide/cargo-home" "-e" "RUSTUP_HOME=/opt/rustwide/rustup-home" "-e" "CARGO_TARGET_DIR=/opt/rustwide/target" "-e" "CARGO_INCREMENTAL=0" "-e" "RUST_BACKTRACE=full" "-e" "RUSTFLAGS=--cap-lints=warn" "-e" "RUSTDOCFLAGS=--cap-lints=warn" "-w" "/opt/rustwide/workdir" "--user" "0:0" "16c925e25699179b64350aa796bed52ec4194fdba0c0f4a519d12ccb4324221e" "/opt/rustwide/cargo-home/bin/cargo" "+1.99.0-beta.8" "test" "--frozen" "--no-run" "--message-format=json" "--release", kill_on_drop: false }`
[INFO] [stderr]    Compiling tempfile v3.27.0
[INFO] [stderr]    Compiling gstreamer-allocators-sys v0.25.4 (/opt/rustwide/workdir)
[INFO] [stderr]     Finished `release` profile [optimized] target(s) in 1.80s
[INFO] running `Command { std: "docker" "inspect" "16c925e25699179b64350aa796bed52ec4194fdba0c0f4a519d12ccb4324221e", kill_on_drop: false }`
[INFO] running `Command { std: "docker" "exec" "-e" "SOURCE_DIR=/opt/rustwide/workdir" "-e" "CARGO_HOME=/opt/rustwide/cargo-home" "-e" "RUSTUP_HOME=/opt/rustwide/rustup-home" "-e" "CARGO_TARGET_DIR=/opt/rustwide/target" "-e" "CARGO_INCREMENTAL=0" "-e" "RUST_BACKTRACE=full" "-e" "RUSTFLAGS=--cap-lints=warn" "-e" "RUSTDOCFLAGS=--cap-lints=warn" "-w" "/opt/rustwide/workdir" "--user" "0:0" "16c925e25699179b64350aa796bed52ec4194fdba0c0f4a519d12ccb4324221e" "/opt/rustwide/cargo-home/bin/cargo" "+1.99.0-beta.8" "test" "--frozen" "--release", kill_on_drop: false }`
[INFO] [stderr]     Finished `release` profile [optimized] target(s) in 0.07s
[INFO] [stderr]      Running unittests src/lib.rs (/opt/rustwide/target/release/deps/gstreamer_allocators_sys-becc964233054b15)
[INFO] [stdout] 
[INFO] [stdout] running 0 tests
[INFO] [stdout] 
[INFO] [stdout] test result: ok. 0 passed; 0 failed; 0 ignored; 0 measured; 0 filtered out; finished in 0.00s
[INFO] [stdout] 
[INFO] [stderr]      Running tests/abi.rs (/opt/rustwide/target/release/deps/abi-56180fe2ebe2f728)
[INFO] [stdout] 
[INFO] [stdout] running 2 tests
[INFO] [stderr] tests/layout.c: In function 'main':
[INFO] [stderr] tests/layout.c:11:63: error: 'GstAHardwareBufferFormat' undeclared (first use in this function)
[INFO] [stderr]    11 |     printf("%s;%zu;%zu\n", "GstAHardwareBufferFormat", sizeof(GstAHardwareBufferFormat), alignof(GstAHardwareBufferFormat));
[INFO] [stderr]       |                                                               ^~~~~~~~~~~~~~~~~~~~~~~~
[INFO] [stderr] tests/layout.c:11:63: note: each undeclared identifier is reported only once for each function it appears in
[INFO] [stdout] test cross_validate_layout_with_c ... FAILED
[INFO] [stderr] tests/constant.c: In function 'main':
[INFO] [stderr] tests/constant.c:32:27: error: 'GST_AHARDWARE_BUFFER_FORMAT_B10G10R10A2_UNORM' undeclared (first use in this function)
[INFO] [stderr]    32 |     PRINT_CONSTANT((gint) GST_AHARDWARE_BUFFER_FORMAT_B10G10R10A2_UNORM);
[INFO] [stderr]       |                           ^~~~~~~~~~~~~~~~~~~~~~~~~~~~~~~~~~~~~~~~~~~~~
[INFO] [stderr] tests/constant.c:11:22: note: in definition of macro 'PRINT_CONSTANT'
[INFO] [stderr]    11 |     printf(_Generic((CONSTANT_NAME), \
[INFO] [stderr]       |                      ^~~~~~~~~~~~~
[INFO] [stderr] tests/constant.c:32:27: note: each undeclared identifier is reported only once for each function it appears in
[INFO] [stderr]    32 |     PRINT_CONSTANT((gint) GST_AHARDWARE_BUFFER_FORMAT_B10G10R10A2_UNORM);
[INFO] [stderr]       |                           ^~~~~~~~~~~~~~~~~~~~~~~~~~~~~~~~~~~~~~~~~~~~~
[INFO] [stderr] tests/constant.c:11:22: note: in definition of macro 'PRINT_CONSTANT'
[INFO] [stderr]    11 |     printf(_Generic((CONSTANT_NAME), \
[INFO] [stderr]       |                      ^~~~~~~~~~~~~
[INFO] [stderr] tests/constant.c:33:27: error: 'GST_AHARDWARE_BUFFER_FORMAT_B10G10R10X2_UNORM' undeclared (first use in this function)
[INFO] [stderr]    33 |     PRINT_CONSTANT((gint) GST_AHARDWARE_BUFFER_FORMAT_B10G10R10X2_UNORM);
[INFO] [stderr]       |                           ^~~~~~~~~~~~~~~~~~~~~~~~~~~~~~~~~~~~~~~~~~~~~
[INFO] [stderr] tests/constant.c:11:22: note: in definition of macro 'PRINT_CONSTANT'
[INFO] [stderr]    11 |     printf(_Generic((CONSTANT_NAME), \
[INFO] [stderr]       |                      ^~~~~~~~~~~~~
[INFO] [stderr] tests/constant.c:34:27: error: 'GST_AHARDWARE_BUFFER_FORMAT_BLOB' undeclared (first use in this function)
[INFO] [stderr]    34 |     PRINT_CONSTANT((gint) GST_AHARDWARE_BUFFER_FORMAT_BLOB);
[INFO] [stderr]       |                           ^~~~~~~~~~~~~~~~~~~~~~~~~~~~~~~~
[INFO] [stderr] tests/constant.c:11:22: note: in definition of macro 'PRINT_CONSTANT'
[INFO] [stderr]    11 |     printf(_Generic((CONSTANT_NAME), \
[INFO] [stderr]       |                      ^~~~~~~~~~~~~
[INFO] [stderr] tests/constant.c:35:27: error: 'GST_AHARDWARE_BUFFER_FORMAT_D16_UNORM' undeclared (first use in this function)
[INFO] [stderr]    35 |     PRINT_CONSTANT((gint) GST_AHARDWARE_BUFFER_FORMAT_D16_UNORM);
[INFO] [stderr]       |                           ^~~~~~~~~~~~~~~~~~~~~~~~~~~~~~~~~~~~~
[INFO] [stderr] tests/constant.c:11:22: note: in definition of macro 'PRINT_CONSTANT'
[INFO] [stderr]    11 |     printf(_Generic((CONSTANT_NAME), \
[INFO] [stderr]       |                      ^~~~~~~~~~~~~
[INFO] [stderr] tests/constant.c:36:27: error: 'GST_AHARDWARE_BUFFER_FORMAT_D24_UNORM' undeclared (first use in this function)
[INFO] [stderr]    36 |     PRINT_CONSTANT((gint) GST_AHARDWARE_BUFFER_FORMAT_D24_UNORM);
[INFO] [stderr]       |                           ^~~~~~~~~~~~~~~~~~~~~~~~~~~~~~~~~~~~~
[INFO] [stderr] tests/constant.c:11:22: note: in definition of macro 'PRINT_CONSTANT'
[INFO] [stderr]    11 |     printf(_Generic((CONSTANT_NAME), \
[INFO] [stderr]       |                      ^~~~~~~~~~~~~
[INFO] [stderr] tests/constant.c:37:27: error: 'GST_AHARDWARE_BUFFER_FORMAT_D24_UNORM_S8_UINT' undeclared (first use in this function)
[INFO] [stderr]    37 |     PRINT_CONSTANT((gint) GST_AHARDWARE_BUFFER_FORMAT_D24_UNORM_S8_UINT);
[INFO] [stderr]       |                           ^~~~~~~~~~~~~~~~~~~~~~~~~~~~~~~~~~~~~~~~~~~~~
[INFO] [stderr] tests/constant.c:11:22: note: in definition of macro 'PRINT_CONSTANT'
[INFO] [stderr]    11 |     printf(_Generic((CONSTANT_NAME), \
[INFO] [stderr]       |                      ^~~~~~~~~~~~~
[INFO] [stderr] tests/constant.c:38:27: error: 'GST_AHARDWARE_BUFFER_FORMAT_D32_FLOAT' undeclared (first use in this function)
[INFO] [stderr]    38 |     PRINT_CONSTANT((gint) GST_AHARDWARE_BUFFER_FORMAT_D32_FLOAT);
[INFO] [stderr]       |                           ^~~~~~~~~~~~~~~~~~~~~~~~~~~~~~~~~~~~~
[INFO] [stderr] tests/constant.c:11:22: note: in definition of macro 'PRINT_CONSTANT'
[INFO] [stderr]    11 |     printf(_Generic((CONSTANT_NAME), \
[INFO] [stderr]       |                      ^~~~~~~~~~~~~
[INFO] [stderr] tests/constant.c:39:27: error: 'GST_AHARDWARE_BUFFER_FORMAT_D32_FLOAT_S8_UINT' undeclared (first use in this function)
[INFO] [stderr]    39 |     PRINT_CONSTANT((gint) GST_AHARDWARE_BUFFER_FORMAT_D32_FLOAT_S8_UINT);
[INFO] [stderr]       |                           ^~~~~~~~~~~~~~~~~~~~~~~~~~~~~~~~~~~~~~~~~~~~~
[INFO] [stderr] tests/constant.c:11:22: note: in definition of macro 'PRINT_CONSTANT'
[INFO] [stderr]    11 |     printf(_Generic((CONSTANT_NAME), \
[INFO] [stderr]       |                      ^~~~~~~~~~~~~
[INFO] [stderr] tests/constant.c:40:27: error: 'GST_AHARDWARE_BUFFER_FORMAT_R10G10B10A10_UNORM' undeclared (first use in this function)
[INFO] [stderr]    40 |     PRINT_CONSTANT((gint) GST_AHARDWARE_BUFFER_FORMAT_R10G10B10A10_UNORM);
[INFO] [stderr]       |                           ^~~~~~~~~~~~~~~~~~~~~~~~~~~~~~~~~~~~~~~~~~~~~~
[INFO] [stderr] tests/constant.c:11:22: note: in definition of macro 'PRINT_CONSTANT'
[INFO] [stderr]    11 |     printf(_Generic((CONSTANT_NAME), \
[INFO] [stderr]       |                      ^~~~~~~~~~~~~
[INFO] [stderr] tests/constant.c:41:27: error: 'GST_AHARDWARE_BUFFER_FORMAT_R10G10B10A2_UNORM' undeclared (first use in this function)
[INFO] [stderr]    41 |     PRINT_CONSTANT((gint) GST_AHARDWARE_BUFFER_FORMAT_R10G10B10A2_UNORM);
[INFO] [stderr]       |                           ^~~~~~~~~~~~~~~~~~~~~~~~~~~~~~~~~~~~~~~~~~~~~
[INFO] [stderr] tests/constant.c:11:22: note: in definition of macro 'PRINT_CONSTANT'
[INFO] [stderr]    11 |     printf(_Generic((CONSTANT_NAME), \
[INFO] [stderr]       |                      ^~~~~~~~~~~~~
[INFO] [stderr] tests/constant.c:42:27: error: 'GST_AHARDWARE_BUFFER_FORMAT_R12G12B12A12_UINT' undeclared (first use in this function)
[INFO] [stderr]    42 |     PRINT_CONSTANT((gint) GST_AHARDWARE_BUFFER_FORMAT_R12G12B12A12_UINT);
[INFO] [stderr]       |                           ^~~~~~~~~~~~~~~~~~~~~~~~~~~~~~~~~~~~~~~~~~~~~
[INFO] [stderr] tests/constant.c:11:22: note: in definition of macro 'PRINT_CONSTANT'
[INFO] [stderr]    11 |     printf(_Generic((CONSTANT_NAME), \
[INFO] [stderr]       |                      ^~~~~~~~~~~~~
[INFO] [stderr] tests/constant.c:43:27: error: 'GST_AHARDWARE_BUFFER_FORMAT_R12G12_UINT' undeclared (first use in this function)
[INFO] [stderr]    43 |     PRINT_CONSTANT((gint) GST_AHARDWARE_BUFFER_FORMAT_R12G12_UINT);
[INFO] [stderr]       |                           ^~~~~~~~~~~~~~~~~~~~~~~~~~~~~~~~~~~~~~~
[INFO] [stderr] tests/constant.c:11:22: note: in definition of macro 'PRINT_CONSTANT'
[INFO] [stderr]    11 |     printf(_Generic((CONSTANT_NAME), \
[INFO] [stderr]       |                      ^~~~~~~~~~~~~
[INFO] [stderr] tests/constant.c:44:27: error: 'GST_AHARDWARE_BUFFER_FORMAT_R12_UINT' undeclared (first use in this function)
[INFO] [stderr]    44 |     PRINT_CONSTANT((gint) GST_AHARDWARE_BUFFER_FORMAT_R12_UINT);
[INFO] [stderr]       |                           ^~~~~~~~~~~~~~~~~~~~~~~~~~~~~~~~~~~~
[INFO] [stderr] tests/constant.c:11:22: note: in definition of macro 'PRINT_CONSTANT'
[INFO] [stderr]    11 |     printf(_Generic((CONSTANT_NAME), \
[INFO] [stderr]       |                      ^~~~~~~~~~~~~
[INFO] [stderr] tests/constant.c:45:27: error: 'GST_AHARDWARE_BUFFER_FORMAT_R14G14B14A14_UINT' undeclared (first use in this function)
[INFO] [stderr]    45 |     PRINT_CONSTANT((gint) GST_AHARDWARE_BUFFER_FORMAT_R14G14B14A14_UINT);
[INFO] [stderr]       |                           ^~~~~~~~~~~~~~~~~~~~~~~~~~~~~~~~~~~~~~~~~~~~~
[INFO] [stderr] tests/constant.c:11:22: note: in definition of macro 'PRINT_CONSTANT'
[INFO] [stderr]    11 |     printf(_Generic((CONSTANT_NAME), \
[INFO] [stderr]       |                      ^~~~~~~~~~~~~
[INFO] [stderr] tests/constant.c:46:27: error: 'GST_AHARDWARE_BUFFER_FORMAT_R14G14_UINT' undeclared (first use in this function)
[INFO] [stderr]    46 |     PRINT_CONSTANT((gint) GST_AHARDWARE_BUFFER_FORMAT_R14G14_UINT);
[INFO] [stderr]       |                           ^~~~~~~~~~~~~~~~~~~~~~~~~~~~~~~~~~~~~~~
[INFO] [stderr] tests/constant.c:11:22: note: in definition of macro 'PRINT_CONSTANT'
[INFO] [stderr]    11 |     printf(_Generic((CONSTANT_NAME), \
[INFO] [stderr]       |                      ^~~~~~~~~~~~~
[INFO] [stderr] tests/constant.c:47:27: error: 'GST_AHARDWARE_BUFFER_FORMAT_R14_UINT' undeclared (first use in this function)
[INFO] [stderr]    47 |     PRINT_CONSTANT((gint) GST_AHARDWARE_BUFFER_FORMAT_R14_UINT);
[INFO] [stderr]       |                           ^~~~~~~~~~~~~~~~~~~~~~~~~~~~~~~~~~~~
[INFO] [stderr] tests/constant.c:11:22: note: in definition of macro 'PRINT_CONSTANT'
[INFO] [stderr]    11 |     printf(_Generic((CONSTANT_NAME), \
[INFO] [stderr]       |                      ^~~~~~~~~~~~~
[INFO] [stderr] tests/constant.c:48:27: error: 'GST_AHARDWARE_BUFFER_FORMAT_R16G16B16A16_FLOAT' undeclared (first use in this function)
[INFO] [stderr]    48 |     PRINT_CONSTANT((gint) GST_AHARDWARE_BUFFER_FORMAT_R16G16B16A16_FLOAT);
[INFO] [stderr]       |                           ^~~~~~~~~~~~~~~~~~~~~~~~~~~~~~~~~~~~~~~~~~~~~~
[INFO] [stderr] tests/constant.c:11:22: note: in definition of macro 'PRINT_CONSTANT'
[INFO] [stderr]    11 |     printf(_Generic((CONSTANT_NAME), \
[INFO] [stderr]       |                      ^~~~~~~~~~~~~
[INFO] [stderr] tests/constant.c:49:27: error: 'GST_AHARDWARE_BUFFER_FORMAT_R16G16_UINT' undeclared (first use in this function)
[INFO] [stderr]    49 |     PRINT_CONSTANT((gint) GST_AHARDWARE_BUFFER_FORMAT_R16G16_UINT);
[INFO] [stderr]       |                           ^~~~~~~~~~~~~~~~~~~~~~~~~~~~~~~~~~~~~~~
[INFO] [stderr] tests/constant.c:11:22: note: in definition of macro 'PRINT_CONSTANT'
[INFO] [stderr]    11 |     printf(_Generic((CONSTANT_NAME), \
[INFO] [stderr]       |                      ^~~~~~~~~~~~~
[INFO] [stderr] tests/constant.c:50:27: error: 'GST_AHARDWARE_BUFFER_FORMAT_R16_UINT' undeclared (first use in this function)
[INFO] [stderr]    50 |     PRINT_CONSTANT((gint) GST_AHARDWARE_BUFFER_FORMAT_R16_UINT);
[INFO] [stderr]       |                           ^~~~~~~~~~~~~~~~~~~~~~~~~~~~~~~~~~~~
[INFO] [stderr] tests/constant.c:11:22: note: in definition of macro 'PRINT_CONSTANT'
[INFO] [stderr]    11 |     printf(_Generic((CONSTANT_NAME), \
[INFO] [stderr]       |                      ^~~~~~~~~~~~~
[INFO] [stderr] tests/constant.c:51:27: error: 'GST_AHARDWARE_BUFFER_FORMAT_R5G6B5_UNORM' undeclared (first use in this function)
[INFO] [stderr]    51 |     PRINT_CONSTANT((gint) GST_AHARDWARE_BUFFER_FORMAT_R5G6B5_UNORM);
[INFO] [stderr]       |                           ^~~~~~~~~~~~~~~~~~~~~~~~~~~~~~~~~~~~~~~~
[INFO] [stderr] tests/constant.c:11:22: note: in definition of macro 'PRINT_CONSTANT'
[INFO] [stderr]    11 |     printf(_Generic((CONSTANT_NAME), \
[INFO] [stderr]       |                      ^~~~~~~~~~~~~
[INFO] [stderr] tests/constant.c:52:27: error: 'GST_AHARDWARE_BUFFER_FORMAT_R8G8B8A8_UNORM' undeclared (first use in this function)
[INFO] [stderr]    52 |     PRINT_CONSTANT((gint) GST_AHARDWARE_BUFFER_FORMAT_R8G8B8A8_UNORM);
[INFO] [stderr]       |                           ^~~~~~~~~~~~~~~~~~~~~~~~~~~~~~~~~~~~~~~~~~
[INFO] [stderr] tests/constant.c:11:22: note: in definition of macro 'PRINT_CONSTANT'
[INFO] [stderr]    11 |     printf(_Generic((CONSTANT_NAME), \
[INFO] [stderr]       |                      ^~~~~~~~~~~~~
[INFO] [stderr] tests/constant.c:53:27: error: 'GST_AHARDWARE_BUFFER_FORMAT_R8G8B8X8_UNORM' undeclared (first use in this function)
[INFO] [stderr]    53 |     PRINT_CONSTANT((gint) GST_AHARDWARE_BUFFER_FORMAT_R8G8B8X8_UNORM);
[INFO] [stderr]       |                           ^~~~~~~~~~~~~~~~~~~~~~~~~~~~~~~~~~~~~~~~~~
[INFO] [stderr] tests/constant.c:11:22: note: in definition of macro 'PRINT_CONSTANT'
[INFO] [stderr]    11 |     printf(_Generic((CONSTANT_NAME), \
[INFO] [stderr]       |                      ^~~~~~~~~~~~~
[INFO] [stderr] tests/constant.c:54:27: error: 'GST_AHARDWARE_BUFFER_FORMAT_R8G8B8_UNORM' undeclared (first use in this function)
[INFO] [stderr]    54 |     PRINT_CONSTANT((gint) GST_AHARDWARE_BUFFER_FORMAT_R8G8B8_UNORM);
[INFO] [stderr]       |                           ^~~~~~~~~~~~~~~~~~~~~~~~~~~~~~~~~~~~~~~~
[INFO] [stderr] tests/constant.c:11:22: note: in definition of macro 'PRINT_CONSTANT'
[INFO] [stderr]    11 |     printf(_Generic((CONSTANT_NAME), \
[INFO] [stderr]       |                      ^~~~~~~~~~~~~
[INFO] [stderr] tests/constant.c:55:27: error: 'GST_AHARDWARE_BUFFER_FORMAT_R8_UNORM' undeclared (first use in this function)
[INFO] [stderr]    55 |     PRINT_CONSTANT((gint) GST_AHARDWARE_BUFFER_FORMAT_R8_UNORM);
[INFO] [stderr]       |                           ^~~~~~~~~~~~~~~~~~~~~~~~~~~~~~~~~~~~
[INFO] [stderr] tests/constant.c:11:22: note: in definition of macro 'PRINT_CONSTANT'
[INFO] [stderr]    11 |     printf(_Generic((CONSTANT_NAME), \
[INFO] [stderr]       |                      ^~~~~~~~~~~~~
[INFO] [stderr] tests/constant.c:56:27: error: 'GST_AHARDWARE_BUFFER_FORMAT_S8_UINT' undeclared (first use in this function)
[INFO] [stderr]    56 |     PRINT_CONSTANT((gint) GST_AHARDWARE_BUFFER_FORMAT_S8_UINT);
[INFO] [stderr]       |                           ^~~~~~~~~~~~~~~~~~~~~~~~~~~~~~~~~~~
[INFO] [stderr] tests/constant.c:11:22: note: in definition of macro 'PRINT_CONSTANT'
[INFO] [stderr]    11 |     printf(_Generic((CONSTANT_NAME), \
[INFO] [stderr]       |                      ^~~~~~~~~~~~~
[INFO] [stderr] tests/constant.c:57:27: error: 'GST_AHARDWARE_BUFFER_FORMAT_Y8Cb8Cr8_420' undeclared (first use in this function)
[INFO] [stderr]    57 |     PRINT_CONSTANT((gint) GST_AHARDWARE_BUFFER_FORMAT_Y8Cb8Cr8_420);
[INFO] [stderr]       |                           ^~~~~~~~~~~~~~~~~~~~~~~~~~~~~~~~~~~~~~~~
[INFO] [stderr] tests/constant.c:11:22: note: in definition of macro 'PRINT_CONSTANT'
[INFO] [stderr]    11 |     printf(_Generic((CONSTANT_NAME), \
[INFO] [stderr]       |                      ^~~~~~~~~~~~~
[INFO] [stderr] tests/constant.c:58:27: error: 'GST_AHARDWARE_BUFFER_FORMAT_YCbCr_P010' undeclared (first use in this function)
[INFO] [stderr]    58 |     PRINT_CONSTANT((gint) GST_AHARDWARE_BUFFER_FORMAT_YCbCr_P010);
[INFO] [stderr]       |                           ^~~~~~~~~~~~~~~~~~~~~~~~~~~~~~~~~~~~~~
[INFO] [stderr] tests/constant.c:11:22: note: in definition of macro 'PRINT_CONSTANT'
[INFO] [stderr]    11 |     printf(_Generic((CONSTANT_NAME), \
[INFO] [stderr]       |                      ^~~~~~~~~~~~~
[INFO] [stderr] tests/constant.c:59:27: error: 'GST_AHARDWARE_BUFFER_FORMAT_YCbCr_P210' undeclared (first use in this function)
[INFO] [stderr]    59 |     PRINT_CONSTANT((gint) GST_AHARDWARE_BUFFER_FORMAT_YCbCr_P210);
[INFO] [stderr]       |                           ^~~~~~~~~~~~~~~~~~~~~~~~~~~~~~~~~~~~~~
[INFO] [stderr] tests/constant.c:11:22: note: in definition of macro 'PRINT_CONSTANT'
[INFO] [stderr]    11 |     printf(_Generic((CONSTANT_NAME), \
[INFO] [stderr]       |                      ^~~~~~~~~~~~~
[INFO] [stderr] tests/constant.c:64:20: error: 'GST_CAPS_FEATURE_MEMORY_AHARDWAREBUFFER' undeclared (first use in this function); did you mean 'GST_CAPS_FEATURE_MEMORY_DMABUF'?
[INFO] [stderr]    64 |     PRINT_CONSTANT(GST_CAPS_FEATURE_MEMORY_AHARDWAREBUFFER);
[INFO] [stderr]       |                    ^~~~~~~~~~~~~~~~~~~~~~~~~~~~~~~~~~~~~~~
[INFO] [stderr] tests/constant.c:11:22: note: in definition of macro 'PRINT_CONSTANT'
[INFO] [stderr]    11 |     printf(_Generic((CONSTANT_NAME), \
[INFO] [stderr]       |                      ^~~~~~~~~~~~~
[INFO] [stdout] test cross_validate_constants_with_c ... FAILED
[INFO] [stdout] 
[INFO] [stdout] failures:
[INFO] [stdout] 
[INFO] [stdout] ---- cross_validate_layout_with_c stdout ----
[INFO] [stdout] 
[INFO] [stdout] thread 'cross_validate_layout_with_c' (501) panicked at tests/abi.rs:155:37:
[INFO] [stdout] called `Result::unwrap()` on an `Err` value: "compilation command \"cc\" \"-Wno-deprecated-declarations\" \"-std=c11\" \"-D__USE_MINGW_ANSI_STDIO\" \"-I/usr/include/gstreamer-1.0\" \"-I/usr/include/libdrm\" \"-I/usr/include/glib-2.0\" \"-I/usr/lib/x86_64-linux-gnu/glib-2.0/include\" \"-I/usr/include/sysprof-6\" \"-pthread\" \"tests/layout.c\" \"-o\" \"/tmp/abirRmKcn/layout\" failed, exit status: 1"
[INFO] [stdout] stack backtrace:
[INFO] [stdout]    0:     0x6227dfae9761 - <<std[70759c8f55707aa4]::sys::backtrace::BacktraceLock>::print::DisplayBacktrace as core[df12db4294e9bfd3]::fmt::Display>::fmt
[INFO] [stdout]    1:     0x6227dfaff78a - core[df12db4294e9bfd3]::fmt::write
[INFO] [stdout]    2:     0x6227dfaef38c - <alloc[2182bb758b4b3781]::vec::Vec<u8> as core[df12db4294e9bfd3]::io::write::Write>::write_fmt
[INFO] [stdout]    3:     0x6227dfac4586 - std[70759c8f55707aa4]::panicking::default_hook::{closure#0}
[INFO] [stdout]    4:     0x6227dfae1739 - std[70759c8f55707aa4]::panicking::default_hook
[INFO] [stdout]    5:     0x6227dfa7b0d0 - test[9d35eded1c95d3be]::test_main_inner::<test[9d35eded1c95d3be]::test_main_static::{closure#0}>::{closure#0}
[INFO] [stdout]    6:     0x6227dfae18f2 - std[70759c8f55707aa4]::panicking::panic_with_hook
[INFO] [stdout]    7:     0x6227dfac4632 - std[70759c8f55707aa4]::panicking::panic_handler::{closure#0}
[INFO] [stdout]    8:     0x6227dfabd299 - std[70759c8f55707aa4]::sys::backtrace::__rust_end_short_backtrace::<std[70759c8f55707aa4]::panicking::panic_handler::{closure#0}, !>
[INFO] [stdout]    9:     0x6227dfac522d - __rustc[8fa7c3cbc660c2b3]::rust_begin_unwind
[INFO] [stdout]   10:     0x6227dfaffebc - core[df12db4294e9bfd3]::panicking::panic_fmt
[INFO] [stdout]   11:     0x6227dfaffc92 - core[df12db4294e9bfd3]::result::unwrap_failed
[INFO] [stdout]   12:     0x6227dfa6c058 - <abi[c04ec90f51b73603]::cross_validate_layout_with_c::{closure#0} as core[df12db4294e9bfd3]::ops::function::FnOnce<()>>::call_once
[INFO] [stdout]   13:     0x6227dfa6e3bb - test[9d35eded1c95d3be]::__rust_begin_short_backtrace::<core[df12db4294e9bfd3]::result::Result<(), alloc[2182bb758b4b3781]::string::String>, fn() -> core[df12db4294e9bfd3]::result::Result<(), alloc[2182bb758b4b3781]::string::String>>
[INFO] [stdout]   14:     0x6227dfa7ba25 - test[9d35eded1c95d3be]::run_test::{closure#0}
[INFO] [stdout]   15:     0x6227dfa752e4 - std[70759c8f55707aa4]::sys::backtrace::__rust_begin_short_backtrace::<test[9d35eded1c95d3be]::run_test::{closure#1}, ()>
[INFO] [stdout]   16:     0x6227dfa7eb82 - <std[70759c8f55707aa4]::thread::lifecycle::spawn_unchecked<test[9d35eded1c95d3be]::run_test::{closure#1}, ()>::{closure#1} as core[df12db4294e9bfd3]::ops::function::FnOnce<()>>::call_once::{shim:vtable#0}
[INFO] [stdout]   17:     0x6227dfae8fb9 - <std[70759c8f55707aa4]::sys::thread::unix::Thread>::new::thread_start
[INFO] [stdout]   18:     0x729dbfedadfa - <unknown>
[INFO] [stdout]   19:     0x729dbff6e3d4 - clone
[INFO] [stdout]   20:                0x0 - <unknown>
[INFO] [stdout] 
[INFO] [stdout] ---- cross_validate_constants_with_c stdout ----
[INFO] [stdout] 
[INFO] [stdout] thread 'cross_validate_constants_with_c' (500) panicked at tests/abi.rs:121:39:
[INFO] [stdout] called `Result::unwrap()` on an `Err` value: "compilation command \"cc\" \"-Wno-deprecated-declarations\" \"-std=c11\" \"-D__USE_MINGW_ANSI_STDIO\" \"-I/usr/include/gstreamer-1.0\" \"-I/usr/include/libdrm\" \"-I/usr/include/glib-2.0\" \"-I/usr/lib/x86_64-linux-gnu/glib-2.0/include\" \"-I/usr/include/sysprof-6\" \"-pthread\" \"tests/constant.c\" \"-o\" \"/tmp/abiI8vVIw/constant\" failed, exit status: 1"
[INFO] [stdout] stack backtrace:
[INFO] [stdout]    0:     0x6227dfae9761 - <<std[70759c8f55707aa4]::sys::backtrace::BacktraceLock>::print::DisplayBacktrace as core[df12db4294e9bfd3]::fmt::Display>::fmt
[INFO] [stdout]    1:     0x6227dfaff78a - core[df12db4294e9bfd3]::fmt::write
[INFO] [stdout]    2:     0x6227dfaef38c - <alloc[2182bb758b4b3781]::vec::Vec<u8> as core[df12db4294e9bfd3]::io::write::Write>::write_fmt
[INFO] [stdout]    3:     0x6227dfac4586 - std[70759c8f55707aa4]::panicking::default_hook::{closure#0}
[INFO] [stdout]    4:     0x6227dfae1739 - std[70759c8f55707aa4]::panicking::default_hook
[INFO] [stdout]    5:     0x6227dfa7b0d0 - test[9d35eded1c95d3be]::test_main_inner::<test[9d35eded1c95d3be]::test_main_static::{closure#0}>::{closure#0}
[INFO] [stdout]    6:     0x6227dfae18f2 - std[70759c8f55707aa4]::panicking::panic_with_hook
[INFO] [stdout]    7:     0x6227dfac4632 - std[70759c8f55707aa4]::panicking::panic_handler::{closure#0}
[INFO] [stdout]    8:     0x6227dfabd299 - std[70759c8f55707aa4]::sys::backtrace::__rust_end_short_backtrace::<std[70759c8f55707aa4]::panicking::panic_handler::{closure#0}, !>
[INFO] [stdout]    9:     0x6227dfac522d - __rustc[8fa7c3cbc660c2b3]::rust_begin_unwind
[INFO] [stdout]   10:     0x6227dfaffebc - core[df12db4294e9bfd3]::panicking::panic_fmt
[INFO] [stdout]   11:     0x6227dfaffc92 - core[df12db4294e9bfd3]::result::unwrap_failed
[INFO] [stdout]   12:     0x6227dfa6c7f6 - <abi[c04ec90f51b73603]::cross_validate_constants_with_c::{closure#0} as core[df12db4294e9bfd3]::ops::function::FnOnce<()>>::call_once
[INFO] [stdout]   13:     0x6227dfa6e3bb - test[9d35eded1c95d3be]::__rust_begin_short_backtrace::<core[df12db4294e9bfd3]::result::Result<(), alloc[2182bb758b4b3781]::string::String>, fn() -> core[df12db4294e9bfd3]::result::Result<(), alloc[2182bb758b4b3781]::string::String>>
[INFO] [stdout]   14:     0x6227dfa7ba25 - test[9d35eded1c95d3be]::run_test::{closure#0}
[INFO] [stdout]   15:     0x6227dfa752e4 - std[70759c8f55707aa4]::sys::backtrace::__rust_begin_short_backtrace::<test[9d35eded1c95d3be]::run_test::{closure#1}, ()>
[INFO] [stdout]   16:     0x6227dfa7eb82 - <std[70759c8f55707aa4]::thread::lifecycle::spawn_unchecked<test[9d35eded1c95d3be]::run_test::{closure#1}, ()>::{closure#1} as core[df12db4294e9bfd3]::ops::function::FnOnce<()>>::call_once::{shim:vtable#0}
[INFO] [stdout]   17:     0x6227dfae8fb9 - <std[70759c8f55707aa4]::sys::thread::unix::Thread>::new::thread_start
[INFO] [stdout]   18:     0x729dbfedadfa - <unknown>
[INFO] [stdout]   19:     0x729dbff6e3d4 - clone
[INFO] [stdout]   20:                0x0 - <unknown>
[INFO] [stdout] 
[INFO] [stdout] 
[INFO] [stdout] failures:
[INFO] [stdout]     cross_validate_constants_with_c
[INFO] [stdout]     cross_validate_layout_with_c
[INFO] [stdout] 
[INFO] [stdout] test result: FAILED. 0 passed; 2 failed; 0 ignored; 0 measured; 0 filtered out; finished in 1.42s
[INFO] [stdout] 
[INFO] [stderr] error: test failed, to rerun pass `--test abi`
[INFO] running `Command { std: "docker" "inspect" "16c925e25699179b64350aa796bed52ec4194fdba0c0f4a519d12ccb4324221e", kill_on_drop: false }`
[INFO] running `Command { std: "docker" "rm" "-f" "16c925e25699179b64350aa796bed52ec4194fdba0c0f4a519d12ccb4324221e", kill_on_drop: false }`
[INFO] [stdout] 16c925e25699179b64350aa796bed52ec4194fdba0c0f4a519d12ccb4324221e
