[INFO] fetching crate gstd 2.0.0...
[INFO] testing gstd-2.0.0 against 1.100.0-beta.1+cargoflags=--release for beta-release-1.100-2
[INFO] extracting crate gstd 2.0.0 into /workspace/builds/worker-7-tc2/source
[INFO] started tweaking crates.io crate gstd 2.0.0
[INFO] finished tweaking crates.io crate gstd 2.0.0
[INFO] tweaked toml for crates.io crate gstd 2.0.0 written to /workspace/builds/worker-7-tc2/source/Cargo.toml
[INFO] validating manifest of crates.io crate gstd 2.0.0 on toolchain 1.100.0-beta.1
[INFO] running `Command { std: CARGO_HOME="/workspace/cargo-home" RUSTUP_HOME="/workspace/rustup-home" "/workspace/cargo-home/bin/cargo" "+1.100.0-beta.1" "metadata" "--manifest-path" "Cargo.toml" "--no-deps", kill_on_drop: false }`
[INFO] crate crates.io crate gstd 2.0.0 already has a lockfile, it will not be regenerated
[INFO] running `Command { std: CARGO_HOME="/workspace/cargo-home" RUSTUP_HOME="/workspace/rustup-home" "/workspace/cargo-home/bin/cargo" "+1.100.0-beta.1" "fetch" "--manifest-path" "Cargo.toml", kill_on_drop: false }`
[INFO] running `Command { std: "docker" "create" "-v" "/var/lib/crater-agent-workspace/builds/worker-7-tc2/source:/opt/rustwide/workdir:ro,Z" "-v" "/var/lib/crater-agent-workspace/builds/worker-7-tc2/target:/opt/rustwide/target:rw,Z" "-v" "/var/lib/crater-agent-workspace/cargo-home:/opt/rustwide/cargo-home:ro,Z" "-v" "/var/lib/crater-agent-workspace/rustup-home:/opt/rustwide/rustup-home:ro,Z" "-m" "1610612736" "--network" "none" "ghcr.io/rust-lang/crates-build-env/linux@sha256:77db811e55d90add9212f6832c23229e3de5f1c1f9905e8cb07319ea15df73ac" "sleep" "infinity", kill_on_drop: false }`
[INFO] [stdout] 576c069d55e17f1cbc49863fb5c619b20687daa5d0d382ae6097b6f0ff6e3f04
[INFO] running `Command { std: "docker" "start" "576c069d55e17f1cbc49863fb5c619b20687daa5d0d382ae6097b6f0ff6e3f04", kill_on_drop: false }`
[INFO] running `Command { std: "docker" "inspect" "576c069d55e17f1cbc49863fb5c619b20687daa5d0d382ae6097b6f0ff6e3f04", kill_on_drop: false }`
[INFO] running `Command { std: "docker" "exec" "-e" "SOURCE_DIR=/opt/rustwide/workdir" "-e" "CARGO_HOME=/opt/rustwide/cargo-home" "-e" "RUSTUP_HOME=/opt/rustwide/rustup-home" "-e" "CARGO_TARGET_DIR=/opt/rustwide/target" "-w" "/opt/rustwide/workdir" "--user" "0:0" "576c069d55e17f1cbc49863fb5c619b20687daa5d0d382ae6097b6f0ff6e3f04" "/opt/rustwide/cargo-home/bin/cargo" "+1.100.0-beta.1" "metadata" "--no-deps" "--format-version=1", kill_on_drop: false }`
[INFO] running `Command { std: "docker" "inspect" "576c069d55e17f1cbc49863fb5c619b20687daa5d0d382ae6097b6f0ff6e3f04", kill_on_drop: false }`
[INFO] running `Command { std: "docker" "exec" "-e" "SOURCE_DIR=/opt/rustwide/workdir" "-e" "CARGO_HOME=/opt/rustwide/cargo-home" "-e" "RUSTUP_HOME=/opt/rustwide/rustup-home" "-e" "CARGO_TARGET_DIR=/opt/rustwide/target" "-e" "CARGO_INCREMENTAL=0" "-e" "RUST_BACKTRACE=full" "-e" "RUSTFLAGS=--cap-lints=warn" "-e" "RUSTDOCFLAGS=--cap-lints=warn" "-w" "/opt/rustwide/workdir" "--user" "0:0" "576c069d55e17f1cbc49863fb5c619b20687daa5d0d382ae6097b6f0ff6e3f04" "/opt/rustwide/cargo-home/bin/cargo" "+1.100.0-beta.1" "build" "--frozen" "--message-format=json" "--release", kill_on_drop: false }`
[INFO] [stderr]    Compiling proc-macro2 v1.0.105
[INFO] [stderr]    Compiling quote v1.0.43
[INFO] [stderr]    Compiling crunchy v0.2.4
[INFO] [stderr]    Compiling toml_edit v0.23.10+spec-1.0.0
[INFO] [stderr]    Compiling thiserror v2.0.17
[INFO] [stderr]    Compiling arrayvec v0.7.6
[INFO] [stderr]    Compiling byte-slice-cast v1.2.3
[INFO] [stderr]    Compiling parity-scale-codec v3.7.5
[INFO] [stderr]    Compiling hex v0.4.3
[INFO] [stderr]    Compiling rustc-hex v2.1.0
[INFO] [stderr]    Compiling convert_case v0.10.0
[INFO] [stderr]    Compiling gear-workspace-hack v0.1.0
[INFO] [stderr]    Compiling scale-type-resolver v0.2.0
[INFO] [stderr]    Compiling fixed-hash v0.8.0
[INFO] [stderr]    Compiling libc v0.2.183
[INFO] [stderr]    Compiling crypto-common v0.1.7
[INFO] [stderr]    Compiling uint v0.10.0
[INFO] [stderr]    Compiling primitive-types v0.13.1
[INFO] [stderr]    Compiling digest v0.10.7
[INFO] [stderr]    Compiling zerocopy v0.8.33
[INFO] [stderr]    Compiling byteorder v1.5.0
[INFO] [stderr]    Compiling blake2 v0.10.6
[INFO] [stderr]    Compiling proc-macro-crate v3.4.0
[INFO] [stderr]    Compiling uint v0.9.5
[INFO] [stderr]    Compiling syn v2.0.114
[INFO] [stderr]    Compiling const_format_proc_macros v0.2.34
[INFO] [stderr]    Compiling futures-sink v0.3.31
[INFO] [stderr]    Compiling bs58 v0.5.1
[INFO] [stderr]    Compiling gear-stack-buffer v2.0.0
[INFO] [stderr]    Compiling futures-core v0.3.31
[INFO] [stderr]    Compiling gear-dlmalloc v0.2.0
[INFO] [stderr]    Compiling gear-ss58 v2.0.0
[INFO] [stderr]    Compiling str-buf v3.0.3
[INFO] [stderr]    Compiling gcore v2.0.0
[INFO] [stderr]    Compiling once_cell v1.21.3
[INFO] [stderr]    Compiling page_size v0.6.0
[INFO] [stderr]    Compiling libc-print v0.1.23
[INFO] [stderr]    Compiling futures-util v0.3.31
[INFO] [stderr]    Compiling futures-channel v0.3.31
[INFO] [stderr]    Compiling futures-io v0.3.31
[INFO] [stderr]    Compiling waker-fn v1.2.0
[INFO] [stderr]    Compiling const_format v0.2.35
[INFO] [stderr]    Compiling galloc v2.0.0
[INFO] [stderr]    Compiling ahash v0.8.12
[INFO] [stderr]    Compiling hashbrown v0.14.5
[INFO] [stderr]    Compiling futures v0.3.31
[INFO] [stderr]    Compiling darling_core v0.20.11
[INFO] [stderr]    Compiling parity-scale-codec-derive v3.7.5
[INFO] [stderr]    Compiling impl-trait-for-tuples v0.2.3
[INFO] [stderr]    Compiling derive_more-impl v1.0.0
[INFO] [stderr]    Compiling scale-info-derive v2.11.6
[INFO] [stderr]    Compiling thiserror-impl v2.0.17
[INFO] [stderr]    Compiling bytemuck_derive v1.10.2
[INFO] [stderr]    Compiling derive_more-impl v2.1.1
[INFO] [stderr]    Compiling enum-iterator-derive v1.5.0
[INFO] [stderr]    Compiling derive_more v1.0.0
[INFO] [stderr]    Compiling bytemuck v1.24.0
[INFO] [stderr]    Compiling gsys v2.0.0
[INFO] [stderr]    Compiling enum-iterator v1.5.0
[INFO] [stderr]    Compiling darling_macro v0.20.11
[INFO] [stderr]    Compiling darling v0.20.11
[INFO] [stderr]    Compiling scale-encode-derive v0.10.1
[INFO] [stderr]    Compiling scale-decode-derive v0.16.2
[INFO] [stderr]    Compiling impl-codec v0.6.0
[INFO] [stderr]    Compiling scale-info v2.11.6
[INFO] [stderr]    Compiling scale-bits v0.7.0
[INFO] [stderr]    Compiling scale-decode v0.16.2
[INFO] [stderr]    Compiling scale-encode v0.10.1
[INFO] [stderr]    Compiling primitive-types v0.12.2
[INFO] [stderr]    Compiling derive_more v2.1.1
[INFO] [stderr]    Compiling gprimitives v2.0.0
[INFO] [stderr]    Compiling gstd-codegen v2.0.0
[INFO] [stderr]    Compiling gear-core-errors v2.0.0
[INFO] [stderr]    Compiling gstd v2.0.0 (/opt/rustwide/workdir)
[INFO] [stderr] warning: unused dependency `galloc`
[INFO] [stderr]   --> Cargo.toml:19:15
[INFO] [stderr]    |
[INFO] [stderr] 19 | [dependencies.galloc]
[INFO] [stderr]    |               ^^^^^^^
[INFO] [stderr]    |
[INFO] [stderr]    = note: `cargo::unused_dependencies` is set to `warn` by default
[INFO] [stderr] help: consider removing the dependency on `galloc`
[INFO] [stderr] warning: `gstd` (manifest) generated 1 warning
[INFO] [stderr]     Finished `release` profile [optimized] target(s) in 1m 04s
[INFO] [stderr] warning: the following packages contain code that will be rejected by a future version of Rust: primitive-types v0.12.2, primitive-types v0.13.1
[INFO] [stderr] note: to see what the problems were, use the option `--future-incompat-report`, or run `cargo report future-incompatibilities --id 7`
[INFO] running `Command { std: "docker" "inspect" "576c069d55e17f1cbc49863fb5c619b20687daa5d0d382ae6097b6f0ff6e3f04", kill_on_drop: false }`
[INFO] running `Command { std: "docker" "exec" "-e" "SOURCE_DIR=/opt/rustwide/workdir" "-e" "CARGO_HOME=/opt/rustwide/cargo-home" "-e" "RUSTUP_HOME=/opt/rustwide/rustup-home" "-e" "CARGO_TARGET_DIR=/opt/rustwide/target" "-e" "CARGO_INCREMENTAL=0" "-e" "RUST_BACKTRACE=full" "-e" "RUSTFLAGS=--cap-lints=warn" "-e" "RUSTDOCFLAGS=--cap-lints=warn" "-w" "/opt/rustwide/workdir" "--user" "0:0" "576c069d55e17f1cbc49863fb5c619b20687daa5d0d382ae6097b6f0ff6e3f04" "/opt/rustwide/cargo-home/bin/cargo" "+1.100.0-beta.1" "test" "--frozen" "--no-run" "--message-format=json" "--release", kill_on_drop: false }`
[INFO] [stderr]    Compiling gstd v2.0.0 (/opt/rustwide/workdir)
[INFO] [stderr] warning: unused dependency `galloc`
[INFO] [stderr]   --> Cargo.toml:19:15
[INFO] [stderr]    |
[INFO] [stderr] 19 | [dependencies.galloc]
[INFO] [stderr]    |               ^^^^^^^
[INFO] [stderr]    |
[INFO] [stderr]    = note: `cargo::unused_dependencies` is set to `warn` by default
[INFO] [stderr] help: consider removing the dependency on `galloc`
[INFO] [stderr] warning: `gstd` (manifest) generated 1 warning
[INFO] [stderr]     Finished `release` profile [optimized] target(s) in 1.17s
[INFO] [stderr] warning: the following packages contain code that will be rejected by a future version of Rust: primitive-types v0.12.2, primitive-types v0.13.1
[INFO] [stderr] note: to see what the problems were, use the option `--future-incompat-report`, or run `cargo report future-incompatibilities --id 7`
[INFO] running `Command { std: "docker" "inspect" "576c069d55e17f1cbc49863fb5c619b20687daa5d0d382ae6097b6f0ff6e3f04", kill_on_drop: false }`
[INFO] running `Command { std: "docker" "exec" "-e" "SOURCE_DIR=/opt/rustwide/workdir" "-e" "CARGO_HOME=/opt/rustwide/cargo-home" "-e" "RUSTUP_HOME=/opt/rustwide/rustup-home" "-e" "CARGO_TARGET_DIR=/opt/rustwide/target" "-e" "CARGO_INCREMENTAL=0" "-e" "RUST_BACKTRACE=full" "-e" "RUSTFLAGS=--cap-lints=warn" "-e" "RUSTDOCFLAGS=--cap-lints=warn" "-w" "/opt/rustwide/workdir" "--user" "0:0" "576c069d55e17f1cbc49863fb5c619b20687daa5d0d382ae6097b6f0ff6e3f04" "/opt/rustwide/cargo-home/bin/cargo" "+1.100.0-beta.1" "test" "--frozen" "--release", kill_on_drop: false }`
[INFO] [stderr] warning: unused dependency `galloc`
[INFO] [stderr]   --> Cargo.toml:19:15
[INFO] [stderr]    |
[INFO] [stderr] 19 | [dependencies.galloc]
[INFO] [stderr]    |               ^^^^^^^
[INFO] [stderr]    |
[INFO] [stderr]    = note: `cargo::unused_dependencies` is set to `warn` by default
[INFO] [stderr] help: consider removing the dependency on `galloc`
[INFO] [stderr] warning: `gstd` (manifest) generated 1 warning
[INFO] [stderr]     Finished `release` profile [optimized] target(s) in 0.18s
[INFO] [stderr] warning: the following packages contain code that will be rejected by a future version of Rust: primitive-types v0.12.2, primitive-types v0.13.1
[INFO] [stderr] note: to see what the problems were, use the option `--future-incompat-report`, or run `cargo report future-incompatibilities --id 7`
[INFO] [stderr]      Running unittests src/lib.rs (/opt/rustwide/target/release/build/gstd/10eb4147069d8553/out/gstd-10eb4147069d8553)
[INFO] [stdout] 
[INFO] [stdout] running 3 tests
[INFO] [stderr]    Doc-tests gstd
[INFO] [stdout] test reservations::tests::reservations_expire ... ok
[INFO] [stdout] test common::errors::tests::error_unsupported_reply_display ... ok
[INFO] [stdout] test reservations::tests::the_best_possible_reservation_taken ... ok
[INFO] [stdout] 
[INFO] [stdout] test result: ok. 3 passed; 0 failed; 0 ignored; 0 measured; 0 filtered out; finished in 0.00s
[INFO] [stdout] 
[INFO] [stdout] 
[INFO] [stdout] running 47 tests
[INFO] [stdout] test src/common/primitives_ext.rs - common::primitives_ext::ReservationIdExt (line 22) ... ignored
[INFO] [stdout] test src/critical.rs - critical::take_and_execute (line 110) - compile ... ok
[INFO] [stdout] test src/critical.rs - critical (line 12) - compile ... ok
[INFO] [stdout] test src/critical.rs - critical::take_hook (line 84) - compile ... ok
[INFO] [stdout] test src/common/primitives_ext.rs - common::primitives_ext::ReservationIdExt::reserve (line 52) ... ok
[INFO] [stdout] test src/macros/bail.rs - macros::bail::bail (line 39) ... FAILED
[INFO] [stdout] test src/macros/bail.rs - macros::bail::bail (line 20) ... ok
[INFO] [stdout] test src/macros/bail.rs - macros::bail::bail (line 48) ... FAILED
[INFO] [stdout] test src/lib.rs - ext::panic_bytes (line 202) ... ok
[INFO] [stdout] test src/lib.rs - ext::panic (line 182) ... ok
[INFO] [stdout] test src/msg/basic.rs - msg::basic::reply_bytes (line 279) ... ok
[INFO] [stdout] test src/macros/bail.rs - macros::bail::bail (line 30) ... ok
[INFO] [stdout] test src/msg/basic.rs - msg::basic::MessageHandle (line 37) ... ok
[INFO] [stdout] test src/msg/basic.rs - msg::basic::MessageHandle::commit_with_gas (line 126) ... ok
[INFO] [stdout] test src/lib.rs - (line 25) ... ok
[INFO] [stdout] test src/msg/basic.rs - msg::basic::load_bytes (line 242) ... ok
[INFO] [stdout] test src/msg/basic.rs - msg::basic::reply_commit (line 372) ... ok
[INFO] [stdout] test src/msg/basic.rs - msg::basic::reply_bytes_from_reservation (line 308) ... ok
[INFO] [stdout] test src/msg/basic.rs - msg::basic::MessageHandle::commit_from_reservation (line 169) ... ok
[INFO] [stdout] test src/msg/basic.rs - msg::basic::MessageHandle::push_input (line 81) ... ok
[INFO] [stdout] test src/msg/basic.rs - msg::basic::send_bytes (line 511) ... ok
[INFO] [stdout] test src/msg/basic.rs - msg::basic::reply_push_input (line 474) ... ok
[INFO] [stdout] test src/msg/basic.rs - msg::basic::reply_bytes_with_gas (line 335) ... ok
[INFO] [stdout] test src/msg/basic.rs - msg::basic::reply_commit_with_gas (line 422) ... ok
[INFO] [stdout] test src/msg/basic.rs - msg::basic::reply_commit_from_reservation (line 397) ... ok
[INFO] [stdout] test src/msg/basic.rs - msg::basic::send_bytes_with_gas (line 552) ... ok
[INFO] [stdout] test src/msg/encoded.rs - msg::encoded::reply_from_reservation (line 116) ... ok
[INFO] [stdout] test src/msg/basic.rs - msg::basic::send_bytes_from_reservation (line 608) ... ok
[INFO] [stdout] test src/msg/encoded.rs - msg::encoded::reply_with_gas (line 157) ... ok
[INFO] [stdout] test src/msg/encoded.rs - msg::encoded::reply (line 74) ... ok
[INFO] [stdout] test src/msg/encoded.rs - msg::encoded::reply_input (line 195) ... ok
[INFO] [stdout] test src/msg/encoded.rs - msg::encoded::load (line 26) ... ok
[INFO] [stdout] test src/msg/encoded.rs - msg::encoded::send_input (line 240) ... ok
[INFO] [stdout] test src/msg/encoded.rs - msg::encoded::send_from_reservation (line 415) ... ok
[INFO] [stdout] test src/msg/encoded.rs - msg::encoded::send (line 324) ... ok
[INFO] [stdout] test src/prog/basic.rs - prog::basic::create_program_bytes (line 24) ... ok
[INFO] [stdout] test src/reservations.rs - reservations::Reservations (line 86) ... ignored
[INFO] [stdout] test src/prog/generator.rs - prog::generator::ProgramGenerator::create_program_bytes (line 62) ... ok
[INFO] [stdout] test src/msg/macros.rs - msg::r#async::CreateProgramFuture::handle_reply (line 64) ... ok
[INFO] [stdout] test src/msg/macros.rs - msg::r#async::MessageFuture::handle_reply (line 64) ... ok
[INFO] [stdout] test src/prog/generator.rs - prog::generator::ProgramGenerator::get_salt (line 27) ... ok
[INFO] [stdout] test src/prog/basic.rs - prog::basic::create_program_bytes_delayed (line 54) ... ok
[INFO] [stdout] test src/msg/macros.rs - msg::r#async::CodecMessageFuture<D>::handle_reply (line 64) ... ok
[INFO] [stdout] test src/msg/macros.rs - msg::r#async::CodecCreateProgramFuture<D>::handle_reply (line 64) ... ok
[INFO] [stdout] test src/sync/rwlock.rs - sync::rwlock::RwLockReadFuture (line 309) ... ok
[INFO] [stdout] test src/sync/mutex.rs - sync::mutex::MutexLockFuture (line 258) ... ok
[INFO] [stdout] test src/sync/rwlock.rs - sync::rwlock::RwLockWriteFuture (line 333) ... ok
[INFO] [stdout] 
[INFO] [stdout] failures:
[INFO] [stdout] 
[INFO] [stdout] ---- src/macros/bail.rs - macros::bail::bail (line 39) stdout ----
[INFO] [stdout] error: expected expression, found `let` statement
[INFO] [stdout]   --> src/macros/bail.rs:44:13
[INFO] [stdout]    |
[INFO] [stdout] 44 | let value = bail!(result, "Message in release mode", "Message in debug mode");
[INFO] [stdout]    |             ^^^^^^^^^^^^^^^^^^^^^^^^^^^^^^^^^^^^^^^^^^^^^^^^^^^^^^^^^^^^^^^^^
[INFO] [stdout]    |
[INFO] [stdout]    = note: only supported directly in conditions of `if` and `while` expressions
[INFO] [stdout]    = note: this error originates in the macro `bail` (in Nightly builds, run with -Z macro-backtrace for more info)
[INFO] [stdout] 
[INFO] [stdout] error: macro expansion ignores keyword `match` and any tokens following
[INFO] [stdout]   --> src/macros/bail.rs:87:9
[INFO] [stdout]    |
[INFO] [stdout] 87 |         match $res {
[INFO] [stdout]    |         ^^^^^
[INFO] [stdout]    |
[INFO] [stdout]   ::: src/macros/bail.rs:44:13
[INFO] [stdout]    |
[INFO] [stdout] 44 | let value = bail!(result, "Message in release mode", "Message in debug mode");
[INFO] [stdout]    |             ----------------------------------------------------------------- caused by the macro expansion here
[INFO] [stdout]    |
[INFO] [stdout]    = note: the usage of `bail!` is likely invalid in expression context
[INFO] [stdout] 
[INFO] [stdout] error: trailing semicolon in macro used in expression position
[INFO] [stdout]   --> src/macros/bail.rs:44:13
[INFO] [stdout]    |
[INFO] [stdout] 44 | let value = bail!(result, "Message in release mode", "Message in debug mode");
[INFO] [stdout]    |             ^^^^^^^^^^^^^^^^^^^^^^^^^^^^^^^^^^^^^^^^^^^^^^^^^^^^^^^^^^^^^^^^^
[INFO] [stdout]    |
[INFO] [stdout]    = warning: this was previously accepted by the compiler but is being phased out; it will become a hard error in a future release!
[INFO] [stdout]    = note: for more information, see issue #79813 <https://github.com/rust-lang/rust/issues/79813>
[INFO] [stdout] note: the lint level is defined here
[INFO] [stdout]   --> src/macros/bail.rs:36:9
[INFO] [stdout]    |
[INFO] [stdout] 36 | #![deny(warnings)]
[INFO] [stdout]    |         ^^^^^^^^
[INFO] [stdout]    = note: `#[deny(semicolon_in_expressions_from_non_local_macros)]` implied by `#[deny(warnings)]`
[INFO] [stdout]    = note: this error originates in the macro `bail` (in Nightly builds, run with -Z macro-backtrace for more info)
[INFO] [stdout] 
[INFO] [stdout] error: aborting due to 3 previous errors
[INFO] [stdout] 
[INFO] [stdout] Couldn't compile the test.
[INFO] [stdout] ---- src/macros/bail.rs - macros::bail::bail (line 48) stdout ----
[INFO] [stdout] error: expected expression, found `let` statement
[INFO] [stdout]   --> src/macros/bail.rs:54:13
[INFO] [stdout]    |
[INFO] [stdout] 54 | let value = bail!(result, "Error", "a = {}", a);
[INFO] [stdout]    |             ^^^^^^^^^^^^^^^^^^^^^^^^^^^^^^^^^^^
[INFO] [stdout]    |
[INFO] [stdout]    = note: only supported directly in conditions of `if` and `while` expressions
[INFO] [stdout]    = note: this error originates in the macro `bail` (in Nightly builds, run with -Z macro-backtrace for more info)
[INFO] [stdout] 
[INFO] [stdout] error: macro expansion ignores keyword `let` and any tokens following
[INFO] [stdout]   --> src/macros/bail.rs:94:11
[INFO] [stdout]    |
[INFO] [stdout] 94 |         $(let _ = $args;) +
[INFO] [stdout]    |           ^^^
[INFO] [stdout]    |
[INFO] [stdout]   ::: src/macros/bail.rs:54:13
[INFO] [stdout]    |
[INFO] [stdout] 54 | let value = bail!(result, "Error", "a = {}", a);
[INFO] [stdout]    |             ----------------------------------- caused by the macro expansion here
[INFO] [stdout]    |
[INFO] [stdout]    = note: the usage of `bail!` is likely invalid in expression context
[INFO] [stdout] 
[INFO] [stdout] error: trailing semicolon in macro used in expression position
[INFO] [stdout]   --> src/macros/bail.rs:54:13
[INFO] [stdout]    |
[INFO] [stdout] 54 | let value = bail!(result, "Error", "a = {}", a);
[INFO] [stdout]    |             ^^^^^^^^^^^^^^^^^^^^^^^^^^^^^^^^^^^
[INFO] [stdout]    |
[INFO] [stdout]    = warning: this was previously accepted by the compiler but is being phased out; it will become a hard error in a future release!
[INFO] [stdout]    = note: for more information, see issue #79813 <https://github.com/rust-lang/rust/issues/79813>
[INFO] [stdout] note: the lint level is defined here
[INFO] [stdout]   --> src/macros/bail.rs:45:9
[INFO] [stdout]    |
[INFO] [stdout] 45 | #![deny(warnings)]
[INFO] [stdout]    |         ^^^^^^^^
[INFO] [stdout]    = note: `#[deny(semicolon_in_expressions_from_non_local_macros)]` implied by `#[deny(warnings)]`
[INFO] [stdout]    = note: this error originates in the macro `bail` (in Nightly builds, run with -Z macro-backtrace for more info)
[INFO] [stdout] 
[INFO] [stdout] error: aborting due to 3 previous errors
[INFO] [stdout] 
[INFO] [stdout] Couldn't compile the test.
[INFO] [stdout] 
[INFO] [stdout] failures:
[INFO] [stdout]     src/macros/bail.rs - macros::bail::bail (line 39)
[INFO] [stdout]     src/macros/bail.rs - macros::bail::bail (line 48)
[INFO] [stdout] 
[INFO] [stdout] test result: FAILED. 43 passed; 2 failed; 2 ignored; 0 measured; 0 filtered out; finished in 4.76s
[INFO] [stdout] 
[INFO] [stdout] all doctests ran in 4.89s; merged doctests compilation took 0.12s
[INFO] [stderr] error: doctest failed, to rerun pass `--doc`
[INFO] running `Command { std: "docker" "inspect" "576c069d55e17f1cbc49863fb5c619b20687daa5d0d382ae6097b6f0ff6e3f04", kill_on_drop: false }`
[INFO] running `Command { std: "docker" "rm" "-f" "576c069d55e17f1cbc49863fb5c619b20687daa5d0d382ae6097b6f0ff6e3f04", kill_on_drop: false }`
[INFO] [stdout] 576c069d55e17f1cbc49863fb5c619b20687daa5d0d382ae6097b6f0ff6e3f04
