[INFO] fetching crate gst-plugin-hlssink3 0.15.4...
[INFO] testing gst-plugin-hlssink3-0.15.4 against 1.100.0-beta.1+cargoflags=--release for beta-release-1.100-2
[INFO] extracting crate gst-plugin-hlssink3 0.15.4 into /workspace/builds/worker-3-tc2/source
[INFO] started tweaking crates.io crate gst-plugin-hlssink3 0.15.4
[INFO] removed 0 missing examples
[INFO] removed 0 missing tests
[INFO] finished tweaking crates.io crate gst-plugin-hlssink3 0.15.4
[INFO] tweaked toml for crates.io crate gst-plugin-hlssink3 0.15.4 written to /workspace/builds/worker-3-tc2/source/Cargo.toml
[INFO] validating manifest of crates.io crate gst-plugin-hlssink3 0.15.4 on toolchain 1.100.0-beta.1
[INFO] running `Command { std: CARGO_HOME="/workspace/cargo-home" RUSTUP_HOME="/workspace/rustup-home" "/workspace/cargo-home/bin/cargo" "+1.100.0-beta.1" "metadata" "--manifest-path" "Cargo.toml" "--no-deps", kill_on_drop: false }`
[INFO] crate crates.io crate gst-plugin-hlssink3 0.15.4 already has a lockfile, it will not be regenerated
[INFO] running `Command { std: CARGO_HOME="/workspace/cargo-home" RUSTUP_HOME="/workspace/rustup-home" "/workspace/cargo-home/bin/cargo" "+1.100.0-beta.1" "fetch" "--manifest-path" "Cargo.toml", kill_on_drop: false }`
[INFO] running `Command { std: "docker" "create" "-v" "/var/lib/crater-agent-workspace/builds/worker-3-tc2/source:/opt/rustwide/workdir:ro,Z" "-v" "/var/lib/crater-agent-workspace/builds/worker-3-tc2/target:/opt/rustwide/target:rw,Z" "-v" "/var/lib/crater-agent-workspace/cargo-home:/opt/rustwide/cargo-home:ro,Z" "-v" "/var/lib/crater-agent-workspace/rustup-home:/opt/rustwide/rustup-home:ro,Z" "-m" "1610612736" "--network" "none" "ghcr.io/rust-lang/crates-build-env/linux@sha256:77db811e55d90add9212f6832c23229e3de5f1c1f9905e8cb07319ea15df73ac" "sleep" "infinity", kill_on_drop: false }`
[INFO] [stdout] 872a66c11f2274a90e577875b1ca74dd197528c4998f24175bbe96334ebc79df
[INFO] running `Command { std: "docker" "start" "872a66c11f2274a90e577875b1ca74dd197528c4998f24175bbe96334ebc79df", kill_on_drop: false }`
[INFO] running `Command { std: "docker" "inspect" "872a66c11f2274a90e577875b1ca74dd197528c4998f24175bbe96334ebc79df", kill_on_drop: false }`
[INFO] running `Command { std: "docker" "exec" "-e" "SOURCE_DIR=/opt/rustwide/workdir" "-e" "CARGO_HOME=/opt/rustwide/cargo-home" "-e" "RUSTUP_HOME=/opt/rustwide/rustup-home" "-e" "CARGO_TARGET_DIR=/opt/rustwide/target" "-w" "/opt/rustwide/workdir" "--user" "0:0" "872a66c11f2274a90e577875b1ca74dd197528c4998f24175bbe96334ebc79df" "/opt/rustwide/cargo-home/bin/cargo" "+1.100.0-beta.1" "metadata" "--no-deps" "--format-version=1", kill_on_drop: false }`
[INFO] running `Command { std: "docker" "inspect" "872a66c11f2274a90e577875b1ca74dd197528c4998f24175bbe96334ebc79df", kill_on_drop: false }`
[INFO] running `Command { std: "docker" "exec" "-e" "SOURCE_DIR=/opt/rustwide/workdir" "-e" "CARGO_HOME=/opt/rustwide/cargo-home" "-e" "RUSTUP_HOME=/opt/rustwide/rustup-home" "-e" "CARGO_TARGET_DIR=/opt/rustwide/target" "-e" "CARGO_INCREMENTAL=0" "-e" "RUST_BACKTRACE=full" "-e" "RUSTFLAGS=--cap-lints=warn" "-e" "RUSTDOCFLAGS=--cap-lints=warn" "-w" "/opt/rustwide/workdir" "--user" "0:0" "872a66c11f2274a90e577875b1ca74dd197528c4998f24175bbe96334ebc79df" "/opt/rustwide/cargo-home/bin/cargo" "+1.100.0-beta.1" "build" "--frozen" "--message-format=json" "--release", kill_on_drop: false }`
[INFO] [stderr]    Compiling target-lexicon v0.13.5
[INFO] [stderr]    Compiling smallvec v1.16.1
[INFO] [stderr]    Compiling system-deps v9.0.0
[INFO] [stderr]    Compiling serde_spanned v1.1.1
[INFO] [stderr]    Compiling futures-channel v0.3.34
[INFO] [stderr]    Compiling iana-time-zone v0.1.65
[INFO] [stderr]    Compiling option-operations v0.6.1
[INFO] [stderr]    Compiling muldiv v1.0.1
[INFO] [stderr]    Compiling num-integer v0.1.47
[INFO] [stderr]    Compiling atomic_refcell v0.1.14
[INFO] [stderr]    Compiling futures-macro v0.3.34
[INFO] [stderr]    Compiling thiserror-impl v2.0.20
[INFO] [stderr]    Compiling glib-macros v0.22.9
[INFO] [stderr]    Compiling chrono v0.4.45
[INFO] [stderr]    Compiling toml v1.1.6+spec-1.1.0
[INFO] [stderr]    Compiling num-rational v0.4.2
[INFO] [stderr]    Compiling futures-util v0.3.34
[INFO] [stderr]    Compiling cfg-expr v0.20.9
[INFO] [stderr]    Compiling thiserror v2.0.20
[INFO] [stderr]    Compiling sprintf v0.4.3
[INFO] [stderr]    Compiling gst-plugin-version-helper v0.8.4
[INFO] [stderr]    Compiling gst-plugin-hlssink3 v0.15.4 (/opt/rustwide/workdir)
[INFO] [stderr]    Compiling m3u8-rs v6.0.1
[INFO] [stderr]    Compiling glib-sys v0.22.9
[INFO] [stderr]    Compiling gobject-sys v0.22.9
[INFO] [stderr]    Compiling gio-sys v0.22.9
[INFO] [stderr]    Compiling gstreamer-sys v0.25.4
[INFO] [stderr]    Compiling gstreamer-base-sys v0.25.4
[INFO] [stderr]    Compiling gstreamer-app-sys v0.25.4
[INFO] [stderr]    Compiling futures-executor v0.3.34
[INFO] [stderr]    Compiling glib v0.22.10
[INFO] [stderr]    Compiling gstreamer v0.25.4
[INFO] [stderr]    Compiling gio v0.22.10
[INFO] [stderr]    Compiling gstreamer-base v0.25.4
[INFO] [stderr]    Compiling gstreamer-app v0.25.2
[INFO] [stderr]     Finished `release` profile [optimized] target(s) in 1m 02s
[INFO] running `Command { std: "docker" "inspect" "872a66c11f2274a90e577875b1ca74dd197528c4998f24175bbe96334ebc79df", kill_on_drop: false }`
[INFO] running `Command { std: "docker" "exec" "-e" "SOURCE_DIR=/opt/rustwide/workdir" "-e" "CARGO_HOME=/opt/rustwide/cargo-home" "-e" "RUSTUP_HOME=/opt/rustwide/rustup-home" "-e" "CARGO_TARGET_DIR=/opt/rustwide/target" "-e" "CARGO_INCREMENTAL=0" "-e" "RUST_BACKTRACE=full" "-e" "RUSTFLAGS=--cap-lints=warn" "-e" "RUSTDOCFLAGS=--cap-lints=warn" "-w" "/opt/rustwide/workdir" "--user" "0:0" "872a66c11f2274a90e577875b1ca74dd197528c4998f24175bbe96334ebc79df" "/opt/rustwide/cargo-home/bin/cargo" "+1.100.0-beta.1" "test" "--frozen" "--no-run" "--message-format=json" "--release", kill_on_drop: false }`
[INFO] [stderr]    Compiling no_std_io2 v0.9.4
[INFO] [stderr]    Compiling gstreamer-sys v0.25.4
[INFO] [stderr]    Compiling gstreamer-base-sys v0.25.4
[INFO] [stderr]    Compiling gstreamer-video-sys v0.25.4
[INFO] [stderr]    Compiling gstreamer-audio-sys v0.25.4
[INFO] [stderr]    Compiling gstreamer-pbutils-sys v0.25.4
[INFO] [stderr]    Compiling gstreamer-tag-sys v0.25.4
[INFO] [stderr]    Compiling gstreamer-check-sys v0.25.4
[INFO] [stderr]    Compiling derive_more-impl v2.1.1
[INFO] [stderr]    Compiling gst-plugin-isobmff v0.15.4
[INFO] [stderr]    Compiling thiserror-impl v1.0.69
[INFO] [stderr]    Compiling chrono v0.4.45
[INFO] [stderr]    Compiling bitstream-io v4.10.0
[INFO] [stderr]    Compiling gstreamer v0.25.4
[INFO] [stderr]    Compiling derive_more v2.1.1
[INFO] [stderr]    Compiling thiserror v1.0.69
[INFO] [stderr]    Compiling mp4-atom v0.15.0
[INFO] [stderr]    Compiling gstreamer-app-sys v0.25.4
[INFO] [stderr]    Compiling m3u8-rs v6.0.1
[INFO] [stderr]    Compiling gstreamer-base v0.25.4
[INFO] [stderr]    Compiling gstreamer-tag v0.25.2
[INFO] [stderr]    Compiling gstreamer-check v0.25.0
[INFO] [stderr]    Compiling gstreamer-video v0.25.4
[INFO] [stderr]    Compiling gstreamer-audio v0.25.4
[INFO] [stderr]    Compiling gstreamer-app v0.25.2
[INFO] [stderr]    Compiling gst-plugin-hlssink3 v0.15.4 (/opt/rustwide/workdir)
[INFO] [stderr]    Compiling gstreamer-pbutils v0.25.4
[INFO] [stderr]     Finished `release` profile [optimized] target(s) in 1m 04s
[INFO] running `Command { std: "docker" "inspect" "872a66c11f2274a90e577875b1ca74dd197528c4998f24175bbe96334ebc79df", kill_on_drop: false }`
[INFO] running `Command { std: "docker" "exec" "-e" "SOURCE_DIR=/opt/rustwide/workdir" "-e" "CARGO_HOME=/opt/rustwide/cargo-home" "-e" "RUSTUP_HOME=/opt/rustwide/rustup-home" "-e" "CARGO_TARGET_DIR=/opt/rustwide/target" "-e" "CARGO_INCREMENTAL=0" "-e" "RUST_BACKTRACE=full" "-e" "RUSTFLAGS=--cap-lints=warn" "-e" "RUSTDOCFLAGS=--cap-lints=warn" "-w" "/opt/rustwide/workdir" "--user" "0:0" "872a66c11f2274a90e577875b1ca74dd197528c4998f24175bbe96334ebc79df" "/opt/rustwide/cargo-home/bin/cargo" "+1.100.0-beta.1" "test" "--frozen" "--release", kill_on_drop: false }`
[INFO] [stderr]     Finished `release` profile [optimized] target(s) in 0.24s
[INFO] [stderr]      Running unittests src/lib.rs (/opt/rustwide/target/release/build/gst-plugin-hlssink3/3e7c637e5a409a41/out/gsthlssink3-3e7c637e5a409a41)
[INFO] [stdout] 
[INFO] [stdout] running 0 tests
[INFO] [stdout] 
[INFO] [stdout] test result: ok. 0 passed; 0 failed; 0 ignored; 0 measured; 0 filtered out; finished in 0.00s
[INFO] [stdout] 
[INFO] [stderr]      Running tests/hlscmafsink.rs (/opt/rustwide/target/release/build/gst-plugin-hlssink3/c221edb620d180f4/out/hlscmafsink-c221edb620d180f4)
[INFO] [stdout] 
[INFO] [stdout] running 3 tests
[INFO] [stdout] test test_hlscmafsink_video_iframe_playlist_multiple_keyframes ... FAILED
[INFO] [stdout] test test_hlscmafsink_video_iframe_playlist_single_keyframe ... FAILED
[INFO] [stdout] test test_hlscmafsink_video_with_single_media_file ... FAILED
[INFO] [stdout] 
[INFO] [stdout] failures:
[INFO] [stdout] 
[INFO] [stdout] ---- test_hlscmafsink_video_iframe_playlist_multiple_keyframes stdout ----
[INFO] [stdout] 
[INFO] [stdout] thread 'test_hlscmafsink_video_iframe_playlist_multiple_keyframes' (1984) panicked at tests/hlscmafsink.rs:307:10:
[INFO] [stdout] Must be able to instantiate x264enc: BoolError { message: "Failed to find element factory with name 'x264enc' for creating element", filename: "/opt/rustwide/cargo-home/registry/src/index.crates.io-1949cf8c6b5b557f/gstreamer-0.25.4/src/element_factory.rs", function: "gstreamer::element_factory::ElementBuilder<'_>::build::{{closure}}", line: 244 }
[INFO] [stdout] stack backtrace:
[INFO] [stdout]    0:     0x622a99a512a1 - <<std[617be2ca0a6fd877]::sys::backtrace::BacktraceLock>::print::DisplayBacktrace as core[a373ad73a504971]::fmt::Display>::fmt
[INFO] [stdout]    1:     0x622a99a679ea - core[a373ad73a504971]::fmt::write
[INFO] [stdout]    2:     0x622a99a559bc - <alloc[2e1b2a31b91974c5]::vec::Vec<u8> as core[a373ad73a504971]::io::write::Write>::write_fmt
[INFO] [stdout]    3:     0x622a99a2ce96 - std[617be2ca0a6fd877]::panicking::default_hook::{closure#0}
[INFO] [stdout]    4:     0x622a99a496a9 - std[617be2ca0a6fd877]::panicking::default_hook
[INFO] [stdout]    5:     0x622a9999c410 - test[aada8e7e76ba119b]::test_main_inner::{closure#0}
[INFO] [stdout]    6:     0x622a99a49862 - std[617be2ca0a6fd877]::panicking::panic_with_hook
[INFO] [stdout]    7:     0x622a99a2cf42 - std[617be2ca0a6fd877]::panicking::panic_handler::{closure#0}
[INFO] [stdout]    8:     0x622a99a25619 - std[617be2ca0a6fd877]::sys::backtrace::__rust_end_short_backtrace::<std[617be2ca0a6fd877]::panicking::panic_handler::{closure#0}, !>
[INFO] [stdout]    9:     0x622a99a2dc5d - __rustc[ea4f61d10b84890b]::rust_begin_unwind
[INFO] [stdout]   10:     0x622a99a6814c - core[a373ad73a504971]::panicking::panic_fmt
[INFO] [stdout]   11:     0x622a99a67f22 - core[a373ad73a504971]::result::unwrap_failed
[INFO] [stdout]   12:     0x622a998a3431 - hlscmafsink[f6e2d4d74ef1b7c4]::test_hlscmafsink_video_iframe_playlist
[INFO] [stdout]   13:     0x622a998a77ce - <hlscmafsink[f6e2d4d74ef1b7c4]::test_hlscmafsink_video_iframe_playlist_multiple_keyframes::{closure#0} as core[a373ad73a504971]::ops::function::FnOnce<()>>::call_once
[INFO] [stdout]   14:     0x622a9998f85b - test[aada8e7e76ba119b]::__rust_begin_short_backtrace::<core[a373ad73a504971]::result::Result<(), alloc[2e1b2a31b91974c5]::string::String>, fn() -> core[a373ad73a504971]::result::Result<(), alloc[2e1b2a31b91974c5]::string::String>>
[INFO] [stdout]   15:     0x622a9999ca35 - test[aada8e7e76ba119b]::run_test::{closure#0}
[INFO] [stdout]   16:     0x622a99996324 - std[617be2ca0a6fd877]::sys::backtrace::__rust_begin_short_backtrace::<test[aada8e7e76ba119b]::run_test::{closure#1}, ()>
[INFO] [stdout]   17:     0x622a9999fac2 - <std[617be2ca0a6fd877]::thread::lifecycle::spawn_unchecked<test[aada8e7e76ba119b]::run_test::{closure#1}, ()>::{closure#1} as core[a373ad73a504971]::ops::function::FnOnce<()>>::call_once::{shim:vtable#0}
[INFO] [stdout]   18:     0x622a99a50acf - <std[617be2ca0a6fd877]::sys::thread::unix::Thread>::new::thread_start
[INFO] [stdout]   19:     0x75d4c1f71dfa - <unknown>
[INFO] [stdout]   20:     0x75d4c20053d4 - clone
[INFO] [stdout]   21:                0x0 - <unknown>
[INFO] [stdout] 
[INFO] [stdout] ---- test_hlscmafsink_video_iframe_playlist_single_keyframe stdout ----
[INFO] [stdout] 
[INFO] [stdout] thread 'test_hlscmafsink_video_iframe_playlist_single_keyframe' (1985) panicked at tests/hlscmafsink.rs:307:10:
[INFO] [stdout] Must be able to instantiate x264enc: BoolError { message: "Failed to find element factory with name 'x264enc' for creating element", filename: "/opt/rustwide/cargo-home/registry/src/index.crates.io-1949cf8c6b5b557f/gstreamer-0.25.4/src/element_factory.rs", function: "gstreamer::element_factory::ElementBuilder<'_>::build::{{closure}}", line: 244 }
[INFO] [stdout] stack backtrace:
[INFO] [stdout]    0:     0x622a99a512a1 - <<std[617be2ca0a6fd877]::sys::backtrace::BacktraceLock>::print::DisplayBacktrace as core[a373ad73a504971]::fmt::Display>::fmt
[INFO] [stdout]    1:     0x622a99a679ea - core[a373ad73a504971]::fmt::write
[INFO] [stdout]    2:     0x622a99a559bc - <alloc[2e1b2a31b91974c5]::vec::Vec<u8> as core[a373ad73a504971]::io::write::Write>::write_fmt
[INFO] [stdout]    3:     0x622a99a2ce96 - std[617be2ca0a6fd877]::panicking::default_hook::{closure#0}
[INFO] [stdout]    4:     0x622a99a496a9 - std[617be2ca0a6fd877]::panicking::default_hook
[INFO] [stdout]    5:     0x622a9999c410 - test[aada8e7e76ba119b]::test_main_inner::{closure#0}
[INFO] [stdout]    6:     0x622a99a49862 - std[617be2ca0a6fd877]::panicking::panic_with_hook
[INFO] [stdout]    7:     0x622a99a2cf42 - std[617be2ca0a6fd877]::panicking::panic_handler::{closure#0}
[INFO] [stdout]    8:     0x622a99a25619 - std[617be2ca0a6fd877]::sys::backtrace::__rust_end_short_backtrace::<std[617be2ca0a6fd877]::panicking::panic_handler::{closure#0}, !>
[INFO] [stdout]    9:     0x622a99a2dc5d - __rustc[ea4f61d10b84890b]::rust_begin_unwind
[INFO] [stdout]   10:     0x622a99a6814c - core[a373ad73a504971]::panicking::panic_fmt
[INFO] [stdout]   11:     0x622a99a67f22 - core[a373ad73a504971]::result::unwrap_failed
[INFO] [stdout]   12:     0x622a998a3431 - hlscmafsink[f6e2d4d74ef1b7c4]::test_hlscmafsink_video_iframe_playlist
[INFO] [stdout]   13:     0x622a998a77ab - <hlscmafsink[f6e2d4d74ef1b7c4]::test_hlscmafsink_video_iframe_playlist_single_keyframe::{closure#0} as core[a373ad73a504971]::ops::function::FnOnce<()>>::call_once
[INFO] [stdout]   14:     0x622a9998f85b - test[aada8e7e76ba119b]::__rust_begin_short_backtrace::<core[a373ad73a504971]::result::Result<(), alloc[2e1b2a31b91974c5]::string::String>, fn() -> core[a373ad73a504971]::result::Result<(), alloc[2e1b2a31b91974c5]::string::String>>
[INFO] [stdout]   15:     0x622a9999ca35 - test[aada8e7e76ba119b]::run_test::{closure#0}
[INFO] [stdout]   16:     0x622a99996324 - std[617be2ca0a6fd877]::sys::backtrace::__rust_begin_short_backtrace::<test[aada8e7e76ba119b]::run_test::{closure#1}, ()>
[INFO] [stdout]   17:     0x622a9999fac2 - <std[617be2ca0a6fd877]::thread::lifecycle::spawn_unchecked<test[aada8e7e76ba119b]::run_test::{closure#1}, ()>::{closure#1} as core[a373ad73a504971]::ops::function::FnOnce<()>>::call_once::{shim:vtable#0}
[INFO] [stdout]   18:     0x622a99a50acf - <std[617be2ca0a6fd877]::sys::thread::unix::Thread>::new::thread_start
[INFO] [stdout]   19:     0x75d4c1f71dfa - <unknown>
[INFO] [stdout]   20:     0x75d4c20053d4 - clone
[INFO] [stdout]   21:                0x0 - <unknown>
[INFO] [stdout] 
[INFO] [stdout] ---- test_hlscmafsink_video_with_single_media_file stdout ----
[INFO] [stdout] 
[INFO] [stdout] thread 'test_hlscmafsink_video_with_single_media_file' (1986) panicked at tests/hlscmafsink.rs:90:10:
[INFO] [stdout] Must be able to instantiate x264enc: BoolError { message: "Failed to find element factory with name 'x264enc' for creating element", filename: "/opt/rustwide/cargo-home/registry/src/index.crates.io-1949cf8c6b5b557f/gstreamer-0.25.4/src/element_factory.rs", function: "gstreamer::element_factory::ElementBuilder<'_>::build::{{closure}}", line: 244 }
[INFO] [stdout] stack backtrace:
[INFO] [stdout]    0:     0x622a99a512a1 - <<std[617be2ca0a6fd877]::sys::backtrace::BacktraceLock>::print::DisplayBacktrace as core[a373ad73a504971]::fmt::Display>::fmt
[INFO] [stdout]    1:     0x622a99a679ea - core[a373ad73a504971]::fmt::write
[INFO] [stdout]    2:     0x622a99a559bc - <alloc[2e1b2a31b91974c5]::vec::Vec<u8> as core[a373ad73a504971]::io::write::Write>::write_fmt
[INFO] [stdout]    3:     0x622a99a2ce96 - std[617be2ca0a6fd877]::panicking::default_hook::{closure#0}
[INFO] [stdout]    4:     0x622a99a496a9 - std[617be2ca0a6fd877]::panicking::default_hook
[INFO] [stdout]    5:     0x622a9999c410 - test[aada8e7e76ba119b]::test_main_inner::{closure#0}
[INFO] [stdout]    6:     0x622a99a49862 - std[617be2ca0a6fd877]::panicking::panic_with_hook
[INFO] [stdout]    7:     0x622a99a2cf42 - std[617be2ca0a6fd877]::panicking::panic_handler::{closure#0}
[INFO] [stdout]    8:     0x622a99a25619 - std[617be2ca0a6fd877]::sys::backtrace::__rust_end_short_backtrace::<std[617be2ca0a6fd877]::panicking::panic_handler::{closure#0}, !>
[INFO] [stdout]    9:     0x622a99a2dc5d - __rustc[ea4f61d10b84890b]::rust_begin_unwind
[INFO] [stdout]   10:     0x622a99a6814c - core[a373ad73a504971]::panicking::panic_fmt
[INFO] [stdout]   11:     0x622a99a67f22 - core[a373ad73a504971]::result::unwrap_failed
[INFO] [stdout]   12:     0x622a998a6a7a - <hlscmafsink[f6e2d4d74ef1b7c4]::test_hlscmafsink_video_with_single_media_file::{closure#0} as core[a373ad73a504971]::ops::function::FnOnce<()>>::call_once
[INFO] [stdout]   13:     0x622a9998f85b - test[aada8e7e76ba119b]::__rust_begin_short_backtrace::<core[a373ad73a504971]::result::Result<(), alloc[2e1b2a31b91974c5]::string::String>, fn() -> core[a373ad73a504971]::result::Result<(), alloc[2e1b2a31b91974c5]::string::String>>
[INFO] [stdout]   14:     0x622a9999ca35 - test[aada8e7e76ba119b]::run_test::{closure#0}
[INFO] [stdout]   15:     0x622a99996324 - std[617be2ca0a6fd877]::sys::backtrace::__rust_begin_short_backtrace::<test[aada8e7e76ba119b]::run_test::{closure#1}, ()>
[INFO] [stdout]   16:     0x622a9999fac2 - <std[617be2ca0a6fd877]::thread::lifecycle::spawn_unchecked<test[aada8e7e76ba119b]::run_test::{closure#1}, ()>::{closure#1} as core[a373ad73a504971]::ops::function::FnOnce<()>>::call_once::{shim:vtable#0}
[INFO] [stdout]   17:     0x622a99a50acf - <std[617be2ca0a6fd877]::sys::thread::unix::Thread>::new::thread_start
[INFO] [stdout]   18:     0x75d4c1f71dfa - <unknown>
[INFO] [stdout]   19:     0x75d4c20053d4 - clone
[INFO] [stdout]   20:                0x0 - <unknown>
[INFO] [stdout] 
[INFO] [stdout] 
[INFO] [stdout] failures:
[INFO] [stdout]     test_hlscmafsink_video_iframe_playlist_multiple_keyframes
[INFO] [stdout]     test_hlscmafsink_video_iframe_playlist_single_keyframe
[INFO] [stdout]     test_hlscmafsink_video_with_single_media_file
[INFO] [stdout] 
[INFO] [stdout] test result: FAILED. 0 passed; 3 failed; 0 ignored; 0 measured; 0 filtered out; finished in 0.67s
[INFO] [stdout] 
[INFO] [stderr] error: test failed, to rerun pass `--test hlscmafsink`
[INFO] running `Command { std: "docker" "inspect" "872a66c11f2274a90e577875b1ca74dd197528c4998f24175bbe96334ebc79df", kill_on_drop: false }`
[INFO] running `Command { std: "docker" "rm" "-f" "872a66c11f2274a90e577875b1ca74dd197528c4998f24175bbe96334ebc79df", kill_on_drop: false }`
[INFO] [stdout] 872a66c11f2274a90e577875b1ca74dd197528c4998f24175bbe96334ebc79df
