[INFO] fetching crate gst-plugin-fmp4 0.14.5...
[INFO] testing gst-plugin-fmp4-0.14.5 against 1.100.0-beta.1+cargoflags=--release for beta-release-1.100-2
[INFO] extracting crate gst-plugin-fmp4 0.14.5 into /workspace/builds/worker-5-tc2/source
[INFO] started tweaking crates.io crate gst-plugin-fmp4 0.14.5
[INFO] removed 0 missing examples
[INFO] removed 0 missing tests
[INFO] finished tweaking crates.io crate gst-plugin-fmp4 0.14.5
[INFO] tweaked toml for crates.io crate gst-plugin-fmp4 0.14.5 written to /workspace/builds/worker-5-tc2/source/Cargo.toml
[INFO] validating manifest of crates.io crate gst-plugin-fmp4 0.14.5 on toolchain 1.100.0-beta.1
[INFO] running `Command { std: CARGO_HOME="/workspace/cargo-home" RUSTUP_HOME="/workspace/rustup-home" "/workspace/cargo-home/bin/cargo" "+1.100.0-beta.1" "metadata" "--manifest-path" "Cargo.toml" "--no-deps", kill_on_drop: false }`
[INFO] crate crates.io crate gst-plugin-fmp4 0.14.5 already has a lockfile, it will not be regenerated
[INFO] running `Command { std: CARGO_HOME="/workspace/cargo-home" RUSTUP_HOME="/workspace/rustup-home" "/workspace/cargo-home/bin/cargo" "+1.100.0-beta.1" "fetch" "--manifest-path" "Cargo.toml", kill_on_drop: false }`
[INFO] running `Command { std: "docker" "create" "-v" "/var/lib/crater-agent-workspace/builds/worker-5-tc2/source:/opt/rustwide/workdir:ro,Z" "-v" "/var/lib/crater-agent-workspace/builds/worker-5-tc2/target:/opt/rustwide/target:rw,Z" "-v" "/var/lib/crater-agent-workspace/cargo-home:/opt/rustwide/cargo-home:ro,Z" "-v" "/var/lib/crater-agent-workspace/rustup-home:/opt/rustwide/rustup-home:ro,Z" "-m" "1610612736" "--network" "none" "ghcr.io/rust-lang/crates-build-env/linux@sha256:77db811e55d90add9212f6832c23229e3de5f1c1f9905e8cb07319ea15df73ac" "sleep" "infinity", kill_on_drop: false }`
[INFO] [stdout] 64e79317816c0298cff636d4528babd8f19419b1fac1a214df0a0fad5fc0c2b9
[INFO] running `Command { std: "docker" "start" "64e79317816c0298cff636d4528babd8f19419b1fac1a214df0a0fad5fc0c2b9", kill_on_drop: false }`
[INFO] running `Command { std: "docker" "inspect" "64e79317816c0298cff636d4528babd8f19419b1fac1a214df0a0fad5fc0c2b9", kill_on_drop: false }`
[INFO] running `Command { std: "docker" "exec" "-e" "SOURCE_DIR=/opt/rustwide/workdir" "-e" "CARGO_HOME=/opt/rustwide/cargo-home" "-e" "RUSTUP_HOME=/opt/rustwide/rustup-home" "-e" "CARGO_TARGET_DIR=/opt/rustwide/target" "-w" "/opt/rustwide/workdir" "--user" "0:0" "64e79317816c0298cff636d4528babd8f19419b1fac1a214df0a0fad5fc0c2b9" "/opt/rustwide/cargo-home/bin/cargo" "+1.100.0-beta.1" "metadata" "--no-deps" "--format-version=1", kill_on_drop: false }`
[INFO] running `Command { std: "docker" "inspect" "64e79317816c0298cff636d4528babd8f19419b1fac1a214df0a0fad5fc0c2b9", kill_on_drop: false }`
[INFO] running `Command { std: "docker" "exec" "-e" "SOURCE_DIR=/opt/rustwide/workdir" "-e" "CARGO_HOME=/opt/rustwide/cargo-home" "-e" "RUSTUP_HOME=/opt/rustwide/rustup-home" "-e" "CARGO_TARGET_DIR=/opt/rustwide/target" "-e" "CARGO_INCREMENTAL=0" "-e" "RUST_BACKTRACE=full" "-e" "RUSTFLAGS=--cap-lints=warn" "-e" "RUSTDOCFLAGS=--cap-lints=warn" "-w" "/opt/rustwide/workdir" "--user" "0:0" "64e79317816c0298cff636d4528babd8f19419b1fac1a214df0a0fad5fc0c2b9" "/opt/rustwide/cargo-home/bin/cargo" "+1.100.0-beta.1" "build" "--frozen" "--message-format=json" "--release", kill_on_drop: false }`
[INFO] [stderr]    Compiling winnow v0.7.14
[INFO] [stderr]    Compiling toml_datetime v0.7.5+spec-1.1.0
[INFO] [stderr]    Compiling serde_spanned v1.0.4
[INFO] [stderr]    Compiling smallvec v1.15.1
[INFO] [stderr]    Compiling version-compare v0.2.1
[INFO] [stderr]    Compiling target-lexicon v0.13.2
[INFO] [stderr]    Compiling libc v0.2.180
[INFO] [stderr]    Compiling hashbrown v0.16.1
[INFO] [stderr]    Compiling syn v2.0.117
[INFO] [stderr]    Compiling num-traits v0.2.19
[INFO] [stderr]    Compiling futures-channel v0.3.32
[INFO] [stderr]    Compiling cfg-expr v0.18.0
[INFO] [stderr]    Compiling option-operations v0.6.1
[INFO] [stderr]    Compiling itertools v0.14.0
[INFO] [stderr]    Compiling indexmap v2.13.0
[INFO] [stderr]    Compiling kstring v2.0.2
[INFO] [stderr]    Compiling muldiv v1.0.1
[INFO] [stderr]    Compiling num-integer v0.1.46
[INFO] [stderr]    Compiling iana-time-zone v0.1.65
[INFO] [stderr]    Compiling atomic_refcell v0.1.13
[INFO] [stderr]    Compiling core2 v0.4.0
[INFO] [stderr]    Compiling num-rational v0.4.2
[INFO] [stderr]    Compiling bitstream-io v4.9.0
[INFO] [stderr]    Compiling chrono v0.4.44
[INFO] [stderr]    Compiling toml_parser v1.0.9+spec-1.1.0
[INFO] [stderr]    Compiling toml v0.9.12+spec-1.1.0
[INFO] [stderr]    Compiling toml_edit v0.23.10+spec-1.0.0
[INFO] [stderr]    Compiling system-deps v7.0.7
[INFO] [stderr]    Compiling proc-macro-crate v3.4.0
[INFO] [stderr]    Compiling gst-plugin-version-helper v0.8.3
[INFO] [stderr]    Compiling futures-macro v0.3.32
[INFO] [stderr]    Compiling thiserror-impl v2.0.18
[INFO] [stderr]    Compiling gst-plugin-fmp4 v0.14.5 (/opt/rustwide/workdir)
[INFO] [stderr]    Compiling glib-sys v0.21.5
[INFO] [stderr]    Compiling gobject-sys v0.21.5
[INFO] [stderr]    Compiling gstreamer-sys v0.24.5
[INFO] [stderr]    Compiling gio-sys v0.21.5
[INFO] [stderr]    Compiling gstreamer-base-sys v0.24.5
[INFO] [stderr]    Compiling gstreamer-audio-sys v0.24.5
[INFO] [stderr]    Compiling gstreamer-video-sys v0.24.5
[INFO] [stderr]    Compiling gstreamer-pbutils-sys v0.24.5
[INFO] [stderr]    Compiling gstreamer-tag-sys v0.24.5
[INFO] [stderr]    Compiling glib-macros v0.21.5
[INFO] [stderr]    Compiling futures-util v0.3.32
[INFO] [stderr]    Compiling thiserror v2.0.18
[INFO] [stderr]    Compiling futures-executor v0.3.32
[INFO] [stderr]    Compiling glib v0.21.5
[INFO] [stderr]    Compiling gstreamer v0.24.5
[INFO] [stderr]    Compiling gstreamer-base v0.24.5
[INFO] [stderr]    Compiling gstreamer-tag v0.24.5
[INFO] [stderr]    Compiling gstreamer-audio v0.24.5
[INFO] [stderr]    Compiling gstreamer-video v0.24.5
[INFO] [stderr]    Compiling gstreamer-pbutils v0.24.5
[INFO] [stderr]     Finished `release` profile [optimized] target(s) in 1m 50s
[INFO] running `Command { std: "docker" "inspect" "64e79317816c0298cff636d4528babd8f19419b1fac1a214df0a0fad5fc0c2b9", kill_on_drop: false }`
[INFO] running `Command { std: "docker" "exec" "-e" "SOURCE_DIR=/opt/rustwide/workdir" "-e" "CARGO_HOME=/opt/rustwide/cargo-home" "-e" "RUSTUP_HOME=/opt/rustwide/rustup-home" "-e" "CARGO_TARGET_DIR=/opt/rustwide/target" "-e" "CARGO_INCREMENTAL=0" "-e" "RUST_BACKTRACE=full" "-e" "RUSTFLAGS=--cap-lints=warn" "-e" "RUSTDOCFLAGS=--cap-lints=warn" "-w" "/opt/rustwide/workdir" "--user" "0:0" "64e79317816c0298cff636d4528babd8f19419b1fac1a214df0a0fad5fc0c2b9" "/opt/rustwide/cargo-home/bin/cargo" "+1.100.0-beta.1" "test" "--frozen" "--no-run" "--message-format=json" "--release", kill_on_drop: false }`
[INFO] [stderr]    Compiling futures-util v0.3.32
[INFO] [stderr]    Compiling num-traits v0.2.19
[INFO] [stderr]    Compiling glib-macros v0.21.5
[INFO] [stderr]    Compiling darling_core v0.21.3
[INFO] [stderr]    Compiling serde v1.0.228
[INFO] [stderr]    Compiling syn v1.0.109
[INFO] [stderr]    Compiling icu_normalizer v2.1.1
[INFO] [stderr]    Compiling rustix v1.1.3
[INFO] [stderr]    Compiling ebml-iterable-specification v0.4.0
[INFO] [stderr]    Compiling gstreamer-check-sys v0.24.5
[INFO] [stderr]    Compiling idna_adapter v1.2.1
[INFO] [stderr]    Compiling gstreamer-app-sys v0.24.5
[INFO] [stderr]    Compiling regex-syntax v0.8.10
[INFO] [stderr]    Compiling num-integer v0.1.46
[INFO] [stderr]    Compiling chrono v0.4.44
[INFO] [stderr]    Compiling num-rational v0.4.2
[INFO] [stderr]    Compiling regex-automata v0.4.14
[INFO] [stderr]    Compiling darling_macro v0.21.3
[INFO] [stderr]    Compiling darling v0.21.3
[INFO] [stderr]    Compiling futures-executor v0.3.32
[INFO] [stderr]    Compiling serde_with_macros v3.17.0
[INFO] [stderr]    Compiling glib v0.21.5
[INFO] [stderr]    Compiling futures v0.3.32
[INFO] [stderr]    Compiling idna v1.1.0
[INFO] [stderr]    Compiling nom v8.0.0
[INFO] [stderr]    Compiling nom v7.1.3
[INFO] [stderr]    Compiling ebml-iterable-specification-derive v0.4.0
[INFO] [stderr]    Compiling ebml-iterable v0.6.3
[INFO] [stderr]    Compiling regex v1.12.3
[INFO] [stderr]    Compiling webm-iterable v0.6.4
[INFO] [stderr]    Compiling serde_with v3.17.0
[INFO] [stderr]    Compiling serde_path_to_error v0.1.20
[INFO] [stderr]    Compiling tracing v0.1.44
[INFO] [stderr]    Compiling url v2.5.8
[INFO] [stderr]    Compiling xattr v1.6.1
[INFO] [stderr]    Compiling quick-xml v0.39.2
[INFO] [stderr]    Compiling base64-serde v0.8.0
[INFO] [stderr]    Compiling hxdmp v0.2.1
[INFO] [stderr]    Compiling m3u8-rs v6.0.0
[INFO] [stderr]    Compiling iso8601 v0.6.3
[INFO] [stderr]    Compiling dash-mpd v0.19.3
[INFO] [stderr]    Compiling gstreamer v0.24.5
[INFO] [stderr]    Compiling gstreamer-base v0.24.5
[INFO] [stderr]    Compiling gstreamer-tag v0.24.5
[INFO] [stderr]    Compiling gstreamer-check v0.24.5
[INFO] [stderr]    Compiling gstreamer-audio v0.24.5
[INFO] [stderr]    Compiling gstreamer-video v0.24.5
[INFO] [stderr]    Compiling gstreamer-app v0.24.5
[INFO] [stderr]    Compiling gstreamer-pbutils v0.24.5
[INFO] [stderr]    Compiling gst-plugin-fmp4 v0.14.5 (/opt/rustwide/workdir)
[INFO] [stderr]     Finished `release` profile [optimized] target(s) in 3m 26s
[INFO] running `Command { std: "docker" "inspect" "64e79317816c0298cff636d4528babd8f19419b1fac1a214df0a0fad5fc0c2b9", kill_on_drop: false }`
[INFO] running `Command { std: "docker" "exec" "-e" "SOURCE_DIR=/opt/rustwide/workdir" "-e" "CARGO_HOME=/opt/rustwide/cargo-home" "-e" "RUSTUP_HOME=/opt/rustwide/rustup-home" "-e" "CARGO_TARGET_DIR=/opt/rustwide/target" "-e" "CARGO_INCREMENTAL=0" "-e" "RUST_BACKTRACE=full" "-e" "RUSTFLAGS=--cap-lints=warn" "-e" "RUSTDOCFLAGS=--cap-lints=warn" "-w" "/opt/rustwide/workdir" "--user" "0:0" "64e79317816c0298cff636d4528babd8f19419b1fac1a214df0a0fad5fc0c2b9" "/opt/rustwide/cargo-home/bin/cargo" "+1.100.0-beta.1" "test" "--frozen" "--release", kill_on_drop: false }`
[INFO] [stderr]     Finished `release` profile [optimized] target(s) in 0.19s
[INFO] [stderr]      Running unittests src/lib.rs (/opt/rustwide/target/release/build/gst-plugin-fmp4/319509f4c875ea61/out/gstfmp4-319509f4c875ea61)
[INFO] [stdout] 
[INFO] [stdout] running 2 tests
[INFO] [stdout] test fmp4mux::obu::tests::test_parse_rtp_obu ... ok
[INFO] [stdout] test fmp4mux::obu::tests::test_read_seq_header_from_bitstream ... ok
[INFO] [stdout] 
[INFO] [stdout] test result: ok. 2 passed; 0 failed; 0 ignored; 0 measured; 0 filtered out; finished in 0.00s
[INFO] [stdout] 
[INFO] [stderr]      Running tests/tests.rs (/opt/rustwide/target/release/build/gst-plugin-fmp4/9e3e71550942bf5c/out/tests-9e3e71550942bf5c)
[INFO] [stdout] 
[INFO] [stdout] running 42 tests
[INFO] [stdout] test test_caps_change_at_gop_boundary ... ignored
[INFO] [stdout] test test_buffer_flags_single_h264_stream_iso ... ok
[INFO] [stdout] test test_buffer_flags_multi_stream ... ok
[INFO] [stdout] test test_buffer_flags_single_vp9_stream_iso ... ok
[INFO] [stdout] test test_buffer_multi_stream_short_gops ... ok
[INFO] [stdout] test test_caps_change_at_gop_boundary_multi_stream ... ignored
[INFO] [stdout] test test_caps_change_within_gop ... ignored
[INFO] [stdout] test test_caps_change_at_gop_boundary_chunked_multi_stream ... ok
[INFO] [stdout] test test_caps_change_within_gop_chunked ... ignored
[INFO] [stdout] test test_caps_change_within_gop_no_key ... ignored
[INFO] [stdout] test test_buffer_flags_single_av1_stream_cmaf ... ok
[INFO] [stdout] test test_caps_change_at_gop_boundary_compatible ... ok
[INFO] [stdout] test test_buffer_flags_single_h264_stream_cmaf ... ok
[INFO] [stdout] test test_caps_change_before_first_frame ... ok
[INFO] [stdout] test test_chunking_multi_stream ... ok
[INFO] [stdout] test test_chunking_single_stream ... ok
[INFO] [stdout] test test_caps_change_within_gop_start_without_key ... ok
[INFO] [stdout] test test_language_change_at_gop_boundary ... ignored
[INFO] [stdout] test test_caps_change_at_gop_boundary_not_allowed ... ok
[INFO] [stdout] test test_chunking_single_stream_gops_after_fragment_end_after_next_chunk_end ... ok
[INFO] [stdout] test test_early_eos ... ok
[INFO] [stdout] test test_cmaf_manual_split ... ok
[INFO] [stdout] test test_chunking_single_stream_gops_after_fragment_end_before_next_chunk_end ... ok
[INFO] [stdout] test test_chunking_single_stream_manual_fragment ... ok
[INFO] [stdout] test test_live_timeout ... ok
[INFO] [stdout] test test_multi_stream_late_2nd_stream ... ok
[INFO] [stdout] test test_multi_stream_late_key_frame ... ok
[INFO] [stdout] test test_gap_events ... ok
[INFO] [stdout] test test_multi_stream_late_key_frame_sparse_gap ... ok
[INFO] [stdout] test test_multi_stream_late_key_frame_skips_fragment ... ok
[INFO] [stdout] test test_multi_stream_late_key_frame_sparse ... ok
[INFO] [stdout] test test_single_stream_late_key_frame_sparse_gap ... ok
[INFO] [stdout] test test_multi_stream_late_key_frame_sparse_on_frag_boundary ... ok
[INFO] [stdout] test test_multi_stream_late_key_frame_skips_two_fragments ... ok
[INFO] [stdout] test test_single_stream_late_key_frame_sparse_on_frag_boundary ... ok
[INFO] [stdout] test test_single_stream_late_key_frame_sparse ... ok
[INFO] [stdout] test test_single_stream_manual_fragment ... ok
[INFO] [stdout] test test_single_stream_late_key_frame_sparse_on_frag_boundary_gap ... ok
[INFO] [stdout] test test_single_stream_long_gops ... ok
[INFO] [stdout] test test_multi_stream_late_key_frame_sparse_on_frag_boundary_gap ... ok
[INFO] [stdout] test test_single_stream_short_gops ... ok
[INFO] [stdout] test test_roundtrip_vp9_flac ... FAILED
[INFO] [stdout] 
[INFO] [stdout] failures:
[INFO] [stdout] 
[INFO] [stdout] ---- test_roundtrip_vp9_flac stdout ----
[INFO] [stdout] 
[INFO] [stdout] thread 'test_roundtrip_vp9_flac' (2337) panicked at tests/tests.rs:2434:6:
[INFO] [stdout] called `Result::unwrap()` on an `Err` value: Error { domain: gst_parse_error, code: 1, message: "no element \"vp9parse\"" }
[INFO] [stdout] stack backtrace:
[INFO] [stdout]    0:     0x59e9a4dea441 - <<std[617be2ca0a6fd877]::sys::backtrace::BacktraceLock>::print::DisplayBacktrace as core[a373ad73a504971]::fmt::Display>::fmt
[INFO] [stdout]    1:     0x59e9a4dff35a - core[a373ad73a504971]::fmt::write
[INFO] [stdout]    2:     0x59e9a4deeb5c - <alloc[2e1b2a31b91974c5]::vec::Vec<u8> as core[a373ad73a504971]::io::write::Write>::write_fmt
[INFO] [stdout]    3:     0x59e9a4dc6226 - std[617be2ca0a6fd877]::panicking::default_hook::{closure#0}
[INFO] [stdout]    4:     0x59e9a4de2ab9 - std[617be2ca0a6fd877]::panicking::default_hook
[INFO] [stdout]    5:     0x59e9a4d71bb0 - test[aada8e7e76ba119b]::test_main_inner::{closure#0}
[INFO] [stdout]    6:     0x59e9a4de2c72 - std[617be2ca0a6fd877]::panicking::panic_with_hook
[INFO] [stdout]    7:     0x59e9a4dc62d2 - std[617be2ca0a6fd877]::panicking::panic_handler::{closure#0}
[INFO] [stdout]    8:     0x59e9a4dbea59 - std[617be2ca0a6fd877]::sys::backtrace::__rust_end_short_backtrace::<std[617be2ca0a6fd877]::panicking::panic_handler::{closure#0}, !>
[INFO] [stdout]    9:     0x59e9a4dc6fed - __rustc[ea4f61d10b84890b]::rust_begin_unwind
[INFO] [stdout]   10:     0x59e9a4dffa8c - core[a373ad73a504971]::panicking::panic_fmt
[INFO] [stdout]   11:     0x59e9a4dff862 - core[a373ad73a504971]::result::unwrap_failed
[INFO] [stdout]   12:     0x59e9a4cd343b - <tests[5e9b4e5e49f90881]::test_roundtrip_vp9_flac::{closure#0} as core[a373ad73a504971]::ops::function::FnOnce<()>>::call_once
[INFO] [stdout]   13:     0x59e9a4d64ffb - test[aada8e7e76ba119b]::__rust_begin_short_backtrace::<core[a373ad73a504971]::result::Result<(), alloc[2e1b2a31b91974c5]::string::String>, fn() -> core[a373ad73a504971]::result::Result<(), alloc[2e1b2a31b91974c5]::string::String>>
[INFO] [stdout]   14:     0x59e9a4d721d5 - test[aada8e7e76ba119b]::run_test::{closure#0}
[INFO] [stdout]   15:     0x59e9a4d6bac4 - std[617be2ca0a6fd877]::sys::backtrace::__rust_begin_short_backtrace::<test[aada8e7e76ba119b]::run_test::{closure#1}, ()>
[INFO] [stdout]   16:     0x59e9a4d75262 - <std[617be2ca0a6fd877]::thread::lifecycle::spawn_unchecked<test[aada8e7e76ba119b]::run_test::{closure#1}, ()>::{closure#1} as core[a373ad73a504971]::ops::function::FnOnce<()>>::call_once::{shim:vtable#0}
[INFO] [stdout]   17:     0x59e9a4de9c9f - <std[617be2ca0a6fd877]::sys::thread::unix::Thread>::new::thread_start
[INFO] [stdout]   18:     0x7cda006aedfa - <unknown>
[INFO] [stdout]   19:     0x7cda007423d4 - clone
[INFO] [stdout]   20:                0x0 - <unknown>
[INFO] [stdout] 
[INFO] [stdout] 
[INFO] [stdout] failures:
[INFO] [stdout]     test_roundtrip_vp9_flac
[INFO] [stdout] 
[INFO] [stdout] test result: FAILED. 35 passed; 1 failed; 6 ignored; 0 measured; 0 filtered out; finished in 0.66s
[INFO] [stdout] 
[INFO] [stderr] error: test failed, to rerun pass `--test tests`
[INFO] running `Command { std: "docker" "inspect" "64e79317816c0298cff636d4528babd8f19419b1fac1a214df0a0fad5fc0c2b9", kill_on_drop: false }`
[INFO] running `Command { std: "docker" "rm" "-f" "64e79317816c0298cff636d4528babd8f19419b1fac1a214df0a0fad5fc0c2b9", kill_on_drop: false }`
[INFO] [stdout] 64e79317816c0298cff636d4528babd8f19419b1fac1a214df0a0fad5fc0c2b9
