[INFO] fetching crate gsfmt 0.8.0...
[INFO] testing gsfmt-0.8.0 against 1.99.0-beta.8+cargoflags=--release for beta-release-1.100-2
[INFO] extracting crate gsfmt 0.8.0 into /workspace/builds/worker-2-tc1/source
[INFO] started tweaking crates.io crate gsfmt 0.8.0
[INFO] removed 0 missing tests
[INFO] finished tweaking crates.io crate gsfmt 0.8.0
[INFO] tweaked toml for crates.io crate gsfmt 0.8.0 written to /workspace/builds/worker-2-tc1/source/Cargo.toml
[INFO] validating manifest of crates.io crate gsfmt 0.8.0 on toolchain 1.99.0-beta.8
[INFO] running `Command { std: CARGO_HOME="/workspace/cargo-home" RUSTUP_HOME="/workspace/rustup-home" "/workspace/cargo-home/bin/cargo" "+1.99.0-beta.8" "metadata" "--manifest-path" "Cargo.toml" "--no-deps", kill_on_drop: false }`
[INFO] crate crates.io crate gsfmt 0.8.0 already has a lockfile, it will not be regenerated
[INFO] running `Command { std: CARGO_HOME="/workspace/cargo-home" RUSTUP_HOME="/workspace/rustup-home" "/workspace/cargo-home/bin/cargo" "+1.99.0-beta.8" "fetch" "--manifest-path" "Cargo.toml", kill_on_drop: false }`
[INFO] running `Command { std: "docker" "create" "-v" "/var/lib/crater-agent-workspace/builds/worker-2-tc1/source:/opt/rustwide/workdir:ro,Z" "-v" "/var/lib/crater-agent-workspace/builds/worker-2-tc1/target:/opt/rustwide/target:rw,Z" "-v" "/var/lib/crater-agent-workspace/cargo-home:/opt/rustwide/cargo-home:ro,Z" "-v" "/var/lib/crater-agent-workspace/rustup-home:/opt/rustwide/rustup-home:ro,Z" "-m" "1610612736" "--network" "none" "ghcr.io/rust-lang/crates-build-env/linux@sha256:77db811e55d90add9212f6832c23229e3de5f1c1f9905e8cb07319ea15df73ac" "sleep" "infinity", kill_on_drop: false }`
[INFO] [stdout] a92d874f1a14310a118416b01ae7397040c0e03f6238fdb11a695bf378caa30e
[INFO] running `Command { std: "docker" "start" "a92d874f1a14310a118416b01ae7397040c0e03f6238fdb11a695bf378caa30e", kill_on_drop: false }`
[INFO] running `Command { std: "docker" "inspect" "a92d874f1a14310a118416b01ae7397040c0e03f6238fdb11a695bf378caa30e", kill_on_drop: false }`
[INFO] running `Command { std: "docker" "exec" "-e" "SOURCE_DIR=/opt/rustwide/workdir" "-e" "CARGO_HOME=/opt/rustwide/cargo-home" "-e" "RUSTUP_HOME=/opt/rustwide/rustup-home" "-e" "CARGO_TARGET_DIR=/opt/rustwide/target" "-w" "/opt/rustwide/workdir" "--user" "0:0" "a92d874f1a14310a118416b01ae7397040c0e03f6238fdb11a695bf378caa30e" "/opt/rustwide/cargo-home/bin/cargo" "+1.99.0-beta.8" "metadata" "--no-deps" "--format-version=1", kill_on_drop: false }`
[INFO] running `Command { std: "docker" "inspect" "a92d874f1a14310a118416b01ae7397040c0e03f6238fdb11a695bf378caa30e", kill_on_drop: false }`
[INFO] running `Command { std: "docker" "exec" "-e" "SOURCE_DIR=/opt/rustwide/workdir" "-e" "CARGO_HOME=/opt/rustwide/cargo-home" "-e" "RUSTUP_HOME=/opt/rustwide/rustup-home" "-e" "CARGO_TARGET_DIR=/opt/rustwide/target" "-e" "CARGO_INCREMENTAL=0" "-e" "RUST_BACKTRACE=full" "-e" "RUSTFLAGS=--cap-lints=warn" "-e" "RUSTDOCFLAGS=--cap-lints=warn" "-w" "/opt/rustwide/workdir" "--user" "0:0" "a92d874f1a14310a118416b01ae7397040c0e03f6238fdb11a695bf378caa30e" "/opt/rustwide/cargo-home/bin/cargo" "+1.99.0-beta.8" "build" "--frozen" "--message-format=json" "--release", kill_on_drop: false }`
[INFO] [stderr]    Compiling gsfmt v0.8.0 (/opt/rustwide/workdir)
[INFO] [stderr]     Finished `release` profile [optimized] target(s) in 2.24s
[INFO] running `Command { std: "docker" "inspect" "a92d874f1a14310a118416b01ae7397040c0e03f6238fdb11a695bf378caa30e", kill_on_drop: false }`
[INFO] running `Command { std: "docker" "exec" "-e" "SOURCE_DIR=/opt/rustwide/workdir" "-e" "CARGO_HOME=/opt/rustwide/cargo-home" "-e" "RUSTUP_HOME=/opt/rustwide/rustup-home" "-e" "CARGO_TARGET_DIR=/opt/rustwide/target" "-e" "CARGO_INCREMENTAL=0" "-e" "RUST_BACKTRACE=full" "-e" "RUSTFLAGS=--cap-lints=warn" "-e" "RUSTDOCFLAGS=--cap-lints=warn" "-w" "/opt/rustwide/workdir" "--user" "0:0" "a92d874f1a14310a118416b01ae7397040c0e03f6238fdb11a695bf378caa30e" "/opt/rustwide/cargo-home/bin/cargo" "+1.99.0-beta.8" "test" "--frozen" "--no-run" "--message-format=json" "--release", kill_on_drop: false }`
[INFO] [stderr]    Compiling gsfmt v0.8.0 (/opt/rustwide/workdir)
[INFO] [stderr]     Finished `release` profile [optimized] target(s) in 3.72s
[INFO] running `Command { std: "docker" "inspect" "a92d874f1a14310a118416b01ae7397040c0e03f6238fdb11a695bf378caa30e", kill_on_drop: false }`
[INFO] running `Command { std: "docker" "exec" "-e" "SOURCE_DIR=/opt/rustwide/workdir" "-e" "CARGO_HOME=/opt/rustwide/cargo-home" "-e" "RUSTUP_HOME=/opt/rustwide/rustup-home" "-e" "CARGO_TARGET_DIR=/opt/rustwide/target" "-e" "CARGO_INCREMENTAL=0" "-e" "RUST_BACKTRACE=full" "-e" "RUSTFLAGS=--cap-lints=warn" "-e" "RUSTDOCFLAGS=--cap-lints=warn" "-w" "/opt/rustwide/workdir" "--user" "0:0" "a92d874f1a14310a118416b01ae7397040c0e03f6238fdb11a695bf378caa30e" "/opt/rustwide/cargo-home/bin/cargo" "+1.99.0-beta.8" "test" "--frozen" "--release", kill_on_drop: false }`
[INFO] [stderr]     Finished `release` profile [optimized] target(s) in 0.01s
[INFO] [stderr]      Running unittests src/lib.rs (/opt/rustwide/target/release/deps/gsfmt-39fda057c56819d7)
[INFO] [stderr]      Running unittests src/main.rs (/opt/rustwide/target/release/deps/gsfmt-218cabeb13272b7b)
[INFO] [stdout] 
[INFO] [stdout] running 0 tests
[INFO] [stdout] 
[INFO] [stdout] test result: ok. 0 passed; 0 failed; 0 ignored; 0 measured; 0 filtered out; finished in 0.00s
[INFO] [stdout] 
[INFO] [stdout] 
[INFO] [stdout] running 4 tests
[INFO] [stderr]      Running tests/cli.rs (/opt/rustwide/target/release/deps/cli-d564d2ad9d453155)
[INFO] [stdout] test tests::config_values_are_parsed ... ok
[INFO] [stdout] test tests::decimal_values_are_validated ... ok
[INFO] [stdout] test tests::bool_values_are_validated ... ok
[INFO] [stdout] test tests::comments_and_unknown_keys_are_ignored ... ok
[INFO] [stdout] 
[INFO] [stdout] test result: ok. 4 passed; 0 failed; 0 ignored; 0 measured; 0 filtered out; finished in 0.00s
[INFO] [stdout] 
[INFO] [stdout] 
[INFO] [stdout] running 24 tests
[INFO] [stdout] test a_bare_dash_means_stdin ... ok
[INFO] [stdout] test a_closed_stdout_pipe_is_success_not_an_error ... ok
[INFO] [stdout] test a_bad_decimal_value_is_a_usage_error ... ok
[INFO] [stdout] test a_non_utf8_argument_is_an_io_error_not_a_panic ... ok
[INFO] [stdout] test minify_collapses_to_one_line ... ok
[INFO] [stdout] test mixed_locale_input_exits_two_without_output ... ok
[INFO] [stdout] test deeply_nested_input_exits_two_without_output ... ok
[INFO] [stdout] test non_utf8_filenames_format_in_place ... ok
[INFO] [stdout] test write_mode_rewrites_a_symlinks_target_and_keeps_the_link ... ok
[INFO] [stdout] test write_mode_preserves_neighbours_and_permissions ... ok
[INFO] [stdout] test formats_stdin_by_default ... ok
[INFO] [stdout] test write_mode_expands_directories ... ok
[INFO] [stdout] test decimal_comes_from_the_config_file_too ... ok
[INFO] [stdout] test an_unreadable_subtree_does_not_block_other_files ... FAILED
[INFO] [stdout] test an_unparseable_formula_exits_two_without_writing_output ... ok
[INFO] [stdout] test unknown_options_are_rejected ... ok
[INFO] [stdout] test a_second_file_argument_is_rejected ... ok
[INFO] [stdout] test write_mode_formats_files_in_place ... ok
[INFO] [stdout] test project_config_is_discovered_and_layered ... ok
[INFO] [stdout] test relative_anchor_does_not_leak_the_invocation_dirs_config ... ok
[INFO] [stdout] test bad_width_values_are_usage_errors ... ok
[INFO] [stdout] test decimal_locale_is_selectable_and_defaults_to_dot ... ok
[INFO] [stdout] test width_precedence_is_flag_then_env_then_config ... ok
[INFO] [stdout] test uppercase_is_selectable_and_defaults_to_off ... ok
[INFO] [stderr] error: test failed, to rerun pass `--test cli`
[INFO] [stdout] 
[INFO] [stdout] failures:
[INFO] [stdout] 
[INFO] [stdout] ---- an_unreadable_subtree_does_not_block_other_files stdout ----
[INFO] [stdout] 
[INFO] [stdout] thread 'an_unreadable_subtree_does_not_block_other_files' (322) panicked at tests/cli.rs:489:5:
[INFO] [stdout] assertion `left == right` failed: stderr: 
[INFO] [stdout]   left: 0
[INFO] [stdout]  right: 1
[INFO] [stdout] stack backtrace:
[INFO] [stdout]    0:     0x566465c80711 - <unknown>
[INFO] [stdout]    1:     0x566465c9501a - <unknown>
[INFO] [stdout]    2:     0x566465c850bc - <unknown>
[INFO] [stdout]    3:     0x566465c5a026 - <unknown>
[INFO] [stdout]    4:     0x566465c77b39 - <unknown>
[INFO] [stdout]    5:     0x566465c11590 - <unknown>
[INFO] [stdout]    6:     0x566465c77cf2 - <unknown>
[INFO] [stdout]    7:     0x566465c5a0d2 - <unknown>
[INFO] [stdout]    8:     0x566465c52aa9 - <unknown>
[INFO] [stdout]    9:     0x566465c5ae7d - <unknown>
[INFO] [stdout]   10:     0x566465c9574c - <unknown>
[INFO] [stdout]   11:     0x566465c956c3 - <unknown>
[INFO] [stdout]   12:     0x566465c52285 - <unknown>
[INFO] [stdout]   13:     0x566465c028a5 - <unknown>
[INFO] [stdout]   14:     0x566465c0487b - <unknown>
[INFO] [stdout]   15:     0x566465c11ee5 - <unknown>
[INFO] [stdout]   16:     0x566465c0b7a4 - <unknown>
[INFO] [stdout]   17:     0x566465c15042 - <unknown>
[INFO] [stdout]   18:     0x566465c7fa89 - <unknown>
[INFO] [stdout]   19:     0x78060dc7ddfa - <unknown>
[INFO] [stdout]   20:     0x78060dd113d4 - clone
[INFO] [stdout]   21:                0x0 - <unknown>
[INFO] [stdout] 
[INFO] [stdout] 
[INFO] [stdout] failures:
[INFO] [stdout]     an_unreadable_subtree_does_not_block_other_files
[INFO] [stdout] 
[INFO] [stdout] test result: FAILED. 23 passed; 1 failed; 0 ignored; 0 measured; 0 filtered out; finished in 0.10s
[INFO] [stdout] 
[INFO] running `Command { std: "docker" "inspect" "a92d874f1a14310a118416b01ae7397040c0e03f6238fdb11a695bf378caa30e", kill_on_drop: false }`
[INFO] running `Command { std: "docker" "rm" "-f" "a92d874f1a14310a118416b01ae7397040c0e03f6238fdb11a695bf378caa30e", kill_on_drop: false }`
[INFO] [stdout] a92d874f1a14310a118416b01ae7397040c0e03f6238fdb11a695bf378caa30e
