[INFO] fetching crate grubble 5.10.3...
[INFO] testing grubble-5.10.3 against 1.100.0-beta.1+cargoflags=--release for beta-release-1.100-2
[INFO] extracting crate grubble 5.10.3 into /workspace/builds/worker-7-tc2/source
[INFO] started tweaking crates.io crate grubble 5.10.3
[INFO] removed 0 missing tests
[INFO] finished tweaking crates.io crate grubble 5.10.3
[INFO] tweaked toml for crates.io crate grubble 5.10.3 written to /workspace/builds/worker-7-tc2/source/Cargo.toml
[INFO] validating manifest of crates.io crate grubble 5.10.3 on toolchain 1.100.0-beta.1
[INFO] running `Command { std: CARGO_HOME="/workspace/cargo-home" RUSTUP_HOME="/workspace/rustup-home" "/workspace/cargo-home/bin/cargo" "+1.100.0-beta.1" "metadata" "--manifest-path" "Cargo.toml" "--no-deps", kill_on_drop: false }`
[INFO] crate crates.io crate grubble 5.10.3 already has a lockfile, it will not be regenerated
[INFO] running `Command { std: CARGO_HOME="/workspace/cargo-home" RUSTUP_HOME="/workspace/rustup-home" "/workspace/cargo-home/bin/cargo" "+1.100.0-beta.1" "fetch" "--manifest-path" "Cargo.toml", kill_on_drop: false }`
[INFO] [stderr] warning: `package.homepage` is redundant with `package.repository`
[INFO] [stderr]   --> Cargo.toml:44:12
[INFO] [stderr]    |
[INFO] [stderr] 44 | homepage = "https://github.com/davegarvey/grubble"
[INFO] [stderr]    |            ^^^^^^^^^^^^^^^^^^^^^^^^^^^^^^^^^^^^^^^
[INFO] [stderr] ...
[INFO] [stderr] 49 | repository = "https://github.com/davegarvey/grubble"
[INFO] [stderr]    |              ---------------------------------------
[INFO] [stderr]    |
[INFO] [stderr]    = note: `cargo::redundant_homepage` is set to `warn` by default
[INFO] [stderr] help: consider removing `package.homepage`
[INFO] [stderr] warning: `grubble` (manifest) generated 1 warning
[INFO] running `Command { std: "docker" "create" "-v" "/var/lib/crater-agent-workspace/builds/worker-7-tc2/source:/opt/rustwide/workdir:ro,Z" "-v" "/var/lib/crater-agent-workspace/builds/worker-7-tc2/target:/opt/rustwide/target:rw,Z" "-v" "/var/lib/crater-agent-workspace/cargo-home:/opt/rustwide/cargo-home:ro,Z" "-v" "/var/lib/crater-agent-workspace/rustup-home:/opt/rustwide/rustup-home:ro,Z" "-m" "1610612736" "--network" "none" "ghcr.io/rust-lang/crates-build-env/linux@sha256:77db811e55d90add9212f6832c23229e3de5f1c1f9905e8cb07319ea15df73ac" "sleep" "infinity", kill_on_drop: false }`
[INFO] [stdout] 58221d24e2ca81cdfbd73175ddf9926425fc24474e1321f83e4310bba75e8dd1
[INFO] running `Command { std: "docker" "start" "58221d24e2ca81cdfbd73175ddf9926425fc24474e1321f83e4310bba75e8dd1", kill_on_drop: false }`
[INFO] running `Command { std: "docker" "inspect" "58221d24e2ca81cdfbd73175ddf9926425fc24474e1321f83e4310bba75e8dd1", kill_on_drop: false }`
[INFO] running `Command { std: "docker" "exec" "-e" "SOURCE_DIR=/opt/rustwide/workdir" "-e" "CARGO_HOME=/opt/rustwide/cargo-home" "-e" "RUSTUP_HOME=/opt/rustwide/rustup-home" "-e" "CARGO_TARGET_DIR=/opt/rustwide/target" "-w" "/opt/rustwide/workdir" "--user" "0:0" "58221d24e2ca81cdfbd73175ddf9926425fc24474e1321f83e4310bba75e8dd1" "/opt/rustwide/cargo-home/bin/cargo" "+1.100.0-beta.1" "metadata" "--no-deps" "--format-version=1", kill_on_drop: false }`
[INFO] running `Command { std: "docker" "inspect" "58221d24e2ca81cdfbd73175ddf9926425fc24474e1321f83e4310bba75e8dd1", kill_on_drop: false }`
[INFO] running `Command { std: "docker" "exec" "-e" "SOURCE_DIR=/opt/rustwide/workdir" "-e" "CARGO_HOME=/opt/rustwide/cargo-home" "-e" "RUSTUP_HOME=/opt/rustwide/rustup-home" "-e" "CARGO_TARGET_DIR=/opt/rustwide/target" "-e" "CARGO_INCREMENTAL=0" "-e" "RUST_BACKTRACE=full" "-e" "RUSTFLAGS=--cap-lints=warn" "-e" "RUSTDOCFLAGS=--cap-lints=warn" "-w" "/opt/rustwide/workdir" "--user" "0:0" "58221d24e2ca81cdfbd73175ddf9926425fc24474e1321f83e4310bba75e8dd1" "/opt/rustwide/cargo-home/bin/cargo" "+1.100.0-beta.1" "build" "--frozen" "--message-format=json" "--release", kill_on_drop: false }`
[INFO] [stderr] warning: `package.homepage` is redundant with `package.repository`
[INFO] [stderr]   --> Cargo.toml:44:12
[INFO] [stderr]    |
[INFO] [stderr] 44 | homepage = "https://github.com/davegarvey/grubble"
[INFO] [stderr]    |            ^^^^^^^^^^^^^^^^^^^^^^^^^^^^^^^^^^^^^^^
[INFO] [stderr] ...
[INFO] [stderr] 49 | repository = "https://github.com/davegarvey/grubble"
[INFO] [stderr]    |              ---------------------------------------
[INFO] [stderr]    |
[INFO] [stderr]    = note: `cargo::redundant_homepage` is set to `warn` by default
[INFO] [stderr] help: consider removing `package.homepage`
[INFO] [stderr] warning: `grubble` (manifest) generated 1 warning
[INFO] [stderr]    Compiling proc-macro2 v1.0.103
[INFO] [stderr]    Compiling quote v1.0.42
[INFO] [stderr]    Compiling unicode-ident v1.0.22
[INFO] [stderr]    Compiling serde_core v1.0.228
[INFO] [stderr]    Compiling utf8parse v0.2.2
[INFO] [stderr]    Compiling memchr v2.7.6
[INFO] [stderr]    Compiling autocfg v1.5.0
[INFO] [stderr]    Compiling anstyle v1.0.13
[INFO] [stderr]    Compiling anstyle-query v1.1.5
[INFO] [stderr]    Compiling colorchoice v1.0.4
[INFO] [stderr]    Compiling is_terminal_polyfill v1.70.2
[INFO] [stderr]    Compiling hashbrown v0.17.1
[INFO] [stderr]    Compiling heck v0.5.0
[INFO] [stderr]    Compiling equivalent v1.0.2
[INFO] [stderr]    Compiling regex-syntax v0.8.8
[INFO] [stderr]    Compiling serde_json v1.0.145
[INFO] [stderr]    Compiling anstyle-parse v0.2.7
[INFO] [stderr]    Compiling strsim v0.11.1
[INFO] [stderr]    Compiling anyhow v1.0.100
[INFO] [stderr]    Compiling clap_lex v0.7.6
[INFO] [stderr]    Compiling serde v1.0.228
[INFO] [stderr]    Compiling thiserror v1.0.69
[INFO] [stderr]    Compiling iana-time-zone v0.1.64
[INFO] [stderr]    Compiling ryu v1.0.20
[INFO] [stderr]    Compiling itoa v1.0.15
[INFO] [stderr]    Compiling anstream v0.6.21
[INFO] [stderr]    Compiling num-traits v0.2.19
[INFO] [stderr]    Compiling clap_builder v4.5.53
[INFO] [stderr]    Compiling aho-corasick v1.1.4
[INFO] [stderr]    Compiling syn v2.0.111
[INFO] [stderr]    Compiling indexmap v2.14.0
[INFO] [stderr]    Compiling chrono v0.4.42
[INFO] [stderr]    Compiling regex-automata v0.4.13
[INFO] [stderr]    Compiling clap_derive v4.5.49
[INFO] [stderr]    Compiling thiserror-impl v1.0.69
[INFO] [stderr]    Compiling serde_derive v1.0.228
[INFO] [stderr]    Compiling clap v4.5.53
[INFO] [stderr]    Compiling regex v1.12.2
[INFO] [stderr]    Compiling grubble v5.10.3 (/opt/rustwide/workdir)
[INFO] [stderr]     Finished `release` profile [optimized] target(s) in 57.18s
[INFO] running `Command { std: "docker" "inspect" "58221d24e2ca81cdfbd73175ddf9926425fc24474e1321f83e4310bba75e8dd1", kill_on_drop: false }`
[INFO] running `Command { std: "docker" "exec" "-e" "SOURCE_DIR=/opt/rustwide/workdir" "-e" "CARGO_HOME=/opt/rustwide/cargo-home" "-e" "RUSTUP_HOME=/opt/rustwide/rustup-home" "-e" "CARGO_TARGET_DIR=/opt/rustwide/target" "-e" "CARGO_INCREMENTAL=0" "-e" "RUST_BACKTRACE=full" "-e" "RUSTFLAGS=--cap-lints=warn" "-e" "RUSTDOCFLAGS=--cap-lints=warn" "-w" "/opt/rustwide/workdir" "--user" "0:0" "58221d24e2ca81cdfbd73175ddf9926425fc24474e1321f83e4310bba75e8dd1" "/opt/rustwide/cargo-home/bin/cargo" "+1.100.0-beta.1" "test" "--frozen" "--no-run" "--message-format=json" "--release", kill_on_drop: false }`
[INFO] [stderr] warning: `package.homepage` is redundant with `package.repository`
[INFO] [stderr]   --> Cargo.toml:44:12
[INFO] [stderr]    |
[INFO] [stderr] 44 | homepage = "https://github.com/davegarvey/grubble"
[INFO] [stderr]    |            ^^^^^^^^^^^^^^^^^^^^^^^^^^^^^^^^^^^^^^^
[INFO] [stderr] ...
[INFO] [stderr] 49 | repository = "https://github.com/davegarvey/grubble"
[INFO] [stderr]    |              ---------------------------------------
[INFO] [stderr]    |
[INFO] [stderr]    = note: `cargo::redundant_homepage` is set to `warn` by default
[INFO] [stderr] help: consider removing `package.homepage`
[INFO] [stderr] warning: `grubble` (manifest) generated 1 warning
[INFO] [stderr]    Compiling libc v0.2.178
[INFO] [stderr]    Compiling rustix v1.1.2
[INFO] [stderr]    Compiling getrandom v0.3.4
[INFO] [stderr]    Compiling bitflags v2.10.0
[INFO] [stderr]    Compiling cfg-if v1.0.4
[INFO] [stderr]    Compiling linux-raw-sys v0.11.0
[INFO] [stderr]    Compiling fastrand v2.3.0
[INFO] [stderr]    Compiling once_cell v1.21.3
[INFO] [stderr]    Compiling tempfile v3.23.0
[INFO] [stderr]    Compiling grubble v5.10.3 (/opt/rustwide/workdir)
[INFO] [stderr]     Finished `release` profile [optimized] target(s) in 31.67s
[INFO] running `Command { std: "docker" "inspect" "58221d24e2ca81cdfbd73175ddf9926425fc24474e1321f83e4310bba75e8dd1", kill_on_drop: false }`
[INFO] running `Command { std: "docker" "exec" "-e" "SOURCE_DIR=/opt/rustwide/workdir" "-e" "CARGO_HOME=/opt/rustwide/cargo-home" "-e" "RUSTUP_HOME=/opt/rustwide/rustup-home" "-e" "CARGO_TARGET_DIR=/opt/rustwide/target" "-e" "CARGO_INCREMENTAL=0" "-e" "RUST_BACKTRACE=full" "-e" "RUSTFLAGS=--cap-lints=warn" "-e" "RUSTDOCFLAGS=--cap-lints=warn" "-w" "/opt/rustwide/workdir" "--user" "0:0" "58221d24e2ca81cdfbd73175ddf9926425fc24474e1321f83e4310bba75e8dd1" "/opt/rustwide/cargo-home/bin/cargo" "+1.100.0-beta.1" "test" "--frozen" "--release", kill_on_drop: false }`
[INFO] [stderr] warning: `package.homepage` is redundant with `package.repository`
[INFO] [stderr]   --> Cargo.toml:44:12
[INFO] [stderr]    |
[INFO] [stderr] 44 | homepage = "https://github.com/davegarvey/grubble"
[INFO] [stderr]    |            ^^^^^^^^^^^^^^^^^^^^^^^^^^^^^^^^^^^^^^^
[INFO] [stderr] ...
[INFO] [stderr] 49 | repository = "https://github.com/davegarvey/grubble"
[INFO] [stderr]    |              ---------------------------------------
[INFO] [stderr]    |
[INFO] [stderr]    = note: `cargo::redundant_homepage` is set to `warn` by default
[INFO] [stderr] help: consider removing `package.homepage`
[INFO] [stderr] warning: `grubble` (manifest) generated 1 warning
[INFO] [stderr]     Finished `release` profile [optimized] target(s) in 0.15s
[INFO] [stderr]      Running unittests src/main.rs (/opt/rustwide/target/release/build/grubble/0cca76bd95917bd4/out/grubble-0cca76bd95917bd4)
[INFO] [stdout] 
[INFO] [stdout] running 37 tests
[INFO] [stdout] test changelog::tests::test_change_category_from_commit_type ... ok
[INFO] [stdout] test changelog::tests::test_extract_changelog_entry_empty_content ... ok
[INFO] [stdout] test analyser::tests::test_bump_type_max ... ok
[INFO] [stdout] test analyser::tests::test_analyse_commits_fix ... ok
[INFO] [stdout] test changelog::tests::test_generate_changelog_entry_with_scopes ... ok
[INFO] [stdout] test changelog::tests::test_generate_changelog_entry_with_breaking_changes ... ok
[INFO] [stdout] test changelog::tests::test_change_category_ordering ... ok
[INFO] [stdout] test changelog::tests::test_generate_changelog_entry_with_non_conventional_commits ... ok
[INFO] [stdout] test analyser::tests::test_analyse_commits_breaking ... ok
[INFO] [stdout] test changelog::tests::test_extract_changelog_entry_multiple_entries ... ok
[INFO] [stdout] test changelog::tests::test_markdown_linter_if_available ... ok
[INFO] [stdout] test changelog::tests::test_new_changelog_file_has_no_double_blank_lines_at_end ... ok
[INFO] [stdout] test changelog::tests::test_generate_changelog_entry_groups_by_category ... ok
[INFO] [stdout] test changelog::tests::test_generate_changelog_entry_updates_existing_file ... ok
[INFO] [stdout] test strategy::node::tests::keeps_two_space_indent ... ok
[INFO] [stdout] test changelog::tests::test_read_latest_changelog_entry_at_path_missing_file ... ok
[INFO] [stdout] test strategy::node::tests::keeps_tab_indent_and_crlf ... ok
[INFO] [stdout] test changelog::tests::test_generate_changelog_entry_skips_version_bump_commits ... ok
[INFO] [stdout] test strategy::node::tests::keeps_four_space_indent ... ok
[INFO] [stdout] test strategy::node::tests::keeps_missing_trailing_newline ... ok
[INFO] [stdout] test strategy::node::tests::keeps_single_line_file_compact ... ok
[INFO] [stdout] test analyser::tests::test_analyse_commits_feat ... ok
[INFO] [stdout] test changelog::tests::test_extract_changelog_entry_single_entry ... ok
[INFO] [stdout] test changelog::tests::test_generate_changelog_entry_markdown_lint_compliance ... ok
[INFO] [stdout] test config::tests::loads_package_files_array_from_config ... ok
[INFO] [stdout] test versioner::tests::test_version_bump_major ... ok
[INFO] [stdout] test versioner::tests::test_version_bump_patch ... ok
[INFO] [stdout] test versioner::tests::test_version_parse ... ok
[INFO] [stdout] test versioner::tests::test_version_bump_minor ... ok
[INFO] [stdout] test tests::parse_release_branch_bare_version ... ok
[INFO] [stdout] test tests::parse_release_branch_invalid ... ok
[INFO] [stdout] test tests::parse_release_branch_with_prefix ... ok
[INFO] [stdout] test changelog::tests::test_generate_changelog_entry_proper_spacing_between_releases ... ok
[INFO] [stdout] test tests::parse_release_branch_without_prefix ... ok
[INFO] [stdout] test changelog::tests::test_extract_changelog_entry_header_only ... ok
[INFO] [stdout] test changelog::tests::test_generate_changelog_entry_creates_new_file ... ok
[INFO] [stdout] test changelog::tests::test_generate_changelog_entry_multiple_categories ... ok
[INFO] [stdout] 
[INFO] [stdout] test result: ok. 37 passed; 0 failed; 0 ignored; 0 measured; 0 filtered out; finished in 0.02s
[INFO] [stdout] 
[INFO] [stderr]      Running tests/cli_test.rs (/opt/rustwide/target/release/build/grubble/7dd18f4127a8a438/out/cli_test-7dd18f4127a8a438)
[INFO] [stdout] 
[INFO] [stdout] running 49 tests
[INFO] [stdout] test test_dry_run_no_bump_exit_code ... FAILED
[INFO] [stdout] test test_bump_type_no_commits ... FAILED
[INFO] [stdout] test test_file_ahead_of_tag_fails ... FAILED
[INFO] [stdout] test test_bump_type_patch ... FAILED
[INFO] [stdout] test test_default_git_identity_when_none_configured ... FAILED
[INFO] [stdout] test test_initial_version_bump_type_minor ... FAILED
[INFO] [stdout] test test_file_behind_tag_syncs ... FAILED
[INFO] [stdout] test test_force_push_requires_git_branch ... FAILED
[INFO] [stdout] test test_initial_version_bump_type_patch ... FAILED
[INFO] [stdout] test test_force_push_without_push_succeeds_arg_layer ... FAILED
[INFO] [stdout] test test_initial_version_errors_when_tag_exists ... FAILED
[INFO] [stdout] test test_bump_type_json_output ... FAILED
[INFO] [stdout] test test_dry_run_does_not_create_tags ... FAILED
[INFO] [stdout] test test_bump_type_major ... FAILED
[INFO] [stdout] test test_error_exit_code ... FAILED
[INFO] [stdout] test test_dry_run_verbose_output ... FAILED
[INFO] [stdout] test test_file_ahead_of_tag_succeeds_in_raw_mode ... FAILED
[INFO] [stdout] test test_dry_run_bump_needed_exit_code ... FAILED
[INFO] [stdout] test test_bump_type_minor ... FAILED
[INFO] [stdout] test test_initial_version_normal_bump_creates_tag ... FAILED
[INFO] [stdout] test test_dry_run_does_not_modify_files ... FAILED
[INFO] [stdout] test test_explicit_git_identity_applies_without_changing_config ... FAILED
[INFO] [stdout] test test_initial_version_with_raw ... FAILED
[INFO] [stdout] test test_no_tag_proceeds_normally ... FAILED
[INFO] [stdout] test test_bump_type_no_tag_scans_all_commits ... FAILED
[INFO] [stdout] test test_json_output_invalid_with_dry_run ... FAILED
[INFO] [stdout] test test_node_preset_preserves_key_order_and_updates_lockfile_root ... FAILED
[INFO] [stdout] test test_json_output_normal_run_no_bump ... FAILED
[INFO] [stdout] test test_initial_version_invalid_semver ... FAILED
[INFO] [stdout] test test_node_preset_preserves_tab_indent_and_crlf ... FAILED
[INFO] [stdout] test test_json_output_normal_run_reports_previous_version_and_bump_type ... FAILED
[INFO] [stdout] test test_normal_run_no_bump_exit_code ... FAILED
[INFO] [stdout] test test_raw_with_python_preset_reads_configured_package_files_array ... FAILED
[INFO] [stdout] test test_version_flags ... FAILED
[INFO] [stdout] test test_python_file_behind_tag_syncs ... FAILED
[INFO] [stdout] test test_python_file_ahead_of_tag_fails ... FAILED
[INFO] [stdout] test test_push_to_branch ... FAILED
[INFO] [stdout] test test_raw_json_output ... FAILED
[INFO] [stdout] test test_python_preset_bumps_pyproject_and_constant ... FAILED
[INFO] [stdout] test test_raw_with_python_preset_reads_pyproject_toml ... FAILED
[INFO] [stdout] test test_raw_json_output_reports_previous_version_and_bump_type ... FAILED
[INFO] [stdout] test test_push_to_branch_with_force_tags ... FAILED
[INFO] [stdout] test test_raw_with_git_preset_unchanged ... FAILED
[INFO] [stdout] test test_raw_with_rust_preset_reads_cargo_toml ... FAILED
[INFO] [stdout] test test_raw_with_node_preset_reads_package_json ... FAILED
[INFO] [stdout] test test_raw_no_further_bump_exit_code ... FAILED
[INFO] [stdout] test test_runs_do_not_change_local_git_identity ... FAILED
[INFO] [stdout] test test_raw_with_python_preset_reads_version_constant ... FAILED
[INFO] [stdout] test test_validate_config_reports_invalid_json ... FAILED
[INFO] [stdout] 
[INFO] [stdout] failures:
[INFO] [stdout] 
[INFO] [stdout] ---- test_dry_run_no_bump_exit_code stdout ----
[INFO] [stdout] 
[INFO] [stdout] thread 'test_dry_run_no_bump_exit_code' (1039) panicked at tests/cli_test.rs:38:5:
[INFO] [stdout] Could not find grubble binary. Build with 'cargo build' first.
[INFO] [stdout] stack backtrace:
[INFO] [stdout]    0:     0x60664e18a5f5 - <unknown>
[INFO] [stdout]    1:     0x60664e16d25a - <unknown>
[INFO] [stdout]    2:     0x60664e189c8b - <unknown>
[INFO] [stdout]    3:     0x60664e18976f - <unknown>
[INFO] [stdout]    4:     0x60664e18939a - <unknown>
[INFO] [stdout]    5:     0x60664e188ed5 - <unknown>
[INFO] [stdout]    6:     0x60664e1afd42 - <unknown>
[INFO] [stdout]    7:     0x60664e1afcc9 - <unknown>
[INFO] [stdout]    8:     0x60664e1b01cc - <unknown>
[INFO] [stdout]    9:     0x60664e16d0eb - <unknown>
[INFO] [stdout]   10:     0x60664e15640c - <unknown>
[INFO] [stdout]   11:     0x60664e1569e7 - <unknown>
[INFO] [stdout]   12:     0x60664e15ff59 - <unknown>
[INFO] [stdout]   13:     0x60664e1cc89b - <unknown>
[INFO] [stdout]   14:     0x60664e1c8861 - <unknown>
[INFO] [stdout]   15:     0x60664e1c804c - <unknown>
[INFO] [stdout]   16:     0x60664e1e7cec - <unknown>
[INFO] [stdout]   17:     0x60664e1b1a44 - <unknown>
[INFO] [stdout]   18:     0x77f90f0d8dfa - <unknown>
[INFO] [stdout]   19:     0x77f90f16c3d4 - clone
[INFO] [stdout]   20:                0x0 - <unknown>
[INFO] [stdout] 
[INFO] [stdout] ---- test_bump_type_no_commits stdout ----
[INFO] [stdout] 
[INFO] [stdout] thread 'test_bump_type_no_commits' (1032) panicked at tests/cli_test.rs:38:5:
[INFO] [stdout] Could not find grubble binary. Build with 'cargo build' first.
[INFO] [stdout] stack backtrace:
[INFO] [stdout]    0:     0x60664e18a5f5 - <unknown>
[INFO] [stdout]    1:     0x60664e16d25a - <unknown>
[INFO] [stdout]    2:     0x60664e189c8b - <unknown>
[INFO] [stdout]    3:     0x60664e18976f - <unknown>
[INFO] [stdout]    4:     0x60664e18939a - <unknown>
[INFO] [stdout]    5:     0x60664e188ed5 - <unknown>
[INFO] [stdout]    6:     0x60664e1afd42 - <unknown>
[INFO] [stdout]    7:     0x60664e1afcc9 - <unknown>
[INFO] [stdout]    8:     0x60664e1b01cc - <unknown>
[INFO] [stdout]    9:     0x60664e16d0eb - <unknown>
[INFO] [stdout]   10:     0x60664e15640c - <unknown>
[INFO] [stdout]   11:     0x60664e1569e7 - <unknown>
[INFO] [stdout]   12:     0x60664e15dc6e - <unknown>
[INFO] [stdout]   13:     0x60664e1cc89b - <unknown>
[INFO] [stdout]   14:     0x60664e1c8861 - <unknown>
[INFO] [stdout]   15:     0x60664e1c804c - <unknown>
[INFO] [stdout]   16:     0x60664e1e7cec - <unknown>
[INFO] [stdout]   17:     0x60664e1b1a44 - <unknown>
[INFO] [stdout]   18:     0x77f90f0d8dfa - <unknown>
[INFO] [stdout]   19:     0x77f90f16c3d4 - clone
[INFO] [stdout]   20:                0x0 - <unknown>
[INFO] [stdout] 
[INFO] [stdout] ---- test_file_ahead_of_tag_fails stdout ----
[INFO] [stdout] 
[INFO] [stdout] thread 'test_file_ahead_of_tag_fails' (1043) panicked at tests/cli_test.rs:38:5:
[INFO] [stdout] Could not find grubble binary. Build with 'cargo build' first.
[INFO] [stdout] stack backtrace:
[INFO] [stdout]    0:     0x60664e18a5f5 - <unknown>
[INFO] [stdout]    1:     0x60664e16d25a - <unknown>
[INFO] [stdout]    2:     0x60664e189c8b - <unknown>
[INFO] [stdout]    3:     0x60664e18976f - <unknown>
[INFO] [stdout]    4:     0x60664e18939a - <unknown>
[INFO] [stdout]    5:     0x60664e188ed5 - <unknown>
[INFO] [stdout]    6:     0x60664e1afd42 - <unknown>
[INFO] [stdout]    7:     0x60664e1afcc9 - <unknown>
[INFO] [stdout]    8:     0x60664e1b01cc - <unknown>
[INFO] [stdout]    9:     0x60664e16d0eb - <unknown>
[INFO] [stdout]   10:     0x60664e15640c - <unknown>
[INFO] [stdout]   11:     0x60664e1569e7 - <unknown>
[INFO] [stdout]   12:     0x60664e15f0be - <unknown>
[INFO] [stdout]   13:     0x60664e1cc89b - <unknown>
[INFO] [stdout]   14:     0x60664e1c8861 - <unknown>
[INFO] [stdout]   15:     0x60664e1c804c - <unknown>
[INFO] [stdout]   16:     0x60664e1e7cec - <unknown>
[INFO] [stdout]   17:     0x60664e1b1a44 - <unknown>
[INFO] [stdout]   18:     0x77f90f0d8dfa - <unknown>
[INFO] [stdout]   19:     0x77f90f16c3d4 - clone
[INFO] [stdout]   20:                0x0 - <unknown>
[INFO] [stdout] 
[INFO] [stdout] ---- test_bump_type_patch stdout ----
[INFO] [stdout] 
[INFO] [stdout] thread 'test_bump_type_patch' (1034) panicked at tests/cli_test.rs:38:5:
[INFO] [stdout] Could not find grubble binary. Build with 'cargo build' first.
[INFO] [stdout] stack backtrace:
[INFO] [stdout]    0:     0x60664e18a5f5 - <unknown>
[INFO] [stdout]    1:     0x60664e16d25a - <unknown>
[INFO] [stdout]    2:     0x60664e189c8b - <unknown>
[INFO] [stdout]    3:     0x60664e18976f - <unknown>
[INFO] [stdout]    4:     0x60664e18939a - <unknown>
[INFO] [stdout]    5:     0x60664e188ed5 - <unknown>
[INFO] [stdout]    6:     0x60664e1afd42 - <unknown>
[INFO] [stdout]    7:     0x60664e1afcc9 - <unknown>
[INFO] [stdout]    8:     0x60664e1b01cc - <unknown>
[INFO] [stdout]    9:     0x60664e16d0eb - <unknown>
[INFO] [stdout]   10:     0x60664e15640c - <unknown>
[INFO] [stdout]   11:     0x60664e1569e7 - <unknown>
[INFO] [stdout]   12:     0x60664e15cece - <unknown>
[INFO] [stdout]   13:     0x60664e1cc89b - <unknown>
[INFO] [stdout]   14:     0x60664e1c8861 - <unknown>
[INFO] [stdout]   15:     0x60664e1c804c - <unknown>
[INFO] [stdout]   16:     0x60664e1e7cec - <unknown>
[INFO] [stdout]   17:     0x60664e1b1a44 - <unknown>
[INFO] [stdout]   18:     0x77f90f0d8dfa - <unknown>
[INFO] [stdout]   19:     0x77f90f16c3d4 - clone
[INFO] [stdout]   20:                0x0 - <unknown>
[INFO] [stdout] 
[INFO] [stdout] ---- test_default_git_identity_when_none_configured stdout ----
[INFO] [stdout] 
[INFO] [stdout] thread 'test_default_git_identity_when_none_configured' (1035) panicked at tests/cli_test.rs:38:5:
[INFO] [stdout] Could not find grubble binary. Build with 'cargo build' first.
[INFO] [stdout] stack backtrace:
[INFO] [stdout]    0:     0x60664e18a5f5 - <unknown>
[INFO] [stdout]    1:     0x60664e16d25a - <unknown>
[INFO] [stdout]    2:     0x60664e189c8b - <unknown>
[INFO] [stdout]    3:     0x60664e18976f - <unknown>
[INFO] [stdout]    4:     0x60664e18939a - <unknown>
[INFO] [stdout]    5:     0x60664e188ed5 - <unknown>
[INFO] [stdout]    6:     0x60664e1afd42 - <unknown>
[INFO] [stdout]    7:     0x60664e1afcc9 - <unknown>
[INFO] [stdout]    8:     0x60664e1b01cc - <unknown>
[INFO] [stdout]    9:     0x60664e16d0eb - <unknown>
[INFO] [stdout]   10:     0x60664e15640c - <unknown>
[INFO] [stdout]   11:     0x60664e1569e7 - <unknown>
[INFO] [stdout]   12:     0x60664e156d79 - <unknown>
[INFO] [stdout]   13:     0x60664e166f4e - <unknown>
[INFO] [stdout]   14:     0x60664e1cc89b - <unknown>
[INFO] [stdout]   15:     0x60664e1c8861 - <unknown>
[INFO] [stdout]   16:     0x60664e1c804c - <unknown>
[INFO] [stdout]   17:     0x60664e1e7cec - <unknown>
[INFO] [stdout]   18:     0x60664e1b1a44 - <unknown>
[INFO] [stdout]   19:     0x77f90f0d8dfa - <unknown>
[INFO] [stdout]   20:     0x77f90f16c3d4 - clone
[INFO] [stdout]   21:                0x0 - <unknown>
[INFO] [stdout] 
[INFO] [stdout] ---- test_initial_version_bump_type_minor stdout ----
[INFO] [stdout] 
[INFO] [stdout] thread 'test_initial_version_bump_type_minor' (1099) panicked at tests/cli_test.rs:38:5:
[INFO] [stdout] Could not find grubble binary. Build with 'cargo build' first.
[INFO] [stdout] stack backtrace:
[INFO] [stdout]    0:     0x60664e18a5f5 - <unknown>
[INFO] [stdout]    1:     0x60664e16d25a - <unknown>
[INFO] [stdout]    2:     0x60664e189c8b - <unknown>
[INFO] [stdout]    3:     0x60664e18976f - <unknown>
[INFO] [stdout]    4:     0x60664e18939a - <unknown>
[INFO] [stdout]    5:     0x60664e188ed5 - <unknown>
[INFO] [stdout]    6:     0x60664e1afd42 - <unknown>
[INFO] [stdout]    7:     0x60664e1afcc9 - <unknown>
[INFO] [stdout]    8:     0x60664e1b01cc - <unknown>
[INFO] [stdout]    9:     0x60664e16d0eb - <unknown>
[INFO] [stdout]   10:     0x60664e15640c - <unknown>
[INFO] [stdout]   11:     0x60664e1569e7 - <unknown>
[INFO] [stdout]   12:     0x60664e16384e - <unknown>
[INFO] [stdout]   13:     0x60664e1cc89b - <unknown>
[INFO] [stdout]   14:     0x60664e1c8861 - <unknown>
[INFO] [stdout]   15:     0x60664e1c804c - <unknown>
[INFO] [stdout]   16:     0x60664e1e7cec - <unknown>
[INFO] [stdout]   17:     0x60664e1b1a44 - <unknown>
[INFO] [stdout]   18:     0x77f90f0d8dfa - <unknown>
[INFO] [stdout]   19:     0x77f90f16c3d4 - clone
[INFO] [stdout]   20:                0x0 - <unknown>
[INFO] [stdout] 
[INFO] [stdout] ---- test_file_behind_tag_syncs stdout ----
[INFO] [stdout] 
[INFO] [stdout] thread 'test_file_behind_tag_syncs' (1092) panicked at tests/cli_test.rs:38:5:
[INFO] [stdout] Could not find grubble binary. Build with 'cargo build' first.
[INFO] [stdout] stack backtrace:
[INFO] [stdout]    0:     0x60664e18a5f5 - <unknown>
[INFO] [stdout]    1:     0x60664e16d25a - <unknown>
[INFO] [stdout]    2:     0x60664e189c8b - <unknown>
[INFO] [stdout]    3:     0x60664e18976f - <unknown>
[INFO] [stdout]    4:     0x60664e18939a - <unknown>
[INFO] [stdout]    5:     0x60664e188ed5 - <unknown>
[INFO] [stdout]    6:     0x60664e1afd42 - <unknown>
[INFO] [stdout]    7:     0x60664e1afcc9 - <unknown>
[INFO] [stdout]    8:     0x60664e1b01cc - <unknown>
[INFO] [stdout]    9:     0x60664e16d0eb - <unknown>
[INFO] [stdout]   10:     0x60664e15640c - <unknown>
[INFO] [stdout]   11:     0x60664e1569e7 - <unknown>
[INFO] [stdout]   12:     0x60664e15e5b0 - <unknown>
[INFO] [stdout]   13:     0x60664e1cc89b - <unknown>
[INFO] [stdout]   14:     0x60664e1c8861 - <unknown>
[INFO] [stdout]   15:     0x60664e1c804c - <unknown>
[INFO] [stdout]   16:     0x60664e1e7cec - <unknown>
[INFO] [stdout]   17:     0x60664e1b1a44 - <unknown>
[INFO] [stdout]   18:     0x77f90f0d8dfa - <unknown>
[INFO] [stdout]   19:     0x77f90f16c3d4 - clone
[INFO] [stdout]   20:                0x0 - <unknown>
[INFO] [stdout] 
[INFO] [stdout] ---- test_force_push_requires_git_branch stdout ----
[INFO] [stdout] 
[INFO] [stdout] thread 'test_force_push_requires_git_branch' (1095) panicked at tests/cli_test.rs:38:5:
[INFO] [stdout] Could not find grubble binary. Build with 'cargo build' first.
[INFO] [stdout] stack backtrace:
[INFO] [stdout]    0:     0x60664e18a5f5 - <unknown>
[INFO] [stdout]    1:     0x60664e16d25a - <unknown>
[INFO] [stdout]    2:     0x60664e189c8b - <unknown>
[INFO] [stdout]    3:     0x60664e18976f - <unknown>
[INFO] [stdout]    4:     0x60664e18939a - <unknown>
[INFO] [stdout]    5:     0x60664e188ed5 - <unknown>
[INFO] [stdout]    6:     0x60664e1afd42 - <unknown>
[INFO] [stdout]    7:     0x60664e1afcc9 - <unknown>
[INFO] [stdout]    8:     0x60664e1b01cc - <unknown>
[INFO] [stdout]    9:     0x60664e16d0eb - <unknown>
[INFO] [stdout]   10:     0x60664e15640c - <unknown>
[INFO] [stdout]   11:     0x60664e1569e7 - <unknown>
[INFO] [stdout]   12:     0x60664e16201e - <unknown>
[INFO] [stdout]   13:     0x60664e1cc89b - <unknown>
[INFO] [stdout]   14:     0x60664e1c8861 - <unknown>
[INFO] [stderr] error: test failed, to rerun pass `--test cli_test`
[INFO] [stdout]   15:     0x60664e1c804c - <unknown>
[INFO] [stdout]   16:     0x60664e1e7cec - <unknown>
[INFO] [stdout]   17:     0x60664e1b1a44 - <unknown>
[INFO] [stdout]   18:     0x77f90f0d8dfa - <unknown>
[INFO] [stdout]   19:     0x77f90f16c3d4 - clone
[INFO] [stdout]   20:                0x0 - <unknown>
[INFO] [stdout] 
[INFO] [stdout] ---- test_initial_version_bump_type_patch stdout ----
[INFO] [stdout] 
[INFO] [stdout] thread 'test_initial_version_bump_type_patch' (1103) panicked at tests/cli_test.rs:38:5:
[INFO] [stdout] Could not find grubble binary. Build with 'cargo build' first.
[INFO] [stdout] stack backtrace:
[INFO] [stdout]    0:     0x60664e18a5f5 - <unknown>
[INFO] [stdout]    1:     0x60664e16d25a - <unknown>
[INFO] [stdout]    2:     0x60664e189c8b - <unknown>
[INFO] [stdout]    3:     0x60664e18976f - <unknown>
[INFO] [stdout]    4:     0x60664e18939a - <unknown>
[INFO] [stdout]    5:     0x60664e188ed5 - <unknown>
[INFO] [stdout]    6:     0x60664e1afd42 - <unknown>
[INFO] [stdout]    7:     0x60664e1afcc9 - <unknown>
[INFO] [stdout]    8:     0x60664e1b01cc - <unknown>
[INFO] [stdout]    9:     0x60664e16d0eb - <unknown>
[INFO] [stdout]   10:     0x60664e15640c - <unknown>
[INFO] [stdout]   11:     0x60664e1569e7 - <unknown>
[INFO] [stdout]   12:     0x60664e163d9e - <unknown>
[INFO] [stdout]   13:     0x60664e1cc89b - <unknown>
[INFO] [stdout]   14:     0x60664e1c8861 - <unknown>
[INFO] [stdout]   15:     0x60664e1c804c - <unknown>
[INFO] [stdout]   16:     0x60664e1e7cec - <unknown>
[INFO] [stdout]   17:     0x60664e1b1a44 - <unknown>
[INFO] [stdout]   18:     0x77f90f0d8dfa - <unknown>
[INFO] [stdout]   19:     0x77f90f16c3d4 - clone
[INFO] [stdout]   20:                0x0 - <unknown>
[INFO] [stdout] 
[INFO] [stdout] ---- test_force_push_without_push_succeeds_arg_layer stdout ----
[INFO] [stdout] 
[INFO] [stdout] thread 'test_force_push_without_push_succeeds_arg_layer' (1096) panicked at tests/cli_test.rs:38:5:
[INFO] [stdout] Could not find grubble binary. Build with 'cargo build' first.
[INFO] [stdout] stack backtrace:
[INFO] [stdout]    0:     0x60664e18a5f5 - <unknown>
[INFO] [stdout]    1:     0x60664e16d25a - <unknown>
[INFO] [stdout]    2:     0x60664e189c8b - <unknown>
[INFO] [stdout]    3:     0x60664e18976f - <unknown>
[INFO] [stdout]    4:     0x60664e18939a - <unknown>
[INFO] [stdout]    5:     0x60664e188ed5 - <unknown>
[INFO] [stdout]    6:     0x60664e1afd42 - <unknown>
[INFO] [stdout]    7:     0x60664e1afcc9 - <unknown>
[INFO] [stdout]    8:     0x60664e1b01cc - <unknown>
[INFO] [stdout]    9:     0x60664e16d0eb - <unknown>
[INFO] [stdout]   10:     0x60664e15640c - <unknown>
[INFO] [stdout]   11:     0x60664e1569e7 - <unknown>
[INFO] [stdout]   12:     0x60664e167dad - <unknown>
[INFO] [stdout]   13:     0x60664e1cc89b - <unknown>
[INFO] [stdout]   14:     0x60664e1c8861 - <unknown>
[INFO] [stdout]   15:     0x60664e1c804c - <unknown>
[INFO] [stdout]   16:     0x60664e1e7cec - <unknown>
[INFO] [stdout]   17:     0x60664e1b1a44 - <unknown>
[INFO] [stdout]   18:     0x77f90f0d8dfa - <unknown>
[INFO] [stdout]   19:     0x77f90f16c3d4 - clone
[INFO] [stdout]   20:                0x0 - <unknown>
[INFO] [stdout] 
[INFO] [stdout] ---- test_initial_version_errors_when_tag_exists stdout ----
[INFO] [stdout] 
[INFO] [stdout] thread 'test_initial_version_errors_when_tag_exists' (1135) panicked at tests/cli_test.rs:38:5:
[INFO] [stdout] Could not find grubble binary. Build with 'cargo build' first.
[INFO] [stdout] stack backtrace:
[INFO] [stdout]    0:     0x60664e18a5f5 - <unknown>
[INFO] [stdout]    1:     0x60664e16d25a - <unknown>
[INFO] [stdout]    2:     0x60664e189c8b - <unknown>
[INFO] [stdout]    3:     0x60664e18976f - <unknown>
[INFO] [stdout]    4:     0x60664e18939a - <unknown>
[INFO] [stdout]    5:     0x60664e188ed5 - <unknown>
[INFO] [stdout]    6:     0x60664e1afd42 - <unknown>
[INFO] [stdout]    7:     0x60664e1afcc9 - <unknown>
[INFO] [stdout]    8:     0x60664e1b01cc - <unknown>
[INFO] [stdout]    9:     0x60664e16d0eb - <unknown>
[INFO] [stdout]   10:     0x60664e15640c - <unknown>
[INFO] [stdout]   11:     0x60664e1569e7 - <unknown>
[INFO] [stdout]   12:     0x60664e16611d - <unknown>
[INFO] [stdout]   13:     0x60664e1cc89b - <unknown>
[INFO] [stdout]   14:     0x60664e1c8861 - <unknown>
[INFO] [stdout]   15:     0x60664e1c804c - <unknown>
[INFO] [stdout]   16:     0x60664e1e7cec - <unknown>
[INFO] [stdout]   17:     0x60664e1b1a44 - <unknown>
[INFO] [stdout]   18:     0x77f90f0d8dfa - <unknown>
[INFO] [stdout]   19:     0x77f90f16c3d4 - clone
[INFO] [stdout]   20:                0x0 - <unknown>
[INFO] [stdout] 
[INFO] [stdout] ---- test_bump_type_json_output stdout ----
[INFO] [stdout] 
[INFO] [stdout] thread 'test_bump_type_json_output' (1027) panicked at tests/cli_test.rs:38:5:
[INFO] [stdout] Could not find grubble binary. Build with 'cargo build' first.
[INFO] [stdout] stack backtrace:
[INFO] [stdout]    0:     0x60664e18a5f5 - <unknown>
[INFO] [stdout]    1:     0x60664e16d25a - <unknown>
[INFO] [stdout]    2:     0x60664e189c8b - <unknown>
[INFO] [stdout]    3:     0x60664e18976f - <unknown>
[INFO] [stdout]    4:     0x60664e18939a - <unknown>
[INFO] [stdout]    5:     0x60664e188ed5 - <unknown>
[INFO] [stdout]    6:     0x60664e1afd42 - <unknown>
[INFO] [stdout]    7:     0x60664e1afcc9 - <unknown>
[INFO] [stdout]    8:     0x60664e1b01cc - <unknown>
[INFO] [stdout]    9:     0x60664e16d0eb - <unknown>
[INFO] [stdout]   10:     0x60664e15640c - <unknown>
[INFO] [stdout]   11:     0x60664e1569e7 - <unknown>
[INFO] [stdout]   12:     0x60664e15df11 - <unknown>
[INFO] [stdout]   13:     0x60664e1cc89b - <unknown>
[INFO] [stdout]   14:     0x60664e1c8861 - <unknown>
[INFO] [stdout]   15:     0x60664e1c804c - <unknown>
[INFO] [stdout]   16:     0x60664e1e7cec - <unknown>
[INFO] [stdout]   17:     0x60664e1b1a44 - <unknown>
[INFO] [stdout]   18:     0x77f90f0d8dfa - <unknown>
[INFO] [stdout]   19:     0x77f90f16c3d4 - clone
[INFO] [stdout]   20:                0x0 - <unknown>
[INFO] [stdout] 
[INFO] [stdout] ---- test_dry_run_does_not_create_tags stdout ----
[INFO] [stdout] 
[INFO] [stdout] thread 'test_dry_run_does_not_create_tags' (1037) panicked at tests/cli_test.rs:38:5:
[INFO] [stdout] Could not find grubble binary. Build with 'cargo build' first.
[INFO] [stdout] stack backtrace:
[INFO] [stdout]    0:     0x60664e18a5f5 - <unknown>
[INFO] [stdout]    1:     0x60664e16d25a - <unknown>
[INFO] [stdout]    2:     0x60664e189c8b - <unknown>
[INFO] [stdout]    3:     0x60664e18976f - <unknown>
[INFO] [stdout]    4:     0x60664e18939a - <unknown>
[INFO] [stdout]    5:     0x60664e188ed5 - <unknown>
[INFO] [stdout]    6:     0x60664e1afd42 - <unknown>
[INFO] [stdout]    7:     0x60664e1afcc9 - <unknown>
[INFO] [stdout]    8:     0x60664e1b01cc - <unknown>
[INFO] [stdout]    9:     0x60664e16d0eb - <unknown>
[INFO] [stdout]   10:     0x60664e15640c - <unknown>
[INFO] [stdout]   11:     0x60664e1569e7 - <unknown>
[INFO] [stdout]   12:     0x60664e160191 - <unknown>
[INFO] [stdout]   13:     0x60664e1cc89b - <unknown>
[INFO] [stdout]   14:     0x60664e1c8861 - <unknown>
[INFO] [stdout]   15:     0x60664e1c804c - <unknown>
[INFO] [stdout]   16:     0x60664e1e7cec - <unknown>
[INFO] [stdout]   17:     0x60664e1b1a44 - <unknown>
[INFO] [stdout]   18:     0x77f90f0d8dfa - <unknown>
[INFO] [stdout]   19:     0x77f90f16c3d4 - clone
[INFO] [stdout]   20:                0x0 - <unknown>
[INFO] [stdout] 
[INFO] [stdout] ---- test_bump_type_major stdout ----
[INFO] [stdout] 
[INFO] [stdout] thread 'test_bump_type_major' (1028) panicked at tests/cli_test.rs:38:5:
[INFO] [stdout] Could not find grubble binary. Build with 'cargo build' first.
[INFO] [stdout] stack backtrace:
[INFO] [stdout]    0:     0x60664e18a5f5 - <unknown>
[INFO] [stdout]    1:     0x60664e16d25a - <unknown>
[INFO] [stdout]    2:     0x60664e189c8b - <unknown>
[INFO] [stdout]    3:     0x60664e18976f - <unknown>
[INFO] [stdout]    4:     0x60664e18939a - <unknown>
[INFO] [stdout]    5:     0x60664e188ed5 - <unknown>
[INFO] [stdout]    6:     0x60664e1afd42 - <unknown>
[INFO] [stdout]    7:     0x60664e1afcc9 - <unknown>
[INFO] [stdout]    8:     0x60664e1b01cc - <unknown>
[INFO] [stdout]    9:     0x60664e16d0eb - <unknown>
[INFO] [stdout]   10:     0x60664e15640c - <unknown>
[INFO] [stdout]   11:     0x60664e1569e7 - <unknown>
[INFO] [stdout]   12:     0x60664e15c6ee - <unknown>
[INFO] [stdout]   13:     0x60664e1cc89b - <unknown>
[INFO] [stdout]   14:     0x60664e1c8861 - <unknown>
[INFO] [stdout]   15:     0x60664e1c804c - <unknown>
[INFO] [stdout]   16:     0x60664e1e7cec - <unknown>
[INFO] [stdout]   17:     0x60664e1b1a44 - <unknown>
[INFO] [stdout]   18:     0x77f90f0d8dfa - <unknown>
[INFO] [stdout]   19:     0x77f90f16c3d4 - clone
[INFO] [stdout]   20:                0x0 - <unknown>
[INFO] [stdout] 
[INFO] [stdout] ---- test_error_exit_code stdout ----
[INFO] [stdout] 
[INFO] [stdout] thread 'test_error_exit_code' (1041) panicked at tests/cli_test.rs:38:5:
[INFO] [stdout] Could not find grubble binary. Build with 'cargo build' first.
[INFO] [stdout] stack backtrace:
[INFO] [stdout]    0:     0x60664e18a5f5 - <unknown>
[INFO] [stdout]    1:     0x60664e16d25a - <unknown>
[INFO] [stdout]    2:     0x60664e189c8b - <unknown>
[INFO] [stdout]    3:     0x60664e18976f - <unknown>
[INFO] [stdout]    4:     0x60664e18939a - <unknown>
[INFO] [stdout]    5:     0x60664e188ed5 - <unknown>
[INFO] [stdout]    6:     0x60664e1afd42 - <unknown>
[INFO] [stdout]    7:     0x60664e1afcc9 - <unknown>
[INFO] [stdout]    8:     0x60664e1b01cc - <unknown>
[INFO] [stdout]    9:     0x60664e16d0eb - <unknown>
[INFO] [stdout]   10:     0x60664e15640c - <unknown>
[INFO] [stdout]   11:     0x60664e1569e7 - <unknown>
[INFO] [stdout]   12:     0x60664e15d2be - <unknown>
[INFO] [stdout]   13:     0x60664e1cc89b - <unknown>
[INFO] [stdout]   14:     0x60664e1c8861 - <unknown>
[INFO] [stdout]   15:     0x60664e1c804c - <unknown>
[INFO] [stdout]   16:     0x60664e1e7cec - <unknown>
[INFO] [stdout]   17:     0x60664e1b1a44 - <unknown>
[INFO] [stdout]   18:     0x77f90f0d8dfa - <unknown>
[INFO] [stdout]   19:     0x77f90f16c3d4 - clone
[INFO] [stdout]   20:                0x0 - <unknown>
[INFO] [stdout] 
[INFO] [stdout] ---- test_dry_run_verbose_output stdout ----
[INFO] [stdout] 
[INFO] [stdout] thread 'test_dry_run_verbose_output' (1040) panicked at tests/cli_test.rs:38:5:
[INFO] [stdout] Could not find grubble binary. Build with 'cargo build' first.
[INFO] [stdout] stack backtrace:
[INFO] [stdout]    0:     0x60664e18a5f5 - <unknown>
[INFO] [stdout]    1:     0x60664e16d25a - <unknown>
[INFO] [stdout]    2:     0x60664e189c8b - <unknown>
[INFO] [stdout]    3:     0x60664e18976f - <unknown>
[INFO] [stdout]    4:     0x60664e18939a - <unknown>
[INFO] [stdout]    5:     0x60664e188ed5 - <unknown>
[INFO] [stdout]    6:     0x60664e1afd42 - <unknown>
[INFO] [stdout]    7:     0x60664e1afcc9 - <unknown>
[INFO] [stdout]    8:     0x60664e1b01cc - <unknown>
[INFO] [stdout]    9:     0x60664e16d0eb - <unknown>
[INFO] [stdout]   10:     0x60664e15640c - <unknown>
[INFO] [stdout]   11:     0x60664e1569e7 - <unknown>
[INFO] [stdout]   12:     0x60664e15eb6e - <unknown>
[INFO] [stdout]   13:     0x60664e1cc89b - <unknown>
[INFO] [stdout]   14:     0x60664e1c8861 - <unknown>
[INFO] [stdout]   15:     0x60664e1c804c - <unknown>
[INFO] [stdout]   16:     0x60664e1e7cec - <unknown>
[INFO] [stdout]   17:     0x60664e1b1a44 - <unknown>
[INFO] [stdout]   18:     0x77f90f0d8dfa - <unknown>
[INFO] [stdout]   19:     0x77f90f16c3d4 - clone
[INFO] [stdout]   20:                0x0 - <unknown>
[INFO] [stdout] 
[INFO] [stdout] ---- test_file_ahead_of_tag_succeeds_in_raw_mode stdout ----
[INFO] [stdout] 
[INFO] [stdout] thread 'test_file_ahead_of_tag_succeeds_in_raw_mode' (1044) panicked at tests/cli_test.rs:38:5:
[INFO] [stdout] Could not find grubble binary. Build with 'cargo build' first.
[INFO] [stdout] stack backtrace:
[INFO] [stdout]    0:     0x60664e18a5f5 - <unknown>
[INFO] [stdout]    1:     0x60664e16d25a - <unknown>
[INFO] [stdout]    2:     0x60664e189c8b - <unknown>
[INFO] [stdout]    3:     0x60664e18976f - <unknown>
[INFO] [stdout]    4:     0x60664e18939a - <unknown>
[INFO] [stdout]    5:     0x60664e188ed5 - <unknown>
[INFO] [stdout]    6:     0x60664e1afd42 - <unknown>
[INFO] [stdout]    7:     0x60664e1afcc9 - <unknown>
[INFO] [stdout]    8:     0x60664e1b01cc - <unknown>
[INFO] [stdout]    9:     0x60664e16d0eb - <unknown>
[INFO] [stdout]   10:     0x60664e15640c - <unknown>
[INFO] [stdout]   11:     0x60664e1569e7 - <unknown>
[INFO] [stdout]   12:     0x60664e165d41 - <unknown>
[INFO] [stdout]   13:     0x60664e1cc89b - <unknown>
[INFO] [stdout]   14:     0x60664e1c8861 - <unknown>
[INFO] [stdout]   15:     0x60664e1c804c - <unknown>
[INFO] [stdout]   16:     0x60664e1e7cec - <unknown>
[INFO] [stdout]   17:     0x60664e1b1a44 - <unknown>
[INFO] [stdout]   18:     0x77f90f0d8dfa - <unknown>
[INFO] [stdout]   19:     0x77f90f16c3d4 - clone
[INFO] [stdout]   20:                0x0 - <unknown>
[INFO] [stdout] 
[INFO] [stdout] ---- test_dry_run_bump_needed_exit_code stdout ----
[INFO] [stdout] 
[INFO] [stdout] thread 'test_dry_run_bump_needed_exit_code' (1036) panicked at tests/cli_test.rs:38:5:
[INFO] [stdout] Could not find grubble binary. Build with 'cargo build' first.
[INFO] [stdout] stack backtrace:
[INFO] [stdout]    0:     0x60664e18a5f5 - <unknown>
[INFO] [stdout]    1:     0x60664e16d25a - <unknown>
[INFO] [stdout]    2:     0x60664e189c8b - <unknown>
[INFO] [stdout]    3:     0x60664e18976f - <unknown>
[INFO] [stdout]    4:     0x60664e18939a - <unknown>
[INFO] [stdout]    5:     0x60664e188ed5 - <unknown>
[INFO] [stdout]    6:     0x60664e1afd42 - <unknown>
[INFO] [stdout]    7:     0x60664e1afcc9 - <unknown>
[INFO] [stdout]    8:     0x60664e1b01cc - <unknown>
[INFO] [stdout]    9:     0x60664e16d0eb - <unknown>
[INFO] [stdout]   10:     0x60664e15640c - <unknown>
[INFO] [stdout]   11:     0x60664e1569e7 - <unknown>
[INFO] [stdout]   12:     0x60664e160fed - <unknown>
[INFO] [stdout]   13:     0x60664e1cc89b - <unknown>
[INFO] [stdout]   14:     0x60664e1c8861 - <unknown>
[INFO] [stdout]   15:     0x60664e1c804c - <unknown>
[INFO] [stdout]   16:     0x60664e1e7cec - <unknown>
[INFO] [stdout]   17:     0x60664e1b1a44 - <unknown>
[INFO] [stdout]   18:     0x77f90f0d8dfa - <unknown>
[INFO] [stdout]   19:     0x77f90f16c3d4 - clone
[INFO] [stdout]   20:                0x0 - <unknown>
[INFO] [stdout] 
[INFO] [stdout] ---- test_bump_type_minor stdout ----
[INFO] [stdout] 
[INFO] [stdout] thread 'test_bump_type_minor' (1031) panicked at tests/cli_test.rs:38:5:
[INFO] [stdout] Could not find grubble binary. Build with 'cargo build' first.
[INFO] [stdout] stack backtrace:
[INFO] [stdout]    0:     0x60664e18a5f5 - <unknown>
[INFO] [stdout]    1:     0x60664e16d25a - <unknown>
[INFO] [stdout]    2:     0x60664e189c8b - <unknown>
[INFO] [stdout]    3:     0x60664e18976f - <unknown>
[INFO] [stdout]    4:     0x60664e18939a - <unknown>
[INFO] [stdout]    5:     0x60664e188ed5 - <unknown>
[INFO] [stdout]    6:     0x60664e1afd42 - <unknown>
[INFO] [stdout]    7:     0x60664e1afcc9 - <unknown>
[INFO] [stdout]    8:     0x60664e1b01cc - <unknown>
[INFO] [stdout]    9:     0x60664e16d0eb - <unknown>
[INFO] [stdout]   10:     0x60664e15640c - <unknown>
[INFO] [stdout]   11:     0x60664e1569e7 - <unknown>
[INFO] [stdout]   12:     0x60664e15cade - <unknown>
[INFO] [stdout]   13:     0x60664e1cc89b - <unknown>
[INFO] [stdout]   14:     0x60664e1c8861 - <unknown>
[INFO] [stdout]   15:     0x60664e1c804c - <unknown>
[INFO] [stdout]   16:     0x60664e1e7cec - <unknown>
[INFO] [stdout]   17:     0x60664e1b1a44 - <unknown>
[INFO] [stdout]   18:     0x77f90f0d8dfa - <unknown>
[INFO] [stdout]   19:     0x77f90f16c3d4 - clone
[INFO] [stdout]   20:                0x0 - <unknown>
[INFO] [stdout] 
[INFO] [stdout] ---- test_initial_version_normal_bump_creates_tag stdout ----
[INFO] [stdout] 
[INFO] [stdout] thread 'test_initial_version_normal_bump_creates_tag' (1178) panicked at tests/cli_test.rs:38:5:
[INFO] [stdout] Could not find grubble binary. Build with 'cargo build' first.
[INFO] [stdout] stack backtrace:
[INFO] [stdout]    0:     0x60664e18a5f5 - <unknown>
[INFO] [stdout]    1:     0x60664e16d25a - <unknown>
[INFO] [stdout]    2:     0x60664e189c8b - <unknown>
[INFO] [stdout]    3:     0x60664e18976f - <unknown>
[INFO] [stdout]    4:     0x60664e18939a - <unknown>
[INFO] [stdout]    5:     0x60664e188ed5 - <unknown>
[INFO] [stdout]    6:     0x60664e1afd42 - <unknown>
[INFO] [stdout]    7:     0x60664e1afcc9 - <unknown>
[INFO] [stdout]    8:     0x60664e1b01cc - <unknown>
[INFO] [stdout]    9:     0x60664e16d0eb - <unknown>
[INFO] [stdout]   10:     0x60664e15640c - <unknown>
[INFO] [stdout]   11:     0x60664e1569e7 - <unknown>
[INFO] [stdout]   12:     0x60664e166431 - <unknown>
[INFO] [stdout]   13:     0x60664e1cc89b - <unknown>
[INFO] [stdout]   14:     0x60664e1c8861 - <unknown>
[INFO] [stdout]   15:     0x60664e1c804c - <unknown>
[INFO] [stdout]   16:     0x60664e1e7cec - <unknown>
[INFO] [stdout]   17:     0x60664e1b1a44 - <unknown>
[INFO] [stdout]   18:     0x77f90f0d8dfa - <unknown>
[INFO] [stdout]   19:     0x77f90f16c3d4 - clone
[INFO] [stdout]   20:                0x0 - <unknown>
[INFO] [stdout] 
[INFO] [stdout] ---- test_dry_run_does_not_modify_files stdout ----
[INFO] [stdout] 
[INFO] [stdout] thread 'test_dry_run_does_not_modify_files' (1038) panicked at tests/cli_test.rs:38:5:
[INFO] [stdout] Could not find grubble binary. Build with 'cargo build' first.
[INFO] [stdout] stack backtrace:
[INFO] [stdout]    0:     0x60664e18a5f5 - <unknown>
[INFO] [stdout]    1:     0x60664e16d25a - <unknown>
[INFO] [stdout]    2:     0x60664e189c8b - <unknown>
[INFO] [stdout]    3:     0x60664e18976f - <unknown>
[INFO] [stdout]    4:     0x60664e18939a - <unknown>
[INFO] [stdout]    5:     0x60664e188ed5 - <unknown>
[INFO] [stdout]    6:     0x60664e1afd42 - <unknown>
[INFO] [stdout]    7:     0x60664e1afcc9 - <unknown>
[INFO] [stdout]    8:     0x60664e1b01cc - <unknown>
[INFO] [stdout]    9:     0x60664e16d0eb - <unknown>
[INFO] [stdout]   10:     0x60664e15640c - <unknown>
[INFO] [stdout]   11:     0x60664e1569e7 - <unknown>
[INFO] [stdout]   12:     0x60664e16136d - <unknown>
[INFO] [stdout]   13:     0x60664e1cc89b - <unknown>
[INFO] [stdout]   14:     0x60664e1c8861 - <unknown>
[INFO] [stdout]   15:     0x60664e1c804c - <unknown>
[INFO] [stdout]   16:     0x60664e1e7cec - <unknown>
[INFO] [stdout]   17:     0x60664e1b1a44 - <unknown>
[INFO] [stdout]   18:     0x77f90f0d8dfa - <unknown>
[INFO] [stdout]   19:     0x77f90f16c3d4 - clone
[INFO] [stdout]   20:                0x0 - <unknown>
[INFO] [stdout] 
[INFO] [stdout] ---- test_explicit_git_identity_applies_without_changing_config stdout ----
[INFO] [stdout] 
[INFO] [stdout] thread 'test_explicit_git_identity_applies_without_changing_config' (1042) panicked at tests/cli_test.rs:38:5:
[INFO] [stdout] Could not find grubble binary. Build with 'cargo build' first.
[INFO] [stdout] stack backtrace:
[INFO] [stdout]    0:     0x60664e18a5f5 - <unknown>
[INFO] [stdout]    1:     0x60664e16d25a - <unknown>
[INFO] [stdout]    2:     0x60664e189c8b - <unknown>
[INFO] [stdout]    3:     0x60664e18976f - <unknown>
[INFO] [stdout]    4:     0x60664e18939a - <unknown>
[INFO] [stdout]    5:     0x60664e188ed5 - <unknown>
[INFO] [stdout]    6:     0x60664e1afd42 - <unknown>
[INFO] [stdout]    7:     0x60664e1afcc9 - <unknown>
[INFO] [stdout]    8:     0x60664e1b01cc - <unknown>
[INFO] [stdout]    9:     0x60664e16d0eb - <unknown>
[INFO] [stdout]   10:     0x60664e15640c - <unknown>
[INFO] [stdout]   11:     0x60664e1569e7 - <unknown>
[INFO] [stdout]   12:     0x60664e156d79 - <unknown>
[INFO] [stdout]   13:     0x60664e16976b - <unknown>
[INFO] [stdout]   14:     0x60664e1cc89b - <unknown>
[INFO] [stdout]   15:     0x60664e1c8861 - <unknown>
[INFO] [stdout]   16:     0x60664e1c804c - <unknown>
[INFO] [stdout]   17:     0x60664e1e7cec - <unknown>
[INFO] [stdout]   18:     0x60664e1b1a44 - <unknown>
[INFO] [stdout]   19:     0x77f90f0d8dfa - <unknown>
[INFO] [stdout]   20:     0x77f90f16c3d4 - clone
[INFO] [stdout]   21:                0x0 - <unknown>
[INFO] [stdout] 
[INFO] [stdout] ---- test_initial_version_with_raw stdout ----
[INFO] [stdout] 
[INFO] [stdout] thread 'test_initial_version_with_raw' (1191) panicked at tests/cli_test.rs:38:5:
[INFO] [stdout] Could not find grubble binary. Build with 'cargo build' first.
[INFO] [stdout] stack backtrace:
[INFO] [stdout]    0:     0x60664e18a5f5 - <unknown>
[INFO] [stdout]    1:     0x60664e16d25a - <unknown>
[INFO] [stdout]    2:     0x60664e189c8b - <unknown>
[INFO] [stdout]    3:     0x60664e18976f - <unknown>
[INFO] [stdout]    4:     0x60664e18939a - <unknown>
[INFO] [stdout]    5:     0x60664e188ed5 - <unknown>
[INFO] [stdout]    6:     0x60664e1afd42 - <unknown>
[INFO] [stdout]    7:     0x60664e1afcc9 - <unknown>
[INFO] [stdout]    8:     0x60664e1b01cc - <unknown>
[INFO] [stdout]    9:     0x60664e16d0eb - <unknown>
[INFO] [stdout]   10:     0x60664e15640c - <unknown>
[INFO] [stdout]   11:     0x60664e1569e7 - <unknown>
[INFO] [stdout]   12:     0x60664e15f63e - <unknown>
[INFO] [stdout]   13:     0x60664e1cc89b - <unknown>
[INFO] [stdout]   14:     0x60664e1c8861 - <unknown>
[INFO] [stdout]   15:     0x60664e1c804c - <unknown>
[INFO] [stdout]   16:     0x60664e1e7cec - <unknown>
[INFO] [stdout]   17:     0x60664e1b1a44 - <unknown>
[INFO] [stdout]   18:     0x77f90f0d8dfa - <unknown>
[INFO] [stdout]   19:     0x77f90f16c3d4 - clone
[INFO] [stdout]   20:                0x0 - <unknown>
[INFO] [stdout] 
[INFO] [stdout] ---- test_no_tag_proceeds_normally stdout ----
[INFO] [stdout] 
[INFO] [stdout] thread 'test_no_tag_proceeds_normally' (1222) panicked at tests/cli_test.rs:38:5:
[INFO] [stdout] Could not find grubble binary. Build with 'cargo build' first.
[INFO] [stdout] stack backtrace:
[INFO] [stdout]    0:     0x60664e18a5f5 - <unknown>
[INFO] [stdout]    1:     0x60664e16d25a - <unknown>
[INFO] [stdout]    2:     0x60664e189c8b - <unknown>
[INFO] [stdout]    3:     0x60664e18976f - <unknown>
[INFO] [stdout]    4:     0x60664e18939a - <unknown>
[INFO] [stdout]    5:     0x60664e188ed5 - <unknown>
[INFO] [stdout]    6:     0x60664e1afd42 - <unknown>
[INFO] [stdout]    7:     0x60664e1afcc9 - <unknown>
[INFO] [stdout]    8:     0x60664e1b01cc - <unknown>
[INFO] [stdout]    9:     0x60664e16d0eb - <unknown>
[INFO] [stdout]   10:     0x60664e15640c - <unknown>
[INFO] [stdout]   11:     0x60664e1569e7 - <unknown>
[INFO] [stdout]   12:     0x60664e15fb8e - <unknown>
[INFO] [stdout]   13:     0x60664e1cc89b - <unknown>
[INFO] [stdout]   14:     0x60664e1c8861 - <unknown>
[INFO] [stdout]   15:     0x60664e1c804c - <unknown>
[INFO] [stdout]   16:     0x60664e1e7cec - <unknown>
[INFO] [stdout]   17:     0x60664e1b1a44 - <unknown>
[INFO] [stdout]   18:     0x77f90f0d8dfa - <unknown>
[INFO] [stdout]   19:     0x77f90f16c3d4 - clone
[INFO] [stdout]   20:                0x0 - <unknown>
[INFO] [stdout] 
[INFO] [stdout] ---- test_bump_type_no_tag_scans_all_commits stdout ----
[INFO] [stdout] 
[INFO] [stdout] thread 'test_bump_type_no_tag_scans_all_commits' (1033) panicked at tests/cli_test.rs:38:5:
[INFO] [stdout] Could not find grubble binary. Build with 'cargo build' first.
[INFO] [stdout] stack backtrace:
[INFO] [stdout]    0:     0x60664e18a5f5 - <unknown>
[INFO] [stdout]    1:     0x60664e16d25a - <unknown>
[INFO] [stdout]    2:     0x60664e189c8b - <unknown>
[INFO] [stdout]    3:     0x60664e18976f - <unknown>
[INFO] [stdout]    4:     0x60664e18939a - <unknown>
[INFO] [stdout]    5:     0x60664e188ed5 - <unknown>
[INFO] [stdout]    6:     0x60664e1afd42 - <unknown>
[INFO] [stdout]    7:     0x60664e1afcc9 - <unknown>
[INFO] [stdout]    8:     0x60664e1b01cc - <unknown>
[INFO] [stdout]    9:     0x60664e16d0eb - <unknown>
[INFO] [stdout]   10:     0x60664e15640c - <unknown>
[INFO] [stdout]   11:     0x60664e1569e7 - <unknown>
[INFO] [stdout]   12:     0x60664e1645de - <unknown>
[INFO] [stdout]   13:     0x60664e1cc89b - <unknown>
[INFO] [stdout]   14:     0x60664e1c8861 - <unknown>
[INFO] [stdout]   15:     0x60664e1c804c - <unknown>
[INFO] [stdout]   16:     0x60664e1e7cec - <unknown>
[INFO] [stdout]   17:     0x60664e1b1a44 - <unknown>
[INFO] [stdout]   18:     0x77f90f0d8dfa - <unknown>
[INFO] [stdout]   19:     0x77f90f16c3d4 - clone
[INFO] [stdout]   20:                0x0 - <unknown>
[INFO] [stdout] 
[INFO] [stdout] ---- test_json_output_invalid_with_dry_run stdout ----
[INFO] [stdout] 
[INFO] [stdout] thread 'test_json_output_invalid_with_dry_run' (1193) panicked at tests/cli_test.rs:38:5:
[INFO] [stdout] Could not find grubble binary. Build with 'cargo build' first.
[INFO] [stdout] stack backtrace:
[INFO] [stdout]    0:     0x60664e18a5f5 - <unknown>
[INFO] [stdout]    1:     0x60664e16d25a - <unknown>
[INFO] [stdout]    2:     0x60664e189c8b - <unknown>
[INFO] [stdout]    3:     0x60664e18976f - <unknown>
[INFO] [stdout]    4:     0x60664e18939a - <unknown>
[INFO] [stdout]    5:     0x60664e188ed5 - <unknown>
[INFO] [stdout]    6:     0x60664e1afd42 - <unknown>
[INFO] [stdout]    7:     0x60664e1afcc9 - <unknown>
[INFO] [stdout]    8:     0x60664e1b01cc - <unknown>
[INFO] [stdout]    9:     0x60664e16d0eb - <unknown>
[INFO] [stdout]   10:     0x60664e15640c - <unknown>
[INFO] [stdout]   11:     0x60664e1569e7 - <unknown>
[INFO] [stdout]   12:     0x60664e1642ec - <unknown>
[INFO] [stdout]   13:     0x60664e1cc89b - <unknown>
[INFO] [stdout]   14:     0x60664e1c8861 - <unknown>
[INFO] [stdout]   15:     0x60664e1c804c - <unknown>
[INFO] [stdout]   16:     0x60664e1e7cec - <unknown>
[INFO] [stdout]   17:     0x60664e1b1a44 - <unknown>
[INFO] [stdout]   18:     0x77f90f0d8dfa - <unknown>
[INFO] [stdout]   19:     0x77f90f16c3d4 - clone
[INFO] [stdout]   20:                0x0 - <unknown>
[INFO] [stdout] 
[INFO] [stdout] ---- test_node_preset_preserves_key_order_and_updates_lockfile_root stdout ----
[INFO] [stdout] 
[INFO] [stdout] thread 'test_node_preset_preserves_key_order_and_updates_lockfile_root' (1223) panicked at tests/cli_test.rs:38:5:
[INFO] [stdout] Could not find grubble binary. Build with 'cargo build' first.
[INFO] [stdout] stack backtrace:
[INFO] [stdout]    0:     0x60664e18a5f5 - <unknown>
[INFO] [stdout]    1:     0x60664e16d25a - <unknown>
[INFO] [stdout]    2:     0x60664e189c8b - <unknown>
[INFO] [stdout]    3:     0x60664e18976f - <unknown>
[INFO] [stdout]    4:     0x60664e18939a - <unknown>
[INFO] [stdout]    5:     0x60664e188ed5 - <unknown>
[INFO] [stdout]    6:     0x60664e1afd42 - <unknown>
[INFO] [stdout]    7:     0x60664e1afcc9 - <unknown>
[INFO] [stdout]    8:     0x60664e1b01cc - <unknown>
[INFO] [stdout]    9:     0x60664e16d0eb - <unknown>
[INFO] [stdout]   10:     0x60664e15640c - <unknown>
[INFO] [stdout]   11:     0x60664e1569e7 - <unknown>
[INFO] [stdout]   12:     0x60664e16a2b1 - <unknown>
[INFO] [stdout]   13:     0x60664e1cc89b - <unknown>
[INFO] [stdout]   14:     0x60664e1c8861 - <unknown>
[INFO] [stdout]   15:     0x60664e1c804c - <unknown>
[INFO] [stdout]   16:     0x60664e1e7cec - <unknown>
[INFO] [stdout]   17:     0x60664e1b1a44 - <unknown>
[INFO] [stdout]   18:     0x77f90f0d8dfa - <unknown>
[INFO] [stdout]   19:     0x77f90f16c3d4 - clone
[INFO] [stdout]   20:                0x0 - <unknown>
[INFO] [stdout] 
[INFO] [stdout] ---- test_json_output_normal_run_no_bump stdout ----
[INFO] [stdout] 
[INFO] [stdout] thread 'test_json_output_normal_run_no_bump' (1204) panicked at tests/cli_test.rs:38:5:
[INFO] [stdout] Could not find grubble binary. Build with 'cargo build' first.
[INFO] [stdout] stack backtrace:
[INFO] [stdout]    0:     0x60664e18a5f5 - <unknown>
[INFO] [stdout]    1:     0x60664e16d25a - <unknown>
[INFO] [stdout]    2:     0x60664e189c8b - <unknown>
[INFO] [stdout]    3:     0x60664e18976f - <unknown>
[INFO] [stdout]    4:     0x60664e18939a - <unknown>
[INFO] [stdout]    5:     0x60664e188ed5 - <unknown>
[INFO] [stdout]    6:     0x60664e1afd42 - <unknown>
[INFO] [stdout]    7:     0x60664e1afcc9 - <unknown>
[INFO] [stdout]    8:     0x60664e1b01cc - <unknown>
[INFO] [stdout]    9:     0x60664e16d0eb - <unknown>
[INFO] [stdout]   10:     0x60664e15640c - <unknown>
[INFO] [stdout]   11:     0x60664e1569e7 - <unknown>
[INFO] [stdout]   12:     0x60664e1625ec - <unknown>
[INFO] [stdout]   13:     0x60664e1cc89b - <unknown>
[INFO] [stdout]   14:     0x60664e1c8861 - <unknown>
[INFO] [stdout]   15:     0x60664e1c804c - <unknown>
[INFO] [stdout]   16:     0x60664e1e7cec - <unknown>
[INFO] [stdout]   17:     0x60664e1b1a44 - <unknown>
[INFO] [stdout]   18:     0x77f90f0d8dfa - <unknown>
[INFO] [stdout]   19:     0x77f90f16c3d4 - clone
[INFO] [stdout]   20:                0x0 - <unknown>
[INFO] [stdout] 
[INFO] [stdout] ---- test_initial_version_invalid_semver stdout ----
[INFO] [stdout] 
[INFO] [stdout] thread 'test_initial_version_invalid_semver' (1164) panicked at tests/cli_test.rs:38:5:
[INFO] [stdout] Could not find grubble binary. Build with 'cargo build' first.
[INFO] [stdout] stack backtrace:
[INFO] [stdout]    0:     0x60664e18a5f5 - <unknown>
[INFO] [stdout]    1:     0x60664e16d25a - <unknown>
[INFO] [stdout]    2:     0x60664e189c8b - <unknown>
[INFO] [stdout]    3:     0x60664e18976f - <unknown>
[INFO] [stdout]    4:     0x60664e18939a - <unknown>
[INFO] [stdout]    5:     0x60664e188ed5 - <unknown>
[INFO] [stdout]    6:     0x60664e1afd42 - <unknown>
[INFO] [stdout]    7:     0x60664e1afcc9 - <unknown>
[INFO] [stdout]    8:     0x60664e1b01cc - <unknown>
[INFO] [stdout]    9:     0x60664e16d0eb - <unknown>
[INFO] [stdout]   10:     0x60664e15640c - <unknown>
[INFO] [stdout]   11:     0x60664e1569e7 - <unknown>
[INFO] [stdout]   12:     0x60664e16230e - <unknown>
[INFO] [stdout]   13:     0x60664e1cc89b - <unknown>
[INFO] [stdout]   14:     0x60664e1c8861 - <unknown>
[INFO] [stdout]   15:     0x60664e1c804c - <unknown>
[INFO] [stdout]   16:     0x60664e1e7cec - <unknown>
[INFO] [stdout]   17:     0x60664e1b1a44 - <unknown>
[INFO] [stdout]   18:     0x77f90f0d8dfa - <unknown>
[INFO] [stdout]   19:     0x77f90f16c3d4 - clone
[INFO] [stdout]   20:                0x0 - <unknown>
[INFO] [stdout] 
[INFO] [stdout] ---- test_node_preset_preserves_tab_indent_and_crlf stdout ----
[INFO] [stdout] 
[INFO] [stdout] thread 'test_node_preset_preserves_tab_indent_and_crlf' (1234) panicked at tests/cli_test.rs:38:5:
[INFO] [stdout] Could not find grubble binary. Build with 'cargo build' first.
[INFO] [stdout] stack backtrace:
[INFO] [stdout]    0:     0x60664e18a5f5 - <unknown>
[INFO] [stdout]    1:     0x60664e16d25a - <unknown>
[INFO] [stdout]    2:     0x60664e189c8b - <unknown>
[INFO] [stdout]    3:     0x60664e18976f - <unknown>
[INFO] [stdout]    4:     0x60664e18939a - <unknown>
[INFO] [stdout]    5:     0x60664e188ed5 - <unknown>
[INFO] [stdout]    6:     0x60664e1afd42 - <unknown>
[INFO] [stdout]    7:     0x60664e1afcc9 - <unknown>
[INFO] [stdout]    8:     0x60664e1b01cc - <unknown>
[INFO] [stdout]    9:     0x60664e16d0eb - <unknown>
[INFO] [stdout]   10:     0x60664e15640c - <unknown>
[INFO] [stdout]   11:     0x60664e1569e7 - <unknown>
[INFO] [stdout]   12:     0x60664e1676c0 - <unknown>
[INFO] [stdout]   13:     0x60664e1cc89b - <unknown>
[INFO] [stdout]   14:     0x60664e1c8861 - <unknown>
[INFO] [stdout]   15:     0x60664e1c804c - <unknown>
[INFO] [stdout]   16:     0x60664e1e7cec - <unknown>
[INFO] [stdout]   17:     0x60664e1b1a44 - <unknown>
[INFO] [stdout]   18:     0x77f90f0d8dfa - <unknown>
[INFO] [stdout]   19:     0x77f90f16c3d4 - clone
[INFO] [stdout]   20:                0x0 - <unknown>
[INFO] [stdout] 
[INFO] [stdout] ---- test_json_output_normal_run_reports_previous_version_and_bump_type stdout ----
[INFO] [stdout] 
[INFO] [stdout] thread 'test_json_output_normal_run_reports_previous_version_and_bump_type' (1211) panicked at tests/cli_test.rs:38:5:
[INFO] [stdout] Could not find grubble binary. Build with 'cargo build' first.
[INFO] [stdout] stack backtrace:
[INFO] [stdout]    0:     0x60664e18a5f5 - <unknown>
[INFO] [stdout]    1:     0x60664e16d25a - <unknown>
[INFO] [stdout]    2:     0x60664e189c8b - <unknown>
[INFO] [stdout]    3:     0x60664e18976f - <unknown>
[INFO] [stdout]    4:     0x60664e18939a - <unknown>
[INFO] [stdout]    5:     0x60664e188ed5 - <unknown>
[INFO] [stdout]    6:     0x60664e1afd42 - <unknown>
[INFO] [stdout]    7:     0x60664e1afcc9 - <unknown>
[INFO] [stdout]    8:     0x60664e1b01cc - <unknown>
[INFO] [stdout]    9:     0x60664e16d0eb - <unknown>
[INFO] [stdout]   10:     0x60664e15640c - <unknown>
[INFO] [stdout]   11:     0x60664e1569e7 - <unknown>
[INFO] [stdout]   12:     0x60664e16b4d1 - <unknown>
[INFO] [stdout]   13:     0x60664e1cc89b - <unknown>
[INFO] [stdout]   14:     0x60664e1c8861 - <unknown>
[INFO] [stdout]   15:     0x60664e1c804c - <unknown>
[INFO] [stdout]   16:     0x60664e1e7cec - <unknown>
[INFO] [stdout]   17:     0x60664e1b1a44 - <unknown>
[INFO] [stdout]   18:     0x77f90f0d8dfa - <unknown>
[INFO] [stdout]   19:     0x77f90f16c3d4 - clone
[INFO] [stdout]   20:                0x0 - <unknown>
[INFO] [stdout] 
[INFO] [stdout] ---- test_normal_run_no_bump_exit_code stdout ----
[INFO] [stdout] 
[INFO] [stdout] thread 'test_normal_run_no_bump_exit_code' (1237) panicked at tests/cli_test.rs:38:5:
[INFO] [stdout] Could not find grubble binary. Build with 'cargo build' first.
[INFO] [stdout] stack backtrace:
[INFO] [stdout]    0:     0x60664e18a5f5 - <unknown>
[INFO] [stdout]    1:     0x60664e16d25a - <unknown>
[INFO] [stdout]    2:     0x60664e189c8b - <unknown>
[INFO] [stdout]    3:     0x60664e18976f - <unknown>
[INFO] [stdout]    4:     0x60664e18939a - <unknown>
[INFO] [stdout]    5:     0x60664e188ed5 - <unknown>
[INFO] [stdout]    6:     0x60664e1afd42 - <unknown>
[INFO] [stdout]    7:     0x60664e1afcc9 - <unknown>
[INFO] [stdout]    8:     0x60664e1b01cc - <unknown>
[INFO] [stdout]    9:     0x60664e16d0eb - <unknown>
[INFO] [stdout]   10:     0x60664e15640c - <unknown>
[INFO] [stdout]   11:     0x60664e1569e7 - <unknown>
[INFO] [stdout]   12:     0x60664e16077e - <unknown>
[INFO] [stdout]   13:     0x60664e1cc89b - <unknown>
[INFO] [stdout]   14:     0x60664e1c8861 - <unknown>
[INFO] [stdout]   15:     0x60664e1c804c - <unknown>
[INFO] [stdout]   16:     0x60664e1e7cec - <unknown>
[INFO] [stdout]   17:     0x60664e1b1a44 - <unknown>
[INFO] [stdout]   18:     0x77f90f0d8dfa - <unknown>
[INFO] [stdout]   19:     0x77f90f16c3d4 - clone
[INFO] [stdout]   20:                0x0 - <unknown>
[INFO] [stdout] 
[INFO] [stdout] ---- test_raw_with_python_preset_reads_configured_package_files_array stdout ----
[INFO] [stdout] 
[INFO] [stdout] thread 'test_raw_with_python_preset_reads_configured_package_files_array' (1337) panicked at tests/cli_test.rs:38:5:
[INFO] [stdout] Could not find grubble binary. Build with 'cargo build' first.
[INFO] [stdout] stack backtrace:
[INFO] [stdout]    0:     0x60664e18a5f5 - <unknown>
[INFO] [stdout]    1:     0x60664e16d25a - <unknown>
[INFO] [stdout]    2:     0x60664e189c8b - <unknown>
[INFO] [stdout]    3:     0x60664e18976f - <unknown>
[INFO] [stdout]    4:     0x60664e18939a - <unknown>
[INFO] [stdout]    5:     0x60664e188ed5 - <unknown>
[INFO] [stdout]    6:     0x60664e1afd42 - <unknown>
[INFO] [stdout]    7:     0x60664e1afcc9 - <unknown>
[INFO] [stdout]    8:     0x60664e1b01cc - <unknown>
[INFO] [stdout]    9:     0x60664e16d0eb - <unknown>
[INFO] [stdout]   10:     0x60664e15640c - <unknown>
[INFO] [stdout]   11:     0x60664e1569e7 - <unknown>
[INFO] [stdout]   12:     0x60664e16ae81 - <unknown>
[INFO] [stdout]   13:     0x60664e1cc89b - <unknown>
[INFO] [stdout]   14:     0x60664e1c8861 - <unknown>
[INFO] [stdout]   15:     0x60664e1c804c - <unknown>
[INFO] [stdout]   16:     0x60664e1e7cec - <unknown>
[INFO] [stdout]   17:     0x60664e1b1a44 - <unknown>
[INFO] [stdout]   18:     0x77f90f0d8dfa - <unknown>
[INFO] [stdout]   19:     0x77f90f16c3d4 - clone
[INFO] [stdout]   20:                0x0 - <unknown>
[INFO] [stdout] 
[INFO] [stdout] ---- test_version_flags stdout ----
[INFO] [stdout] 
[INFO] [stdout] thread 'test_version_flags' (1397) panicked at tests/cli_test.rs:38:5:
[INFO] [stdout] Could not find grubble binary. Build with 'cargo build' first.
[INFO] [stdout] stack backtrace:
[INFO] [stdout]    0:     0x60664e18a5f5 - <unknown>
[INFO] [stdout]    1:     0x60664e16d25a - <unknown>
[INFO] [stdout]    2:     0x60664e189c8b - <unknown>
[INFO] [stdout]    3:     0x60664e18976f - <unknown>
[INFO] [stdout]    4:     0x60664e18939a - <unknown>
[INFO] [stdout]    5:     0x60664e188ed5 - <unknown>
[INFO] [stdout]    6:     0x60664e1afd42 - <unknown>
[INFO] [stdout]    7:     0x60664e1afcc9 - <unknown>
[INFO] [stdout]    8:     0x60664e1b01cc - <unknown>
[INFO] [stdout]    9:     0x60664e16d0eb - <unknown>
[INFO] [stdout]   10:     0x60664e15640c - <unknown>
[INFO] [stdout]   11:     0x60664e15b570 - <unknown>
[INFO] [stdout]   12:     0x60664e1cc89b - <unknown>
[INFO] [stdout]   13:     0x60664e1c8861 - <unknown>
[INFO] [stdout]   14:     0x60664e1c804c - <unknown>
[INFO] [stdout]   15:     0x60664e1e7cec - <unknown>
[INFO] [stdout]   16:     0x60664e1b1a44 - <unknown>
[INFO] [stdout]   17:     0x77f90f0d8dfa - <unknown>
[INFO] [stdout]   18:     0x77f90f16c3d4 - clone
[INFO] [stdout]   19:                0x0 - <unknown>
[INFO] [stdout] 
[INFO] [stdout] ---- test_python_file_behind_tag_syncs stdout ----
[INFO] [stdout] 
[INFO] [stdout] thread 'test_python_file_behind_tag_syncs' (1280) panicked at tests/cli_test.rs:38:5:
[INFO] [stdout] Could not find grubble binary. Build with 'cargo build' first.
[INFO] [stdout] stack backtrace:
[INFO] [stdout]    0:     0x60664e18a5f5 - <unknown>
[INFO] [stdout]    1:     0x60664e16d25a - <unknown>
[INFO] [stdout]    2:     0x60664e189c8b - <unknown>
[INFO] [stdout]    3:     0x60664e18976f - <unknown>
[INFO] [stdout]    4:     0x60664e18939a - <unknown>
[INFO] [stdout]    5:     0x60664e188ed5 - <unknown>
[INFO] [stdout]    6:     0x60664e1afd42 - <unknown>
[INFO] [stdout]    7:     0x60664e1afcc9 - <unknown>
[INFO] [stdout]    8:     0x60664e1b01cc - <unknown>
[INFO] [stdout]    9:     0x60664e16d0eb - <unknown>
[INFO] [stdout]   10:     0x60664e15640c - <unknown>
[INFO] [stdout]   11:     0x60664e1569e7 - <unknown>
[INFO] [stdout]   12:     0x60664e160a30 - <unknown>
[INFO] [stdout]   13:     0x60664e1cc89b - <unknown>
[INFO] [stdout]   14:     0x60664e1c8861 - <unknown>
[INFO] [stdout]   15:     0x60664e1c804c - <unknown>
[INFO] [stdout]   16:     0x60664e1e7cec - <unknown>
[INFO] [stdout]   17:     0x60664e1b1a44 - <unknown>
[INFO] [stdout]   18:     0x77f90f0d8dfa - <unknown>
[INFO] [stdout]   19:     0x77f90f16c3d4 - clone
[INFO] [stdout]   20:                0x0 - <unknown>
[INFO] [stdout] 
[INFO] [stdout] ---- test_python_file_ahead_of_tag_fails stdout ----
[INFO] [stdout] 
[INFO] [stdout] thread 'test_python_file_ahead_of_tag_fails' (1259) panicked at tests/cli_test.rs:38:5:
[INFO] [stdout] Could not find grubble binary. Build with 'cargo build' first.
[INFO] [stdout] stack backtrace:
[INFO] [stdout]    0:     0x60664e18a5f5 - <unknown>
[INFO] [stdout]    1:     0x60664e16d25a - <unknown>
[INFO] [stdout]    2:     0x60664e189c8b - <unknown>
[INFO] [stdout]    3:     0x60664e18976f - <unknown>
[INFO] [stdout]    4:     0x60664e18939a - <unknown>
[INFO] [stdout]    5:     0x60664e188ed5 - <unknown>
[INFO] [stdout]    6:     0x60664e1afd42 - <unknown>
[INFO] [stdout]    7:     0x60664e1afcc9 - <unknown>
[INFO] [stdout]    8:     0x60664e1b01cc - <unknown>
[INFO] [stdout]    9:     0x60664e16d0eb - <unknown>
[INFO] [stdout]   10:     0x60664e15640c - <unknown>
[INFO] [stdout]   11:     0x60664e1569e7 - <unknown>
[INFO] [stdout]   12:     0x60664e16334e - <unknown>
[INFO] [stdout]   13:     0x60664e1cc89b - <unknown>
[INFO] [stdout]   14:     0x60664e1c8861 - <unknown>
[INFO] [stdout]   15:     0x60664e1c804c - <unknown>
[INFO] [stdout]   16:     0x60664e1e7cec - <unknown>
[INFO] [stdout]   17:     0x60664e1b1a44 - <unknown>
[INFO] [stdout]   18:     0x77f90f0d8dfa - <unknown>
[INFO] [stdout]   19:     0x77f90f16c3d4 - clone
[INFO] [stdout]   20:                0x0 - <unknown>
[INFO] [stdout] 
[INFO] [stdout] ---- test_push_to_branch stdout ----
[INFO] [stdout] 
[INFO] [stdout] thread 'test_push_to_branch' (1244) panicked at tests/cli_test.rs:38:5:
[INFO] [stdout] Could not find grubble binary. Build with 'cargo build' first.
[INFO] [stdout] stack backtrace:
[INFO] [stdout]    0:     0x60664e18a5f5 - <unknown>
[INFO] [stdout]    1:     0x60664e16d25a - <unknown>
[INFO] [stdout]    2:     0x60664e189c8b - <unknown>
[INFO] [stdout]    3:     0x60664e18976f - <unknown>
[INFO] [stdout]    4:     0x60664e18939a - <unknown>
[INFO] [stdout]    5:     0x60664e188ed5 - <unknown>
[INFO] [stdout]    6:     0x60664e1afd42 - <unknown>
[INFO] [stdout]    7:     0x60664e1afcc9 - <unknown>
[INFO] [stdout]    8:     0x60664e1b01cc - <unknown>
[INFO] [stdout]    9:     0x60664e16d0eb - <unknown>
[INFO] [stdout]   10:     0x60664e15640c - <unknown>
[INFO] [stdout]   11:     0x60664e157617 - <unknown>
[INFO] [stdout]   12:     0x60664e15ba11 - <unknown>
[INFO] [stdout]   13:     0x60664e1cc89b - <unknown>
[INFO] [stdout]   14:     0x60664e1c8861 - <unknown>
[INFO] [stdout]   15:     0x60664e1c804c - <unknown>
[INFO] [stdout]   16:     0x60664e1e7cec - <unknown>
[INFO] [stdout]   17:     0x60664e1b1a44 - <unknown>
[INFO] [stdout]   18:     0x77f90f0d8dfa - <unknown>
[INFO] [stdout]   19:     0x77f90f16c3d4 - clone
[INFO] [stdout]   20:                0x0 - <unknown>
[INFO] [stdout] 
[INFO] [stdout] ---- test_raw_json_output stdout ----
[INFO] [stdout] 
[INFO] [stdout] thread 'test_raw_json_output' (1311) panicked at tests/cli_test.rs:38:5:
[INFO] [stdout] Could not find grubble binary. Build with 'cargo build' first.
[INFO] [stdout] stack backtrace:
[INFO] [stdout]    0:     0x60664e18a5f5 - <unknown>
[INFO] [stdout]    1:     0x60664e16d25a - <unknown>
[INFO] [stdout]    2:     0x60664e189c8b - <unknown>
[INFO] [stdout]    3:     0x60664e18976f - <unknown>
[INFO] [stdout]    4:     0x60664e18939a - <unknown>
[INFO] [stdout]    5:     0x60664e188ed5 - <unknown>
[INFO] [stdout]    6:     0x60664e1afd42 - <unknown>
[INFO] [stdout]    7:     0x60664e1afcc9 - <unknown>
[INFO] [stdout]    8:     0x60664e1b01cc - <unknown>
[INFO] [stdout]    9:     0x60664e16d0eb - <unknown>
[INFO] [stdout]   10:     0x60664e15640c - <unknown>
[INFO] [stdout]   11:     0x60664e1569e7 - <unknown>
[INFO] [stdout]   12:     0x60664e15d6e1 - <unknown>
[INFO] [stdout]   13:     0x60664e1cc89b - <unknown>
[INFO] [stdout]   14:     0x60664e1c8861 - <unknown>
[INFO] [stdout]   15:     0x60664e1c804c - <unknown>
[INFO] [stdout]   16:     0x60664e1e7cec - <unknown>
[INFO] [stdout]   17:     0x60664e1b1a44 - <unknown>
[INFO] [stdout]   18:     0x77f90f0d8dfa - <unknown>
[INFO] [stdout]   19:     0x77f90f16c3d4 - clone
[INFO] [stdout]   20:                0x0 - <unknown>
[INFO] [stdout] 
[INFO] [stdout] ---- test_python_preset_bumps_pyproject_and_constant stdout ----
[INFO] [stdout] 
[INFO] [stdout] thread 'test_python_preset_bumps_pyproject_and_constant' (1297) panicked at tests/cli_test.rs:38:5:
[INFO] [stdout] Could not find grubble binary. Build with 'cargo build' first.
[INFO] [stdout] stack backtrace:
[INFO] [stdout]    0:     0x60664e18a5f5 - <unknown>
[INFO] [stdout]    1:     0x60664e16d25a - <unknown>
[INFO] [stdout]    2:     0x60664e189c8b - <unknown>
[INFO] [stdout]    3:     0x60664e18976f - <unknown>
[INFO] [stdout]    4:     0x60664e18939a - <unknown>
[INFO] [stdout]    5:     0x60664e188ed5 - <unknown>
[INFO] [stdout]    6:     0x60664e1afd42 - <unknown>
[INFO] [stdout]    7:     0x60664e1afcc9 - <unknown>
[INFO] [stdout]    8:     0x60664e1b01cc - <unknown>
[INFO] [stdout]    9:     0x60664e16d0eb - <unknown>
[INFO] [stdout]   10:     0x60664e15640c - <unknown>
[INFO] [stdout]   11:     0x60664e1569e7 - <unknown>
[INFO] [stdout]   12:     0x60664e1681d1 - <unknown>
[INFO] [stdout]   13:     0x60664e1cc89b - <unknown>
[INFO] [stdout]   14:     0x60664e1c8861 - <unknown>
[INFO] [stdout]   15:     0x60664e1c804c - <unknown>
[INFO] [stdout]   16:     0x60664e1e7cec - <unknown>
[INFO] [stdout]   17:     0x60664e1b1a44 - <unknown>
[INFO] [stdout]   18:     0x77f90f0d8dfa - <unknown>
[INFO] [stdout]   19:     0x77f90f16c3d4 - clone
[INFO] [stdout]   20:                0x0 - <unknown>
[INFO] [stdout] 
[INFO] [stdout] ---- test_raw_with_python_preset_reads_pyproject_toml stdout ----
[INFO] [stdout] 
[INFO] [stdout] thread 'test_raw_with_python_preset_reads_pyproject_toml' (1347) panicked at tests/cli_test.rs:38:5:
[INFO] [stdout] Could not find grubble binary. Build with 'cargo build' first.
[INFO] [stdout] stack backtrace:
[INFO] [stdout]    0:     0x60664e18a5f5 - <unknown>
[INFO] [stdout]    1:     0x60664e16d25a - <unknown>
[INFO] [stdout]    2:     0x60664e189c8b - <unknown>
[INFO] [stdout]    3:     0x60664e18976f - <unknown>
[INFO] [stdout]    4:     0x60664e18939a - <unknown>
[INFO] [stdout]    5:     0x60664e188ed5 - <unknown>
[INFO] [stdout]    6:     0x60664e1afd42 - <unknown>
[INFO] [stdout]    7:     0x60664e1afcc9 - <unknown>
[INFO] [stdout]    8:     0x60664e1b01cc - <unknown>
[INFO] [stdout]    9:     0x60664e16d0eb - <unknown>
[INFO] [stdout]   10:     0x60664e15640c - <unknown>
[INFO] [stdout]   11:     0x60664e1569e7 - <unknown>
[INFO] [stdout]   12:     0x60664e168ed1 - <unknown>
[INFO] [stdout]   13:     0x60664e1cc89b - <unknown>
[INFO] [stdout]   14:     0x60664e1c8861 - <unknown>
[INFO] [stdout]   15:     0x60664e1c804c - <unknown>
[INFO] [stdout]   16:     0x60664e1e7cec - <unknown>
[INFO] [stdout]   17:     0x60664e1b1a44 - <unknown>
[INFO] [stdout]   18:     0x77f90f0d8dfa - <unknown>
[INFO] [stdout]   19:     0x77f90f16c3d4 - clone
[INFO] [stdout]   20:                0x0 - <unknown>
[INFO] [stdout] 
[INFO] [stdout] ---- test_raw_json_output_reports_previous_version_and_bump_type stdout ----
[INFO] [stdout] 
[INFO] [stdout] thread 'test_raw_json_output_reports_previous_version_and_bump_type' (1320) panicked at tests/cli_test.rs:38:5:
[INFO] [stdout] Could not find grubble binary. Build with 'cargo build' first.
[INFO] [stdout] stack backtrace:
[INFO] [stdout]    0:     0x60664e18a5f5 - <unknown>
[INFO] [stdout]    1:     0x60664e16d25a - <unknown>
[INFO] [stdout]    2:     0x60664e189c8b - <unknown>
[INFO] [stdout]    3:     0x60664e18976f - <unknown>
[INFO] [stdout]    4:     0x60664e18939a - <unknown>
[INFO] [stdout]    5:     0x60664e188ed5 - <unknown>
[INFO] [stdout]    6:     0x60664e1afd42 - <unknown>
[INFO] [stdout]    7:     0x60664e1afcc9 - <unknown>
[INFO] [stdout]    8:     0x60664e1b01cc - <unknown>
[INFO] [stdout]    9:     0x60664e16d0eb - <unknown>
[INFO] [stdout]   10:     0x60664e15640c - <unknown>
[INFO] [stdout]   11:     0x60664e1569e7 - <unknown>
[INFO] [stdout]   12:     0x60664e169b91 - <unknown>
[INFO] [stdout]   13:     0x60664e1cc89b - <unknown>
[INFO] [stdout]   14:     0x60664e1c8861 - <unknown>
[INFO] [stdout]   15:     0x60664e1c804c - <unknown>
[INFO] [stdout]   16:     0x60664e1e7cec - <unknown>
[INFO] [stdout]   17:     0x60664e1b1a44 - <unknown>
[INFO] [stdout]   18:     0x77f90f0d8dfa - <unknown>
[INFO] [stdout]   19:     0x77f90f16c3d4 - clone
[INFO] [stdout]   20:                0x0 - <unknown>
[INFO] [stdout] 
[INFO] [stdout] ---- test_push_to_branch_with_force_tags stdout ----
[INFO] [stdout] 
[INFO] [stdout] thread 'test_push_to_branch_with_force_tags' (1251) panicked at tests/cli_test.rs:38:5:
[INFO] [stdout] Could not find grubble binary. Build with 'cargo build' first.
[INFO] [stdout] stack backtrace:
[INFO] [stdout]    0:     0x60664e18a5f5 - <unknown>
[INFO] [stdout]    1:     0x60664e16d25a - <unknown>
[INFO] [stdout]    2:     0x60664e189c8b - <unknown>
[INFO] [stdout]    3:     0x60664e18976f - <unknown>
[INFO] [stdout]    4:     0x60664e18939a - <unknown>
[INFO] [stdout]    5:     0x60664e188ed5 - <unknown>
[INFO] [stdout]    6:     0x60664e1afd42 - <unknown>
[INFO] [stdout]    7:     0x60664e1afcc9 - <unknown>
[INFO] [stdout]    8:     0x60664e1b01cc - <unknown>
[INFO] [stdout]    9:     0x60664e16d0eb - <unknown>
[INFO] [stdout]   10:     0x60664e15640c - <unknown>
[INFO] [stdout]   11:     0x60664e157617 - <unknown>
[INFO] [stdout]   12:     0x60664e1628c1 - <unknown>
[INFO] [stdout]   13:     0x60664e1cc89b - <unknown>
[INFO] [stdout]   14:     0x60664e1c8861 - <unknown>
[INFO] [stdout]   15:     0x60664e1c804c - <unknown>
[INFO] [stdout]   16:     0x60664e1e7cec - <unknown>
[INFO] [stdout]   17:     0x60664e1b1a44 - <unknown>
[INFO] [stdout]   18:     0x77f90f0d8dfa - <unknown>
[INFO] [stdout]   19:     0x77f90f16c3d4 - clone
[INFO] [stdout]   20:                0x0 - <unknown>
[INFO] [stdout] 
[INFO] [stdout] ---- test_raw_with_git_preset_unchanged stdout ----
[INFO] [stdout] 
[INFO] [stdout] thread 'test_raw_with_git_preset_unchanged' (1325) panicked at tests/cli_test.rs:38:5:
[INFO] [stdout] Could not find grubble binary. Build with 'cargo build' first.
[INFO] [stdout] stack backtrace:
[INFO] [stdout]    0:     0x60664e18a5f5 - <unknown>
[INFO] [stdout]    1:     0x60664e16d25a - <unknown>
[INFO] [stdout]    2:     0x60664e189c8b - <unknown>
[INFO] [stdout]    3:     0x60664e18976f - <unknown>
[INFO] [stdout]    4:     0x60664e18939a - <unknown>
[INFO] [stdout]    5:     0x60664e188ed5 - <unknown>
[INFO] [stdout]    6:     0x60664e1afd42 - <unknown>
[INFO] [stdout]    7:     0x60664e1afcc9 - <unknown>
[INFO] [stdout]    8:     0x60664e1b01cc - <unknown>
[INFO] [stdout]    9:     0x60664e16d0eb - <unknown>
[INFO] [stdout]   10:     0x60664e15640c - <unknown>
[INFO] [stdout]   11:     0x60664e1569e7 - <unknown>
[INFO] [stdout]   12:     0x60664e161d0e - <unknown>
[INFO] [stdout]   13:     0x60664e1cc89b - <unknown>
[INFO] [stdout]   14:     0x60664e1c8861 - <unknown>
[INFO] [stdout]   15:     0x60664e1c804c - <unknown>
[INFO] [stdout]   16:     0x60664e1e7cec - <unknown>
[INFO] [stdout]   17:     0x60664e1b1a44 - <unknown>
[INFO] [stdout]   18:     0x77f90f0d8dfa - <unknown>
[INFO] [stdout]   19:     0x77f90f16c3d4 - clone
[INFO] [stdout]   20:                0x0 - <unknown>
[INFO] [stdout] 
[INFO] [stdout] ---- test_raw_with_rust_preset_reads_cargo_toml stdout ----
[INFO] [stdout] 
[INFO] [stdout] thread 'test_raw_with_rust_preset_reads_cargo_toml' (1373) panicked at tests/cli_test.rs:38:5:
[INFO] [stdout] Could not find grubble binary. Build with 'cargo build' first.
[INFO] [stdout] stack backtrace:
[INFO] [stdout]    0:     0x60664e18a5f5 - <unknown>
[INFO] [stdout]    1:     0x60664e16d25a - <unknown>
[INFO] [stdout]    2:     0x60664e189c8b - <unknown>
[INFO] [stdout]    3:     0x60664e18976f - <unknown>
[INFO] [stdout]    4:     0x60664e18939a - <unknown>
[INFO] [stdout]    5:     0x60664e188ed5 - <unknown>
[INFO] [stdout]    6:     0x60664e1afd42 - <unknown>
[INFO] [stdout]    7:     0x60664e1afcc9 - <unknown>
[INFO] [stdout]    8:     0x60664e1b01cc - <unknown>
[INFO] [stdout]    9:     0x60664e16d0eb - <unknown>
[INFO] [stdout]   10:     0x60664e15640c - <unknown>
[INFO] [stdout]   11:     0x60664e1569e7 - <unknown>
[INFO] [stdout]   12:     0x60664e164eb1 - <unknown>
[INFO] [stdout]   13:     0x60664e1cc89b - <unknown>
[INFO] [stdout]   14:     0x60664e1c8861 - <unknown>
[INFO] [stdout]   15:     0x60664e1c804c - <unknown>
[INFO] [stdout]   16:     0x60664e1e7cec - <unknown>
[INFO] [stdout]   17:     0x60664e1b1a44 - <unknown>
[INFO] [stdout]   18:     0x77f90f0d8dfa - <unknown>
[INFO] [stdout]   19:     0x77f90f16c3d4 - clone
[INFO] [stdout]   20:                0x0 - <unknown>
[INFO] [stdout] 
[INFO] [stdout] ---- test_raw_with_node_preset_reads_package_json stdout ----
[INFO] [stdout] 
[INFO] [stdout] thread 'test_raw_with_node_preset_reads_package_json' (1331) panicked at tests/cli_test.rs:38:5:
[INFO] [stdout] Could not find grubble binary. Build with 'cargo build' first.
[INFO] [stdout] stack backtrace:
[INFO] [stdout]    0:     0x60664e18a5f5 - <unknown>
[INFO] [stdout]    1:     0x60664e16d25a - <unknown>
[INFO] [stdout]    2:     0x60664e189c8b - <unknown>
[INFO] [stdout]    3:     0x60664e18976f - <unknown>
[INFO] [stdout]    4:     0x60664e18939a - <unknown>
[INFO] [stdout]    5:     0x60664e188ed5 - <unknown>
[INFO] [stdout]    6:     0x60664e1afd42 - <unknown>
[INFO] [stdout]    7:     0x60664e1afcc9 - <unknown>
[INFO] [stdout]    8:     0x60664e1b01cc - <unknown>
[INFO] [stdout]    9:     0x60664e16d0eb - <unknown>
[INFO] [stdout]   10:     0x60664e15640c - <unknown>
[INFO] [stdout]   11:     0x60664e1569e7 - <unknown>
[INFO] [stdout]   12:     0x60664e166b71 - <unknown>
[INFO] [stdout]   13:     0x60664e1cc89b - <unknown>
[INFO] [stdout]   14:     0x60664e1c8861 - <unknown>
[INFO] [stdout]   15:     0x60664e1c804c - <unknown>
[INFO] [stdout]   16:     0x60664e1e7cec - <unknown>
[INFO] [stdout]   17:     0x60664e1b1a44 - <unknown>
[INFO] [stdout]   18:     0x77f90f0d8dfa - <unknown>
[INFO] [stdout]   19:     0x77f90f16c3d4 - clone
[INFO] [stdout]   20:                0x0 - <unknown>
[INFO] [stdout] 
[INFO] [stdout] ---- test_raw_no_further_bump_exit_code stdout ----
[INFO] [stdout] 
[INFO] [stdout] thread 'test_raw_no_further_bump_exit_code' (1324) panicked at tests/cli_test.rs:38:5:
[INFO] [stdout] Could not find grubble binary. Build with 'cargo build' first.
[INFO] [stdout] stack backtrace:
[INFO] [stdout]    0:     0x60664e18a5f5 - <unknown>
[INFO] [stdout]    1:     0x60664e16d25a - <unknown>
[INFO] [stdout]    2:     0x60664e189c8b - <unknown>
[INFO] [stdout]    3:     0x60664e18976f - <unknown>
[INFO] [stdout]    4:     0x60664e18939a - <unknown>
[INFO] [stdout]    5:     0x60664e188ed5 - <unknown>
[INFO] [stdout]    6:     0x60664e1afd42 - <unknown>
[INFO] [stdout]    7:     0x60664e1afcc9 - <unknown>
[INFO] [stdout]    8:     0x60664e1b01cc - <unknown>
[INFO] [stdout]    9:     0x60664e16d0eb - <unknown>
[INFO] [stdout]   10:     0x60664e15640c - <unknown>
[INFO] [stdout]   11:     0x60664e1569e7 - <unknown>
[INFO] [stdout]   12:     0x60664e161931 - <unknown>
[INFO] [stdout]   13:     0x60664e1cc89b - <unknown>
[INFO] [stdout]   14:     0x60664e1c8861 - <unknown>
[INFO] [stdout]   15:     0x60664e1c804c - <unknown>
[INFO] [stdout]   16:     0x60664e1e7cec - <unknown>
[INFO] [stdout]   17:     0x60664e1b1a44 - <unknown>
[INFO] [stdout]   18:     0x77f90f0d8dfa - <unknown>
[INFO] [stdout]   19:     0x77f90f16c3d4 - clone
[INFO] [stdout]   20:                0x0 - <unknown>
[INFO] [stdout] 
[INFO] [stdout] ---- test_runs_do_not_change_local_git_identity stdout ----
[INFO] [stdout] 
[INFO] [stdout] thread 'test_runs_do_not_change_local_git_identity' (1374) panicked at tests/cli_test.rs:38:5:
[INFO] [stdout] Could not find grubble binary. Build with 'cargo build' first.
[INFO] [stdout] stack backtrace:
[INFO] [stdout]    0:     0x60664e18a5f5 - <unknown>
[INFO] [stdout]    1:     0x60664e16d25a - <unknown>
[INFO] [stdout]    2:     0x60664e189c8b - <unknown>
[INFO] [stdout]    3:     0x60664e18976f - <unknown>
[INFO] [stdout]    4:     0x60664e18939a - <unknown>
[INFO] [stdout]    5:     0x60664e188ed5 - <unknown>
[INFO] [stdout]    6:     0x60664e1afd42 - <unknown>
[INFO] [stdout]    7:     0x60664e1afcc9 - <unknown>
[INFO] [stdout]    8:     0x60664e1b01cc - <unknown>
[INFO] [stdout]    9:     0x60664e16d0eb - <unknown>
[INFO] [stdout]   10:     0x60664e15640c - <unknown>
[INFO] [stdout]   11:     0x60664e1569e7 - <unknown>
[INFO] [stdout]   12:     0x60664e156d79 - <unknown>
[INFO] [stdout]   13:     0x60664e165291 - <unknown>
[INFO] [stdout]   14:     0x60664e1cc89b - <unknown>
[INFO] [stdout]   15:     0x60664e1c8861 - <unknown>
[INFO] [stdout]   16:     0x60664e1c804c - <unknown>
[INFO] [stdout]   17:     0x60664e1e7cec - <unknown>
[INFO] [stdout]   18:     0x60664e1b1a44 - <unknown>
[INFO] [stdout]   19:     0x77f90f0d8dfa - <unknown>
[INFO] [stdout]   20:     0x77f90f16c3d4 - clone
[INFO] [stdout]   21:                0x0 - <unknown>
[INFO] [stdout] 
[INFO] [stdout] ---- test_raw_with_python_preset_reads_version_constant stdout ----
[INFO] [stdout] 
[INFO] [stdout] thread 'test_raw_with_python_preset_reads_version_constant' (1353) panicked at tests/cli_test.rs:38:5:
[INFO] [stdout] Could not find grubble binary. Build with 'cargo build' first.
[INFO] [stdout] stack backtrace:
[INFO] [stdout]    0:     0x60664e18a5f5 - <unknown>
[INFO] [stdout]    1:     0x60664e16d25a - <unknown>
[INFO] [stdout]    2:     0x60664e189c8b - <unknown>
[INFO] [stdout]    3:     0x60664e18976f - <unknown>
[INFO] [stdout]    4:     0x60664e18939a - <unknown>
[INFO] [stdout]    5:     0x60664e188ed5 - <unknown>
[INFO] [stdout]    6:     0x60664e1afd42 - <unknown>
[INFO] [stdout]    7:     0x60664e1afcc9 - <unknown>
[INFO] [stdout]    8:     0x60664e1b01cc - <unknown>
[INFO] [stdout]    9:     0x60664e16d0eb - <unknown>
[INFO] [stdout]   10:     0x60664e15640c - <unknown>
[INFO] [stdout]   11:     0x60664e1569e7 - <unknown>
[INFO] [stdout]   12:     0x60664e1692b1 - <unknown>
[INFO] [stdout]   13:     0x60664e1cc89b - <unknown>
[INFO] [stdout]   14:     0x60664e1c8861 - <unknown>
[INFO] [stdout]   15:     0x60664e1c804c - <unknown>
[INFO] [stdout]   16:     0x60664e1e7cec - <unknown>
[INFO] [stdout]   17:     0x60664e1b1a44 - <unknown>
[INFO] [stdout]   18:     0x77f90f0d8dfa - <unknown>
[INFO] [stdout]   19:     0x77f90f16c3d4 - clone
[INFO] [stdout]   20:                0x0 - <unknown>
[INFO] [stdout] 
[INFO] [stdout] ---- test_validate_config_reports_invalid_json stdout ----
[INFO] [stdout] 
[INFO] [stdout] thread 'test_validate_config_reports_invalid_json' (1385) panicked at tests/cli_test.rs:38:5:
[INFO] [stdout] Could not find grubble binary. Build with 'cargo build' first.
[INFO] [stdout] stack backtrace:
[INFO] [stdout]    0:     0x60664e18a5f5 - <unknown>
[INFO] [stdout]    1:     0x60664e16d25a - <unknown>
[INFO] [stdout]    2:     0x60664e189c8b - <unknown>
[INFO] [stdout]    3:     0x60664e18976f - <unknown>
[INFO] [stdout]    4:     0x60664e18939a - <unknown>
[INFO] [stdout]    5:     0x60664e188ed5 - <unknown>
[INFO] [stdout]    6:     0x60664e1afd42 - <unknown>
[INFO] [stdout]    7:     0x60664e1afcc9 - <unknown>
[INFO] [stdout]    8:     0x60664e1b01cc - <unknown>
[INFO] [stdout]    9:     0x60664e16d0eb - <unknown>
[INFO] [stdout]   10:     0x60664e15640c - <unknown>
[INFO] [stdout]   11:     0x60664e1569e7 - <unknown>
[INFO] [stdout]   12:     0x60664e164b03 - <unknown>
[INFO] [stdout]   13:     0x60664e1cc89b - <unknown>
[INFO] [stdout]   14:     0x60664e1c8861 - <unknown>
[INFO] [stdout]   15:     0x60664e1c804c - <unknown>
[INFO] [stdout]   16:     0x60664e1e7cec - <unknown>
[INFO] [stdout]   17:     0x60664e1b1a44 - <unknown>
[INFO] [stdout]   18:     0x77f90f0d8dfa - <unknown>
[INFO] [stdout]   19:     0x77f90f16c3d4 - clone
[INFO] [stdout]   20:                0x0 - <unknown>
[INFO] [stdout] 
[INFO] [stdout] 
[INFO] [stdout] failures:
[INFO] [stdout]     test_bump_type_json_output
[INFO] [stdout]     test_bump_type_major
[INFO] [stdout]     test_bump_type_minor
[INFO] [stdout]     test_bump_type_no_commits
[INFO] [stdout]     test_bump_type_no_tag_scans_all_commits
[INFO] [stdout]     test_bump_type_patch
[INFO] [stdout]     test_default_git_identity_when_none_configured
[INFO] [stdout]     test_dry_run_bump_needed_exit_code
[INFO] [stdout]     test_dry_run_does_not_create_tags
[INFO] [stdout]     test_dry_run_does_not_modify_files
[INFO] [stdout]     test_dry_run_no_bump_exit_code
[INFO] [stdout]     test_dry_run_verbose_output
[INFO] [stdout]     test_error_exit_code
[INFO] [stdout]     test_explicit_git_identity_applies_without_changing_config
[INFO] [stdout]     test_file_ahead_of_tag_fails
[INFO] [stdout]     test_file_ahead_of_tag_succeeds_in_raw_mode
[INFO] [stdout]     test_file_behind_tag_syncs
[INFO] [stdout]     test_force_push_requires_git_branch
[INFO] [stdout]     test_force_push_without_push_succeeds_arg_layer
[INFO] [stdout]     test_initial_version_bump_type_minor
[INFO] [stdout]     test_initial_version_bump_type_patch
[INFO] [stdout]     test_initial_version_errors_when_tag_exists
[INFO] [stdout]     test_initial_version_invalid_semver
[INFO] [stdout]     test_initial_version_normal_bump_creates_tag
[INFO] [stdout]     test_initial_version_with_raw
[INFO] [stdout]     test_json_output_invalid_with_dry_run
[INFO] [stdout]     test_json_output_normal_run_no_bump
[INFO] [stdout]     test_json_output_normal_run_reports_previous_version_and_bump_type
[INFO] [stdout]     test_no_tag_proceeds_normally
[INFO] [stdout]     test_node_preset_preserves_key_order_and_updates_lockfile_root
[INFO] [stdout]     test_node_preset_preserves_tab_indent_and_crlf
[INFO] [stdout]     test_normal_run_no_bump_exit_code
[INFO] [stdout]     test_push_to_branch
[INFO] [stdout]     test_push_to_branch_with_force_tags
[INFO] [stdout]     test_python_file_ahead_of_tag_fails
[INFO] [stdout]     test_python_file_behind_tag_syncs
[INFO] [stdout]     test_python_preset_bumps_pyproject_and_constant
[INFO] [stdout]     test_raw_json_output
[INFO] [stdout]     test_raw_json_output_reports_previous_version_and_bump_type
[INFO] [stdout]     test_raw_no_further_bump_exit_code
[INFO] [stdout]     test_raw_with_git_preset_unchanged
[INFO] [stdout]     test_raw_with_node_preset_reads_package_json
[INFO] [stdout]     test_raw_with_python_preset_reads_configured_package_files_array
[INFO] [stdout]     test_raw_with_python_preset_reads_pyproject_toml
[INFO] [stdout]     test_raw_with_python_preset_reads_version_constant
[INFO] [stdout]     test_raw_with_rust_preset_reads_cargo_toml
[INFO] [stdout]     test_runs_do_not_change_local_git_identity
[INFO] [stdout]     test_validate_config_reports_invalid_json
[INFO] [stdout]     test_version_flags
[INFO] [stdout] 
[INFO] [stdout] test result: FAILED. 0 passed; 49 failed; 0 ignored; 0 measured; 0 filtered out; finished in 0.38s
[INFO] [stdout] 
[INFO] running `Command { std: "docker" "inspect" "58221d24e2ca81cdfbd73175ddf9926425fc24474e1321f83e4310bba75e8dd1", kill_on_drop: false }`
[INFO] running `Command { std: "docker" "rm" "-f" "58221d24e2ca81cdfbd73175ddf9926425fc24474e1321f83e4310bba75e8dd1", kill_on_drop: false }`
[INFO] [stdout] 58221d24e2ca81cdfbd73175ddf9926425fc24474e1321f83e4310bba75e8dd1
