[INFO] fetching crate grrs_wenshei 0.1.0...
[INFO] testing grrs_wenshei-0.1.0 against 1.99.0-beta.8+cargoflags=--release for beta-release-1.100-2
[INFO] extracting crate grrs_wenshei 0.1.0 into /workspace/builds/worker-6-tc1/source
[INFO] started tweaking crates.io crate grrs_wenshei 0.1.0
[INFO] finished tweaking crates.io crate grrs_wenshei 0.1.0
[INFO] tweaked toml for crates.io crate grrs_wenshei 0.1.0 written to /workspace/builds/worker-6-tc1/source/Cargo.toml
[INFO] validating manifest of crates.io crate grrs_wenshei 0.1.0 on toolchain 1.99.0-beta.8
[INFO] running `Command { std: CARGO_HOME="/workspace/cargo-home" RUSTUP_HOME="/workspace/rustup-home" "/workspace/cargo-home/bin/cargo" "+1.99.0-beta.8" "metadata" "--manifest-path" "Cargo.toml" "--no-deps", kill_on_drop: false }`
[INFO] crate crates.io crate grrs_wenshei 0.1.0 already has a lockfile, it will not be regenerated
[INFO] running `Command { std: CARGO_HOME="/workspace/cargo-home" RUSTUP_HOME="/workspace/rustup-home" "/workspace/cargo-home/bin/cargo" "+1.99.0-beta.8" "fetch" "--manifest-path" "Cargo.toml", kill_on_drop: false }`
[INFO] [stderr]     Updating crates.io index
[INFO] [stderr]  Downloading crates ...
[INFO] [stderr]   Downloaded aho-corasick v1.0.2
[INFO] [stderr]   Downloaded predicates-tree v1.0.9
[INFO] [stderr]   Downloaded predicates-core v1.0.6
[INFO] [stderr]   Downloaded predicates v3.0.3
[INFO] [stderr]   Downloaded assert_fs v1.0.13
[INFO] [stderr]   Downloaded assert_cmd v2.0.11
[INFO] [stderr]   Downloaded proc-macro2 v1.0.60
[INFO] [stderr]   Downloaded tempfile v3.6.0
[INFO] [stderr]   Downloaded log v0.4.19
[INFO] [stderr]   Downloaded anyhow v1.0.71
[INFO] [stderr]   Downloaded clap v4.3.5
[INFO] [stderr]   Downloaded serde v1.0.164
[INFO] [stderr]   Downloaded clap_builder v4.3.5
[INFO] [stderr]   Downloaded regex v1.8.4
[INFO] [stderr]   Downloaded regex-syntax v0.7.2
[INFO] [stderr]   Downloaded rustix v0.37.20
[INFO] [stderr]   Downloaded bstr v1.5.0
[INFO] [stderr]   Downloaded libc v0.2.146
[INFO] [stderr]   Downloaded linux-raw-sys v0.3.8
[INFO] running `Command { std: "docker" "create" "-v" "/var/lib/crater-agent-workspace/builds/worker-6-tc1/source:/opt/rustwide/workdir:ro,Z" "-v" "/var/lib/crater-agent-workspace/builds/worker-6-tc1/target:/opt/rustwide/target:rw,Z" "-v" "/var/lib/crater-agent-workspace/cargo-home:/opt/rustwide/cargo-home:ro,Z" "-v" "/var/lib/crater-agent-workspace/rustup-home:/opt/rustwide/rustup-home:ro,Z" "-m" "1610612736" "--network" "none" "ghcr.io/rust-lang/crates-build-env/linux@sha256:77db811e55d90add9212f6832c23229e3de5f1c1f9905e8cb07319ea15df73ac" "sleep" "infinity", kill_on_drop: false }`
[INFO] [stdout] 665186a5e202b7ebeea6cded5017614ad74ce2f9d944ece7f4bed9620f19cbc1
[INFO] running `Command { std: "docker" "start" "665186a5e202b7ebeea6cded5017614ad74ce2f9d944ece7f4bed9620f19cbc1", kill_on_drop: false }`
[INFO] running `Command { std: "docker" "inspect" "665186a5e202b7ebeea6cded5017614ad74ce2f9d944ece7f4bed9620f19cbc1", kill_on_drop: false }`
[INFO] running `Command { std: "docker" "exec" "-e" "SOURCE_DIR=/opt/rustwide/workdir" "-e" "CARGO_HOME=/opt/rustwide/cargo-home" "-e" "RUSTUP_HOME=/opt/rustwide/rustup-home" "-e" "CARGO_TARGET_DIR=/opt/rustwide/target" "-w" "/opt/rustwide/workdir" "--user" "0:0" "665186a5e202b7ebeea6cded5017614ad74ce2f9d944ece7f4bed9620f19cbc1" "/opt/rustwide/cargo-home/bin/cargo" "+1.99.0-beta.8" "metadata" "--no-deps" "--format-version=1", kill_on_drop: false }`
[INFO] running `Command { std: "docker" "inspect" "665186a5e202b7ebeea6cded5017614ad74ce2f9d944ece7f4bed9620f19cbc1", kill_on_drop: false }`
[INFO] running `Command { std: "docker" "exec" "-e" "SOURCE_DIR=/opt/rustwide/workdir" "-e" "CARGO_HOME=/opt/rustwide/cargo-home" "-e" "RUSTUP_HOME=/opt/rustwide/rustup-home" "-e" "CARGO_TARGET_DIR=/opt/rustwide/target" "-e" "CARGO_INCREMENTAL=0" "-e" "RUST_BACKTRACE=full" "-e" "RUSTFLAGS=--cap-lints=warn" "-e" "RUSTDOCFLAGS=--cap-lints=warn" "-w" "/opt/rustwide/workdir" "--user" "0:0" "665186a5e202b7ebeea6cded5017614ad74ce2f9d944ece7f4bed9620f19cbc1" "/opt/rustwide/cargo-home/bin/cargo" "+1.99.0-beta.8" "build" "--frozen" "--message-format=json" "--release", kill_on_drop: false }`
[INFO] [stderr]    Compiling libc v0.2.146
[INFO] [stderr]    Compiling io-lifetimes v1.0.11
[INFO] [stderr]    Compiling rustix v0.37.20
[INFO] [stderr]    Compiling proc-macro2 v1.0.60
[INFO] [stderr]    Compiling linux-raw-sys v0.3.8
[INFO] [stderr]    Compiling unicode-ident v1.0.9
[INFO] [stderr]    Compiling quote v1.0.28
[INFO] [stderr]    Compiling memchr v2.5.0
[INFO] [stderr]    Compiling anstyle v1.0.1
[INFO] [stderr]    Compiling anyhow v1.0.71
[INFO] [stderr]    Compiling anstyle-parse v0.2.1
[INFO] [stderr]    Compiling clap_lex v0.5.0
[INFO] [stderr]    Compiling regex-syntax v0.7.2
[INFO] [stderr]    Compiling once_cell v1.18.0
[INFO] [stderr]    Compiling termcolor v1.2.0
[INFO] [stderr]    Compiling log v0.4.19
[INFO] [stderr]    Compiling syn v2.0.18
[INFO] [stderr]    Compiling aho-corasick v1.0.2
[INFO] [stderr]    Compiling regex v1.8.4
[INFO] [stderr]    Compiling clap_derive v4.3.2
[INFO] [stderr]    Compiling is-terminal v0.4.7
[INFO] [stderr]    Compiling anstream v0.3.2
[INFO] [stderr]    Compiling env_logger v0.10.0
[INFO] [stderr]    Compiling clap_builder v4.3.5
[INFO] [stderr]    Compiling clap v4.3.5
[INFO] [stderr]    Compiling grrs_wenshei v0.1.0 (/opt/rustwide/workdir)
[INFO] [stderr]     Finished `release` profile [optimized] target(s) in 26.95s
[INFO] running `Command { std: "docker" "inspect" "665186a5e202b7ebeea6cded5017614ad74ce2f9d944ece7f4bed9620f19cbc1", kill_on_drop: false }`
[INFO] running `Command { std: "docker" "exec" "-e" "SOURCE_DIR=/opt/rustwide/workdir" "-e" "CARGO_HOME=/opt/rustwide/cargo-home" "-e" "RUSTUP_HOME=/opt/rustwide/rustup-home" "-e" "CARGO_TARGET_DIR=/opt/rustwide/target" "-e" "CARGO_INCREMENTAL=0" "-e" "RUST_BACKTRACE=full" "-e" "RUSTFLAGS=--cap-lints=warn" "-e" "RUSTDOCFLAGS=--cap-lints=warn" "-w" "/opt/rustwide/workdir" "--user" "0:0" "665186a5e202b7ebeea6cded5017614ad74ce2f9d944ece7f4bed9620f19cbc1" "/opt/rustwide/cargo-home/bin/cargo" "+1.99.0-beta.8" "test" "--frozen" "--no-run" "--message-format=json" "--release", kill_on_drop: false }`
[INFO] [stderr]    Compiling num-traits v0.2.15
[INFO] [stderr]    Compiling regex-automata v0.1.10
[INFO] [stderr]    Compiling aho-corasick v0.7.20
[INFO] [stderr]    Compiling doc-comment v0.3.3
[INFO] [stderr]    Compiling predicates-core v1.0.6
[INFO] [stderr]    Compiling either v1.8.1
[INFO] [stderr]    Compiling walkdir v2.3.3
[INFO] [stderr]    Compiling thread_local v1.1.7
[INFO] [stderr]    Compiling tempfile v3.6.0
[INFO] [stderr]    Compiling termtree v0.4.1
[INFO] [stderr]    Compiling normalize-line-endings v0.3.0
[INFO] [stderr]    Compiling difflib v0.4.0
[INFO] [stderr]    Compiling fastrand v1.9.0
[INFO] [stderr]    Compiling wait-timeout v0.2.0
[INFO] [stderr]    Compiling predicates-tree v1.0.9
[INFO] [stderr]    Compiling itertools v0.10.5
[INFO] [stderr]    Compiling bstr v1.5.0
[INFO] [stderr]    Compiling globset v0.4.10
[INFO] [stderr]    Compiling float-cmp v0.9.0
[INFO] [stderr]    Compiling ignore v0.4.20
[INFO] [stderr]    Compiling globwalk v0.8.1
[INFO] [stderr]    Compiling predicates v3.0.3
[INFO] [stderr]    Compiling assert_fs v1.0.13
[INFO] [stderr]    Compiling assert_cmd v2.0.11
[INFO] [stderr]    Compiling grrs_wenshei v0.1.0 (/opt/rustwide/workdir)
[INFO] [stderr]     Finished `release` profile [optimized] target(s) in 13.59s
[INFO] running `Command { std: "docker" "inspect" "665186a5e202b7ebeea6cded5017614ad74ce2f9d944ece7f4bed9620f19cbc1", kill_on_drop: false }`
[INFO] running `Command { std: "docker" "exec" "-e" "SOURCE_DIR=/opt/rustwide/workdir" "-e" "CARGO_HOME=/opt/rustwide/cargo-home" "-e" "RUSTUP_HOME=/opt/rustwide/rustup-home" "-e" "CARGO_TARGET_DIR=/opt/rustwide/target" "-e" "CARGO_INCREMENTAL=0" "-e" "RUST_BACKTRACE=full" "-e" "RUSTFLAGS=--cap-lints=warn" "-e" "RUSTDOCFLAGS=--cap-lints=warn" "-w" "/opt/rustwide/workdir" "--user" "0:0" "665186a5e202b7ebeea6cded5017614ad74ce2f9d944ece7f4bed9620f19cbc1" "/opt/rustwide/cargo-home/bin/cargo" "+1.99.0-beta.8" "test" "--frozen" "--release", kill_on_drop: false }`
[INFO] [stderr]     Finished `release` profile [optimized] target(s) in 0.10s
[INFO] [stderr]      Running unittests src/lib.rs (/opt/rustwide/target/release/deps/grrs_wenshei-366a6c290095bc65)
[INFO] [stdout] 
[INFO] [stdout] running 1 test
[INFO] [stdout] test find_a_match ... ok
[INFO] [stderr]      Running unittests src/main.rs (/opt/rustwide/target/release/deps/grrs_wenshei-5936df759532b034)
[INFO] [stdout] 
[INFO] [stdout] test result: ok. 1 passed; 0 failed; 0 ignored; 0 measured; 0 filtered out; finished in 0.00s
[INFO] [stdout] 
[INFO] [stdout] 
[INFO] [stdout] running 0 tests
[INFO] [stdout] 
[INFO] [stdout] test result: ok. 0 passed; 0 failed; 0 ignored; 0 measured; 0 filtered out; finished in 0.00s
[INFO] [stdout] 
[INFO] [stderr]      Running tests/cli.rs (/opt/rustwide/target/release/deps/cli-4b0ec1cb33560aee)
[INFO] [stdout] 
[INFO] [stdout] running 3 tests
[INFO] [stdout] test empty_string_as_pattern ... FAILED
[INFO] [stdout] test find_content_in_file ... FAILED
[INFO] [stderr] error: test failed, to rerun pass `--test cli`
[INFO] [stdout] test file_doesnt_exist ... FAILED
[INFO] [stdout] 
[INFO] [stdout] failures:
[INFO] [stdout] 
[INFO] [stdout] ---- empty_string_as_pattern stdout ----
[INFO] [stdout] Error: CargoError { cause: Some(NotFoundError { path: "/opt/rustwide/target/release/grrs" }) }
[INFO] [stdout] 
[INFO] [stdout] ---- find_content_in_file stdout ----
[INFO] [stdout] Error: CargoError { cause: Some(NotFoundError { path: "/opt/rustwide/target/release/grrs" }) }
[INFO] [stdout] 
[INFO] [stdout] ---- file_doesnt_exist stdout ----
[INFO] [stdout] Error: CargoError { cause: Some(NotFoundError { path: "/opt/rustwide/target/release/grrs" }) }
[INFO] [stdout] 
[INFO] [stdout] 
[INFO] [stdout] failures:
[INFO] [stdout]     empty_string_as_pattern
[INFO] [stdout]     file_doesnt_exist
[INFO] [stdout]     find_content_in_file
[INFO] [stdout] 
[INFO] [stdout] test result: FAILED. 0 passed; 3 failed; 0 ignored; 0 measured; 0 filtered out; finished in 0.01s
[INFO] [stdout] 
[INFO] running `Command { std: "docker" "inspect" "665186a5e202b7ebeea6cded5017614ad74ce2f9d944ece7f4bed9620f19cbc1", kill_on_drop: false }`
[INFO] running `Command { std: "docker" "rm" "-f" "665186a5e202b7ebeea6cded5017614ad74ce2f9d944ece7f4bed9620f19cbc1", kill_on_drop: false }`
[INFO] [stdout] 665186a5e202b7ebeea6cded5017614ad74ce2f9d944ece7f4bed9620f19cbc1
