[INFO] fetching crate ground-motion-lib 0.1.3...
[INFO] testing ground-motion-lib-0.1.3 against 1.99.0-beta.8+cargoflags=--release for beta-release-1.100-2
[INFO] extracting crate ground-motion-lib 0.1.3 into /workspace/builds/worker-2-tc1/source
[INFO] started tweaking crates.io crate ground-motion-lib 0.1.3
[INFO] removed 0 missing tests
[INFO] finished tweaking crates.io crate ground-motion-lib 0.1.3
[INFO] tweaked toml for crates.io crate ground-motion-lib 0.1.3 written to /workspace/builds/worker-2-tc1/source/Cargo.toml
[INFO] validating manifest of crates.io crate ground-motion-lib 0.1.3 on toolchain 1.99.0-beta.8
[INFO] running `Command { std: CARGO_HOME="/workspace/cargo-home" RUSTUP_HOME="/workspace/rustup-home" "/workspace/cargo-home/bin/cargo" "+1.99.0-beta.8" "metadata" "--manifest-path" "Cargo.toml" "--no-deps", kill_on_drop: false }`
[INFO] crate crates.io crate ground-motion-lib 0.1.3 already has a lockfile, it will not be regenerated
[INFO] running `Command { std: CARGO_HOME="/workspace/cargo-home" RUSTUP_HOME="/workspace/rustup-home" "/workspace/cargo-home/bin/cargo" "+1.99.0-beta.8" "fetch" "--manifest-path" "Cargo.toml", kill_on_drop: false }`
[INFO] [stderr]     Blocking waiting for file lock on package cache
[INFO] [stderr]     Blocking waiting for file lock on package cache
[INFO] [stderr]  Downloading crates ...
[INFO] [stderr]   Downloaded i_shape v1.7.0
[INFO] [stderr]   Downloaded i_tree v0.8.3
[INFO] [stderr]   Downloaded i_float v1.7.0
[INFO] [stderr]   Downloaded i_key_sort v0.2.0
[INFO] [stderr]   Downloaded i_overlay v2.0.5
[INFO] [stderr]   Downloaded geographiclib-rs v0.2.5
[INFO] [stderr]   Downloaded geo-types v0.7.16
[INFO] [stderr]   Downloaded geo v0.30.0
[INFO] [stderr]   Downloaded spade v2.13.1
[INFO] running `Command { std: "docker" "create" "-v" "/var/lib/crater-agent-workspace/builds/worker-2-tc1/source:/opt/rustwide/workdir:ro,Z" "-v" "/var/lib/crater-agent-workspace/builds/worker-2-tc1/target:/opt/rustwide/target:rw,Z" "-v" "/var/lib/crater-agent-workspace/cargo-home:/opt/rustwide/cargo-home:ro,Z" "-v" "/var/lib/crater-agent-workspace/rustup-home:/opt/rustwide/rustup-home:ro,Z" "-m" "1610612736" "--network" "none" "ghcr.io/rust-lang/crates-build-env/linux@sha256:77db811e55d90add9212f6832c23229e3de5f1c1f9905e8cb07319ea15df73ac" "sleep" "infinity", kill_on_drop: false }`
[INFO] [stdout] 350b2d2deb4d2d7282ed741b57c6f27af43d2abd5bb218fb56285e20f7a78a24
[INFO] running `Command { std: "docker" "start" "350b2d2deb4d2d7282ed741b57c6f27af43d2abd5bb218fb56285e20f7a78a24", kill_on_drop: false }`
[INFO] running `Command { std: "docker" "inspect" "350b2d2deb4d2d7282ed741b57c6f27af43d2abd5bb218fb56285e20f7a78a24", kill_on_drop: false }`
[INFO] running `Command { std: "docker" "exec" "-e" "SOURCE_DIR=/opt/rustwide/workdir" "-e" "CARGO_HOME=/opt/rustwide/cargo-home" "-e" "RUSTUP_HOME=/opt/rustwide/rustup-home" "-e" "CARGO_TARGET_DIR=/opt/rustwide/target" "-w" "/opt/rustwide/workdir" "--user" "0:0" "350b2d2deb4d2d7282ed741b57c6f27af43d2abd5bb218fb56285e20f7a78a24" "/opt/rustwide/cargo-home/bin/cargo" "+1.99.0-beta.8" "metadata" "--no-deps" "--format-version=1", kill_on_drop: false }`
[INFO] running `Command { std: "docker" "inspect" "350b2d2deb4d2d7282ed741b57c6f27af43d2abd5bb218fb56285e20f7a78a24", kill_on_drop: false }`
[INFO] running `Command { std: "docker" "exec" "-e" "SOURCE_DIR=/opt/rustwide/workdir" "-e" "CARGO_HOME=/opt/rustwide/cargo-home" "-e" "RUSTUP_HOME=/opt/rustwide/rustup-home" "-e" "CARGO_TARGET_DIR=/opt/rustwide/target" "-e" "CARGO_INCREMENTAL=0" "-e" "RUST_BACKTRACE=full" "-e" "RUSTFLAGS=--cap-lints=warn" "-e" "RUSTDOCFLAGS=--cap-lints=warn" "-w" "/opt/rustwide/workdir" "--user" "0:0" "350b2d2deb4d2d7282ed741b57c6f27af43d2abd5bb218fb56285e20f7a78a24" "/opt/rustwide/cargo-home/bin/cargo" "+1.99.0-beta.8" "build" "--frozen" "--message-format=json" "--release", kill_on_drop: false }`
[INFO] [stderr]    Compiling proc-macro2 v1.0.94
[INFO] [stderr]    Compiling autocfg v1.4.0
[INFO] [stderr]    Compiling serde v1.0.219
[INFO] [stderr]    Compiling rayon-core v1.12.1
[INFO] [stderr]    Compiling smallvec v1.15.0
[INFO] [stderr]    Compiling stable_deref_trait v1.2.0
[INFO] [stderr]    Compiling i_key_sort v0.2.0
[INFO] [stderr]    Compiling hash32 v0.3.1
[INFO] [stderr]    Compiling hashbrown v0.15.3
[INFO] [stderr]    Compiling itertools v0.11.0
[INFO] [stderr]    Compiling robust v1.2.0
[INFO] [stderr]    Compiling i_tree v0.8.3
[INFO] [stderr]    Compiling memchr v2.7.4
[INFO] [stderr]    Compiling float_next_after v1.0.0
[INFO] [stderr]    Compiling geographiclib-rs v0.2.5
[INFO] [stderr]    Compiling heapless v0.8.0
[INFO] [stderr]    Compiling num-traits v0.2.19
[INFO] [stderr]    Compiling rayon v1.10.0
[INFO] [stderr]    Compiling csv-core v0.1.12
[INFO] [stderr]    Compiling quote v1.0.40
[INFO] [stderr]    Compiling syn v2.0.100
[INFO] [stderr]    Compiling rstar v0.12.2
[INFO] [stderr]    Compiling approx v0.5.1
[INFO] [stderr]    Compiling spade v2.13.1
[INFO] [stderr]    Compiling earcutr v0.4.3
[INFO] [stderr]    Compiling serde_derive v1.0.219
[INFO] [stderr]    Compiling geo-types v0.7.16
[INFO] [stderr]    Compiling i_float v1.7.0
[INFO] [stderr]    Compiling csv v1.3.1
[INFO] [stderr]    Compiling i_shape v1.7.0
[INFO] [stderr]    Compiling i_overlay v2.0.5
[INFO] [stderr]    Compiling geo v0.30.0
[INFO] [stderr]    Compiling ground-motion-lib v0.1.3 (/opt/rustwide/workdir)
[INFO] [stderr]     Finished `release` profile [optimized] target(s) in 43.78s
[INFO] running `Command { std: "docker" "inspect" "350b2d2deb4d2d7282ed741b57c6f27af43d2abd5bb218fb56285e20f7a78a24", kill_on_drop: false }`
[INFO] running `Command { std: "docker" "exec" "-e" "SOURCE_DIR=/opt/rustwide/workdir" "-e" "CARGO_HOME=/opt/rustwide/cargo-home" "-e" "RUSTUP_HOME=/opt/rustwide/rustup-home" "-e" "CARGO_TARGET_DIR=/opt/rustwide/target" "-e" "CARGO_INCREMENTAL=0" "-e" "RUST_BACKTRACE=full" "-e" "RUSTFLAGS=--cap-lints=warn" "-e" "RUSTDOCFLAGS=--cap-lints=warn" "-w" "/opt/rustwide/workdir" "--user" "0:0" "350b2d2deb4d2d7282ed741b57c6f27af43d2abd5bb218fb56285e20f7a78a24" "/opt/rustwide/cargo-home/bin/cargo" "+1.99.0-beta.8" "test" "--frozen" "--no-run" "--message-format=json" "--release", kill_on_drop: false }`
[INFO] [stderr]    Compiling ground-motion-lib v0.1.3 (/opt/rustwide/workdir)
[INFO] [stderr]     Finished `release` profile [optimized] target(s) in 3.39s
[INFO] running `Command { std: "docker" "inspect" "350b2d2deb4d2d7282ed741b57c6f27af43d2abd5bb218fb56285e20f7a78a24", kill_on_drop: false }`
[INFO] running `Command { std: "docker" "exec" "-e" "SOURCE_DIR=/opt/rustwide/workdir" "-e" "CARGO_HOME=/opt/rustwide/cargo-home" "-e" "RUSTUP_HOME=/opt/rustwide/rustup-home" "-e" "CARGO_TARGET_DIR=/opt/rustwide/target" "-e" "CARGO_INCREMENTAL=0" "-e" "RUST_BACKTRACE=full" "-e" "RUSTFLAGS=--cap-lints=warn" "-e" "RUSTDOCFLAGS=--cap-lints=warn" "-w" "/opt/rustwide/workdir" "--user" "0:0" "350b2d2deb4d2d7282ed741b57c6f27af43d2abd5bb218fb56285e20f7a78a24" "/opt/rustwide/cargo-home/bin/cargo" "+1.99.0-beta.8" "test" "--frozen" "--release", kill_on_drop: false }`
[INFO] [stderr]     Finished `release` profile [optimized] target(s) in 0.06s
[INFO] [stderr]      Running unittests src/lib.rs (/opt/rustwide/target/release/deps/ground_motion_lib-b7bc50d1829e327a)
[INFO] [stdout] 
[INFO] [stdout] running 8 tests
[INFO] [stdout] test auxilary::tests::test_round_to_more_places ... ok
[INFO] [stdout] test auxilary::tests::test_approx_equal_true ... ok
[INFO] [stdout] test auxilary::tests::test_approx_equal_false ... ok
[INFO] [stdout] test auxilary::tests::test_approx_equal_with_small_epsilon ... ok
[INFO] [stdout] test auxilary::tests::test_round_to_places ... ok
[INFO] [stdout] test auxilary::tests::test_approx_equal_exact ... ok
[INFO] [stdout] test auxilary::tests::test_round_zero_places ... ok
[INFO] [stdout] test vectorized::tests::test_compute_stats ... ok
[INFO] [stdout] 
[INFO] [stdout] test result: ok. 8 passed; 0 failed; 0 ignored; 0 measured; 0 filtered out; finished in 0.01s
[INFO] [stdout] 
[INFO] [stderr]      Running tests/test_mf2013.rs (/opt/rustwide/target/release/deps/test_mf2013-5e1c3aff8d3f4afe)
[INFO] [stdout] 
[INFO] [stdout] running 2 tests
[INFO] [stdout] test test_mf2013_const_dl ... ok
[INFO] [stdout] test test_mf2013_dl_on_grid ... ok
[INFO] [stdout] 
[INFO] [stdout] test result: ok. 2 passed; 0 failed; 0 ignored; 0 measured; 0 filtered out; finished in 0.10s
[INFO] [stdout] 
[INFO] [stderr]      Running tests/test_readers.rs (/opt/rustwide/target/release/deps/test_readers-344a14f17b801152)
[INFO] [stdout] 
[INFO] [stdout] running 2 tests
[INFO] [stdout] test test_read_usgs_vs_30_grid_with_dl ... ok
[INFO] [stdout] test test_read_usgs_vs_30_grid_wo_dl ... ok
[INFO] [stdout] 
[INFO] [stdout] test result: ok. 2 passed; 0 failed; 0 ignored; 0 measured; 0 filtered out; finished in 0.00s
[INFO] [stdout] 
[INFO] [stderr]    Doc-tests ground_motion_lib
[INFO] [stdout] 
[INFO] [stdout] running 10 tests
[INFO] [stdout] test src/readers.rs - readers::read_vs30_points (line 72) ... ok
[INFO] [stdout] test src/configs.rs - configs::get_mf2013_lib_configs (line 25) ... ok
[INFO] [stdout] test src/vectorized.rs - vectorized (line 29) ... ok
[INFO] [stdout] test src/gmm.rs - gmm::Vs30Point::new (line 106) ... ok
[INFO] [stdout] test src/vectorized.rs - vectorized::compute_stats (line 177) ... ok
[INFO] [stdout] test src/auxilary.rs - auxilary::round_to_places (line 51) ... ok
[INFO] [stdout] test src/auxilary.rs - auxilary::approx_equal (line 30) ... ok
[INFO] [stdout] test src/vectorized.rs - vectorized::calc_gmpe_vec (line 95) ... ok
[INFO] [stdout] test src/lib.rs - (line 29) ... ok
[INFO] [stdout] test src/writers.rs - writers::write_gmpe_points (line 58) ... FAILED
[INFO] [stdout] 
[INFO] [stdout] failures:
[INFO] [stdout] 
[INFO] [stdout] ---- src/writers.rs - writers::write_gmpe_points (line 58) stdout ----
[INFO] [stdout] Test executable failed (exit status: 101).
[INFO] [stdout] 
[INFO] [stdout] stderr:
[INFO] [stdout] 
[INFO] [stdout] thread 'main' (862) panicked at /tmp/rustdoctestTDJHI8/doctest_bundle_2024.rs:174:49:
[INFO] [stdout] called `Result::unwrap()` on an `Err` value: Os { code: 30, kind: ReadOnlyFilesystem, message: "Read-only file system" }
[INFO] [stdout] stack backtrace:
[INFO] [stdout]    0:     0x614b94243471 - std[70759c8f55707aa4]::backtrace_rs::backtrace::libunwind::trace
[INFO] [stdout]                                at /rustc/dfb0accb7f508ae8be965d8629557221c889dd98/library/std/src/../../backtrace/src/backtrace/libunwind.rs:117:9
[INFO] [stdout]    1:     0x614b94243471 - std[70759c8f55707aa4]::backtrace_rs::backtrace::trace_unsynchronized::<std[70759c8f55707aa4]::sys::backtrace::_print_fmt::{closure#1}>
[INFO] [stdout]                                at /rustc/dfb0accb7f508ae8be965d8629557221c889dd98/library/std/src/../../backtrace/src/backtrace/mod.rs:66:14
[INFO] [stdout]    2:     0x614b94243471 - std[70759c8f55707aa4]::sys::backtrace::_print_fmt
[INFO] [stdout]                                at /rustc/dfb0accb7f508ae8be965d8629557221c889dd98/library/std/src/sys/backtrace.rs:74:9
[INFO] [stdout]    3:     0x614b94243471 - <<std[70759c8f55707aa4]::sys::backtrace::BacktraceLock>::print::DisplayBacktrace as core[df12db4294e9bfd3]::fmt::Display>::fmt
[INFO] [stdout]                                at /rustc/dfb0accb7f508ae8be965d8629557221c889dd98/library/std/src/sys/backtrace.rs:44:26
[INFO] [stdout]    4:     0x614b942586ca - <core[df12db4294e9bfd3]::fmt::rt::Argument>::fmt
[INFO] [stdout]                                at /rustc/dfb0accb7f508ae8be965d8629557221c889dd98/library/core/src/fmt/rt.rs:152:76
[INFO] [stdout]    5:     0x614b942586ca - core[df12db4294e9bfd3]::fmt::write
[INFO] [stdout]    6:     0x614b9424886c - core[df12db4294e9bfd3]::io::write::default_write_fmt::<std[70759c8f55707aa4]::sys::stdio::unix::Stderr>
[INFO] [stdout]                                at /rustc/dfb0accb7f508ae8be965d8629557221c889dd98/library/core/src/io/write.rs:402:11
[INFO] [stdout]    7:     0x614b9424886c - <std[70759c8f55707aa4]::sys::stdio::unix::Stderr as core[df12db4294e9bfd3]::io::write::Write>::write_fmt
[INFO] [stdout]                                at /rustc/dfb0accb7f508ae8be965d8629557221c889dd98/library/core/src/io/write.rs:335:13
[INFO] [stdout]    8:     0x614b9421f416 - <std[70759c8f55707aa4]::sys::backtrace::BacktraceLock>::print
[INFO] [stdout]                                at /rustc/dfb0accb7f508ae8be965d8629557221c889dd98/library/std/src/sys/backtrace.rs:47:9
[INFO] [stdout]    9:     0x614b9421f416 - std[70759c8f55707aa4]::panicking::default_hook::{closure#0}
[INFO] [stdout]                                at /rustc/dfb0accb7f508ae8be965d8629557221c889dd98/library/std/src/panicking.rs:292:27
[INFO] [stdout]   10:     0x614b9423b901 - std[70759c8f55707aa4]::panicking::default_hook
[INFO] [stdout]                                at /rustc/dfb0accb7f508ae8be965d8629557221c889dd98/library/std/src/panicking.rs:319:9
[INFO] [stdout]   11:     0x614b9423bc2b - std[70759c8f55707aa4]::panicking::panic_with_hook
[INFO] [stdout]                                at /rustc/dfb0accb7f508ae8be965d8629557221c889dd98/library/std/src/panicking.rs:815:13
[INFO] [stdout]   12:     0x614b9421f4c2 - std[70759c8f55707aa4]::panicking::panic_handler::{closure#0}
[INFO] [stdout]                                at /rustc/dfb0accb7f508ae8be965d8629557221c889dd98/library/std/src/panicking.rs:688:13
[INFO] [stdout]   13:     0x614b94218199 - std[70759c8f55707aa4]::sys::backtrace::__rust_end_short_backtrace::<std[70759c8f55707aa4]::panicking::panic_handler::{closure#0}, !>
[INFO] [stdout]                                at /rustc/dfb0accb7f508ae8be965d8629557221c889dd98/library/std/src/sys/backtrace.rs:182:18
[INFO] [stdout]   14:     0x614b9422023d - __rustc[8fa7c3cbc660c2b3]::rust_begin_unwind
[INFO] [stdout]                                at /rustc/dfb0accb7f508ae8be965d8629557221c889dd98/library/std/src/panicking.rs:679:5
[INFO] [stdout]   15:     0x614b94258e9c - core[df12db4294e9bfd3]::panicking::panic_fmt
[INFO] [stdout]                                at /rustc/dfb0accb7f508ae8be965d8629557221c889dd98/library/core/src/panicking.rs:80:14
[INFO] [stdout]   16:     0x614b94258c12 - core[df12db4294e9bfd3]::result::unwrap_failed
[INFO] [stdout]                                at /rustc/dfb0accb7f508ae8be965d8629557221c889dd98/library/core/src/result.rs:1871:5
[INFO] [stdout]   17:     0x614b941ac41f - doctest_bundle_2024[72c4b0461e1faad2]::__doctest_9::main
[INFO] [stdout]   18:     0x614b941ac49e - doctest_bundle_2024[72c4b0461e1faad2]::__doctest_9::__main_fn
[INFO] [stdout]   19:     0x614b941910c1 - doctest_runner_2024[37d7b32fe5ed358d]::__doctest_9::TEST::{closure#0}
[INFO] [stdout]   20:     0x614b94194ee6 - <doctest_runner_2024[37d7b32fe5ed358d]::__doctest_9::TEST::{closure#0} as core[df12db4294e9bfd3]::ops::function::FnOnce<()>>::call_once
[INFO] [stdout]   21:     0x614b941917e3 - doctest_runner_2024[37d7b32fe5ed358d]::main
[INFO] [stdout]   22:     0x614b94194d53 - <fn() -> std[70759c8f55707aa4]::process::ExitCode as core[df12db4294e9bfd3]::ops::function::FnOnce<()>>::call_once
[INFO] [stdout]   23:     0x614b9419054e - std[70759c8f55707aa4]::sys::backtrace::__rust_begin_short_backtrace::<fn() -> std[70759c8f55707aa4]::process::ExitCode, std[70759c8f55707aa4]::process::ExitCode>
[INFO] [stdout]   24:     0x614b94190a79 - std[70759c8f55707aa4]::rt::lang_start::<std[70759c8f55707aa4]::process::ExitCode>::{closure#0}
[INFO] [stdout]   25:     0x614b9423a879 - <&dyn core[df12db4294e9bfd3]::ops::function::Fn<(), Output = i32> + core[df12db4294e9bfd3]::panic::unwind_safe::RefUnwindSafe + core[df12db4294e9bfd3]::marker::Sync as core[df12db4294e9bfd3]::ops::function::FnOnce<()>>::call_once
[INFO] [stdout]                                at /rustc/dfb0accb7f508ae8be965d8629557221c889dd98/library/core/src/ops/function.rs:287:21
[INFO] [stdout]   26:     0x614b9423a879 - std[70759c8f55707aa4]::panicking::catch_unwind::do_call::<&dyn core[df12db4294e9bfd3]::ops::function::Fn<(), Output = i32> + core[df12db4294e9bfd3]::panic::unwind_safe::RefUnwindSafe + core[df12db4294e9bfd3]::marker::Sync, i32>
[INFO] [stdout]                                at /rustc/dfb0accb7f508ae8be965d8629557221c889dd98/library/std/src/panicking.rs:576:43
[INFO] [stdout]   27:     0x614b9423a879 - std[70759c8f55707aa4]::panicking::catch_unwind::<i32, &dyn core[df12db4294e9bfd3]::ops::function::Fn<(), Output = i32> + core[df12db4294e9bfd3]::panic::unwind_safe::RefUnwindSafe + core[df12db4294e9bfd3]::marker::Sync>
[INFO] [stdout]                                at /rustc/dfb0accb7f508ae8be965d8629557221c889dd98/library/std/src/panicking.rs:544:19
[INFO] [stdout]   28:     0x614b9423a879 - std[70759c8f55707aa4]::panic::catch_unwind::<&dyn core[df12db4294e9bfd3]::ops::function::Fn<(), Output = i32> + core[df12db4294e9bfd3]::panic::unwind_safe::RefUnwindSafe + core[df12db4294e9bfd3]::marker::Sync, i32>
[INFO] [stdout]                                at /rustc/dfb0accb7f508ae8be965d8629557221c889dd98/library/std/src/panic.rs:359:14
[INFO] [stdout]   29:     0x614b9423a879 - std[70759c8f55707aa4]::rt::lang_start_internal::{closure#0}
[INFO] [stdout]                                at /rustc/dfb0accb7f508ae8be965d8629557221c889dd98/library/std/src/rt.rs:175:24
[INFO] [stdout]   30:     0x614b9423a879 - std[70759c8f55707aa4]::panicking::catch_unwind::do_call::<std[70759c8f55707aa4]::rt::lang_start_internal::{closure#0}, isize>
[INFO] [stdout]                                at /rustc/dfb0accb7f508ae8be965d8629557221c889dd98/library/std/src/panicking.rs:576:43
[INFO] [stdout]   31:     0x614b9423a879 - std[70759c8f55707aa4]::panicking::catch_unwind::<isize, std[70759c8f55707aa4]::rt::lang_start_internal::{closure#0}>
[INFO] [stdout]                                at /rustc/dfb0accb7f508ae8be965d8629557221c889dd98/library/std/src/panicking.rs:544:19
[INFO] [stdout]   32:     0x614b9423a879 - std[70759c8f55707aa4]::panic::catch_unwind::<std[70759c8f55707aa4]::rt::lang_start_internal::{closure#0}, isize>
[INFO] [stdout]                                at /rustc/dfb0accb7f508ae8be965d8629557221c889dd98/library/std/src/panic.rs:359:14
[INFO] [stdout]   33:     0x614b9423a879 - std[70759c8f55707aa4]::rt::lang_start_internal
[INFO] [stdout]                                at /rustc/dfb0accb7f508ae8be965d8629557221c889dd98/library/std/src/rt.rs:171:5
[INFO] [stdout]   34:     0x614b9418f861 - std[70759c8f55707aa4]::rt::lang_start::<std[70759c8f55707aa4]::process::ExitCode>
[INFO] [stdout]   35:     0x614b94194fc5 - main
[INFO] [stdout]   36:     0x743c921bd601 - <unknown>
[INFO] [stdout]   37:     0x743c921bd718 - __libc_start_main
[INFO] [stdout]   38:     0x614b9418ea85 - _start
[INFO] [stdout]   39:                0x0 - <unknown>
[INFO] [stdout] 
[INFO] [stdout] 
[INFO] [stdout] 
[INFO] [stdout] failures:
[INFO] [stdout]     src/writers.rs - writers::write_gmpe_points (line 58)
[INFO] [stdout] 
[INFO] [stdout] test result: FAILED. 9 passed; 1 failed; 0 ignored; 0 measured; 0 filtered out; finished in 0.05s
[INFO] [stdout] 
[INFO] [stdout] all doctests ran in 1.15s; merged doctests compilation took 1.07s
[INFO] [stderr] error: doctest failed, to rerun pass `--doc`
[INFO] running `Command { std: "docker" "inspect" "350b2d2deb4d2d7282ed741b57c6f27af43d2abd5bb218fb56285e20f7a78a24", kill_on_drop: false }`
[INFO] running `Command { std: "docker" "rm" "-f" "350b2d2deb4d2d7282ed741b57c6f27af43d2abd5bb218fb56285e20f7a78a24", kill_on_drop: false }`
[INFO] [stdout] 350b2d2deb4d2d7282ed741b57c6f27af43d2abd5bb218fb56285e20f7a78a24
