[INFO] fetching crate grod 0.3.0...
[INFO] testing grod-0.3.0 against 1.99.0-beta.8+cargoflags=--release for beta-release-1.100-2
[INFO] extracting crate grod 0.3.0 into /workspace/builds/worker-3-tc1/source
[INFO] removed /workspace/builds/worker-3-tc1/source/rust-toolchain.toml
[INFO] started tweaking crates.io crate grod 0.3.0
[INFO] finished tweaking crates.io crate grod 0.3.0
[INFO] tweaked toml for crates.io crate grod 0.3.0 written to /workspace/builds/worker-3-tc1/source/Cargo.toml
[INFO] validating manifest of crates.io crate grod 0.3.0 on toolchain 1.99.0-beta.8
[INFO] running `Command { std: CARGO_HOME="/workspace/cargo-home" RUSTUP_HOME="/workspace/rustup-home" "/workspace/cargo-home/bin/cargo" "+1.99.0-beta.8" "metadata" "--manifest-path" "Cargo.toml" "--no-deps", kill_on_drop: false }`
[INFO] crate crates.io crate grod 0.3.0 already has a lockfile, it will not be regenerated
[INFO] running `Command { std: CARGO_HOME="/workspace/cargo-home" RUSTUP_HOME="/workspace/rustup-home" "/workspace/cargo-home/bin/cargo" "+1.99.0-beta.8" "fetch" "--manifest-path" "Cargo.toml", kill_on_drop: false }`
[INFO] [stderr]  Downloading crates ...
[INFO] [stderr]   Downloaded mdns-sd v0.19.2
[INFO] [stderr]   Downloaded socket-pktinfo v0.3.2
[INFO] [stderr]   Downloaded instability v0.3.10
[INFO] running `Command { std: "docker" "create" "-v" "/var/lib/crater-agent-workspace/builds/worker-3-tc1/source:/opt/rustwide/workdir:ro,Z" "-v" "/var/lib/crater-agent-workspace/builds/worker-3-tc1/target:/opt/rustwide/target:rw,Z" "-v" "/var/lib/crater-agent-workspace/cargo-home:/opt/rustwide/cargo-home:ro,Z" "-v" "/var/lib/crater-agent-workspace/rustup-home:/opt/rustwide/rustup-home:ro,Z" "-m" "1610612736" "--network" "none" "ghcr.io/rust-lang/crates-build-env/linux@sha256:77db811e55d90add9212f6832c23229e3de5f1c1f9905e8cb07319ea15df73ac" "sleep" "infinity", kill_on_drop: false }`
[INFO] [stdout] 86f6cb580daa3eb5960d85d579daecf2e76d9bde6240ee5e3094767d9944c194
[INFO] running `Command { std: "docker" "start" "86f6cb580daa3eb5960d85d579daecf2e76d9bde6240ee5e3094767d9944c194", kill_on_drop: false }`
[INFO] running `Command { std: "docker" "inspect" "86f6cb580daa3eb5960d85d579daecf2e76d9bde6240ee5e3094767d9944c194", kill_on_drop: false }`
[INFO] running `Command { std: "docker" "exec" "-e" "SOURCE_DIR=/opt/rustwide/workdir" "-e" "CARGO_HOME=/opt/rustwide/cargo-home" "-e" "RUSTUP_HOME=/opt/rustwide/rustup-home" "-e" "CARGO_TARGET_DIR=/opt/rustwide/target" "-w" "/opt/rustwide/workdir" "--user" "0:0" "86f6cb580daa3eb5960d85d579daecf2e76d9bde6240ee5e3094767d9944c194" "/opt/rustwide/cargo-home/bin/cargo" "+1.99.0-beta.8" "metadata" "--no-deps" "--format-version=1", kill_on_drop: false }`
[INFO] running `Command { std: "docker" "inspect" "86f6cb580daa3eb5960d85d579daecf2e76d9bde6240ee5e3094767d9944c194", kill_on_drop: false }`
[INFO] running `Command { std: "docker" "exec" "-e" "SOURCE_DIR=/opt/rustwide/workdir" "-e" "CARGO_HOME=/opt/rustwide/cargo-home" "-e" "RUSTUP_HOME=/opt/rustwide/rustup-home" "-e" "CARGO_TARGET_DIR=/opt/rustwide/target" "-e" "CARGO_INCREMENTAL=0" "-e" "RUST_BACKTRACE=full" "-e" "RUSTFLAGS=--cap-lints=warn" "-e" "RUSTDOCFLAGS=--cap-lints=warn" "-w" "/opt/rustwide/workdir" "--user" "0:0" "86f6cb580daa3eb5960d85d579daecf2e76d9bde6240ee5e3094767d9944c194" "/opt/rustwide/cargo-home/bin/cargo" "+1.99.0-beta.8" "build" "--frozen" "--message-format=json" "--release", kill_on_drop: false }`
[INFO] [stderr]    Compiling serde_core v1.0.228
[INFO] [stderr]    Compiling mio v1.2.0
[INFO] [stderr]    Compiling zerofrom v0.1.8
[INFO] [stderr]    Compiling futures-macro v0.3.32
[INFO] [stderr]    Compiling tracing v0.1.44
[INFO] [stderr]    Compiling ring v0.17.14
[INFO] [stderr]    Compiling signal-hook v0.3.18
[INFO] [stderr]    Compiling rustls v0.23.40
[INFO] [stderr]    Compiling darling_core v0.20.11
[INFO] [stderr]    Compiling rustix v0.38.44
[INFO] [stderr]    Compiling instability v0.3.10
[INFO] [stderr]    Compiling linux-raw-sys v0.4.15
[INFO] [stderr]    Compiling ppv-lite86 v0.2.21
[INFO] [stderr]    Compiling strum_macros v0.26.4
[INFO] [stderr]    Compiling webpki-roots v1.0.7
[INFO] [stderr]    Compiling spin v0.9.8
[INFO] [stderr]    Compiling yoke v0.8.2
[INFO] [stderr]    Compiling unicode-segmentation v1.13.2
[INFO] [stderr]    Compiling compact_str v0.8.1
[INFO] [stderr]    Compiling flume v0.11.1
[INFO] [stderr]    Compiling axum-core v0.5.6
[INFO] [stderr]    Compiling clap_derive v4.6.1
[INFO] [stderr]    Compiling zerovec v0.11.6
[INFO] [stderr]    Compiling zerotrie v0.2.4
[INFO] [stderr]    Compiling tokio v1.52.3
[INFO] [stderr]    Compiling signal-hook-mio v0.2.5
[INFO] [stderr]    Compiling rand_chacha v0.3.1
[INFO] [stderr]    Compiling socket-pktinfo v0.3.2
[INFO] [stderr]    Compiling unicode-truncate v1.1.0
[INFO] [stderr]    Compiling if-addrs v0.15.0
[INFO] [stderr]    Compiling thiserror-impl v2.0.18
[INFO] [stderr]    Compiling futures-util v0.3.32
[INFO] [stderr]    Compiling matchit v0.8.4
[INFO] [stderr]    Compiling cassowary v0.3.0
[INFO] [stderr]    Compiling mdns-sd v0.19.2
[INFO] [stderr]    Compiling tinystr v0.8.3
[INFO] [stderr]    Compiling potential_utf v0.1.5
[INFO] [stderr]    Compiling icu_locale_core v2.1.1
[INFO] [stderr]    Compiling icu_collections v2.1.1
[INFO] [stderr]    Compiling crossterm v0.28.1
[INFO] [stderr]    Compiling strum v0.26.3
[INFO] [stderr]    Compiling rand v0.8.6
[INFO] [stderr]    Compiling thiserror v2.0.18
[INFO] [stderr]    Compiling clap v4.6.1
[INFO] [stderr]    Compiling darling_macro v0.20.11
[INFO] [stderr]    Compiling rustls-webpki v0.103.13
[INFO] [stderr]    Compiling darling v0.20.11
[INFO] [stderr]    Compiling icu_provider v2.1.1
[INFO] [stderr]    Compiling ratatui v0.29.0
[INFO] [stderr]    Compiling serde v1.0.228
[INFO] [stderr]    Compiling serde_json v1.0.149
[INFO] [stderr]    Compiling serde_path_to_error v0.1.20
[INFO] [stderr]    Compiling icu_normalizer v2.1.1
[INFO] [stderr]    Compiling icu_properties v2.1.2
[INFO] [stderr]    Compiling serde_urlencoded v0.7.1
[INFO] [stderr]    Compiling toml_datetime v0.6.11
[INFO] [stderr]    Compiling serde_spanned v0.6.9
[INFO] [stderr]    Compiling toml_edit v0.22.27
[INFO] [stderr]    Compiling idna_adapter v1.2.1
[INFO] [stderr]    Compiling idna v1.1.0
[INFO] [stderr]    Compiling url v2.5.8
[INFO] [stderr]    Compiling toml v0.8.23
[INFO] [stderr]    Compiling hyper v1.9.0
[INFO] [stderr]    Compiling tower v0.5.3
[INFO] [stderr]    Compiling tokio-util v0.7.18
[INFO] [stderr]    Compiling tower-http v0.6.11
[INFO] [stderr]    Compiling tokio-rustls v0.26.4
[INFO] [stderr]    Compiling hyper-util v0.1.20
[INFO] [stderr]    Compiling hyper-rustls v0.27.9
[INFO] [stderr]    Compiling axum v0.8.9
[INFO] [stderr]    Compiling reqwest v0.12.28
[INFO] [stderr]    Compiling grod v0.3.0 (/opt/rustwide/workdir)
[INFO] [stderr]     Finished `release` profile [optimized] target(s) in 1m 45s
[INFO] running `Command { std: "docker" "inspect" "86f6cb580daa3eb5960d85d579daecf2e76d9bde6240ee5e3094767d9944c194", kill_on_drop: false }`
[INFO] running `Command { std: "docker" "exec" "-e" "SOURCE_DIR=/opt/rustwide/workdir" "-e" "CARGO_HOME=/opt/rustwide/cargo-home" "-e" "RUSTUP_HOME=/opt/rustwide/rustup-home" "-e" "CARGO_TARGET_DIR=/opt/rustwide/target" "-e" "CARGO_INCREMENTAL=0" "-e" "RUST_BACKTRACE=full" "-e" "RUSTFLAGS=--cap-lints=warn" "-e" "RUSTDOCFLAGS=--cap-lints=warn" "-w" "/opt/rustwide/workdir" "--user" "0:0" "86f6cb580daa3eb5960d85d579daecf2e76d9bde6240ee5e3094767d9944c194" "/opt/rustwide/cargo-home/bin/cargo" "+1.99.0-beta.8" "test" "--frozen" "--no-run" "--message-format=json" "--release", kill_on_drop: false }`
[INFO] [stderr]    Compiling grod v0.3.0 (/opt/rustwide/workdir)
[INFO] [stderr]     Finished `release` profile [optimized] target(s) in 10.08s
[INFO] running `Command { std: "docker" "inspect" "86f6cb580daa3eb5960d85d579daecf2e76d9bde6240ee5e3094767d9944c194", kill_on_drop: false }`
[INFO] running `Command { std: "docker" "exec" "-e" "SOURCE_DIR=/opt/rustwide/workdir" "-e" "CARGO_HOME=/opt/rustwide/cargo-home" "-e" "RUSTUP_HOME=/opt/rustwide/rustup-home" "-e" "CARGO_TARGET_DIR=/opt/rustwide/target" "-e" "CARGO_INCREMENTAL=0" "-e" "RUST_BACKTRACE=full" "-e" "RUSTFLAGS=--cap-lints=warn" "-e" "RUSTDOCFLAGS=--cap-lints=warn" "-w" "/opt/rustwide/workdir" "--user" "0:0" "86f6cb580daa3eb5960d85d579daecf2e76d9bde6240ee5e3094767d9944c194" "/opt/rustwide/cargo-home/bin/cargo" "+1.99.0-beta.8" "test" "--frozen" "--release", kill_on_drop: false }`
[INFO] [stderr]     Finished `release` profile [optimized] target(s) in 0.22s
[INFO] [stderr]      Running unittests src/lib.rs (/opt/rustwide/target/release/deps/grod-76d078e0b20d01a1)
[INFO] [stdout] 
[INFO] [stdout] running 1 test
[INFO] [stdout] test piped::tests::test_extract_video_id ... FAILED
[INFO] [stdout] 
[INFO] [stdout] failures:
[INFO] [stdout] 
[INFO] [stdout] ---- piped::tests::test_extract_video_id stdout ----
[INFO] [stdout] 
[INFO] [stdout] thread 'piped::tests::test_extract_video_id' (1607) panicked at src/piped.rs:322:9:
[INFO] [stdout] assertion `left == right` failed
[INFO] [stdout]   left: Some("not-a-video")
[INFO] [stdout]  right: None
[INFO] [stdout] stack backtrace:
[INFO] [stdout]    0:     0x588a05676b11 - <<std[70759c8f55707aa4]::sys::backtrace::BacktraceLock>::print::DisplayBacktrace as core[df12db4294e9bfd3]::fmt::Display>::fmt
[INFO] [stdout]    1:     0x588a0568acea - core[df12db4294e9bfd3]::fmt::write
[INFO] [stdout]    2:     0x588a0567afac - <alloc[2182bb758b4b3781]::vec::Vec<u8> as core[df12db4294e9bfd3]::io::write::Write>::write_fmt
[INFO] [stdout]    3:     0x588a05653106 - std[70759c8f55707aa4]::panicking::default_hook::{closure#0}
[INFO] [stdout]    4:     0x588a0566f279 - std[70759c8f55707aa4]::panicking::default_hook
[INFO] [stdout]    5:     0x588a0560b700 - test[9d35eded1c95d3be]::test_main_inner::<test[9d35eded1c95d3be]::test_main_static::{closure#0}>::{closure#0}
[INFO] [stdout]    6:     0x588a0566f432 - std[70759c8f55707aa4]::panicking::panic_with_hook
[INFO] [stdout]    7:     0x588a056531b2 - std[70759c8f55707aa4]::panicking::panic_handler::{closure#0}
[INFO] [stdout]    8:     0x588a0564bf39 - std[70759c8f55707aa4]::sys::backtrace::__rust_end_short_backtrace::<std[70759c8f55707aa4]::panicking::panic_handler::{closure#0}, !>
[INFO] [stdout]    9:     0x588a05653dad - __rustc[8fa7c3cbc660c2b3]::rust_begin_unwind
[INFO] [stdout]   10:     0x588a0568b41c - core[df12db4294e9bfd3]::panicking::panic_fmt
[INFO] [stdout]   11:     0x588a0568b333 - core[df12db4294e9bfd3]::panicking::assert_failed_inner
[INFO] [stdout]   12:     0x588a055fe53e - core[df12db4294e9bfd3]::panicking::assert_failed::<core[df12db4294e9bfd3]::option::Option<alloc[2182bb758b4b3781]::string::String>, core[df12db4294e9bfd3]::option::Option<alloc[2182bb758b4b3781]::string::String>>
[INFO] [stdout]   13:     0x588a055fe969 - grod[88a24a62d43d037]::piped::tests::test_extract_video_id
[INFO] [stdout]   14:     0x588a055fe4c9 - <grod[88a24a62d43d037]::piped::tests::test_extract_video_id::{closure#0} as core[df12db4294e9bfd3]::ops::function::FnOnce<()>>::call_once
[INFO] [stdout]   15:     0x588a055fe9eb - test[9d35eded1c95d3be]::__rust_begin_short_backtrace::<core[df12db4294e9bfd3]::result::Result<(), alloc[2182bb758b4b3781]::string::String>, fn() -> core[df12db4294e9bfd3]::result::Result<(), alloc[2182bb758b4b3781]::string::String>>
[INFO] [stdout]   16:     0x588a0560c055 - test[9d35eded1c95d3be]::run_test::{closure#0}
[INFO] [stdout]   17:     0x588a05605914 - std[70759c8f55707aa4]::sys::backtrace::__rust_begin_short_backtrace::<test[9d35eded1c95d3be]::run_test::{closure#1}, ()>
[INFO] [stdout]   18:     0x588a0560f1b2 - <std[70759c8f55707aa4]::thread::lifecycle::spawn_unchecked<test[9d35eded1c95d3be]::run_test::{closure#1}, ()>::{closure#1} as core[df12db4294e9bfd3]::ops::function::FnOnce<()>>::call_once::{shim:vtable#0}
[INFO] [stdout]   19:     0x588a056763e9 - <std[70759c8f55707aa4]::sys::thread::unix::Thread>::new::thread_start
[INFO] [stdout]   20:     0x7cd52db13dfa - <unknown>
[INFO] [stdout]   21:     0x7cd52dba73d4 - clone
[INFO] [stdout]   22:                0x0 - <unknown>
[INFO] [stdout] 
[INFO] [stdout] 
[INFO] [stdout] failures:
[INFO] [stdout]     piped::tests::test_extract_video_id
[INFO] [stdout] 
[INFO] [stdout] test result: FAILED. 0 passed; 1 failed; 0 ignored; 0 measured; 0 filtered out; finished in 0.00s
[INFO] [stdout] 
[INFO] [stderr] error: test failed, to rerun pass `--lib`
[INFO] running `Command { std: "docker" "inspect" "86f6cb580daa3eb5960d85d579daecf2e76d9bde6240ee5e3094767d9944c194", kill_on_drop: false }`
[INFO] running `Command { std: "docker" "rm" "-f" "86f6cb580daa3eb5960d85d579daecf2e76d9bde6240ee5e3094767d9944c194", kill_on_drop: false }`
[INFO] [stdout] 86f6cb580daa3eb5960d85d579daecf2e76d9bde6240ee5e3094767d9944c194
