[INFO] fetching crate gripsack-buildkit 0.46.0...
[INFO] testing gripsack-buildkit-0.46.0 against 1.99.0-beta.8+cargoflags=--release for beta-release-1.100-2
[INFO] extracting crate gripsack-buildkit 0.46.0 into /workspace/builds/worker-6-tc1/source
[INFO] started tweaking crates.io crate gripsack-buildkit 0.46.0
[INFO] removed 0 missing examples
[INFO] finished tweaking crates.io crate gripsack-buildkit 0.46.0
[INFO] tweaked toml for crates.io crate gripsack-buildkit 0.46.0 written to /workspace/builds/worker-6-tc1/source/Cargo.toml
[INFO] validating manifest of crates.io crate gripsack-buildkit 0.46.0 on toolchain 1.99.0-beta.8
[INFO] running `Command { std: CARGO_HOME="/workspace/cargo-home" RUSTUP_HOME="/workspace/rustup-home" "/workspace/cargo-home/bin/cargo" "+1.99.0-beta.8" "metadata" "--manifest-path" "Cargo.toml" "--no-deps", kill_on_drop: false }`
[INFO] crate crates.io crate gripsack-buildkit 0.46.0 already has a lockfile, it will not be regenerated
[INFO] running `Command { std: CARGO_HOME="/workspace/cargo-home" RUSTUP_HOME="/workspace/rustup-home" "/workspace/cargo-home/bin/cargo" "+1.99.0-beta.8" "fetch" "--manifest-path" "Cargo.toml", kill_on_drop: false }`
[INFO] [stderr]     Updating crates.io index
[INFO] [stderr]  Downloading crates ...
[INFO] [stderr]   Downloaded protobuf-support v3.7.2
[INFO] [stderr]   Downloaded verus_builtin v0.0.0-2026-09-06-0133
[INFO] [stderr]   Downloaded objc2-virtualization v0.3.2
[INFO] [stderr]   Downloaded protobuf-codegen v3.7.2
[INFO] [stderr]   Downloaded gripsack-fs v0.46.0
[INFO] [stderr]   Downloaded protobuf-parse v3.7.2
[INFO] [stderr]   Downloaded gripsack-process v0.46.0
[INFO] [stderr]   Downloaded verus_prettyplease v0.0.0-2026-09-06-0133
[INFO] [stderr]   Downloaded gripsack-fetch v0.46.0
[INFO] [stderr]   Downloaded gripsack-policy v0.46.0
[INFO] [stderr]   Downloaded verus_state_machines_macros v0.0.0-2026-09-06-0133
[INFO] [stderr]   Downloaded verus_builtin_macros v0.0.0-2026-09-06-0133
[INFO] [stderr]   Downloaded zip v8.6.0
[INFO] [stderr]   Downloaded protobuf v3.7.2
[INFO] [stderr]   Downloaded vstd v0.0.0-2026-09-06-0133
[INFO] [stderr]   Downloaded verus_syn v0.0.0-2026-09-06-0133
[INFO] [stderr]   Downloaded gripsack-store v0.46.0
[INFO] [stderr]   Downloaded gripsack-ir v0.46.0
[INFO] running `Command { std: "docker" "create" "-v" "/var/lib/crater-agent-workspace/builds/worker-6-tc1/source:/opt/rustwide/workdir:ro,Z" "-v" "/var/lib/crater-agent-workspace/builds/worker-6-tc1/target:/opt/rustwide/target:rw,Z" "-v" "/var/lib/crater-agent-workspace/cargo-home:/opt/rustwide/cargo-home:ro,Z" "-v" "/var/lib/crater-agent-workspace/rustup-home:/opt/rustwide/rustup-home:ro,Z" "-m" "1610612736" "--network" "none" "ghcr.io/rust-lang/crates-build-env/linux@sha256:77db811e55d90add9212f6832c23229e3de5f1c1f9905e8cb07319ea15df73ac" "sleep" "infinity", kill_on_drop: false }`
[INFO] [stdout] da0bbe560f3f857049d4a8f02bee6da12d09b8994d9ec6fb7b7105c2312c34a4
[INFO] running `Command { std: "docker" "start" "da0bbe560f3f857049d4a8f02bee6da12d09b8994d9ec6fb7b7105c2312c34a4", kill_on_drop: false }`
[INFO] running `Command { std: "docker" "inspect" "da0bbe560f3f857049d4a8f02bee6da12d09b8994d9ec6fb7b7105c2312c34a4", kill_on_drop: false }`
[INFO] running `Command { std: "docker" "exec" "-e" "SOURCE_DIR=/opt/rustwide/workdir" "-e" "CARGO_HOME=/opt/rustwide/cargo-home" "-e" "RUSTUP_HOME=/opt/rustwide/rustup-home" "-e" "CARGO_TARGET_DIR=/opt/rustwide/target" "-w" "/opt/rustwide/workdir" "--user" "0:0" "da0bbe560f3f857049d4a8f02bee6da12d09b8994d9ec6fb7b7105c2312c34a4" "/opt/rustwide/cargo-home/bin/cargo" "+1.99.0-beta.8" "metadata" "--no-deps" "--format-version=1", kill_on_drop: false }`
[INFO] running `Command { std: "docker" "inspect" "da0bbe560f3f857049d4a8f02bee6da12d09b8994d9ec6fb7b7105c2312c34a4", kill_on_drop: false }`
[INFO] running `Command { std: "docker" "exec" "-e" "SOURCE_DIR=/opt/rustwide/workdir" "-e" "CARGO_HOME=/opt/rustwide/cargo-home" "-e" "RUSTUP_HOME=/opt/rustwide/rustup-home" "-e" "CARGO_TARGET_DIR=/opt/rustwide/target" "-e" "CARGO_INCREMENTAL=0" "-e" "RUST_BACKTRACE=full" "-e" "RUSTFLAGS=--cap-lints=warn" "-e" "RUSTDOCFLAGS=--cap-lints=warn" "-w" "/opt/rustwide/workdir" "--user" "0:0" "da0bbe560f3f857049d4a8f02bee6da12d09b8994d9ec6fb7b7105c2312c34a4" "/opt/rustwide/cargo-home/bin/cargo" "+1.99.0-beta.8" "build" "--frozen" "--message-format=json" "--release", kill_on_drop: false }`
[INFO] [stderr]    Compiling proc-macro2 v1.0.107
[INFO] [stderr]    Compiling rustix v1.1.4
[INFO] [stderr]    Compiling linux-raw-sys v0.12.1
[INFO] [stderr]    Compiling bitflags v2.13.1
[INFO] [stderr]    Compiling protobuf v3.7.2
[INFO] [stderr]    Compiling indexmap v2.14.0
[INFO] [stderr]    Compiling libc v0.2.189
[INFO] [stderr]    Compiling thiserror v1.0.69
[INFO] [stderr]    Compiling rustix v0.38.44
[INFO] [stderr]    Compiling getrandom v0.4.3
[INFO] [stderr]    Compiling io-lifetimes v3.0.1
[INFO] [stderr]    Compiling verus_prettyplease v0.0.0-2026-09-06-0133
[INFO] [stderr]    Compiling once_cell v1.21.4
[INFO] [stderr]    Compiling io-lifetimes v2.0.4
[INFO] [stderr]    Compiling anyhow v1.0.104
[INFO] [stderr]    Compiling linux-raw-sys v0.4.15
[INFO] [stderr]    Compiling aho-corasick v1.1.5
[INFO] [stderr]    Compiling io-extras v0.19.0
[INFO] [stderr]    Compiling home v0.5.12
[INFO] [stderr]    Compiling fastrand v2.5.0
[INFO] [stderr]    Compiling quote v1.0.47
[INFO] [stderr]    Compiling regex-syntax v0.8.11
[INFO] [stderr]    Compiling either v1.18.0
[INFO] [stderr]    Compiling syn v2.0.119
[INFO] [stderr]    Compiling verus_syn v0.0.0-2026-09-06-0133
[INFO] [stderr]    Compiling syn v3.0.4
[INFO] [stderr]    Compiling tempfile v3.27.0
[INFO] [stderr]    Compiling which v4.4.2
[INFO] [stderr]    Compiling log v0.4.34
[INFO] [stderr]    Compiling vstd v0.0.0-2026-09-06-0133
[INFO] [stderr]    Compiling cap-primitives v4.0.3
[INFO] [stderr]    Compiling convert_case v0.4.0
[INFO] [stderr]    Compiling regex-automata v0.4.18
[INFO] [stderr]    Compiling cap-std v4.0.3
[INFO] [stderr]    Compiling ambient-authority v0.0.2
[INFO] [stderr]    Compiling maybe-owned v0.3.4
[INFO] [stderr]    Compiling ipnet v2.12.1
[INFO] [stderr]    Compiling crc32fast v1.5.1
[INFO] [stderr]    Compiling verus_builtin v0.0.0-2026-09-06-0133
[INFO] [stderr]    Compiling filetime v0.2.29
[INFO] [stderr]    Compiling unsafe-libyaml v0.2.11
[INFO] [stderr]    Compiling serde_derive v1.0.229
[INFO] [stderr]    Compiling thiserror-impl v2.0.20
[INFO] [stderr]    Compiling fs-set-times v0.20.3
[INFO] [stderr]    Compiling rustix-linux-procfs v0.1.1
[INFO] [stderr]    Compiling synstructure v0.13.2
[INFO] [stderr]    Compiling regex v1.13.1
[INFO] [stderr]    Compiling xattr v1.6.1
[INFO] [stderr]    Compiling thiserror-impl v1.0.69
[INFO] [stderr]    Compiling gripsack-fs v0.46.0
[INFO] [stderr]    Compiling tar v0.4.46
[INFO] [stderr]    Compiling thiserror v2.0.20
[INFO] [stderr]    Compiling serde_json v1.0.151
[INFO] [stderr]    Compiling flate2 v1.1.9
[INFO] [stderr]    Compiling serde v1.0.229
[INFO] [stderr]    Compiling protobuf-support v3.7.2
[INFO] [stderr]    Compiling serde_yaml v0.9.34+deprecated
[INFO] [stderr]    Compiling verus_state_machines_macros v0.0.0-2026-09-06-0133
[INFO] [stderr]    Compiling verus_builtin_macros v0.0.0-2026-09-06-0133
[INFO] [stderr]    Compiling protobuf-parse v3.7.2
[INFO] [stderr]    Compiling protobuf-codegen v3.7.2
[INFO] [stderr]    Compiling gripsack-buildkit v0.46.0 (/opt/rustwide/workdir)
[INFO] [stderr]    Compiling gripsack-policy v0.46.0
[INFO] [stderr]    Compiling gripsack-process v0.46.0
[INFO] [stderr]     Finished `release` profile [optimized] target(s) in 2m 43s
[INFO] running `Command { std: "docker" "inspect" "da0bbe560f3f857049d4a8f02bee6da12d09b8994d9ec6fb7b7105c2312c34a4", kill_on_drop: false }`
[INFO] running `Command { std: "docker" "exec" "-e" "SOURCE_DIR=/opt/rustwide/workdir" "-e" "CARGO_HOME=/opt/rustwide/cargo-home" "-e" "RUSTUP_HOME=/opt/rustwide/rustup-home" "-e" "CARGO_TARGET_DIR=/opt/rustwide/target" "-e" "CARGO_INCREMENTAL=0" "-e" "RUST_BACKTRACE=full" "-e" "RUSTFLAGS=--cap-lints=warn" "-e" "RUSTDOCFLAGS=--cap-lints=warn" "-w" "/opt/rustwide/workdir" "--user" "0:0" "da0bbe560f3f857049d4a8f02bee6da12d09b8994d9ec6fb7b7105c2312c34a4" "/opt/rustwide/cargo-home/bin/cargo" "+1.99.0-beta.8" "test" "--frozen" "--no-run" "--message-format=json" "--release", kill_on_drop: false }`
[INFO] [stderr]    Compiling gripsack-buildkit v0.46.0 (/opt/rustwide/workdir)
[INFO] [stderr]     Finished `release` profile [optimized] target(s) in 30.52s
[INFO] running `Command { std: "docker" "inspect" "da0bbe560f3f857049d4a8f02bee6da12d09b8994d9ec6fb7b7105c2312c34a4", kill_on_drop: false }`
[INFO] running `Command { std: "docker" "exec" "-e" "SOURCE_DIR=/opt/rustwide/workdir" "-e" "CARGO_HOME=/opt/rustwide/cargo-home" "-e" "RUSTUP_HOME=/opt/rustwide/rustup-home" "-e" "CARGO_TARGET_DIR=/opt/rustwide/target" "-e" "CARGO_INCREMENTAL=0" "-e" "RUST_BACKTRACE=full" "-e" "RUSTFLAGS=--cap-lints=warn" "-e" "RUSTDOCFLAGS=--cap-lints=warn" "-w" "/opt/rustwide/workdir" "--user" "0:0" "da0bbe560f3f857049d4a8f02bee6da12d09b8994d9ec6fb7b7105c2312c34a4" "/opt/rustwide/cargo-home/bin/cargo" "+1.99.0-beta.8" "test" "--frozen" "--release", kill_on_drop: false }`
[INFO] [stderr]     Finished `release` profile [optimized] target(s) in 0.17s
[INFO] [stderr]      Running unittests src/lib.rs (/opt/rustwide/target/release/deps/gripsack_buildkit-be2348c5768d40db)
[INFO] [stdout] 
[INFO] [stdout] running 31 tests
[INFO] [stdout] test oci::runtime::elf::tests::dependency_rpath_inheritance_is_not_runpath_inheritance ... ok
[INFO] [stdout] test oci::runtime::elf::tests::absent_search_directory_does_not_waive_required_library_or_containment ... ok
[INFO] [stdout] test llb::tests::actual_upstream_graph_rejects_policy_and_command_substitutions ... FAILED
[INFO] [stdout] test oci::tests::descriptor_hashes_are_not_a_substitute_for_runtime_and_diffid_admission ... ok
[INFO] [stdout] test oci::tests::interpreter_templates_are_data_until_selected_for_execution ... ok
[INFO] [stdout] test oci::tests::traversal_symlink_parents_and_expansion_budgets_refuse_publication ... ok
[INFO] [stdout] test llb::tests::actual_upstream_graph_rejects_source_root_and_unknown_field_substitutions ... FAILED
[INFO] [stdout] test oci::tests::verified_file_reads_bind_final_content_and_enforce_limits ... ok
[INFO] [stdout] test oci::tests::whiteouts_precede_same_layer_additions_and_hardlink_cycles_cannot_use_lower_files ... ok
[INFO] [stdout] test transport::tests::equal_control_replay_is_idempotent_but_changed_terminal_is_not ... ok
[INFO] [stdout] test transport::tests::eof_truncated_tail_and_failed_process_do_not_impersonate_a_result ... ok
[INFO] [stdout] test transport::tests::every_call_identity_component_is_checked_before_replay ... ok
[INFO] [stdout] test worker::home::tests::preexisting_empty_unmarked_namespace_is_refused_and_untouched ... ok
[INFO] [stdout] test worker::inspection::tests::allocated_measurement_does_not_follow_links_or_charge_sparse_capacity ... ok
[INFO] [stdout] test worker::inspection::tests::daemon_facts_require_actual_version_and_target ... ok
[INFO] [stdout] test worker::inspection::tests::disk_measurement_distinguishes_zero_missing_and_overflow ... ok
[INFO] [stdout] test worker::manager::docker_tests::foreign_resources_are_refused_and_untouched_with_real_daemon ... ignored, requires a real docker engine with the pinned buildkitd image
[INFO] [stdout] test worker::manager::docker_tests::interrupted_replacement_restores_previous_without_rewinding_epochs ... ignored, requires the real pinned local Docker worker
[INFO] [stdout] test worker::manager::docker_tests::previous_image_cleanup_is_not_blocked_by_pin_change_with_real_daemon ... ignored, requires a real docker engine with the pinned buildkitd image
[INFO] [stdout] test worker::manager::docker_tests::warm_reuse_idle_replacement_and_live_refusal_with_real_daemon ... ignored, requires a real docker engine with the pinned buildkitd image
[INFO] [stdout] test worker::manager::tests::changed_pin_is_a_replacement_decision_not_corruption ... ok
[INFO] [stdout] test worker::manager::tests::matching_binding_reuses_warm_worker ... ok
[INFO] [stdout] test worker::manager::tests::mismatched_options_refuse_replacement_with_live_clients ... ok
[INFO] [stdout] test worker::manager::tests::mismatched_options_replace_only_when_idle_and_settled ... ok
[INFO] [stdout] test worker::home::tests::previous_image_record_is_not_corruption ... ok
[INFO] [stdout] test worker::home::tests::instance_binding_survives_record_reload ... ok
[INFO] [stdout] test worker::home::tests::foreign_owner_marker_is_never_adopted ... ok
[INFO] [stdout] test worker::home::tests::worker_state_cannot_follow_private_namespace_aliases ... ok
[INFO] [stdout] test worker::home::tests::namespace_publishes_atomically_and_run_child_is_disposable ... ok
[INFO] [stdout] test worker::home::tests::teardown_refuses_unexpected_entries_without_erasing ... ok
[INFO] [stdout] test worker::home::tests::unproven_staging_neither_blocks_retry_nor_lends_ownership ... ok
[INFO] [stderr] error: test failed, to rerun pass `--lib`
[INFO] [stdout] 
[INFO] [stdout] failures:
[INFO] [stdout] 
[INFO] [stdout] ---- llb::tests::actual_upstream_graph_rejects_policy_and_command_substitutions stdout ----
[INFO] [stdout] 
[INFO] [stdout] thread 'llb::tests::actual_upstream_graph_rejects_policy_and_command_substitutions' (1584) panicked at src/llb/tests.rs:101:73:
[INFO] [stdout] real pinned bridge required: run the compose test gate or set GRIPSACK_TEST_BRIDGE
[INFO] [stdout] stack backtrace:
[INFO] [stdout]    0:     0x60916d03f041 - <<std[70759c8f55707aa4]::sys::backtrace::BacktraceLock>::print::DisplayBacktrace as core[df12db4294e9bfd3]::fmt::Display>::fmt
[INFO] [stdout]    1:     0x60916d054f7a - core[df12db4294e9bfd3]::fmt::write
[INFO] [stdout]    2:     0x60916d043cec - <alloc[2182bb758b4b3781]::vec::Vec<u8> as core[df12db4294e9bfd3]::io::write::Write>::write_fmt
[INFO] [stdout]    3:     0x60916d017ed6 - std[70759c8f55707aa4]::panicking::default_hook::{closure#0}
[INFO] [stdout]    4:     0x60916d035f49 - std[70759c8f55707aa4]::panicking::default_hook
[INFO] [stdout]    5:     0x60916cf92bf0 - test[9d35eded1c95d3be]::test_main_inner::<test[9d35eded1c95d3be]::test_main_static::{closure#0}>::{closure#0}
[INFO] [stdout]    6:     0x60916d036102 - std[70759c8f55707aa4]::panicking::panic_with_hook
[INFO] [stdout]    7:     0x60916d017f82 - std[70759c8f55707aa4]::panicking::panic_handler::{closure#0}
[INFO] [stdout]    8:     0x60916d0108e9 - std[70759c8f55707aa4]::sys::backtrace::__rust_end_short_backtrace::<std[70759c8f55707aa4]::panicking::panic_handler::{closure#0}, !>
[INFO] [stdout]    9:     0x60916d018e1d - __rustc[8fa7c3cbc660c2b3]::rust_begin_unwind
[INFO] [stdout]   10:     0x60916d0556ac - core[df12db4294e9bfd3]::panicking::panic_fmt
[INFO] [stdout]   11:     0x60916d055404 - core[df12db4294e9bfd3]::option::expect_failed
[INFO] [stdout]   12:     0x60916cf317b9 - gripsack_buildkit[122c9d85eb04b01b]::llb::tests::upstream
[INFO] [stdout]   13:     0x60916cf31a91 - gripsack_buildkit[122c9d85eb04b01b]::llb::tests::actual_upstream_graph_rejects_policy_and_command_substitutions
[INFO] [stdout]   14:     0x60916cf5df09 - <gripsack_buildkit[122c9d85eb04b01b]::llb::tests::actual_upstream_graph_rejects_policy_and_command_substitutions::{closure#0} as core[df12db4294e9bfd3]::ops::function::FnOnce<()>>::call_once
[INFO] [stdout]   15:     0x60916cf85edb - test[9d35eded1c95d3be]::__rust_begin_short_backtrace::<core[df12db4294e9bfd3]::result::Result<(), alloc[2182bb758b4b3781]::string::String>, fn() -> core[df12db4294e9bfd3]::result::Result<(), alloc[2182bb758b4b3781]::string::String>>
[INFO] [stdout]   16:     0x60916cf93545 - test[9d35eded1c95d3be]::run_test::{closure#0}
[INFO] [stdout]   17:     0x60916cf8ce04 - std[70759c8f55707aa4]::sys::backtrace::__rust_begin_short_backtrace::<test[9d35eded1c95d3be]::run_test::{closure#1}, ()>
[INFO] [stdout]   18:     0x60916cf966a2 - <std[70759c8f55707aa4]::thread::lifecycle::spawn_unchecked<test[9d35eded1c95d3be]::run_test::{closure#1}, ()>::{closure#1} as core[df12db4294e9bfd3]::ops::function::FnOnce<()>>::call_once::{shim:vtable#0}
[INFO] [stdout]   19:     0x60916d03e369 - <std[70759c8f55707aa4]::sys::thread::unix::Thread>::new::thread_start
[INFO] [stdout]   20:     0x74034f757dfa - <unknown>
[INFO] [stdout]   21:     0x74034f7eb3d4 - clone
[INFO] [stdout]   22:                0x0 - <unknown>
[INFO] [stdout] 
[INFO] [stdout] ---- llb::tests::actual_upstream_graph_rejects_source_root_and_unknown_field_substitutions stdout ----
[INFO] [stdout] 
[INFO] [stdout] thread 'llb::tests::actual_upstream_graph_rejects_source_root_and_unknown_field_substitutions' (1585) panicked at src/llb/tests.rs:101:73:
[INFO] [stdout] real pinned bridge required: run the compose test gate or set GRIPSACK_TEST_BRIDGE
[INFO] [stdout] stack backtrace:
[INFO] [stdout]    0:     0x60916d03f041 - <<std[70759c8f55707aa4]::sys::backtrace::BacktraceLock>::print::DisplayBacktrace as core[df12db4294e9bfd3]::fmt::Display>::fmt
[INFO] [stdout]    1:     0x60916d054f7a - core[df12db4294e9bfd3]::fmt::write
[INFO] [stdout]    2:     0x60916d043cec - <alloc[2182bb758b4b3781]::vec::Vec<u8> as core[df12db4294e9bfd3]::io::write::Write>::write_fmt
[INFO] [stdout]    3:     0x60916d017ed6 - std[70759c8f55707aa4]::panicking::default_hook::{closure#0}
[INFO] [stdout]    4:     0x60916d035f49 - std[70759c8f55707aa4]::panicking::default_hook
[INFO] [stdout]    5:     0x60916cf92bf0 - test[9d35eded1c95d3be]::test_main_inner::<test[9d35eded1c95d3be]::test_main_static::{closure#0}>::{closure#0}
[INFO] [stdout]    6:     0x60916d036102 - std[70759c8f55707aa4]::panicking::panic_with_hook
[INFO] [stdout]    7:     0x60916d017f82 - std[70759c8f55707aa4]::panicking::panic_handler::{closure#0}
[INFO] [stdout]    8:     0x60916d0108e9 - std[70759c8f55707aa4]::sys::backtrace::__rust_end_short_backtrace::<std[70759c8f55707aa4]::panicking::panic_handler::{closure#0}, !>
[INFO] [stdout]    9:     0x60916d018e1d - __rustc[8fa7c3cbc660c2b3]::rust_begin_unwind
[INFO] [stdout]   10:     0x60916d0556ac - core[df12db4294e9bfd3]::panicking::panic_fmt
[INFO] [stdout]   11:     0x60916d055404 - core[df12db4294e9bfd3]::option::expect_failed
[INFO] [stdout]   12:     0x60916cf317b9 - gripsack_buildkit[122c9d85eb04b01b]::llb::tests::upstream
[INFO] [stdout]   13:     0x60916cf32f61 - gripsack_buildkit[122c9d85eb04b01b]::llb::tests::actual_upstream_graph_rejects_source_root_and_unknown_field_substitutions
[INFO] [stdout]   14:     0x60916cf5df29 - <gripsack_buildkit[122c9d85eb04b01b]::llb::tests::actual_upstream_graph_rejects_source_root_and_unknown_field_substitutions::{closure#0} as core[df12db4294e9bfd3]::ops::function::FnOnce<()>>::call_once
[INFO] [stdout]   15:     0x60916cf85edb - test[9d35eded1c95d3be]::__rust_begin_short_backtrace::<core[df12db4294e9bfd3]::result::Result<(), alloc[2182bb758b4b3781]::string::String>, fn() -> core[df12db4294e9bfd3]::result::Result<(), alloc[2182bb758b4b3781]::string::String>>
[INFO] [stdout]   16:     0x60916cf93545 - test[9d35eded1c95d3be]::run_test::{closure#0}
[INFO] [stdout]   17:     0x60916cf8ce04 - std[70759c8f55707aa4]::sys::backtrace::__rust_begin_short_backtrace::<test[9d35eded1c95d3be]::run_test::{closure#1}, ()>
[INFO] [stdout]   18:     0x60916cf966a2 - <std[70759c8f55707aa4]::thread::lifecycle::spawn_unchecked<test[9d35eded1c95d3be]::run_test::{closure#1}, ()>::{closure#1} as core[df12db4294e9bfd3]::ops::function::FnOnce<()>>::call_once::{shim:vtable#0}
[INFO] [stdout]   19:     0x60916d03e369 - <std[70759c8f55707aa4]::sys::thread::unix::Thread>::new::thread_start
[INFO] [stdout]   20:     0x74034f757dfa - <unknown>
[INFO] [stdout]   21:     0x74034f7eb3d4 - clone
[INFO] [stdout]   22:                0x0 - <unknown>
[INFO] [stdout] 
[INFO] [stdout] 
[INFO] [stdout] failures:
[INFO] [stdout]     llb::tests::actual_upstream_graph_rejects_policy_and_command_substitutions
[INFO] [stdout]     llb::tests::actual_upstream_graph_rejects_source_root_and_unknown_field_substitutions
[INFO] [stdout] 
[INFO] [stdout] test result: FAILED. 25 passed; 2 failed; 4 ignored; 0 measured; 0 filtered out; finished in 0.22s
[INFO] [stdout] 
[INFO] running `Command { std: "docker" "inspect" "da0bbe560f3f857049d4a8f02bee6da12d09b8994d9ec6fb7b7105c2312c34a4", kill_on_drop: false }`
[INFO] running `Command { std: "docker" "rm" "-f" "da0bbe560f3f857049d4a8f02bee6da12d09b8994d9ec6fb7b7105c2312c34a4", kill_on_drop: false }`
[INFO] [stdout] da0bbe560f3f857049d4a8f02bee6da12d09b8994d9ec6fb7b7105c2312c34a4
