[INFO] fetching crate grib2_reader 0.2.0...
[INFO] testing grib2_reader-0.2.0 against 1.100.0-beta.1+cargoflags=--release for beta-release-1.100-2
[INFO] extracting crate grib2_reader 0.2.0 into /workspace/builds/worker-0-tc2/source
[INFO] started tweaking crates.io crate grib2_reader 0.2.0
[INFO] finished tweaking crates.io crate grib2_reader 0.2.0
[INFO] tweaked toml for crates.io crate grib2_reader 0.2.0 written to /workspace/builds/worker-0-tc2/source/Cargo.toml
[INFO] validating manifest of crates.io crate grib2_reader 0.2.0 on toolchain 1.100.0-beta.1
[INFO] running `Command { std: CARGO_HOME="/workspace/cargo-home" RUSTUP_HOME="/workspace/rustup-home" "/workspace/cargo-home/bin/cargo" "+1.100.0-beta.1" "metadata" "--manifest-path" "Cargo.toml" "--no-deps", kill_on_drop: false }`
[INFO] crate crates.io crate grib2_reader 0.2.0 already has a lockfile, it will not be regenerated
[INFO] running `Command { std: CARGO_HOME="/workspace/cargo-home" RUSTUP_HOME="/workspace/rustup-home" "/workspace/cargo-home/bin/cargo" "+1.100.0-beta.1" "fetch" "--manifest-path" "Cargo.toml", kill_on_drop: false }`
[INFO] [stderr] warning: `package.homepage` is redundant with `package.repository`
[INFO] [stderr]   --> Cargo.toml:29:12
[INFO] [stderr]    |
[INFO] [stderr] 29 | homepage = "https://github.com/christian-boks/grib2_reader"
[INFO] [stderr]    |            ^^^^^^^^^^^^^^^^^^^^^^^^^^^^^^^^^^^^^^^^^^^^^^^^
[INFO] [stderr] ...
[INFO] [stderr] 34 | repository = "https://github.com/christian-boks/grib2_reader"
[INFO] [stderr]    |              ------------------------------------------------
[INFO] [stderr]    |
[INFO] [stderr]    = note: `cargo::redundant_homepage` is set to `warn` by default
[INFO] [stderr] help: consider removing `package.homepage`
[INFO] [stderr] warning: `grib2_reader` (manifest) generated 1 warning
[INFO] running `Command { std: "docker" "create" "-v" "/var/lib/crater-agent-workspace/builds/worker-0-tc2/source:/opt/rustwide/workdir:ro,Z" "-v" "/var/lib/crater-agent-workspace/builds/worker-0-tc2/target:/opt/rustwide/target:rw,Z" "-v" "/var/lib/crater-agent-workspace/cargo-home:/opt/rustwide/cargo-home:ro,Z" "-v" "/var/lib/crater-agent-workspace/rustup-home:/opt/rustwide/rustup-home:ro,Z" "-m" "1610612736" "--network" "none" "ghcr.io/rust-lang/crates-build-env/linux@sha256:77db811e55d90add9212f6832c23229e3de5f1c1f9905e8cb07319ea15df73ac" "sleep" "infinity", kill_on_drop: false }`
[INFO] [stdout] d9f493b8cf49e0d07cc6f44c6da6f0bb7297c2d16f974c03c7146f722d3fb968
[INFO] running `Command { std: "docker" "start" "d9f493b8cf49e0d07cc6f44c6da6f0bb7297c2d16f974c03c7146f722d3fb968", kill_on_drop: false }`
[INFO] running `Command { std: "docker" "inspect" "d9f493b8cf49e0d07cc6f44c6da6f0bb7297c2d16f974c03c7146f722d3fb968", kill_on_drop: false }`
[INFO] running `Command { std: "docker" "exec" "-e" "SOURCE_DIR=/opt/rustwide/workdir" "-e" "CARGO_HOME=/opt/rustwide/cargo-home" "-e" "RUSTUP_HOME=/opt/rustwide/rustup-home" "-e" "CARGO_TARGET_DIR=/opt/rustwide/target" "-w" "/opt/rustwide/workdir" "--user" "0:0" "d9f493b8cf49e0d07cc6f44c6da6f0bb7297c2d16f974c03c7146f722d3fb968" "/opt/rustwide/cargo-home/bin/cargo" "+1.100.0-beta.1" "metadata" "--no-deps" "--format-version=1", kill_on_drop: false }`
[INFO] running `Command { std: "docker" "inspect" "d9f493b8cf49e0d07cc6f44c6da6f0bb7297c2d16f974c03c7146f722d3fb968", kill_on_drop: false }`
[INFO] running `Command { std: "docker" "exec" "-e" "SOURCE_DIR=/opt/rustwide/workdir" "-e" "CARGO_HOME=/opt/rustwide/cargo-home" "-e" "RUSTUP_HOME=/opt/rustwide/rustup-home" "-e" "CARGO_TARGET_DIR=/opt/rustwide/target" "-e" "CARGO_INCREMENTAL=0" "-e" "RUST_BACKTRACE=full" "-e" "RUSTFLAGS=--cap-lints=warn" "-e" "RUSTDOCFLAGS=--cap-lints=warn" "-w" "/opt/rustwide/workdir" "--user" "0:0" "d9f493b8cf49e0d07cc6f44c6da6f0bb7297c2d16f974c03c7146f722d3fb968" "/opt/rustwide/cargo-home/bin/cargo" "+1.100.0-beta.1" "build" "--frozen" "--message-format=json" "--release", kill_on_drop: false }`
[INFO] [stderr] warning: `package.homepage` is redundant with `package.repository`
[INFO] [stderr]   --> Cargo.toml:29:12
[INFO] [stderr]    |
[INFO] [stderr] 29 | homepage = "https://github.com/christian-boks/grib2_reader"
[INFO] [stderr]    |            ^^^^^^^^^^^^^^^^^^^^^^^^^^^^^^^^^^^^^^^^^^^^^^^^
[INFO] [stderr] ...
[INFO] [stderr] 34 | repository = "https://github.com/christian-boks/grib2_reader"
[INFO] [stderr]    |              ------------------------------------------------
[INFO] [stderr]    |
[INFO] [stderr]    = note: `cargo::redundant_homepage` is set to `warn` by default
[INFO] [stderr] help: consider removing `package.homepage`
[INFO] [stderr] warning: `grib2_reader` (manifest) generated 1 warning
[INFO] [stderr]    Compiling thiserror v1.0.49
[INFO] [stderr]    Compiling bitstream-io v2.2.0
[INFO] [stderr]    Compiling syn v2.0.52
[INFO] [stderr]    Compiling thiserror-impl v1.0.49
[INFO] [stderr]    Compiling grib2_reader v0.2.0 (/opt/rustwide/workdir)
[INFO] [stderr]     Finished `release` profile [optimized] target(s) in 5.20s
[INFO] running `Command { std: "docker" "inspect" "d9f493b8cf49e0d07cc6f44c6da6f0bb7297c2d16f974c03c7146f722d3fb968", kill_on_drop: false }`
[INFO] running `Command { std: "docker" "exec" "-e" "SOURCE_DIR=/opt/rustwide/workdir" "-e" "CARGO_HOME=/opt/rustwide/cargo-home" "-e" "RUSTUP_HOME=/opt/rustwide/rustup-home" "-e" "CARGO_TARGET_DIR=/opt/rustwide/target" "-e" "CARGO_INCREMENTAL=0" "-e" "RUST_BACKTRACE=full" "-e" "RUSTFLAGS=--cap-lints=warn" "-e" "RUSTDOCFLAGS=--cap-lints=warn" "-w" "/opt/rustwide/workdir" "--user" "0:0" "d9f493b8cf49e0d07cc6f44c6da6f0bb7297c2d16f974c03c7146f722d3fb968" "/opt/rustwide/cargo-home/bin/cargo" "+1.100.0-beta.1" "test" "--frozen" "--no-run" "--message-format=json" "--release", kill_on_drop: false }`
[INFO] [stderr] warning: `package.homepage` is redundant with `package.repository`
[INFO] [stderr]   --> Cargo.toml:29:12
[INFO] [stderr]    |
[INFO] [stderr] 29 | homepage = "https://github.com/christian-boks/grib2_reader"
[INFO] [stderr]    |            ^^^^^^^^^^^^^^^^^^^^^^^^^^^^^^^^^^^^^^^^^^^^^^^^
[INFO] [stderr] ...
[INFO] [stderr] 34 | repository = "https://github.com/christian-boks/grib2_reader"
[INFO] [stderr]    |              ------------------------------------------------
[INFO] [stderr]    |
[INFO] [stderr]    = note: `cargo::redundant_homepage` is set to `warn` by default
[INFO] [stderr] help: consider removing `package.homepage`
[INFO] [stderr] warning: `grib2_reader` (manifest) generated 1 warning
[INFO] [stderr]    Compiling grib2_reader v0.2.0 (/opt/rustwide/workdir)
[INFO] [stderr]     Finished `release` profile [optimized] target(s) in 1.94s
[INFO] running `Command { std: "docker" "inspect" "d9f493b8cf49e0d07cc6f44c6da6f0bb7297c2d16f974c03c7146f722d3fb968", kill_on_drop: false }`
[INFO] running `Command { std: "docker" "exec" "-e" "SOURCE_DIR=/opt/rustwide/workdir" "-e" "CARGO_HOME=/opt/rustwide/cargo-home" "-e" "RUSTUP_HOME=/opt/rustwide/rustup-home" "-e" "CARGO_TARGET_DIR=/opt/rustwide/target" "-e" "CARGO_INCREMENTAL=0" "-e" "RUST_BACKTRACE=full" "-e" "RUSTFLAGS=--cap-lints=warn" "-e" "RUSTDOCFLAGS=--cap-lints=warn" "-w" "/opt/rustwide/workdir" "--user" "0:0" "d9f493b8cf49e0d07cc6f44c6da6f0bb7297c2d16f974c03c7146f722d3fb968" "/opt/rustwide/cargo-home/bin/cargo" "+1.100.0-beta.1" "test" "--frozen" "--release", kill_on_drop: false }`
[INFO] [stderr] warning: `package.homepage` is redundant with `package.repository`
[INFO] [stderr]   --> Cargo.toml:29:12
[INFO] [stderr]    |
[INFO] [stderr] 29 | homepage = "https://github.com/christian-boks/grib2_reader"
[INFO] [stderr]    |            ^^^^^^^^^^^^^^^^^^^^^^^^^^^^^^^^^^^^^^^^^^^^^^^^
[INFO] [stderr] ...
[INFO] [stderr] 34 | repository = "https://github.com/christian-boks/grib2_reader"
[INFO] [stderr]    |              ------------------------------------------------
[INFO] [stderr]    |
[INFO] [stderr]    = note: `cargo::redundant_homepage` is set to `warn` by default
[INFO] [stderr] help: consider removing `package.homepage`
[INFO] [stderr] warning: `grib2_reader` (manifest) generated 1 warning
[INFO] [stderr]     Finished `release` profile [optimized] target(s) in 0.05s
[INFO] [stderr]      Running unittests src/lib.rs (/opt/rustwide/target/release/build/grib2_reader/5ef507e43b1fc3a0/out/grib2_reader-5ef507e43b1fc3a0)
[INFO] [stdout] 
[INFO] [stdout] running 15 tests
[INFO] [stdout] test aec::tests::rejects_unsupported_modes ... ok
[INFO] [stdout] test aec::tests::uncompressed_blocks_round_trip ... ok
[INFO] [stdout] test aec::tests::truncated_stream_errors_instead_of_hanging ... ok
[INFO] [stdout] test aec::tests::zero_block_emits_a_block_of_zeros ... ok
[INFO] [stdout] test aec::tests::unmap_escapes_near_the_bounds ... ok
[INFO] [stdout] test aec::tests::preprocessing_unmaps_deltas_from_the_reference ... ok
[INFO] [stdout] test tests::bitmap_absent_decodes_the_packed_count ... ok
[INFO] [stdout] test tests::bitmapped_message_expands_to_the_full_grid ... ok
[INFO] [stdout] test tests::bitmap_packed_count_mismatch_is_an_error ... ok
[INFO] [stdout] test tests::ccsds_constant_field_with_zero_bits_decodes_to_the_reference ... ok
[INFO] [stdout] test tests::decimal_scale_factor_divides ... ok
[INFO] [stdout] test aec::tests::second_extension_reconstructs_pairs ... ok
[INFO] [stdout] test tests::ccsds_icosahedral_file_matches_the_eccodes_reference ... FAILED
[INFO] [stdout] test tests::read_single_test ... FAILED
[INFO] [stdout] test aec::tests::split_blocks_combine_fs_and_low_bits ... ok
[INFO] [stdout] 
[INFO] [stdout] failures:
[INFO] [stdout] 
[INFO] [stdout] ---- tests::ccsds_icosahedral_file_matches_the_eccodes_reference stdout ----
[INFO] [stdout] 
[INFO] [stdout] thread 'tests::ccsds_icosahedral_file_matches_the_eccodes_reference' (244) panicked at src/lib.rs:1039:71:
[INFO] [stdout] test data present: Os { code: 2, kind: NotFound, message: "No such file or directory" }
[INFO] [stdout] stack backtrace:
[INFO] [stdout]    0:     0x5e9f14e8a181 - <<std[617be2ca0a6fd877]::sys::backtrace::BacktraceLock>::print::DisplayBacktrace as core[a373ad73a504971]::fmt::Display>::fmt
[INFO] [stdout]    1:     0x5e9f14e9f03a - core[a373ad73a504971]::fmt::write
[INFO] [stdout]    2:     0x5e9f14e8e39c - <alloc[2e1b2a31b91974c5]::vec::Vec<u8> as core[a373ad73a504971]::io::write::Write>::write_fmt
[INFO] [stdout]    3:     0x5e9f14e662d6 - std[617be2ca0a6fd877]::panicking::default_hook::{closure#0}
[INFO] [stdout]    4:     0x5e9f14e82509 - std[617be2ca0a6fd877]::panicking::default_hook
[INFO] [stdout]    5:     0x5e9f14e1e660 - test[aada8e7e76ba119b]::test_main_inner::{closure#0}
[INFO] [stdout]    6:     0x5e9f14e826c2 - std[617be2ca0a6fd877]::panicking::panic_with_hook
[INFO] [stdout]    7:     0x5e9f14e66382 - std[617be2ca0a6fd877]::panicking::panic_handler::{closure#0}
[INFO] [stdout]    8:     0x5e9f14e5ef09 - std[617be2ca0a6fd877]::sys::backtrace::__rust_end_short_backtrace::<std[617be2ca0a6fd877]::panicking::panic_handler::{closure#0}, !>
[INFO] [stdout]    9:     0x5e9f14e66f8d - __rustc[ea4f61d10b84890b]::rust_begin_unwind
[INFO] [stdout]   10:     0x5e9f14e9f76c - core[a373ad73a504971]::panicking::panic_fmt
[INFO] [stdout]   11:     0x5e9f14e9f542 - core[a373ad73a504971]::result::unwrap_failed
[INFO] [stdout]   12:     0x5e9f14e08ec9 - <grib2_reader[52a489148ddaf1ec]::tests::ccsds_icosahedral_file_matches_the_eccodes_reference::{closure#0} as core[a373ad73a504971]::ops::function::FnOnce<()>>::call_once
[INFO] [stdout]   13:     0x5e9f14e11aab - test[aada8e7e76ba119b]::__rust_begin_short_backtrace::<core[a373ad73a504971]::result::Result<(), alloc[2e1b2a31b91974c5]::string::String>, fn() -> core[a373ad73a504971]::result::Result<(), alloc[2e1b2a31b91974c5]::string::String>>
[INFO] [stdout]   14:     0x5e9f14e1ec85 - test[aada8e7e76ba119b]::run_test::{closure#0}
[INFO] [stdout]   15:     0x5e9f14e18574 - std[617be2ca0a6fd877]::sys::backtrace::__rust_begin_short_backtrace::<test[aada8e7e76ba119b]::run_test::{closure#1}, ()>
[INFO] [stdout]   16:     0x5e9f14e21d12 - <std[617be2ca0a6fd877]::thread::lifecycle::spawn_unchecked<test[aada8e7e76ba119b]::run_test::{closure#1}, ()>::{closure#1} as core[a373ad73a504971]::ops::function::FnOnce<()>>::call_once::{shim:vtable#0}
[INFO] [stdout]   17:     0x5e9f14e896cf - <std[617be2ca0a6fd877]::sys::thread::unix::Thread>::new::thread_start
[INFO] [stdout]   18:     0x72fa75a19dfa - <unknown>
[INFO] [stdout]   19:     0x72fa75aad3d4 - clone
[INFO] [stdout]   20:                0x0 - <unknown>
[INFO] [stdout] 
[INFO] [stdout] ---- tests::read_single_test stdout ----
[INFO] [stdout] 
[INFO] [stdout] thread 'tests::read_single_test' (246) panicked at src/lib.rs:1146:64:
[INFO] [stdout] Unable to open file: Os { code: 2, kind: NotFound, message: "No such file or directory" }
[INFO] [stdout] stack backtrace:
[INFO] [stdout]    0:     0x5e9f14e8a181 - <<std[617be2ca0a6fd877]::sys::backtrace::BacktraceLock>::print::DisplayBacktrace as core[a373ad73a504971]::fmt::Display>::fmt
[INFO] [stdout]    1:     0x5e9f14e9f03a - core[a373ad73a504971]::fmt::write
[INFO] [stdout]    2:     0x5e9f14e8e39c - <alloc[2e1b2a31b91974c5]::vec::Vec<u8> as core[a373ad73a504971]::io::write::Write>::write_fmt
[INFO] [stdout]    3:     0x5e9f14e662d6 - std[617be2ca0a6fd877]::panicking::default_hook::{closure#0}
[INFO] [stdout]    4:     0x5e9f14e82509 - std[617be2ca0a6fd877]::panicking::default_hook
[INFO] [stdout]    5:     0x5e9f14e1e660 - test[aada8e7e76ba119b]::test_main_inner::{closure#0}
[INFO] [stdout]    6:     0x5e9f14e826c2 - std[617be2ca0a6fd877]::panicking::panic_with_hook
[INFO] [stdout]    7:     0x5e9f14e66382 - std[617be2ca0a6fd877]::panicking::panic_handler::{closure#0}
[INFO] [stdout]    8:     0x5e9f14e5ef09 - std[617be2ca0a6fd877]::sys::backtrace::__rust_end_short_backtrace::<std[617be2ca0a6fd877]::panicking::panic_handler::{closure#0}, !>
[INFO] [stdout]    9:     0x5e9f14e66f8d - __rustc[ea4f61d10b84890b]::rust_begin_unwind
[INFO] [stdout]   10:     0x5e9f14e9f76c - core[a373ad73a504971]::panicking::panic_fmt
[INFO] [stdout]   11:     0x5e9f14e9f542 - core[a373ad73a504971]::result::unwrap_failed
[INFO] [stdout]   12:     0x5e9f14e0725e - <grib2_reader[52a489148ddaf1ec]::tests::read_single_test::{closure#0} as core[a373ad73a504971]::ops::function::FnOnce<()>>::call_once
[INFO] [stdout]   13:     0x5e9f14e11aab - test[aada8e7e76ba119b]::__rust_begin_short_backtrace::<core[a373ad73a504971]::result::Result<(), alloc[2e1b2a31b91974c5]::string::String>, fn() -> core[a373ad73a504971]::result::Result<(), alloc[2e1b2a31b91974c5]::string::String>>
[INFO] [stdout]   14:     0x5e9f14e1ec85 - test[aada8e7e76ba119b]::run_test::{closure#0}
[INFO] [stdout]   15:     0x5e9f14e18574 - std[617be2ca0a6fd877]::sys::backtrace::__rust_begin_short_backtrace::<test[aada8e7e76ba119b]::run_test::{closure#1}, ()>
[INFO] [stdout]   16:     0x5e9f14e21d12 - <std[617be2ca0a6fd877]::thread::lifecycle::spawn_unchecked<test[aada8e7e76ba119b]::run_test::{closure#1}, ()>::{closure#1} as core[a373ad73a504971]::ops::function::FnOnce<()>>::call_once::{shim:vtable#0}
[INFO] [stdout]   17:     0x5e9f14e896cf - <std[617be2ca0a6fd877]::sys::thread::unix::Thread>::new::thread_start
[INFO] [stdout]   18:     0x72fa75a19dfa - <unknown>
[INFO] [stdout]   19:     0x72fa75aad3d4 - clone
[INFO] [stdout]   20:                0x0 - <unknown>
[INFO] [stdout] 
[INFO] [stdout] 
[INFO] [stdout] failures:
[INFO] [stdout]     tests::ccsds_icosahedral_file_matches_the_eccodes_reference
[INFO] [stdout]     tests::read_single_test
[INFO] [stdout] 
[INFO] [stdout] test result: FAILED. 13 passed; 2 failed; 0 ignored; 0 measured; 0 filtered out; finished in 0.01s
[INFO] [stdout] 
[INFO] [stderr] error: test failed, to rerun pass `--lib`
[INFO] running `Command { std: "docker" "inspect" "d9f493b8cf49e0d07cc6f44c6da6f0bb7297c2d16f974c03c7146f722d3fb968", kill_on_drop: false }`
[INFO] running `Command { std: "docker" "rm" "-f" "d9f493b8cf49e0d07cc6f44c6da6f0bb7297c2d16f974c03c7146f722d3fb968", kill_on_drop: false }`
[INFO] [stdout] d9f493b8cf49e0d07cc6f44c6da6f0bb7297c2d16f974c03c7146f722d3fb968
