[INFO] fetching crate greentic-x-runtime 1.2.0-dev.38039612940...
[INFO] testing greentic-x-runtime-1.2.0-dev.38039612940 against 1.99.0-beta.8+cargoflags=--release for beta-release-1.100-2
[INFO] extracting crate greentic-x-runtime 1.2.0-dev.38039612940 into /workspace/builds/worker-5-tc1/source
[INFO] started tweaking crates.io crate greentic-x-runtime 1.2.0-dev.38039612940
[INFO] finished tweaking crates.io crate greentic-x-runtime 1.2.0-dev.38039612940
[INFO] tweaked toml for crates.io crate greentic-x-runtime 1.2.0-dev.38039612940 written to /workspace/builds/worker-5-tc1/source/Cargo.toml
[INFO] validating manifest of crates.io crate greentic-x-runtime 1.2.0-dev.38039612940 on toolchain 1.99.0-beta.8
[INFO] running `Command { std: CARGO_HOME="/workspace/cargo-home" RUSTUP_HOME="/workspace/rustup-home" "/workspace/cargo-home/bin/cargo" "+1.99.0-beta.8" "metadata" "--manifest-path" "Cargo.toml" "--no-deps", kill_on_drop: false }`
[INFO] crate crates.io crate greentic-x-runtime 1.2.0-dev.38039612940 already has a lockfile, it will not be regenerated
[INFO] running `Command { std: CARGO_HOME="/workspace/cargo-home" RUSTUP_HOME="/workspace/rustup-home" "/workspace/cargo-home/bin/cargo" "+1.99.0-beta.8" "fetch" "--manifest-path" "Cargo.toml", kill_on_drop: false }`
[INFO] [stderr]     Updating crates.io index
[INFO] [stderr]  Downloading crates ...
[INFO] [stderr]   Downloaded wasm-bindgen-futures v0.4.73
[INFO] [stderr]   Downloaded referencing v0.46.5
[INFO] [stderr]   Downloaded jsonschema v0.46.5
[INFO] [stderr]   Downloaded greentic-x-ops v1.2.0
[INFO] [stderr]   Downloaded greentic-x-events v1.2.0
[INFO] [stderr]   Downloaded greentic-x-contracts v1.2.0
[INFO] [stderr]   Downloaded greentic-x-types v1.2.0
[INFO] [stderr]   Downloaded web-sys v0.3.100
[INFO] running `Command { std: "docker" "create" "-v" "/var/lib/crater-agent-workspace/builds/worker-5-tc1/source:/opt/rustwide/workdir:ro,Z" "-v" "/var/lib/crater-agent-workspace/builds/worker-5-tc1/target:/opt/rustwide/target:rw,Z" "-v" "/var/lib/crater-agent-workspace/cargo-home:/opt/rustwide/cargo-home:ro,Z" "-v" "/var/lib/crater-agent-workspace/rustup-home:/opt/rustwide/rustup-home:ro,Z" "-m" "1610612736" "--network" "none" "ghcr.io/rust-lang/crates-build-env/linux@sha256:77db811e55d90add9212f6832c23229e3de5f1c1f9905e8cb07319ea15df73ac" "sleep" "infinity", kill_on_drop: false }`
[INFO] [stdout] 659e00da72371ba6bd4304ca3610e65751f273801f19ebc53ca217975b430d2e
[INFO] running `Command { std: "docker" "start" "659e00da72371ba6bd4304ca3610e65751f273801f19ebc53ca217975b430d2e", kill_on_drop: false }`
[INFO] running `Command { std: "docker" "inspect" "659e00da72371ba6bd4304ca3610e65751f273801f19ebc53ca217975b430d2e", kill_on_drop: false }`
[INFO] running `Command { std: "docker" "exec" "-e" "SOURCE_DIR=/opt/rustwide/workdir" "-e" "CARGO_HOME=/opt/rustwide/cargo-home" "-e" "RUSTUP_HOME=/opt/rustwide/rustup-home" "-e" "CARGO_TARGET_DIR=/opt/rustwide/target" "-w" "/opt/rustwide/workdir" "--user" "0:0" "659e00da72371ba6bd4304ca3610e65751f273801f19ebc53ca217975b430d2e" "/opt/rustwide/cargo-home/bin/cargo" "+1.99.0-beta.8" "metadata" "--no-deps" "--format-version=1", kill_on_drop: false }`
[INFO] running `Command { std: "docker" "inspect" "659e00da72371ba6bd4304ca3610e65751f273801f19ebc53ca217975b430d2e", kill_on_drop: false }`
[INFO] running `Command { std: "docker" "exec" "-e" "SOURCE_DIR=/opt/rustwide/workdir" "-e" "CARGO_HOME=/opt/rustwide/cargo-home" "-e" "RUSTUP_HOME=/opt/rustwide/rustup-home" "-e" "CARGO_TARGET_DIR=/opt/rustwide/target" "-e" "CARGO_INCREMENTAL=0" "-e" "RUST_BACKTRACE=full" "-e" "RUSTFLAGS=--cap-lints=warn" "-e" "RUSTDOCFLAGS=--cap-lints=warn" "-w" "/opt/rustwide/workdir" "--user" "0:0" "659e00da72371ba6bd4304ca3610e65751f273801f19ebc53ca217975b430d2e" "/opt/rustwide/cargo-home/bin/cargo" "+1.99.0-beta.8" "build" "--frozen" "--message-format=json" "--release", kill_on_drop: false }`
[INFO] [stderr]    Compiling libc v0.2.186
[INFO] [stderr]    Compiling memchr v2.8.2
[INFO] [stderr]    Compiling writeable v0.6.3
[INFO] [stderr]    Compiling litemap v0.8.2
[INFO] [stderr]    Compiling aws-lc-rs v1.17.0
[INFO] [stderr]    Compiling http v1.4.2
[INFO] [stderr]    Compiling icu_properties_data v2.2.0
[INFO] [stderr]    Compiling serde_json v1.0.150
[INFO] [stderr]    Compiling icu_normalizer_data v2.2.0
[INFO] [stderr]    Compiling syn v2.0.117
[INFO] [stderr]    Compiling rustls-pki-types v1.14.1
[INFO] [stderr]    Compiling rustls v0.23.40
[INFO] [stderr]    Compiling futures-io v0.3.32
[INFO] [stderr]    Compiling num-integer v0.1.46
[INFO] [stderr]    Compiling futures-channel v0.3.32
[INFO] [stderr]    Compiling zerocopy v0.8.52
[INFO] [stderr]    Compiling num-complex v0.4.6
[INFO] [stderr]    Compiling borrow-or-share v0.2.4
[INFO] [stderr]    Compiling bitflags v2.13.0
[INFO] [stderr]    Compiling log v0.4.32
[INFO] [stderr]    Compiling micromap v0.3.0
[INFO] [stderr]    Compiling uuid-simd v0.8.0
[INFO] [stderr]    Compiling bytecount v0.6.9
[INFO] [stderr]    Compiling num-cmp v0.1.0
[INFO] [stderr]    Compiling data-encoding v2.11.0
[INFO] [stderr]    Compiling rustls-native-certs v0.8.4
[INFO] [stderr]    Compiling num-bigint v0.4.6
[INFO] [stderr]    Compiling num-iter v0.1.45
[INFO] [stderr]    Compiling http-body v1.0.1
[INFO] [stderr]    Compiling http-body-util v0.1.3
[INFO] [stderr]    Compiling futures-util v0.3.32
[INFO] [stderr]    Compiling aho-corasick v1.1.4
[INFO] [stderr]    Compiling socket2 v0.6.4
[INFO] [stderr]    Compiling mio v1.2.1
[INFO] [stderr]    Compiling parking_lot_core v0.9.12
[INFO] [stderr]    Compiling getrandom v0.3.4
[INFO] [stderr]    Compiling parking_lot v0.12.5
[INFO] [stderr]    Compiling tokio v1.52.3
[INFO] [stderr]    Compiling jobserver v0.1.34
[INFO] [stderr]    Compiling cc v1.2.63
[INFO] [stderr]    Compiling num-rational v0.4.2
[INFO] [stderr]    Compiling regex-automata v0.4.14
[INFO] [stderr]    Compiling num v0.4.3
[INFO] [stderr]    Compiling fraction v0.15.4
[INFO] [stderr]    Compiling cmake v0.1.58
[INFO] [stderr]    Compiling synstructure v0.13.2
[INFO] [stderr]    Compiling aws-lc-sys v0.41.0
[INFO] [stderr]    Compiling zerovec-derive v0.11.3
[INFO] [stderr]    Compiling displaydoc v0.2.6
[INFO] [stderr]    Compiling zerofrom-derive v0.1.7
[INFO] [stderr]    Compiling yoke-derive v0.8.2
[INFO] [stderr]    Compiling serde_derive v1.0.228
[INFO] [stderr]    Compiling ref-cast-impl v1.0.25
[INFO] [stderr]    Compiling ref-cast v1.0.25
[INFO] [stderr]    Compiling zerofrom v0.1.8
[INFO] [stderr]    Compiling yoke v0.8.3
[INFO] [stderr]    Compiling zerovec v0.11.6
[INFO] [stderr]    Compiling zerotrie v0.2.4
[INFO] [stderr]    Compiling tinystr v0.8.3
[INFO] [stderr]    Compiling potential_utf v0.1.5
[INFO] [stderr]    Compiling icu_locale_core v2.2.0
[INFO] [stderr]    Compiling icu_collections v2.2.0
[INFO] [stderr]    Compiling icu_provider v2.2.0
[INFO] [stderr]    Compiling tokio-util v0.7.18
[INFO] [stderr]    Compiling tower v0.5.3
[INFO] [stderr]    Compiling serde v1.0.228
[INFO] [stderr]    Compiling icu_properties v2.2.0
[INFO] [stderr]    Compiling icu_normalizer v2.2.0
[INFO] [stderr]    Compiling h2 v0.4.14
[INFO] [stderr]    Compiling regex v1.12.4
[INFO] [stderr]    Compiling fancy-regex v0.18.0
[INFO] [stderr]    Compiling greentic-x-types v1.2.0
[INFO] [stderr]    Compiling ahash v0.8.12
[INFO] [stderr]    Compiling fluent-uri v0.4.1
[INFO] [stderr]    Compiling email_address v0.2.9
[INFO] [stderr]    Compiling idna_adapter v1.2.2
[INFO] [stderr]    Compiling idna v1.1.0
[INFO] [stderr]    Compiling url v2.5.8
[INFO] [stderr]    Compiling greentic-x-events v1.2.0
[INFO] [stderr]    Compiling referencing v0.46.5
[INFO] [stderr]    Compiling greentic-x-ops v1.2.0
[INFO] [stderr]    Compiling greentic-x-contracts v1.2.0
[INFO] [stderr]    Compiling tower-http v0.6.11
[INFO] [stderr]    Compiling hyper v1.10.1
[INFO] [stderr]    Compiling hyper-util v0.1.20
[INFO] [stderr]    Compiling rustls-webpki v0.103.13
[INFO] [stderr]    Compiling tokio-rustls v0.26.4
[INFO] [stderr]    Compiling rustls-platform-verifier v0.7.0
[INFO] [stderr]    Compiling hyper-rustls v0.27.9
[INFO] [stderr]    Compiling reqwest v0.13.4
[INFO] [stderr]    Compiling jsonschema v0.46.5
[INFO] [stderr]    Compiling greentic-x-runtime v1.2.0-dev.38039612940 (/opt/rustwide/workdir)
[INFO] [stderr]     Finished `release` profile [optimized] target(s) in 2m 50s
[INFO] running `Command { std: "docker" "inspect" "659e00da72371ba6bd4304ca3610e65751f273801f19ebc53ca217975b430d2e", kill_on_drop: false }`
[INFO] running `Command { std: "docker" "exec" "-e" "SOURCE_DIR=/opt/rustwide/workdir" "-e" "CARGO_HOME=/opt/rustwide/cargo-home" "-e" "RUSTUP_HOME=/opt/rustwide/rustup-home" "-e" "CARGO_TARGET_DIR=/opt/rustwide/target" "-e" "CARGO_INCREMENTAL=0" "-e" "RUST_BACKTRACE=full" "-e" "RUSTFLAGS=--cap-lints=warn" "-e" "RUSTDOCFLAGS=--cap-lints=warn" "-w" "/opt/rustwide/workdir" "--user" "0:0" "659e00da72371ba6bd4304ca3610e65751f273801f19ebc53ca217975b430d2e" "/opt/rustwide/cargo-home/bin/cargo" "+1.99.0-beta.8" "test" "--frozen" "--no-run" "--message-format=json" "--release", kill_on_drop: false }`
[INFO] [stderr]    Compiling greentic-x-runtime v1.2.0-dev.38039612940 (/opt/rustwide/workdir)
[INFO] [stderr]     Finished `release` profile [optimized] target(s) in 8.05s
[INFO] running `Command { std: "docker" "inspect" "659e00da72371ba6bd4304ca3610e65751f273801f19ebc53ca217975b430d2e", kill_on_drop: false }`
[INFO] running `Command { std: "docker" "exec" "-e" "SOURCE_DIR=/opt/rustwide/workdir" "-e" "CARGO_HOME=/opt/rustwide/cargo-home" "-e" "RUSTUP_HOME=/opt/rustwide/rustup-home" "-e" "CARGO_TARGET_DIR=/opt/rustwide/target" "-e" "CARGO_INCREMENTAL=0" "-e" "RUST_BACKTRACE=full" "-e" "RUSTFLAGS=--cap-lints=warn" "-e" "RUSTDOCFLAGS=--cap-lints=warn" "-w" "/opt/rustwide/workdir" "--user" "0:0" "659e00da72371ba6bd4304ca3610e65751f273801f19ebc53ca217975b430d2e" "/opt/rustwide/cargo-home/bin/cargo" "+1.99.0-beta.8" "test" "--frozen" "--release", kill_on_drop: false }`
[INFO] [stderr]     Finished `release` profile [optimized] target(s) in 0.20s
[INFO] [stderr]      Running unittests src/lib.rs (/opt/rustwide/target/release/deps/greentic_x_runtime-a99301f105ccdcf4)
[INFO] [stdout] 
[INFO] [stdout] running 26 tests
[INFO] [stdout] test tests::component_invocation_envelope_carries_resilience_and_caching_strategies ... ok
[INFO] [stdout] test tests::component_invocation_envelope_captures_runtime_boundary ... ok
[INFO] [stdout] test tests::execute_component_with_strategies_serves_cache_hit_without_provider_call ... ok
[INFO] [stdout] test tests::fast2flow_dispatch_can_select_agentic_execution ... ok
[INFO] [stdout] test tests::execute_component_with_strategies_retries_until_success ... ok
[INFO] [stdout] test tests::delegating_component_provider_forwards_envelope_to_host_handler ... ok
[INFO] [stdout] test tests::in_memory_component_cache_respects_max_entries ... ok
[INFO] [stdout] test tests::delegating_fast2flow_routing_provider_forwards_request_to_host_handler ... ok
[INFO] [stdout] test tests::rejects_missing_operations ... ok
[INFO] [stdout] test tests::static_component_provider_returns_registered_output ... ok
[INFO] [stdout] test tests::unsupported_component_provider_returns_runtime_error ... ok
[INFO] [stdout] test tests::unsupported_fast2flow_routing_provider_returns_runtime_error ... ok
[INFO] [stdout] test tests::rejects_operation_registration_for_missing_contract_support ... ok
[INFO] [stdout] test tests::allows_only_declared_patch_paths ... FAILED
[INFO] [stdout] test tests::supports_append_only_collections ... FAILED
[INFO] [stdout] test tests::supports_typed_links_between_resources ... FAILED
[INFO] [stdout] test tests::supports_operation_call_envelopes ... FAILED
[INFO] [stdout] test tests::emits_events_for_contract_resource_and_operation_flows ... FAILED
[INFO] [stdout] test tests::validates_operation_payloads_against_registered_schemas ... FAILED
[INFO] [stdout] test tests::registers_and_invokes_resolvers ... FAILED
[INFO] [stdout] test tests::enforces_allowed_transitions ... FAILED
[INFO] [stdout] test tests::detects_revision_conflicts ... FAILED
[INFO] [stdout] test tests::fast2flow_dispatch_can_carry_prefill_entities ... ok
[INFO] [stdout] test tests::fast2flow_legacy_dispatch_without_flow_type_defaults_to_deterministic ... ok
[INFO] [stdout] test tests::in_memory_component_cache_expires_entries_by_ttl ... ok
[INFO] [stderr] error: test failed, to rerun pass `--lib`
[INFO] [stdout] test tests::validates_resource_documents_against_registered_schemas ... FAILED
[INFO] [stdout] 
[INFO] [stdout] failures:
[INFO] [stdout] 
[INFO] [stdout] ---- tests::allows_only_declared_patch_paths stdout ----
[INFO] [stdout] 
[INFO] [stdout] thread 'tests::allows_only_declared_patch_paths' (2975) panicked at src/lib.rs:2641:14:
[INFO] [stdout] contract schemas should register: Storage("failed to read /opt/rustwide/workdir/../../contracts/case/schemas/case.schema.json: No such file or directory (os error 2)")
[INFO] [stdout] stack backtrace:
[INFO] [stdout]    0:     0x620e85cb5521 - <<std[70759c8f55707aa4]::sys::backtrace::BacktraceLock>::print::DisplayBacktrace as core[df12db4294e9bfd3]::fmt::Display>::fmt
[INFO] [stdout]    1:     0x620e85cce44a - core[df12db4294e9bfd3]::fmt::write
[INFO] [stdout]    2:     0x620e85cba4dc - <alloc[2182bb758b4b3781]::vec::Vec<u8> as core[df12db4294e9bfd3]::io::write::Write>::write_fmt
[INFO] [stdout]    3:     0x620e85c8f766 - std[70759c8f55707aa4]::panicking::default_hook::{closure#0}
[INFO] [stdout]    4:     0x620e85cac709 - std[70759c8f55707aa4]::panicking::default_hook
[INFO] [stdout]    5:     0x620e855d2fa0 - test[9d35eded1c95d3be]::test_main_inner::<test[9d35eded1c95d3be]::test_main_static::{closure#0}>::{closure#0}
[INFO] [stdout]    6:     0x620e85caca32 - std[70759c8f55707aa4]::panicking::panic_with_hook
[INFO] [stdout]    7:     0x620e85c8f812 - std[70759c8f55707aa4]::panicking::panic_handler::{closure#0}
[INFO] [stdout]    8:     0x620e85c88289 - std[70759c8f55707aa4]::sys::backtrace::__rust_end_short_backtrace::<std[70759c8f55707aa4]::panicking::panic_handler::{closure#0}, !>
[INFO] [stdout]    9:     0x620e85c905fd - __rustc[8fa7c3cbc660c2b3]::rust_begin_unwind
[INFO] [stdout]   10:     0x620e85ccec2c - core[df12db4294e9bfd3]::panicking::panic_fmt
[INFO] [stdout]   11:     0x620e85ccea02 - core[df12db4294e9bfd3]::result::unwrap_failed
[INFO] [stdout]   12:     0x620e8558d6ba - greentic_x_runtime[843a1dc509004d83]::tests::install_case_contract
[INFO] [stdout]   13:     0x620e85591dba - greentic_x_runtime[843a1dc509004d83]::tests::allows_only_declared_patch_paths
[INFO] [stdout]   14:     0x620e855898a9 - <greentic_x_runtime[843a1dc509004d83]::tests::allows_only_declared_patch_paths::{closure#0} as core[df12db4294e9bfd3]::ops::function::FnOnce<()>>::call_once
[INFO] [stdout]   15:     0x620e855c628b - test[9d35eded1c95d3be]::__rust_begin_short_backtrace::<core[df12db4294e9bfd3]::result::Result<(), alloc[2182bb758b4b3781]::string::String>, fn() -> core[df12db4294e9bfd3]::result::Result<(), alloc[2182bb758b4b3781]::string::String>>
[INFO] [stdout]   16:     0x620e855d38f5 - test[9d35eded1c95d3be]::run_test::{closure#0}
[INFO] [stdout]   17:     0x620e855cd1b4 - std[70759c8f55707aa4]::sys::backtrace::__rust_begin_short_backtrace::<test[9d35eded1c95d3be]::run_test::{closure#1}, ()>
[INFO] [stdout]   18:     0x620e855d6a52 - <std[70759c8f55707aa4]::thread::lifecycle::spawn_unchecked<test[9d35eded1c95d3be]::run_test::{closure#1}, ()>::{closure#1} as core[df12db4294e9bfd3]::ops::function::FnOnce<()>>::call_once::{shim:vtable#0}
[INFO] [stdout]   19:     0x620e85cb46d9 - <std[70759c8f55707aa4]::sys::thread::unix::Thread>::new::thread_start
[INFO] [stdout]   20:     0x7c8ce869cdfa - <unknown>
[INFO] [stdout]   21:     0x7c8ce87303d4 - clone
[INFO] [stdout]   22:                0x0 - <unknown>
[INFO] [stdout] 
[INFO] [stdout] ---- tests::supports_append_only_collections stdout ----
[INFO] [stdout] 
[INFO] [stdout] thread 'tests::supports_append_only_collections' (2994) panicked at src/lib.rs:2641:14:
[INFO] [stdout] contract schemas should register: Storage("failed to read /opt/rustwide/workdir/../../contracts/case/schemas/case.schema.json: No such file or directory (os error 2)")
[INFO] [stdout] stack backtrace:
[INFO] [stdout]    0:     0x620e85cb5521 - <<std[70759c8f55707aa4]::sys::backtrace::BacktraceLock>::print::DisplayBacktrace as core[df12db4294e9bfd3]::fmt::Display>::fmt
[INFO] [stdout]    1:     0x620e85cce44a - core[df12db4294e9bfd3]::fmt::write
[INFO] [stdout]    2:     0x620e85cba4dc - <alloc[2182bb758b4b3781]::vec::Vec<u8> as core[df12db4294e9bfd3]::io::write::Write>::write_fmt
[INFO] [stdout]    3:     0x620e85c8f766 - std[70759c8f55707aa4]::panicking::default_hook::{closure#0}
[INFO] [stdout]    4:     0x620e85cac709 - std[70759c8f55707aa4]::panicking::default_hook
[INFO] [stdout]    5:     0x620e855d2fa0 - test[9d35eded1c95d3be]::test_main_inner::<test[9d35eded1c95d3be]::test_main_static::{closure#0}>::{closure#0}
[INFO] [stdout]    6:     0x620e85caca32 - std[70759c8f55707aa4]::panicking::panic_with_hook
[INFO] [stdout]    7:     0x620e85c8f812 - std[70759c8f55707aa4]::panicking::panic_handler::{closure#0}
[INFO] [stdout]    8:     0x620e85c88289 - std[70759c8f55707aa4]::sys::backtrace::__rust_end_short_backtrace::<std[70759c8f55707aa4]::panicking::panic_handler::{closure#0}, !>
[INFO] [stdout]    9:     0x620e85c905fd - __rustc[8fa7c3cbc660c2b3]::rust_begin_unwind
[INFO] [stdout]   10:     0x620e85ccec2c - core[df12db4294e9bfd3]::panicking::panic_fmt
[INFO] [stdout]   11:     0x620e85ccea02 - core[df12db4294e9bfd3]::result::unwrap_failed
[INFO] [stdout]   12:     0x620e8558d6ba - greentic_x_runtime[843a1dc509004d83]::tests::install_case_contract
[INFO] [stdout]   13:     0x620e85592fd2 - greentic_x_runtime[843a1dc509004d83]::tests::supports_append_only_collections
[INFO] [stdout]   14:     0x620e855898c9 - <greentic_x_runtime[843a1dc509004d83]::tests::supports_append_only_collections::{closure#0} as core[df12db4294e9bfd3]::ops::function::FnOnce<()>>::call_once
[INFO] [stdout]   15:     0x620e855c628b - test[9d35eded1c95d3be]::__rust_begin_short_backtrace::<core[df12db4294e9bfd3]::result::Result<(), alloc[2182bb758b4b3781]::string::String>, fn() -> core[df12db4294e9bfd3]::result::Result<(), alloc[2182bb758b4b3781]::string::String>>
[INFO] [stdout]   16:     0x620e855d38f5 - test[9d35eded1c95d3be]::run_test::{closure#0}
[INFO] [stdout]   17:     0x620e855cd1b4 - std[70759c8f55707aa4]::sys::backtrace::__rust_begin_short_backtrace::<test[9d35eded1c95d3be]::run_test::{closure#1}, ()>
[INFO] [stdout]   18:     0x620e855d6a52 - <std[70759c8f55707aa4]::thread::lifecycle::spawn_unchecked<test[9d35eded1c95d3be]::run_test::{closure#1}, ()>::{closure#1} as core[df12db4294e9bfd3]::ops::function::FnOnce<()>>::call_once::{shim:vtable#0}
[INFO] [stdout]   19:     0x620e85cb46d9 - <std[70759c8f55707aa4]::sys::thread::unix::Thread>::new::thread_start
[INFO] [stdout]   20:     0x7c8ce869cdfa - <unknown>
[INFO] [stdout]   21:     0x7c8ce87303d4 - clone
[INFO] [stdout]   22:                0x0 - <unknown>
[INFO] [stdout] 
[INFO] [stdout] ---- tests::supports_typed_links_between_resources stdout ----
[INFO] [stdout] 
[INFO] [stdout] thread 'tests::supports_typed_links_between_resources' (2996) panicked at src/lib.rs:2641:14:
[INFO] [stdout] contract schemas should register: Storage("failed to read /opt/rustwide/workdir/../../contracts/case/schemas/case.schema.json: No such file or directory (os error 2)")
[INFO] [stdout] stack backtrace:
[INFO] [stdout]    0:     0x620e85cb5521 - <<std[70759c8f55707aa4]::sys::backtrace::BacktraceLock>::print::DisplayBacktrace as core[df12db4294e9bfd3]::fmt::Display>::fmt
[INFO] [stdout]    1:     0x620e85cce44a - core[df12db4294e9bfd3]::fmt::write
[INFO] [stdout]    2:     0x620e85cba4dc - <alloc[2182bb758b4b3781]::vec::Vec<u8> as core[df12db4294e9bfd3]::io::write::Write>::write_fmt
[INFO] [stdout]    3:     0x620e85c8f766 - std[70759c8f55707aa4]::panicking::default_hook::{closure#0}
[INFO] [stdout]    4:     0x620e85cac709 - std[70759c8f55707aa4]::panicking::default_hook
[INFO] [stdout]    5:     0x620e855d2fa0 - test[9d35eded1c95d3be]::test_main_inner::<test[9d35eded1c95d3be]::test_main_static::{closure#0}>::{closure#0}
[INFO] [stdout]    6:     0x620e85caca32 - std[70759c8f55707aa4]::panicking::panic_with_hook
[INFO] [stdout]    7:     0x620e85c8f812 - std[70759c8f55707aa4]::panicking::panic_handler::{closure#0}
[INFO] [stdout]    8:     0x620e85c88289 - std[70759c8f55707aa4]::sys::backtrace::__rust_end_short_backtrace::<std[70759c8f55707aa4]::panicking::panic_handler::{closure#0}, !>
[INFO] [stdout]    9:     0x620e85c905fd - __rustc[8fa7c3cbc660c2b3]::rust_begin_unwind
[INFO] [stdout]   10:     0x620e85ccec2c - core[df12db4294e9bfd3]::panicking::panic_fmt
[INFO] [stdout]   11:     0x620e85ccea02 - core[df12db4294e9bfd3]::result::unwrap_failed
[INFO] [stdout]   12:     0x620e8558d6ba - greentic_x_runtime[843a1dc509004d83]::tests::install_case_contract
[INFO] [stdout]   13:     0x620e85594547 - greentic_x_runtime[843a1dc509004d83]::tests::supports_typed_links_between_resources
[INFO] [stdout]   14:     0x620e85589909 - <greentic_x_runtime[843a1dc509004d83]::tests::supports_typed_links_between_resources::{closure#0} as core[df12db4294e9bfd3]::ops::function::FnOnce<()>>::call_once
[INFO] [stdout]   15:     0x620e855c628b - test[9d35eded1c95d3be]::__rust_begin_short_backtrace::<core[df12db4294e9bfd3]::result::Result<(), alloc[2182bb758b4b3781]::string::String>, fn() -> core[df12db4294e9bfd3]::result::Result<(), alloc[2182bb758b4b3781]::string::String>>
[INFO] [stdout]   16:     0x620e855d38f5 - test[9d35eded1c95d3be]::run_test::{closure#0}
[INFO] [stdout]   17:     0x620e855cd1b4 - std[70759c8f55707aa4]::sys::backtrace::__rust_begin_short_backtrace::<test[9d35eded1c95d3be]::run_test::{closure#1}, ()>
[INFO] [stdout]   18:     0x620e855d6a52 - <std[70759c8f55707aa4]::thread::lifecycle::spawn_unchecked<test[9d35eded1c95d3be]::run_test::{closure#1}, ()>::{closure#1} as core[df12db4294e9bfd3]::ops::function::FnOnce<()>>::call_once::{shim:vtable#0}
[INFO] [stdout]   19:     0x620e85cb46d9 - <std[70759c8f55707aa4]::sys::thread::unix::Thread>::new::thread_start
[INFO] [stdout]   20:     0x7c8ce869cdfa - <unknown>
[INFO] [stdout]   21:     0x7c8ce87303d4 - clone
[INFO] [stdout]   22:                0x0 - <unknown>
[INFO] [stdout] 
[INFO] [stdout] ---- tests::supports_operation_call_envelopes stdout ----
[INFO] [stdout] 
[INFO] [stdout] thread 'tests::supports_operation_call_envelopes' (2995) panicked at src/lib.rs:2641:14:
[INFO] [stdout] contract schemas should register: Storage("failed to read /opt/rustwide/workdir/../../contracts/case/schemas/case.schema.json: No such file or directory (os error 2)")
[INFO] [stdout] stack backtrace:
[INFO] [stdout]    0:     0x620e85cb5521 - <<std[70759c8f55707aa4]::sys::backtrace::BacktraceLock>::print::DisplayBacktrace as core[df12db4294e9bfd3]::fmt::Display>::fmt
[INFO] [stdout]    1:     0x620e85cce44a - core[df12db4294e9bfd3]::fmt::write
[INFO] [stdout]    2:     0x620e85cba4dc - <alloc[2182bb758b4b3781]::vec::Vec<u8> as core[df12db4294e9bfd3]::io::write::Write>::write_fmt
[INFO] [stdout]    3:     0x620e85c8f766 - std[70759c8f55707aa4]::panicking::default_hook::{closure#0}
[INFO] [stdout]    4:     0x620e85cac709 - std[70759c8f55707aa4]::panicking::default_hook
[INFO] [stdout]    5:     0x620e855d2fa0 - test[9d35eded1c95d3be]::test_main_inner::<test[9d35eded1c95d3be]::test_main_static::{closure#0}>::{closure#0}
[INFO] [stdout]    6:     0x620e85caca32 - std[70759c8f55707aa4]::panicking::panic_with_hook
[INFO] [stdout]    7:     0x620e85c8f812 - std[70759c8f55707aa4]::panicking::panic_handler::{closure#0}
[INFO] [stdout]    8:     0x620e85c88289 - std[70759c8f55707aa4]::sys::backtrace::__rust_end_short_backtrace::<std[70759c8f55707aa4]::panicking::panic_handler::{closure#0}, !>
[INFO] [stdout]    9:     0x620e85c905fd - __rustc[8fa7c3cbc660c2b3]::rust_begin_unwind
[INFO] [stdout]   10:     0x620e85ccec2c - core[df12db4294e9bfd3]::panicking::panic_fmt
[INFO] [stdout]   11:     0x620e85ccea02 - core[df12db4294e9bfd3]::result::unwrap_failed
[INFO] [stdout]   12:     0x620e8558d6ba - greentic_x_runtime[843a1dc509004d83]::tests::install_case_contract
[INFO] [stdout]   13:     0x620e85593c97 - greentic_x_runtime[843a1dc509004d83]::tests::supports_operation_call_envelopes
[INFO] [stdout]   14:     0x620e855898e9 - <greentic_x_runtime[843a1dc509004d83]::tests::supports_operation_call_envelopes::{closure#0} as core[df12db4294e9bfd3]::ops::function::FnOnce<()>>::call_once
[INFO] [stdout]   15:     0x620e855c628b - test[9d35eded1c95d3be]::__rust_begin_short_backtrace::<core[df12db4294e9bfd3]::result::Result<(), alloc[2182bb758b4b3781]::string::String>, fn() -> core[df12db4294e9bfd3]::result::Result<(), alloc[2182bb758b4b3781]::string::String>>
[INFO] [stdout]   16:     0x620e855d38f5 - test[9d35eded1c95d3be]::run_test::{closure#0}
[INFO] [stdout]   17:     0x620e855cd1b4 - std[70759c8f55707aa4]::sys::backtrace::__rust_begin_short_backtrace::<test[9d35eded1c95d3be]::run_test::{closure#1}, ()>
[INFO] [stdout]   18:     0x620e855d6a52 - <std[70759c8f55707aa4]::thread::lifecycle::spawn_unchecked<test[9d35eded1c95d3be]::run_test::{closure#1}, ()>::{closure#1} as core[df12db4294e9bfd3]::ops::function::FnOnce<()>>::call_once::{shim:vtable#0}
[INFO] [stdout]   19:     0x620e85cb46d9 - <std[70759c8f55707aa4]::sys::thread::unix::Thread>::new::thread_start
[INFO] [stdout]   20:     0x7c8ce869cdfa - <unknown>
[INFO] [stdout]   21:     0x7c8ce87303d4 - clone
[INFO] [stdout]   22:                0x0 - <unknown>
[INFO] [stdout] 
[INFO] [stdout] ---- tests::emits_events_for_contract_resource_and_operation_flows stdout ----
[INFO] [stdout] 
[INFO] [stdout] thread 'tests::emits_events_for_contract_resource_and_operation_flows' (2981) panicked at src/lib.rs:2641:14:
[INFO] [stdout] contract schemas should register: Storage("failed to read /opt/rustwide/workdir/../../contracts/case/schemas/case.schema.json: No such file or directory (os error 2)")
[INFO] [stdout] stack backtrace:
[INFO] [stdout]    0:     0x620e85cb5521 - <<std[70759c8f55707aa4]::sys::backtrace::BacktraceLock>::print::DisplayBacktrace as core[df12db4294e9bfd3]::fmt::Display>::fmt
[INFO] [stdout]    1:     0x620e85cce44a - core[df12db4294e9bfd3]::fmt::write
[INFO] [stdout]    2:     0x620e85cba4dc - <alloc[2182bb758b4b3781]::vec::Vec<u8> as core[df12db4294e9bfd3]::io::write::Write>::write_fmt
[INFO] [stdout]    3:     0x620e85c8f766 - std[70759c8f55707aa4]::panicking::default_hook::{closure#0}
[INFO] [stdout]    4:     0x620e85cac709 - std[70759c8f55707aa4]::panicking::default_hook
[INFO] [stdout]    5:     0x620e855d2fa0 - test[9d35eded1c95d3be]::test_main_inner::<test[9d35eded1c95d3be]::test_main_static::{closure#0}>::{closure#0}
[INFO] [stdout]    6:     0x620e85caca32 - std[70759c8f55707aa4]::panicking::panic_with_hook
[INFO] [stdout]    7:     0x620e85c8f812 - std[70759c8f55707aa4]::panicking::panic_handler::{closure#0}
[INFO] [stdout]    8:     0x620e85c88289 - std[70759c8f55707aa4]::sys::backtrace::__rust_end_short_backtrace::<std[70759c8f55707aa4]::panicking::panic_handler::{closure#0}, !>
[INFO] [stdout]    9:     0x620e85c905fd - __rustc[8fa7c3cbc660c2b3]::rust_begin_unwind
[INFO] [stdout]   10:     0x620e85ccec2c - core[df12db4294e9bfd3]::panicking::panic_fmt
[INFO] [stdout]   11:     0x620e85ccea02 - core[df12db4294e9bfd3]::result::unwrap_failed
[INFO] [stdout]   12:     0x620e8558d6ba - greentic_x_runtime[843a1dc509004d83]::tests::install_case_contract
[INFO] [stdout]   13:     0x620e85597648 - greentic_x_runtime[843a1dc509004d83]::tests::emits_events_for_contract_resource_and_operation_flows
[INFO] [stdout]   14:     0x620e855899e9 - <greentic_x_runtime[843a1dc509004d83]::tests::emits_events_for_contract_resource_and_operation_flows::{closure#0} as core[df12db4294e9bfd3]::ops::function::FnOnce<()>>::call_once
[INFO] [stdout]   15:     0x620e855c628b - test[9d35eded1c95d3be]::__rust_begin_short_backtrace::<core[df12db4294e9bfd3]::result::Result<(), alloc[2182bb758b4b3781]::string::String>, fn() -> core[df12db4294e9bfd3]::result::Result<(), alloc[2182bb758b4b3781]::string::String>>
[INFO] [stdout]   16:     0x620e855d38f5 - test[9d35eded1c95d3be]::run_test::{closure#0}
[INFO] [stdout]   17:     0x620e855cd1b4 - std[70759c8f55707aa4]::sys::backtrace::__rust_begin_short_backtrace::<test[9d35eded1c95d3be]::run_test::{closure#1}, ()>
[INFO] [stdout]   18:     0x620e855d6a52 - <std[70759c8f55707aa4]::thread::lifecycle::spawn_unchecked<test[9d35eded1c95d3be]::run_test::{closure#1}, ()>::{closure#1} as core[df12db4294e9bfd3]::ops::function::FnOnce<()>>::call_once::{shim:vtable#0}
[INFO] [stdout]   19:     0x620e85cb46d9 - <std[70759c8f55707aa4]::sys::thread::unix::Thread>::new::thread_start
[INFO] [stdout]   20:     0x7c8ce869cdfa - <unknown>
[INFO] [stdout]   21:     0x7c8ce87303d4 - clone
[INFO] [stdout]   22:                0x0 - <unknown>
[INFO] [stdout] 
[INFO] [stdout] ---- tests::validates_operation_payloads_against_registered_schemas stdout ----
[INFO] [stdout] 
[INFO] [stdout] thread 'tests::validates_operation_payloads_against_registered_schemas' (2999) panicked at src/lib.rs:2641:14:
[INFO] [stdout] contract schemas should register: Storage("failed to read /opt/rustwide/workdir/../../contracts/case/schemas/case.schema.json: No such file or directory (os error 2)")
[INFO] [stdout] stack backtrace:
[INFO] [stdout]    0:     0x620e85cb5521 - <<std[70759c8f55707aa4]::sys::backtrace::BacktraceLock>::print::DisplayBacktrace as core[df12db4294e9bfd3]::fmt::Display>::fmt
[INFO] [stdout]    1:     0x620e85cce44a - core[df12db4294e9bfd3]::fmt::write
[INFO] [stdout]    2:     0x620e85cba4dc - <alloc[2182bb758b4b3781]::vec::Vec<u8> as core[df12db4294e9bfd3]::io::write::Write>::write_fmt
[INFO] [stdout]    3:     0x620e85c8f766 - std[70759c8f55707aa4]::panicking::default_hook::{closure#0}
[INFO] [stdout]    4:     0x620e85cac709 - std[70759c8f55707aa4]::panicking::default_hook
[INFO] [stdout]    5:     0x620e855d2fa0 - test[9d35eded1c95d3be]::test_main_inner::<test[9d35eded1c95d3be]::test_main_static::{closure#0}>::{closure#0}
[INFO] [stdout]    6:     0x620e85caca32 - std[70759c8f55707aa4]::panicking::panic_with_hook
[INFO] [stdout]    7:     0x620e85c8f812 - std[70759c8f55707aa4]::panicking::panic_handler::{closure#0}
[INFO] [stdout]    8:     0x620e85c88289 - std[70759c8f55707aa4]::sys::backtrace::__rust_end_short_backtrace::<std[70759c8f55707aa4]::panicking::panic_handler::{closure#0}, !>
[INFO] [stdout]    9:     0x620e85c905fd - __rustc[8fa7c3cbc660c2b3]::rust_begin_unwind
[INFO] [stdout]   10:     0x620e85ccec2c - core[df12db4294e9bfd3]::panicking::panic_fmt
[INFO] [stdout]   11:     0x620e85ccea02 - core[df12db4294e9bfd3]::result::unwrap_failed
[INFO] [stdout]   12:     0x620e8558d6ba - greentic_x_runtime[843a1dc509004d83]::tests::install_case_contract
[INFO] [stdout]   13:     0x620e85598f15 - greentic_x_runtime[843a1dc509004d83]::tests::validates_operation_payloads_against_registered_schemas
[INFO] [stdout]   14:     0x620e85589a49 - <greentic_x_runtime[843a1dc509004d83]::tests::validates_operation_payloads_against_registered_schemas::{closure#0} as core[df12db4294e9bfd3]::ops::function::FnOnce<()>>::call_once
[INFO] [stdout]   15:     0x620e855c628b - test[9d35eded1c95d3be]::__rust_begin_short_backtrace::<core[df12db4294e9bfd3]::result::Result<(), alloc[2182bb758b4b3781]::string::String>, fn() -> core[df12db4294e9bfd3]::result::Result<(), alloc[2182bb758b4b3781]::string::String>>
[INFO] [stdout]   16:     0x620e855d38f5 - test[9d35eded1c95d3be]::run_test::{closure#0}
[INFO] [stdout]   17:     0x620e855cd1b4 - std[70759c8f55707aa4]::sys::backtrace::__rust_begin_short_backtrace::<test[9d35eded1c95d3be]::run_test::{closure#1}, ()>
[INFO] [stdout]   18:     0x620e855d6a52 - <std[70759c8f55707aa4]::thread::lifecycle::spawn_unchecked<test[9d35eded1c95d3be]::run_test::{closure#1}, ()>::{closure#1} as core[df12db4294e9bfd3]::ops::function::FnOnce<()>>::call_once::{shim:vtable#0}
[INFO] [stdout]   19:     0x620e85cb46d9 - <std[70759c8f55707aa4]::sys::thread::unix::Thread>::new::thread_start
[INFO] [stdout]   20:     0x7c8ce869cdfa - <unknown>
[INFO] [stdout]   21:     0x7c8ce87303d4 - clone
[INFO] [stdout]   22:                0x0 - <unknown>
[INFO] [stdout] 
[INFO] [stdout] ---- tests::registers_and_invokes_resolvers stdout ----
[INFO] [stdout] 
[INFO] [stdout] thread 'tests::registers_and_invokes_resolvers' (2990) panicked at src/lib.rs:2641:14:
[INFO] [stdout] contract schemas should register: Storage("failed to read /opt/rustwide/workdir/../../contracts/case/schemas/case.schema.json: No such file or directory (os error 2)")
[INFO] [stdout] stack backtrace:
[INFO] [stdout]    0:     0x620e85cb5521 - <<std[70759c8f55707aa4]::sys::backtrace::BacktraceLock>::print::DisplayBacktrace as core[df12db4294e9bfd3]::fmt::Display>::fmt
[INFO] [stdout]    1:     0x620e85cce44a - core[df12db4294e9bfd3]::fmt::write
[INFO] [stdout]    2:     0x620e85cba4dc - <alloc[2182bb758b4b3781]::vec::Vec<u8> as core[df12db4294e9bfd3]::io::write::Write>::write_fmt
[INFO] [stdout]    3:     0x620e85c8f766 - std[70759c8f55707aa4]::panicking::default_hook::{closure#0}
[INFO] [stdout]    4:     0x620e85cac709 - std[70759c8f55707aa4]::panicking::default_hook
[INFO] [stdout]    5:     0x620e855d2fa0 - test[9d35eded1c95d3be]::test_main_inner::<test[9d35eded1c95d3be]::test_main_static::{closure#0}>::{closure#0}
[INFO] [stdout]    6:     0x620e85caca32 - std[70759c8f55707aa4]::panicking::panic_with_hook
[INFO] [stdout]    7:     0x620e85c8f812 - std[70759c8f55707aa4]::panicking::panic_handler::{closure#0}
[INFO] [stdout]    8:     0x620e85c88289 - std[70759c8f55707aa4]::sys::backtrace::__rust_end_short_backtrace::<std[70759c8f55707aa4]::panicking::panic_handler::{closure#0}, !>
[INFO] [stdout]    9:     0x620e85c905fd - __rustc[8fa7c3cbc660c2b3]::rust_begin_unwind
[INFO] [stdout]   10:     0x620e85ccec2c - core[df12db4294e9bfd3]::panicking::panic_fmt
[INFO] [stdout]   11:     0x620e85ccea02 - core[df12db4294e9bfd3]::result::unwrap_failed
[INFO] [stdout]   12:     0x620e8558d6ba - greentic_x_runtime[843a1dc509004d83]::tests::install_case_contract
[INFO] [stdout]   13:     0x620e85590c57 - greentic_x_runtime[843a1dc509004d83]::tests::registers_and_invokes_resolvers
[INFO] [stdout]   14:     0x620e85589889 - <greentic_x_runtime[843a1dc509004d83]::tests::registers_and_invokes_resolvers::{closure#0} as core[df12db4294e9bfd3]::ops::function::FnOnce<()>>::call_once
[INFO] [stdout]   15:     0x620e855c628b - test[9d35eded1c95d3be]::__rust_begin_short_backtrace::<core[df12db4294e9bfd3]::result::Result<(), alloc[2182bb758b4b3781]::string::String>, fn() -> core[df12db4294e9bfd3]::result::Result<(), alloc[2182bb758b4b3781]::string::String>>
[INFO] [stdout]   16:     0x620e855d38f5 - test[9d35eded1c95d3be]::run_test::{closure#0}
[INFO] [stdout]   17:     0x620e855cd1b4 - std[70759c8f55707aa4]::sys::backtrace::__rust_begin_short_backtrace::<test[9d35eded1c95d3be]::run_test::{closure#1}, ()>
[INFO] [stdout]   18:     0x620e855d6a52 - <std[70759c8f55707aa4]::thread::lifecycle::spawn_unchecked<test[9d35eded1c95d3be]::run_test::{closure#1}, ()>::{closure#1} as core[df12db4294e9bfd3]::ops::function::FnOnce<()>>::call_once::{shim:vtable#0}
[INFO] [stdout]   19:     0x620e85cb46d9 - <std[70759c8f55707aa4]::sys::thread::unix::Thread>::new::thread_start
[INFO] [stdout]   20:     0x7c8ce869cdfa - <unknown>
[INFO] [stdout]   21:     0x7c8ce87303d4 - clone
[INFO] [stdout]   22:                0x0 - <unknown>
[INFO] [stdout] 
[INFO] [stdout] ---- tests::enforces_allowed_transitions stdout ----
[INFO] [stdout] 
[INFO] [stdout] thread 'tests::enforces_allowed_transitions' (2982) panicked at src/lib.rs:2641:14:
[INFO] [stdout] contract schemas should register: Storage("failed to read /opt/rustwide/workdir/../../contracts/case/schemas/case.schema.json: No such file or directory (os error 2)")
[INFO] [stdout] stack backtrace:
[INFO] [stdout]    0:     0x620e85cb5521 - <<std[70759c8f55707aa4]::sys::backtrace::BacktraceLock>::print::DisplayBacktrace as core[df12db4294e9bfd3]::fmt::Display>::fmt
[INFO] [stdout]    1:     0x620e85cce44a - core[df12db4294e9bfd3]::fmt::write
[INFO] [stdout]    2:     0x620e85cba4dc - <alloc[2182bb758b4b3781]::vec::Vec<u8> as core[df12db4294e9bfd3]::io::write::Write>::write_fmt
[INFO] [stdout]    3:     0x620e85c8f766 - std[70759c8f55707aa4]::panicking::default_hook::{closure#0}
[INFO] [stdout]    4:     0x620e85cac709 - std[70759c8f55707aa4]::panicking::default_hook
[INFO] [stdout]    5:     0x620e855d2fa0 - test[9d35eded1c95d3be]::test_main_inner::<test[9d35eded1c95d3be]::test_main_static::{closure#0}>::{closure#0}
[INFO] [stdout]    6:     0x620e85caca32 - std[70759c8f55707aa4]::panicking::panic_with_hook
[INFO] [stdout]    7:     0x620e85c8f812 - std[70759c8f55707aa4]::panicking::panic_handler::{closure#0}
[INFO] [stdout]    8:     0x620e85c88289 - std[70759c8f55707aa4]::sys::backtrace::__rust_end_short_backtrace::<std[70759c8f55707aa4]::panicking::panic_handler::{closure#0}, !>
[INFO] [stdout]    9:     0x620e85c905fd - __rustc[8fa7c3cbc660c2b3]::rust_begin_unwind
[INFO] [stdout]   10:     0x620e85ccec2c - core[df12db4294e9bfd3]::panicking::panic_fmt
[INFO] [stdout]   11:     0x620e85ccea02 - core[df12db4294e9bfd3]::result::unwrap_failed
[INFO] [stdout]   12:     0x620e8558d6ba - greentic_x_runtime[843a1dc509004d83]::tests::install_case_contract
[INFO] [stdout]   13:     0x620e8558fd6a - greentic_x_runtime[843a1dc509004d83]::tests::enforces_allowed_transitions
[INFO] [stdout]   14:     0x620e85589869 - <greentic_x_runtime[843a1dc509004d83]::tests::enforces_allowed_transitions::{closure#0} as core[df12db4294e9bfd3]::ops::function::FnOnce<()>>::call_once
[INFO] [stdout]   15:     0x620e855c628b - test[9d35eded1c95d3be]::__rust_begin_short_backtrace::<core[df12db4294e9bfd3]::result::Result<(), alloc[2182bb758b4b3781]::string::String>, fn() -> core[df12db4294e9bfd3]::result::Result<(), alloc[2182bb758b4b3781]::string::String>>
[INFO] [stdout]   16:     0x620e855d38f5 - test[9d35eded1c95d3be]::run_test::{closure#0}
[INFO] [stdout]   17:     0x620e855cd1b4 - std[70759c8f55707aa4]::sys::backtrace::__rust_begin_short_backtrace::<test[9d35eded1c95d3be]::run_test::{closure#1}, ()>
[INFO] [stdout]   18:     0x620e855d6a52 - <std[70759c8f55707aa4]::thread::lifecycle::spawn_unchecked<test[9d35eded1c95d3be]::run_test::{closure#1}, ()>::{closure#1} as core[df12db4294e9bfd3]::ops::function::FnOnce<()>>::call_once::{shim:vtable#0}
[INFO] [stdout]   19:     0x620e85cb46d9 - <std[70759c8f55707aa4]::sys::thread::unix::Thread>::new::thread_start
[INFO] [stdout]   20:     0x7c8ce869cdfa - <unknown>
[INFO] [stdout]   21:     0x7c8ce87303d4 - clone
[INFO] [stdout]   22:                0x0 - <unknown>
[INFO] [stdout] 
[INFO] [stdout] ---- tests::detects_revision_conflicts stdout ----
[INFO] [stdout] 
[INFO] [stdout] thread 'tests::detects_revision_conflicts' (2980) panicked at src/lib.rs:2641:14:
[INFO] [stdout] contract schemas should register: Storage("failed to read /opt/rustwide/workdir/../../contracts/case/schemas/case.schema.json: No such file or directory (os error 2)")
[INFO] [stdout] stack backtrace:
[INFO] [stdout]    0:     0x620e85cb5521 - <<std[70759c8f55707aa4]::sys::backtrace::BacktraceLock>::print::DisplayBacktrace as core[df12db4294e9bfd3]::fmt::Display>::fmt
[INFO] [stdout]    1:     0x620e85cce44a - core[df12db4294e9bfd3]::fmt::write
[INFO] [stdout]    2:     0x620e85cba4dc - <alloc[2182bb758b4b3781]::vec::Vec<u8> as core[df12db4294e9bfd3]::io::write::Write>::write_fmt
[INFO] [stdout]    3:     0x620e85c8f766 - std[70759c8f55707aa4]::panicking::default_hook::{closure#0}
[INFO] [stdout]    4:     0x620e85cac709 - std[70759c8f55707aa4]::panicking::default_hook
[INFO] [stdout]    5:     0x620e855d2fa0 - test[9d35eded1c95d3be]::test_main_inner::<test[9d35eded1c95d3be]::test_main_static::{closure#0}>::{closure#0}
[INFO] [stdout]    6:     0x620e85caca32 - std[70759c8f55707aa4]::panicking::panic_with_hook
[INFO] [stdout]    7:     0x620e85c8f812 - std[70759c8f55707aa4]::panicking::panic_handler::{closure#0}
[INFO] [stdout]    8:     0x620e85c88289 - std[70759c8f55707aa4]::sys::backtrace::__rust_end_short_backtrace::<std[70759c8f55707aa4]::panicking::panic_handler::{closure#0}, !>
[INFO] [stdout]    9:     0x620e85c905fd - __rustc[8fa7c3cbc660c2b3]::rust_begin_unwind
[INFO] [stdout]   10:     0x620e85ccec2c - core[df12db4294e9bfd3]::panicking::panic_fmt
[INFO] [stdout]   11:     0x620e85ccea02 - core[df12db4294e9bfd3]::result::unwrap_failed
[INFO] [stdout]   12:     0x620e8558d6ba - greentic_x_runtime[843a1dc509004d83]::tests::install_case_contract
[INFO] [stdout]   13:     0x620e8558ee1a - greentic_x_runtime[843a1dc509004d83]::tests::detects_revision_conflicts
[INFO] [stdout]   14:     0x620e85589829 - <greentic_x_runtime[843a1dc509004d83]::tests::detects_revision_conflicts::{closure#0} as core[df12db4294e9bfd3]::ops::function::FnOnce<()>>::call_once
[INFO] [stdout]   15:     0x620e855c628b - test[9d35eded1c95d3be]::__rust_begin_short_backtrace::<core[df12db4294e9bfd3]::result::Result<(), alloc[2182bb758b4b3781]::string::String>, fn() -> core[df12db4294e9bfd3]::result::Result<(), alloc[2182bb758b4b3781]::string::String>>
[INFO] [stdout]   16:     0x620e855d38f5 - test[9d35eded1c95d3be]::run_test::{closure#0}
[INFO] [stdout]   17:     0x620e855cd1b4 - std[70759c8f55707aa4]::sys::backtrace::__rust_begin_short_backtrace::<test[9d35eded1c95d3be]::run_test::{closure#1}, ()>
[INFO] [stdout]   18:     0x620e855d6a52 - <std[70759c8f55707aa4]::thread::lifecycle::spawn_unchecked<test[9d35eded1c95d3be]::run_test::{closure#1}, ()>::{closure#1} as core[df12db4294e9bfd3]::ops::function::FnOnce<()>>::call_once::{shim:vtable#0}
[INFO] [stdout]   19:     0x620e85cb46d9 - <std[70759c8f55707aa4]::sys::thread::unix::Thread>::new::thread_start
[INFO] [stdout]   20:     0x7c8ce869cdfa - <unknown>
[INFO] [stdout]   21:     0x7c8ce87303d4 - clone
[INFO] [stdout]   22:                0x0 - <unknown>
[INFO] [stdout] 
[INFO] [stdout] ---- tests::validates_resource_documents_against_registered_schemas stdout ----
[INFO] [stdout] 
[INFO] [stdout] thread 'tests::validates_resource_documents_against_registered_schemas' (3000) panicked at src/lib.rs:2641:14:
[INFO] [stdout] contract schemas should register: Storage("failed to read /opt/rustwide/workdir/../../contracts/case/schemas/case.schema.json: No such file or directory (os error 2)")
[INFO] [stdout] stack backtrace:
[INFO] [stdout]    0:     0x620e85cb5521 - <<std[70759c8f55707aa4]::sys::backtrace::BacktraceLock>::print::DisplayBacktrace as core[df12db4294e9bfd3]::fmt::Display>::fmt
[INFO] [stdout]    1:     0x620e85cce44a - core[df12db4294e9bfd3]::fmt::write
[INFO] [stdout]    2:     0x620e85cba4dc - <alloc[2182bb758b4b3781]::vec::Vec<u8> as core[df12db4294e9bfd3]::io::write::Write>::write_fmt
[INFO] [stdout]    3:     0x620e85c8f766 - std[70759c8f55707aa4]::panicking::default_hook::{closure#0}
[INFO] [stdout]    4:     0x620e85cac709 - std[70759c8f55707aa4]::panicking::default_hook
[INFO] [stdout]    5:     0x620e855d2fa0 - test[9d35eded1c95d3be]::test_main_inner::<test[9d35eded1c95d3be]::test_main_static::{closure#0}>::{closure#0}
[INFO] [stdout]    6:     0x620e85caca32 - std[70759c8f55707aa4]::panicking::panic_with_hook
[INFO] [stdout]    7:     0x620e85c8f812 - std[70759c8f55707aa4]::panicking::panic_handler::{closure#0}
[INFO] [stdout]    8:     0x620e85c88289 - std[70759c8f55707aa4]::sys::backtrace::__rust_end_short_backtrace::<std[70759c8f55707aa4]::panicking::panic_handler::{closure#0}, !>
[INFO] [stdout]    9:     0x620e85c905fd - __rustc[8fa7c3cbc660c2b3]::rust_begin_unwind
[INFO] [stdout]   10:     0x620e85ccec2c - core[df12db4294e9bfd3]::panicking::panic_fmt
[INFO] [stdout]   11:     0x620e85ccea02 - core[df12db4294e9bfd3]::result::unwrap_failed
[INFO] [stdout]   12:     0x620e8558d6ba - greentic_x_runtime[843a1dc509004d83]::tests::install_case_contract
[INFO] [stdout]   13:     0x620e8559943a - greentic_x_runtime[843a1dc509004d83]::tests::validates_resource_documents_against_registered_schemas
[INFO] [stdout]   14:     0x620e85589a69 - <greentic_x_runtime[843a1dc509004d83]::tests::validates_resource_documents_against_registered_schemas::{closure#0} as core[df12db4294e9bfd3]::ops::function::FnOnce<()>>::call_once
[INFO] [stdout]   15:     0x620e855c628b - test[9d35eded1c95d3be]::__rust_begin_short_backtrace::<core[df12db4294e9bfd3]::result::Result<(), alloc[2182bb758b4b3781]::string::String>, fn() -> core[df12db4294e9bfd3]::result::Result<(), alloc[2182bb758b4b3781]::string::String>>
[INFO] [stdout]   16:     0x620e855d38f5 - test[9d35eded1c95d3be]::run_test::{closure#0}
[INFO] [stdout]   17:     0x620e855cd1b4 - std[70759c8f55707aa4]::sys::backtrace::__rust_begin_short_backtrace::<test[9d35eded1c95d3be]::run_test::{closure#1}, ()>
[INFO] [stdout]   18:     0x620e855d6a52 - <std[70759c8f55707aa4]::thread::lifecycle::spawn_unchecked<test[9d35eded1c95d3be]::run_test::{closure#1}, ()>::{closure#1} as core[df12db4294e9bfd3]::ops::function::FnOnce<()>>::call_once::{shim:vtable#0}
[INFO] [stdout]   19:     0x620e85cb46d9 - <std[70759c8f55707aa4]::sys::thread::unix::Thread>::new::thread_start
[INFO] [stdout]   20:     0x7c8ce869cdfa - <unknown>
[INFO] [stdout]   21:     0x7c8ce87303d4 - clone
[INFO] [stdout]   22:                0x0 - <unknown>
[INFO] [stdout] 
[INFO] [stdout] 
[INFO] [stdout] failures:
[INFO] [stdout]     tests::allows_only_declared_patch_paths
[INFO] [stdout]     tests::detects_revision_conflicts
[INFO] [stdout]     tests::emits_events_for_contract_resource_and_operation_flows
[INFO] [stdout]     tests::enforces_allowed_transitions
[INFO] [stdout]     tests::registers_and_invokes_resolvers
[INFO] [stdout]     tests::supports_append_only_collections
[INFO] [stdout]     tests::supports_operation_call_envelopes
[INFO] [stdout]     tests::supports_typed_links_between_resources
[INFO] [stdout]     tests::validates_operation_payloads_against_registered_schemas
[INFO] [stdout]     tests::validates_resource_documents_against_registered_schemas
[INFO] [stdout] 
[INFO] [stdout] test result: FAILED. 16 passed; 10 failed; 0 ignored; 0 measured; 0 filtered out; finished in 0.02s
[INFO] [stdout] 
[INFO] running `Command { std: "docker" "inspect" "659e00da72371ba6bd4304ca3610e65751f273801f19ebc53ca217975b430d2e", kill_on_drop: false }`
[INFO] running `Command { std: "docker" "rm" "-f" "659e00da72371ba6bd4304ca3610e65751f273801f19ebc53ca217975b430d2e", kill_on_drop: false }`
[INFO] [stdout] 659e00da72371ba6bd4304ca3610e65751f273801f19ebc53ca217975b430d2e
