[INFO] fetching crate greentic-x-ops 1.2.0-dev.38039612940...
[INFO] testing greentic-x-ops-1.2.0-dev.38039612940 against 1.99.0-beta.8+cargoflags=--release for beta-release-1.100-2
[INFO] extracting crate greentic-x-ops 1.2.0-dev.38039612940 into /workspace/builds/worker-4-tc1/source
[INFO] started tweaking crates.io crate greentic-x-ops 1.2.0-dev.38039612940
[INFO] finished tweaking crates.io crate greentic-x-ops 1.2.0-dev.38039612940
[INFO] tweaked toml for crates.io crate greentic-x-ops 1.2.0-dev.38039612940 written to /workspace/builds/worker-4-tc1/source/Cargo.toml
[INFO] validating manifest of crates.io crate greentic-x-ops 1.2.0-dev.38039612940 on toolchain 1.99.0-beta.8
[INFO] running `Command { std: CARGO_HOME="/workspace/cargo-home" RUSTUP_HOME="/workspace/rustup-home" "/workspace/cargo-home/bin/cargo" "+1.99.0-beta.8" "metadata" "--manifest-path" "Cargo.toml" "--no-deps", kill_on_drop: false }`
[INFO] crate crates.io crate greentic-x-ops 1.2.0-dev.38039612940 already has a lockfile, it will not be regenerated
[INFO] running `Command { std: CARGO_HOME="/workspace/cargo-home" RUSTUP_HOME="/workspace/rustup-home" "/workspace/cargo-home/bin/cargo" "+1.99.0-beta.8" "fetch" "--manifest-path" "Cargo.toml", kill_on_drop: false }`
[INFO] [stderr]     Blocking waiting for file lock on package cache
[INFO] [stderr]     Updating crates.io index
[INFO] [stderr]     Blocking waiting for file lock on package cache
[INFO] [stderr]  Downloading crates ...
[INFO] [stderr]   Downloaded greentic-x-types v1.2.0
[INFO] running `Command { std: "docker" "create" "-v" "/var/lib/crater-agent-workspace/builds/worker-4-tc1/source:/opt/rustwide/workdir:ro,Z" "-v" "/var/lib/crater-agent-workspace/builds/worker-4-tc1/target:/opt/rustwide/target:rw,Z" "-v" "/var/lib/crater-agent-workspace/cargo-home:/opt/rustwide/cargo-home:ro,Z" "-v" "/var/lib/crater-agent-workspace/rustup-home:/opt/rustwide/rustup-home:ro,Z" "-m" "1610612736" "--network" "none" "ghcr.io/rust-lang/crates-build-env/linux@sha256:77db811e55d90add9212f6832c23229e3de5f1c1f9905e8cb07319ea15df73ac" "sleep" "infinity", kill_on_drop: false }`
[INFO] [stdout] 1600fdd1fae096c85e621ac7fe8f0ed5494f05dd74bd9a8698eef2bf5b294ba5
[INFO] running `Command { std: "docker" "start" "1600fdd1fae096c85e621ac7fe8f0ed5494f05dd74bd9a8698eef2bf5b294ba5", kill_on_drop: false }`
[INFO] running `Command { std: "docker" "inspect" "1600fdd1fae096c85e621ac7fe8f0ed5494f05dd74bd9a8698eef2bf5b294ba5", kill_on_drop: false }`
[INFO] running `Command { std: "docker" "exec" "-e" "SOURCE_DIR=/opt/rustwide/workdir" "-e" "CARGO_HOME=/opt/rustwide/cargo-home" "-e" "RUSTUP_HOME=/opt/rustwide/rustup-home" "-e" "CARGO_TARGET_DIR=/opt/rustwide/target" "-w" "/opt/rustwide/workdir" "--user" "0:0" "1600fdd1fae096c85e621ac7fe8f0ed5494f05dd74bd9a8698eef2bf5b294ba5" "/opt/rustwide/cargo-home/bin/cargo" "+1.99.0-beta.8" "metadata" "--no-deps" "--format-version=1", kill_on_drop: false }`
[INFO] running `Command { std: "docker" "inspect" "1600fdd1fae096c85e621ac7fe8f0ed5494f05dd74bd9a8698eef2bf5b294ba5", kill_on_drop: false }`
[INFO] running `Command { std: "docker" "exec" "-e" "SOURCE_DIR=/opt/rustwide/workdir" "-e" "CARGO_HOME=/opt/rustwide/cargo-home" "-e" "RUSTUP_HOME=/opt/rustwide/rustup-home" "-e" "CARGO_TARGET_DIR=/opt/rustwide/target" "-e" "CARGO_INCREMENTAL=0" "-e" "RUST_BACKTRACE=full" "-e" "RUSTFLAGS=--cap-lints=warn" "-e" "RUSTDOCFLAGS=--cap-lints=warn" "-w" "/opt/rustwide/workdir" "--user" "0:0" "1600fdd1fae096c85e621ac7fe8f0ed5494f05dd74bd9a8698eef2bf5b294ba5" "/opt/rustwide/cargo-home/bin/cargo" "+1.99.0-beta.8" "build" "--frozen" "--message-format=json" "--release", kill_on_drop: false }`
[INFO] [stderr]    Compiling proc-macro2 v1.0.106
[INFO] [stderr]    Compiling quote v1.0.45
[INFO] [stderr]    Compiling serde_json v1.0.150
[INFO] [stderr]    Compiling syn v2.0.117
[INFO] [stderr]    Compiling serde_derive v1.0.228
[INFO] [stderr]    Compiling serde v1.0.228
[INFO] [stderr]    Compiling greentic-x-types v1.2.0
[INFO] [stderr]    Compiling greentic-x-ops v1.2.0-dev.38039612940 (/opt/rustwide/workdir)
[INFO] [stderr]     Finished `release` profile [optimized] target(s) in 10.65s
[INFO] running `Command { std: "docker" "inspect" "1600fdd1fae096c85e621ac7fe8f0ed5494f05dd74bd9a8698eef2bf5b294ba5", kill_on_drop: false }`
[INFO] running `Command { std: "docker" "exec" "-e" "SOURCE_DIR=/opt/rustwide/workdir" "-e" "CARGO_HOME=/opt/rustwide/cargo-home" "-e" "RUSTUP_HOME=/opt/rustwide/rustup-home" "-e" "CARGO_TARGET_DIR=/opt/rustwide/target" "-e" "CARGO_INCREMENTAL=0" "-e" "RUST_BACKTRACE=full" "-e" "RUSTFLAGS=--cap-lints=warn" "-e" "RUSTDOCFLAGS=--cap-lints=warn" "-w" "/opt/rustwide/workdir" "--user" "0:0" "1600fdd1fae096c85e621ac7fe8f0ed5494f05dd74bd9a8698eef2bf5b294ba5" "/opt/rustwide/cargo-home/bin/cargo" "+1.99.0-beta.8" "test" "--frozen" "--no-run" "--message-format=json" "--release", kill_on_drop: false }`
[INFO] [stderr]    Compiling greentic-x-ops v1.2.0-dev.38039612940 (/opt/rustwide/workdir)
[INFO] [stderr]     Finished `release` profile [optimized] target(s) in 2.18s
[INFO] running `Command { std: "docker" "inspect" "1600fdd1fae096c85e621ac7fe8f0ed5494f05dd74bd9a8698eef2bf5b294ba5", kill_on_drop: false }`
[INFO] running `Command { std: "docker" "exec" "-e" "SOURCE_DIR=/opt/rustwide/workdir" "-e" "CARGO_HOME=/opt/rustwide/cargo-home" "-e" "RUSTUP_HOME=/opt/rustwide/rustup-home" "-e" "CARGO_TARGET_DIR=/opt/rustwide/target" "-e" "CARGO_INCREMENTAL=0" "-e" "RUST_BACKTRACE=full" "-e" "RUSTFLAGS=--cap-lints=warn" "-e" "RUSTDOCFLAGS=--cap-lints=warn" "-w" "/opt/rustwide/workdir" "--user" "0:0" "1600fdd1fae096c85e621ac7fe8f0ed5494f05dd74bd9a8698eef2bf5b294ba5" "/opt/rustwide/cargo-home/bin/cargo" "+1.99.0-beta.8" "test" "--frozen" "--release", kill_on_drop: false }`
[INFO] [stderr]     Finished `release` profile [optimized] target(s) in 0.03s
[INFO] [stderr]      Running unittests src/lib.rs (/opt/rustwide/target/release/deps/greentic_x_ops-9b9f1020f4a6e734)
[INFO] [stdout] 
[INFO] [stdout] running 3 tests
[INFO] [stdout] test tests::detects_invalid_permission_entries ... ok
[INFO] [stdout] test tests::validates_reference_ops ... FAILED
[INFO] [stdout] test tests::round_trips_reference_op_manifest ... FAILED
[INFO] [stdout] 
[INFO] [stdout] failures:
[INFO] [stdout] 
[INFO] [stdout] ---- tests::validates_reference_ops stdout ----
[INFO] [stdout] 
[INFO] [stdout] thread 'tests::validates_reference_ops' (343) panicked at src/lib.rs:168:33:
[INFO] [stdout] failed to read /opt/rustwide/workdir/../../ops/approval-basic/op.json
[INFO] [stdout] stack backtrace:
[INFO] [stdout]    0:     0x5acb61168161 - <<std[70759c8f55707aa4]::sys::backtrace::BacktraceLock>::print::DisplayBacktrace as core[df12db4294e9bfd3]::fmt::Display>::fmt
[INFO] [stdout]    1:     0x5acb6117ce6a - core[df12db4294e9bfd3]::fmt::write
[INFO] [stdout]    2:     0x5acb6116c61c - <alloc[2182bb758b4b3781]::vec::Vec<u8> as core[df12db4294e9bfd3]::io::write::Write>::write_fmt
[INFO] [stdout]    3:     0x5acb61144256 - std[70759c8f55707aa4]::panicking::default_hook::{closure#0}
[INFO] [stdout]    4:     0x5acb61160559 - std[70759c8f55707aa4]::panicking::default_hook
[INFO] [stdout]    5:     0x5acb610f5180 - test[9d35eded1c95d3be]::test_main_inner::<test[9d35eded1c95d3be]::test_main_static::{closure#0}>::{closure#0}
[INFO] [stdout]    6:     0x5acb61160712 - std[70759c8f55707aa4]::panicking::panic_with_hook
[INFO] [stdout]    7:     0x5acb61144302 - std[70759c8f55707aa4]::panicking::panic_handler::{closure#0}
[INFO] [stdout]    8:     0x5acb6113cef9 - std[70759c8f55707aa4]::sys::backtrace::__rust_end_short_backtrace::<std[70759c8f55707aa4]::panicking::panic_handler::{closure#0}, !>
[INFO] [stdout]    9:     0x5acb61144efd - __rustc[8fa7c3cbc660c2b3]::rust_begin_unwind
[INFO] [stdout]   10:     0x5acb6117d59c - core[df12db4294e9bfd3]::panicking::panic_fmt
[INFO] [stdout]   11:     0x5acb610e2f8e - greentic_x_ops[2d289ff4472fc184]::tests::read_operation_manifest::{closure#0}
[INFO] [stdout]   12:     0x5acb610e3362 - greentic_x_ops[2d289ff4472fc184]::tests::read_operation_manifest
[INFO] [stdout]   13:     0x5acb610e33f1 - greentic_x_ops[2d289ff4472fc184]::tests::validates_reference_ops
[INFO] [stdout]   14:     0x5acb610e5f79 - <greentic_x_ops[2d289ff4472fc184]::tests::validates_reference_ops::{closure#0} as core[df12db4294e9bfd3]::ops::function::FnOnce<()>>::call_once
[INFO] [stdout]   15:     0x5acb610e846b - test[9d35eded1c95d3be]::__rust_begin_short_backtrace::<core[df12db4294e9bfd3]::result::Result<(), alloc[2182bb758b4b3781]::string::String>, fn() -> core[df12db4294e9bfd3]::result::Result<(), alloc[2182bb758b4b3781]::string::String>>
[INFO] [stdout]   16:     0x5acb610f5ad5 - test[9d35eded1c95d3be]::run_test::{closure#0}
[INFO] [stdout]   17:     0x5acb610ef394 - std[70759c8f55707aa4]::sys::backtrace::__rust_begin_short_backtrace::<test[9d35eded1c95d3be]::run_test::{closure#1}, ()>
[INFO] [stdout]   18:     0x5acb610f8c32 - <std[70759c8f55707aa4]::thread::lifecycle::spawn_unchecked<test[9d35eded1c95d3be]::run_test::{closure#1}, ()>::{closure#1} as core[df12db4294e9bfd3]::ops::function::FnOnce<()>>::call_once::{shim:vtable#0}
[INFO] [stdout]   19:     0x5acb611676c9 - <std[70759c8f55707aa4]::sys::thread::unix::Thread>::new::thread_start
[INFO] [stdout]   20:     0x760da159fdfa - <unknown>
[INFO] [stdout]   21:     0x760da16333d4 - clone
[INFO] [stdout]   22:                0x0 - <unknown>
[INFO] [stdout] 
[INFO] [stdout] ---- tests::round_trips_reference_op_manifest stdout ----
[INFO] [stdout] 
[INFO] [stdout] thread 'tests::round_trips_reference_op_manifest' (342) panicked at src/lib.rs:168:33:
[INFO] [stdout] failed to read /opt/rustwide/workdir/../../ops/approval-basic/op.json
[INFO] [stdout] stack backtrace:
[INFO] [stdout]    0:     0x5acb61168161 - <<std[70759c8f55707aa4]::sys::backtrace::BacktraceLock>::print::DisplayBacktrace as core[df12db4294e9bfd3]::fmt::Display>::fmt
[INFO] [stdout]    1:     0x5acb6117ce6a - core[df12db4294e9bfd3]::fmt::write
[INFO] [stdout]    2:     0x5acb6116c61c - <alloc[2182bb758b4b3781]::vec::Vec<u8> as core[df12db4294e9bfd3]::io::write::Write>::write_fmt
[INFO] [stdout]    3:     0x5acb61144256 - std[70759c8f55707aa4]::panicking::default_hook::{closure#0}
[INFO] [stdout]    4:     0x5acb61160559 - std[70759c8f55707aa4]::panicking::default_hook
[INFO] [stdout]    5:     0x5acb610f5180 - test[9d35eded1c95d3be]::test_main_inner::<test[9d35eded1c95d3be]::test_main_static::{closure#0}>::{closure#0}
[INFO] [stdout]    6:     0x5acb61160712 - std[70759c8f55707aa4]::panicking::panic_with_hook
[INFO] [stdout]    7:     0x5acb61144302 - std[70759c8f55707aa4]::panicking::panic_handler::{closure#0}
[INFO] [stdout]    8:     0x5acb6113cef9 - std[70759c8f55707aa4]::sys::backtrace::__rust_end_short_backtrace::<std[70759c8f55707aa4]::panicking::panic_handler::{closure#0}, !>
[INFO] [stdout]    9:     0x5acb61144efd - __rustc[8fa7c3cbc660c2b3]::rust_begin_unwind
[INFO] [stdout]   10:     0x5acb6117d59c - core[df12db4294e9bfd3]::panicking::panic_fmt
[INFO] [stdout]   11:     0x5acb610e2f8e - greentic_x_ops[2d289ff4472fc184]::tests::read_operation_manifest::{closure#0}
[INFO] [stdout]   12:     0x5acb610e3362 - greentic_x_ops[2d289ff4472fc184]::tests::read_operation_manifest
[INFO] [stdout]   13:     0x5acb610e35a3 - greentic_x_ops[2d289ff4472fc184]::tests::round_trips_reference_op_manifest
[INFO] [stdout]   14:     0x5acb610e5f99 - <greentic_x_ops[2d289ff4472fc184]::tests::round_trips_reference_op_manifest::{closure#0} as core[df12db4294e9bfd3]::ops::function::FnOnce<()>>::call_once
[INFO] [stdout]   15:     0x5acb610e846b - test[9d35eded1c95d3be]::__rust_begin_short_backtrace::<core[df12db4294e9bfd3]::result::Result<(), alloc[2182bb758b4b3781]::string::String>, fn() -> core[df12db4294e9bfd3]::result::Result<(), alloc[2182bb758b4b3781]::string::String>>
[INFO] [stdout]   16:     0x5acb610f5ad5 - test[9d35eded1c95d3be]::run_test::{closure#0}
[INFO] [stdout]   17:     0x5acb610ef394 - std[70759c8f55707aa4]::sys::backtrace::__rust_begin_short_backtrace::<test[9d35eded1c95d3be]::run_test::{closure#1}, ()>
[INFO] [stdout]   18:     0x5acb610f8c32 - <std[70759c8f55707aa4]::thread::lifecycle::spawn_unchecked<test[9d35eded1c95d3be]::run_test::{closure#1}, ()>::{closure#1} as core[df12db4294e9bfd3]::ops::function::FnOnce<()>>::call_once::{shim:vtable#0}
[INFO] [stdout]   19:     0x5acb611676c9 - <std[70759c8f55707aa4]::sys::thread::unix::Thread>::new::thread_start
[INFO] [stdout]   20:     0x760da159fdfa - <unknown>
[INFO] [stdout]   21:     0x760da16333d4 - clone
[INFO] [stdout]   22:                0x0 - <unknown>
[INFO] [stdout] 
[INFO] [stdout] 
[INFO] [stdout] failures:
[INFO] [stdout]     tests::round_trips_reference_op_manifest
[INFO] [stdout]     tests::validates_reference_ops
[INFO] [stdout] 
[INFO] [stdout] test result: FAILED. 1 passed; 2 failed; 0 ignored; 0 measured; 0 filtered out; finished in 0.01s
[INFO] [stdout] 
[INFO] [stderr] error: test failed, to rerun pass `--lib`
[INFO] running `Command { std: "docker" "inspect" "1600fdd1fae096c85e621ac7fe8f0ed5494f05dd74bd9a8698eef2bf5b294ba5", kill_on_drop: false }`
[INFO] running `Command { std: "docker" "rm" "-f" "1600fdd1fae096c85e621ac7fe8f0ed5494f05dd74bd9a8698eef2bf5b294ba5", kill_on_drop: false }`
[INFO] [stdout] 1600fdd1fae096c85e621ac7fe8f0ed5494f05dd74bd9a8698eef2bf5b294ba5
