[INFO] fetching crate greentic-cards2pack 1.2.0...
[INFO] testing greentic-cards2pack-1.2.0 against 1.100.0-beta.1+cargoflags=--release for beta-release-1.100-2
[INFO] extracting crate greentic-cards2pack 1.2.0 into /workspace/builds/worker-1-tc2/source
[INFO] removed /workspace/builds/worker-1-tc2/source/rust-toolchain.toml
[INFO] started tweaking crates.io crate greentic-cards2pack 1.2.0
[INFO] removed 0 missing tests
[INFO] finished tweaking crates.io crate greentic-cards2pack 1.2.0
[INFO] tweaked toml for crates.io crate greentic-cards2pack 1.2.0 written to /workspace/builds/worker-1-tc2/source/Cargo.toml
[INFO] validating manifest of crates.io crate greentic-cards2pack 1.2.0 on toolchain 1.100.0-beta.1
[INFO] running `Command { std: CARGO_HOME="/workspace/cargo-home" RUSTUP_HOME="/workspace/rustup-home" "/workspace/cargo-home/bin/cargo" "+1.100.0-beta.1" "metadata" "--manifest-path" "Cargo.toml" "--no-deps", kill_on_drop: false }`
[INFO] crate crates.io crate greentic-cards2pack 1.2.0 already has a lockfile, it will not be regenerated
[INFO] running `Command { std: CARGO_HOME="/workspace/cargo-home" RUSTUP_HOME="/workspace/rustup-home" "/workspace/cargo-home/bin/cargo" "+1.100.0-beta.1" "fetch" "--manifest-path" "Cargo.toml", kill_on_drop: false }`
[INFO] [stderr] warning: `package.homepage` is redundant with `package.repository`
[INFO] [stderr]   --> Cargo.toml:52:12
[INFO] [stderr]    |
[INFO] [stderr] 52 | homepage = "https://github.com/greenticai/greentic-cards2pack"
[INFO] [stderr]    |            ^^^^^^^^^^^^^^^^^^^^^^^^^^^^^^^^^^^^^^^^^^^^^^^^^^^
[INFO] [stderr] ...
[INFO] [stderr] 56 | repository = "https://github.com/greenticai/greentic-cards2pack"
[INFO] [stderr]    |              ---------------------------------------------------
[INFO] [stderr]    |
[INFO] [stderr]    = note: `cargo::redundant_homepage` is set to `warn` by default
[INFO] [stderr] help: consider removing `package.homepage`
[INFO] [stderr] warning: `greentic-cards2pack` (manifest) generated 1 warning
[INFO] running `Command { std: "docker" "create" "-v" "/var/lib/crater-agent-workspace/builds/worker-1-tc2/source:/opt/rustwide/workdir:ro,Z" "-v" "/var/lib/crater-agent-workspace/builds/worker-1-tc2/target:/opt/rustwide/target:rw,Z" "-v" "/var/lib/crater-agent-workspace/cargo-home:/opt/rustwide/cargo-home:ro,Z" "-v" "/var/lib/crater-agent-workspace/rustup-home:/opt/rustwide/rustup-home:ro,Z" "-m" "1610612736" "--network" "none" "ghcr.io/rust-lang/crates-build-env/linux@sha256:77db811e55d90add9212f6832c23229e3de5f1c1f9905e8cb07319ea15df73ac" "sleep" "infinity", kill_on_drop: false }`
[INFO] [stdout] 2f3aad782cd1d879825b7af8792546e30ec232b1bce615f7e6cb4e0219be3e20
[INFO] running `Command { std: "docker" "start" "2f3aad782cd1d879825b7af8792546e30ec232b1bce615f7e6cb4e0219be3e20", kill_on_drop: false }`
[INFO] running `Command { std: "docker" "inspect" "2f3aad782cd1d879825b7af8792546e30ec232b1bce615f7e6cb4e0219be3e20", kill_on_drop: false }`
[INFO] running `Command { std: "docker" "exec" "-e" "SOURCE_DIR=/opt/rustwide/workdir" "-e" "CARGO_HOME=/opt/rustwide/cargo-home" "-e" "RUSTUP_HOME=/opt/rustwide/rustup-home" "-e" "CARGO_TARGET_DIR=/opt/rustwide/target" "-w" "/opt/rustwide/workdir" "--user" "0:0" "2f3aad782cd1d879825b7af8792546e30ec232b1bce615f7e6cb4e0219be3e20" "/opt/rustwide/cargo-home/bin/cargo" "+1.100.0-beta.1" "metadata" "--no-deps" "--format-version=1", kill_on_drop: false }`
[INFO] running `Command { std: "docker" "inspect" "2f3aad782cd1d879825b7af8792546e30ec232b1bce615f7e6cb4e0219be3e20", kill_on_drop: false }`
[INFO] running `Command { std: "docker" "exec" "-e" "SOURCE_DIR=/opt/rustwide/workdir" "-e" "CARGO_HOME=/opt/rustwide/cargo-home" "-e" "RUSTUP_HOME=/opt/rustwide/rustup-home" "-e" "CARGO_TARGET_DIR=/opt/rustwide/target" "-e" "CARGO_INCREMENTAL=0" "-e" "RUST_BACKTRACE=full" "-e" "RUSTFLAGS=--cap-lints=warn" "-e" "RUSTDOCFLAGS=--cap-lints=warn" "-w" "/opt/rustwide/workdir" "--user" "0:0" "2f3aad782cd1d879825b7af8792546e30ec232b1bce615f7e6cb4e0219be3e20" "/opt/rustwide/cargo-home/bin/cargo" "+1.100.0-beta.1" "build" "--frozen" "--message-format=json" "--release", kill_on_drop: false }`
[INFO] [stderr] warning: `package.homepage` is redundant with `package.repository`
[INFO] [stderr]   --> Cargo.toml:52:12
[INFO] [stderr]    |
[INFO] [stderr] 52 | homepage = "https://github.com/greenticai/greentic-cards2pack"
[INFO] [stderr]    |            ^^^^^^^^^^^^^^^^^^^^^^^^^^^^^^^^^^^^^^^^^^^^^^^^^^^
[INFO] [stderr] ...
[INFO] [stderr] 56 | repository = "https://github.com/greenticai/greentic-cards2pack"
[INFO] [stderr]    |              ---------------------------------------------------
[INFO] [stderr]    |
[INFO] [stderr]    = note: `cargo::redundant_homepage` is set to `warn` by default
[INFO] [stderr] help: consider removing `package.homepage`
[INFO] [stderr] warning: `greentic-cards2pack` (manifest) generated 1 warning
[INFO] [stderr]    Compiling quote v1.0.46
[INFO] [stderr]    Compiling memchr v2.8.2
[INFO] [stderr]    Compiling arraydeque v0.5.1
[INFO] [stderr]    Compiling serde_json v1.0.150
[INFO] [stderr]    Compiling anyhow v1.0.103
[INFO] [stderr]    Compiling unsafe-libyaml-norway v0.2.15
[INFO] [stderr]    Compiling clap_builder v4.6.0
[INFO] [stderr]    Compiling which v8.0.4
[INFO] [stderr]    Compiling time v0.3.51
[INFO] [stderr]    Compiling granit-parser v0.0.1
[INFO] [stderr]    Compiling syn v2.0.118
[INFO] [stderr]    Compiling aho-corasick v1.1.4
[INFO] [stderr]    Compiling regex-automata v0.4.14
[INFO] [stderr]    Compiling serde_derive v1.0.228
[INFO] [stderr]    Compiling clap_derive v4.6.1
[INFO] [stderr]    Compiling regex v1.12.4
[INFO] [stderr]    Compiling clap v4.6.1
[INFO] [stderr]    Compiling serde v1.0.228
[INFO] [stderr]    Compiling serde_yaml_bw v2.5.6
[INFO] [stderr]    Compiling greentic-cards2pack v1.2.0 (/opt/rustwide/workdir)
[INFO] [stderr]     Finished `release` profile [optimized] target(s) in 48.88s
[INFO] running `Command { std: "docker" "inspect" "2f3aad782cd1d879825b7af8792546e30ec232b1bce615f7e6cb4e0219be3e20", kill_on_drop: false }`
[INFO] running `Command { std: "docker" "exec" "-e" "SOURCE_DIR=/opt/rustwide/workdir" "-e" "CARGO_HOME=/opt/rustwide/cargo-home" "-e" "RUSTUP_HOME=/opt/rustwide/rustup-home" "-e" "CARGO_TARGET_DIR=/opt/rustwide/target" "-e" "CARGO_INCREMENTAL=0" "-e" "RUST_BACKTRACE=full" "-e" "RUSTFLAGS=--cap-lints=warn" "-e" "RUSTDOCFLAGS=--cap-lints=warn" "-w" "/opt/rustwide/workdir" "--user" "0:0" "2f3aad782cd1d879825b7af8792546e30ec232b1bce615f7e6cb4e0219be3e20" "/opt/rustwide/cargo-home/bin/cargo" "+1.100.0-beta.1" "test" "--frozen" "--no-run" "--message-format=json" "--release", kill_on_drop: false }`
[INFO] [stderr] warning: `package.homepage` is redundant with `package.repository`
[INFO] [stderr]   --> Cargo.toml:52:12
[INFO] [stderr]    |
[INFO] [stderr] 52 | homepage = "https://github.com/greenticai/greentic-cards2pack"
[INFO] [stderr]    |            ^^^^^^^^^^^^^^^^^^^^^^^^^^^^^^^^^^^^^^^^^^^^^^^^^^^
[INFO] [stderr] ...
[INFO] [stderr] 56 | repository = "https://github.com/greenticai/greentic-cards2pack"
[INFO] [stderr]    |              ---------------------------------------------------
[INFO] [stderr]    |
[INFO] [stderr]    = note: `cargo::redundant_homepage` is set to `warn` by default
[INFO] [stderr] help: consider removing `package.homepage`
[INFO] [stderr] warning: `greentic-cards2pack` (manifest) generated 1 warning
[INFO] [stderr]    Compiling regex-automata v0.4.14
[INFO] [stderr]    Compiling bitflags v2.13.0
[INFO] [stderr]    Compiling getrandom v0.4.3
[INFO] [stderr]    Compiling rustix v1.1.4
[INFO] [stderr]    Compiling tempfile v3.27.0
[INFO] [stderr]    Compiling regex v1.12.4
[INFO] [stderr]    Compiling bstr v1.12.3
[INFO] [stderr]    Compiling serde_yaml_bw v2.5.6
[INFO] [stderr]    Compiling assert_cmd v2.2.2
[INFO] [stderr]    Compiling greentic-cards2pack v1.2.0 (/opt/rustwide/workdir)
[INFO] [stderr]     Finished `release` profile [optimized] target(s) in 36.33s
[INFO] running `Command { std: "docker" "inspect" "2f3aad782cd1d879825b7af8792546e30ec232b1bce615f7e6cb4e0219be3e20", kill_on_drop: false }`
[INFO] running `Command { std: "docker" "exec" "-e" "SOURCE_DIR=/opt/rustwide/workdir" "-e" "CARGO_HOME=/opt/rustwide/cargo-home" "-e" "RUSTUP_HOME=/opt/rustwide/rustup-home" "-e" "CARGO_TARGET_DIR=/opt/rustwide/target" "-e" "CARGO_INCREMENTAL=0" "-e" "RUST_BACKTRACE=full" "-e" "RUSTFLAGS=--cap-lints=warn" "-e" "RUSTDOCFLAGS=--cap-lints=warn" "-w" "/opt/rustwide/workdir" "--user" "0:0" "2f3aad782cd1d879825b7af8792546e30ec232b1bce615f7e6cb4e0219be3e20" "/opt/rustwide/cargo-home/bin/cargo" "+1.100.0-beta.1" "test" "--frozen" "--release", kill_on_drop: false }`
[INFO] [stderr] warning: `package.homepage` is redundant with `package.repository`
[INFO] [stderr]   --> Cargo.toml:52:12
[INFO] [stderr]    |
[INFO] [stderr] 52 | homepage = "https://github.com/greenticai/greentic-cards2pack"
[INFO] [stderr]    |            ^^^^^^^^^^^^^^^^^^^^^^^^^^^^^^^^^^^^^^^^^^^^^^^^^^^
[INFO] [stderr] ...
[INFO] [stderr] 56 | repository = "https://github.com/greenticai/greentic-cards2pack"
[INFO] [stderr]    |              ---------------------------------------------------
[INFO] [stderr]    |
[INFO] [stderr]    = note: `cargo::redundant_homepage` is set to `warn` by default
[INFO] [stderr] help: consider removing `package.homepage`
[INFO] [stderr] warning: `greentic-cards2pack` (manifest) generated 1 warning
[INFO] [stderr]     Finished `release` profile [optimized] target(s) in 0.10s
[INFO] [stderr]      Running unittests src/lib.rs (/opt/rustwide/target/release/build/greentic-cards2pack/dbbf5f8df5fed8d8/out/greentic_cards2pack-dbbf5f8df5fed8d8)
[INFO] [stdout] 
[INFO] [stdout] running 24 tests
[INFO] [stdout] test i18n_extract::extractor::tests::test_build_json_path ... ok
[INFO] [stdout] test emit_flow::tests::replaces_existing_block ... ok
[INFO] [stdout] test i18n_extract::extractor::tests::test_extract_factset ... ok
[INFO] [stdout] test i18n_extract::extractor::tests::test_extract_choice_set ... ok
[INFO] [stdout] test i18n_extract::extractor::tests::test_should_extract ... ok
[INFO] [stdout] test i18n_extract::extractor::tests::test_extract_from_simple_card ... ok
[INFO] [stdout] test i18n_extract::extractor::tests::test_extract_input_fields ... ok
[INFO] [stdout] test i18n_extract::extractor::tests::test_extract_skips_pure_handlebars ... ok
[INFO] [stdout] test i18n_extract::extractor::tests::test_extract_nested_column_items ... ok
[INFO] [stdout] test i18n_extract::tests::test_determine_card_id_from_metadata ... ok
[INFO] [stdout] test i18n_extract::extractor::tests::test_extract_show_card_action ... ok
[INFO] [stdout] test i18n_extract::extractor::tests::test_build_key ... ok
[INFO] [stdout] test i18n_extract::extractor::tests::test_extract_skips_i18n_patterns ... ok
[INFO] [stdout] test i18n_extract::tests::test_determine_card_id_fallback_to_filename ... ok
[INFO] [stdout] test i18n_extract::tests::test_sanitize_key_part ... ok
[INFO] [stdout] test i18n_extract::tests::test_to_json_bundle ... ok
[INFO] [stdout] test translate::tests::test_get_supported_languages ... ok
[INFO] [stdout] test workspace::tests::prompt_node_is_idempotent ... ok
[INFO] [stdout] test workspace::tests::prompt_node_inserts_before_first_node ... ok
[INFO] [stdout] test i18n_extract::tests::test_write_bundle_creates_parent_dirs ... ok
[INFO] [stdout] test translate::tests::test_default_languages ... ok
[INFO] [stdout] test translate::tests::test_format_translation_summary_success ... ok
[INFO] [stdout] test translate::tests::test_format_translation_summary_with_failures ... ok
[INFO] [stdout] test workspace::tests::prompt_node_error_when_not_first ... ok
[INFO] [stdout] 
[INFO] [stdout] test result: ok. 24 passed; 0 failed; 0 ignored; 0 measured; 0 filtered out; finished in 0.02s
[INFO] [stdout] 
[INFO] [stderr]      Running unittests src/main.rs (/opt/rustwide/target/release/build/greentic-cards2pack/fbafbb5e4b5e82fc/out/greentic_cards2pack-fbafbb5e4b5e82fc)
[INFO] [stdout] 
[INFO] [stdout] running 0 tests
[INFO] [stdout] 
[INFO] [stdout] test result: ok. 0 passed; 0 failed; 0 ignored; 0 measured; 0 filtered out; finished in 0.00s
[INFO] [stdout] 
[INFO] [stderr]      Running tests/extract_i18n.rs (/opt/rustwide/target/release/build/greentic-cards2pack/42b3d73bc2228d79/out/extract_i18n-42b3d73bc2228d79)
[INFO] [stdout] 
[INFO] [stdout] running 5 tests
[INFO] [stdout] test extract_i18n_includes_existing_when_flagged ... ok
[INFO] [stdout] test extract_i18n_skips_existing_patterns ... ok
[INFO] [stdout] test extract_i18n_produces_bundle ... ok
[INFO] [stdout] test extract_i18n_respects_prefix ... ok
[INFO] [stdout] test extract_i18n_verbose_prints_report ... ok
[INFO] [stdout] 
[INFO] [stdout] test result: ok. 5 passed; 0 failed; 0 ignored; 0 measured; 0 filtered out; finished in 0.02s
[INFO] [stdout] 
[INFO] [stderr]      Running tests/flow_emit.rs (/opt/rustwide/target/release/build/greentic-cards2pack/b58dfdeb14bd9ff9/out/flow_emit-b58dfdeb14bd9ff9)
[INFO] [stdout] 
[INFO] [stdout] running 4 tests
[INFO] [stdout] test creates_stub_for_missing_target_when_not_strict ... ok
[INFO] [stdout] test strict_mode_errors_on_missing_target ... ok
[INFO] [stdout] test emits_flow_with_routes ... FAILED
[INFO] [stdout] test preserves_developer_content_between_runs ... FAILED
[INFO] [stdout] 
[INFO] [stdout] failures:
[INFO] [stdout] 
[INFO] [stdout] ---- emits_flow_with_routes stdout ----
[INFO] [stdout] 
[INFO] [stdout] thread 'emits_flow_with_routes' (1305) panicked at tests/flow_emit.rs:49:63:
[INFO] [stdout] called `Result::unwrap()` on an `Err` value: failed to run greentic-flow new --flow /tmp/.tmpmMTfdU/.cards2pack/tmp/demo.flow.yaml --id demo --type messaging --force
[INFO] [stdout] 
[INFO] [stdout] Caused by:
[INFO] [stdout]     No such file or directory (os error 2)
[INFO] [stdout] 
[INFO] [stdout] Stack backtrace:
[INFO] [stdout]    0: <core::io::error::Error as anyhow::context::ext::StdError>::ext_context::<alloc::string::String>
[INFO] [stdout]    1: <core::result::Result<std::process::Output, core::io::error::Error> as anyhow::Context<std::process::Output, core::io::error::Error>>::with_context::<alloc::string::String, greentic_cards2pack::emit_flow::run_greentic_flow::{closure#0}>
[INFO] [stdout]    2: greentic_cards2pack::emit_flow::generate_flow_with_cli
[INFO] [stdout]    3: greentic_cards2pack::emit_flow::emit_flow
[INFO] [stdout]    4: <flow_emit::emits_flow_with_routes::{closure#0} as core::ops::function::FnOnce<()>>::call_once
[INFO] [stdout]    5: test::__rust_begin_short_backtrace::<core::result::Result<(), alloc::string::String>, fn() -> core::result::Result<(), alloc::string::String>>
[INFO] [stdout]    6: test::run_test::{closure#0}
[INFO] [stdout]    7: std::sys::backtrace::__rust_begin_short_backtrace::<test::run_test::{closure#1}, ()>
[INFO] [stdout]    8: <std::thread::lifecycle::spawn_unchecked<test::run_test::{closure#1}, ()>::{closure#1} as core::ops::function::FnOnce<()>>::call_once::{shim:vtable#0}
[INFO] [stdout]    9: <std::sys::thread::unix::Thread>::new::thread_start
[INFO] [stdout]   10: <unknown>
[INFO] [stdout]   11: clone
[INFO] [stdout] stack backtrace:
[INFO] [stdout]    0:     0x5fee17f9b211 - <<std[617be2ca0a6fd877]::sys::backtrace::BacktraceLock>::print::DisplayBacktrace as core[a373ad73a504971]::fmt::Display>::fmt
[INFO] [stdout]    1:     0x5fee17fb043a - core[a373ad73a504971]::fmt::write
[INFO] [stdout]    2:     0x5fee17f9fe0c - <alloc[2e1b2a31b91974c5]::vec::Vec<u8> as core[a373ad73a504971]::io::write::Write>::write_fmt
[INFO] [stdout]    3:     0x5fee17f73b86 - std[617be2ca0a6fd877]::panicking::default_hook::{closure#0}
[INFO] [stdout]    4:     0x5fee17f91bc9 - std[617be2ca0a6fd877]::panicking::default_hook
[INFO] [stdout]    5:     0x5fee17eed4d0 - test[aada8e7e76ba119b]::test_main_inner::{closure#0}
[INFO] [stdout]    6:     0x5fee17f91d82 - std[617be2ca0a6fd877]::panicking::panic_with_hook
[INFO] [stdout]    7:     0x5fee17f73c32 - std[617be2ca0a6fd877]::panicking::panic_handler::{closure#0}
[INFO] [stdout]    8:     0x5fee17f6c069 - std[617be2ca0a6fd877]::sys::backtrace::__rust_end_short_backtrace::<std[617be2ca0a6fd877]::panicking::panic_handler::{closure#0}, !>
[INFO] [stdout]    9:     0x5fee17f7494d - __rustc[ea4f61d10b84890b]::rust_begin_unwind
[INFO] [stdout]   10:     0x5fee17fb0b6c - core[a373ad73a504971]::panicking::panic_fmt
[INFO] [stdout]   11:     0x5fee17fb0942 - core[a373ad73a504971]::result::unwrap_failed
[INFO] [stdout]   12:     0x5fee17ede65f - <flow_emit[98ccd83ae6881e63]::emits_flow_with_routes::{closure#0} as core[a373ad73a504971]::ops::function::FnOnce<()>>::call_once
[INFO] [stdout]   13:     0x5fee17ee091b - test[aada8e7e76ba119b]::__rust_begin_short_backtrace::<core[a373ad73a504971]::result::Result<(), alloc[2e1b2a31b91974c5]::string::String>, fn() -> core[a373ad73a504971]::result::Result<(), alloc[2e1b2a31b91974c5]::string::String>>
[INFO] [stdout]   14:     0x5fee17eedaf5 - test[aada8e7e76ba119b]::run_test::{closure#0}
[INFO] [stdout]   15:     0x5fee17ee73e4 - std[617be2ca0a6fd877]::sys::backtrace::__rust_begin_short_backtrace::<test[aada8e7e76ba119b]::run_test::{closure#1}, ()>
[INFO] [stdout]   16:     0x5fee17ef0b82 - <std[617be2ca0a6fd877]::thread::lifecycle::spawn_unchecked<test[aada8e7e76ba119b]::run_test::{closure#1}, ()>::{closure#1} as core[a373ad73a504971]::ops::function::FnOnce<()>>::call_once::{shim:vtable#0}
[INFO] [stdout]   17:     0x5fee17f9a46f - <std[617be2ca0a6fd877]::sys::thread::unix::Thread>::new::thread_start
[INFO] [stdout]   18:     0x71df4ef93dfa - <unknown>
[INFO] [stdout]   19:     0x71df4f0273d4 - clone
[INFO] [stdout]   20:                0x0 - <unknown>
[INFO] [stdout] 
[INFO] [stdout] ---- preserves_developer_content_between_runs stdout ----
[INFO] [stdout] 
[INFO] [stdout] thread 'preserves_developer_content_between_runs' (1306) panicked at tests/flow_emit.rs:75:63:
[INFO] [stdout] called `Result::unwrap()` on an `Err` value: failed to run greentic-flow new --flow /tmp/.tmpCodL0Z/.cards2pack/tmp/demo.flow.yaml --id demo --type messaging --force
[INFO] [stdout] 
[INFO] [stdout] Caused by:
[INFO] [stdout]     No such file or directory (os error 2)
[INFO] [stdout] 
[INFO] [stdout] Stack backtrace:
[INFO] [stdout]    0: <core::io::error::Error as anyhow::context::ext::StdError>::ext_context::<alloc::string::String>
[INFO] [stdout]    1: <core::result::Result<std::process::Output, core::io::error::Error> as anyhow::Context<std::process::Output, core::io::error::Error>>::with_context::<alloc::string::String, greentic_cards2pack::emit_flow::run_greentic_flow::{closure#0}>
[INFO] [stdout]    2: greentic_cards2pack::emit_flow::generate_flow_with_cli
[INFO] [stdout]    3: greentic_cards2pack::emit_flow::emit_flow
[INFO] [stdout]    4: <flow_emit::preserves_developer_content_between_runs::{closure#0} as core::ops::function::FnOnce<()>>::call_once
[INFO] [stdout]    5: test::__rust_begin_short_backtrace::<core::result::Result<(), alloc::string::String>, fn() -> core::result::Result<(), alloc::string::String>>
[INFO] [stdout]    6: test::run_test::{closure#0}
[INFO] [stdout]    7: std::sys::backtrace::__rust_begin_short_backtrace::<test::run_test::{closure#1}, ()>
[INFO] [stdout]    8: <std::thread::lifecycle::spawn_unchecked<test::run_test::{closure#1}, ()>::{closure#1} as core::ops::function::FnOnce<()>>::call_once::{shim:vtable#0}
[INFO] [stdout]    9: <std::sys::thread::unix::Thread>::new::thread_start
[INFO] [stdout]   10: <unknown>
[INFO] [stdout]   11: clone
[INFO] [stdout] stack backtrace:
[INFO] [stdout]    0:     0x5fee17f9b211 - <<std[617be2ca0a6fd877]::sys::backtrace::BacktraceLock>::print::DisplayBacktrace as core[a373ad73a504971]::fmt::Display>::fmt
[INFO] [stdout]    1:     0x5fee17fb043a - core[a373ad73a504971]::fmt::write
[INFO] [stdout]    2:     0x5fee17f9fe0c - <alloc[2e1b2a31b91974c5]::vec::Vec<u8> as core[a373ad73a504971]::io::write::Write>::write_fmt
[INFO] [stdout]    3:     0x5fee17f73b86 - std[617be2ca0a6fd877]::panicking::default_hook::{closure#0}
[INFO] [stdout]    4:     0x5fee17f91bc9 - std[617be2ca0a6fd877]::panicking::default_hook
[INFO] [stdout]    5:     0x5fee17eed4d0 - test[aada8e7e76ba119b]::test_main_inner::{closure#0}
[INFO] [stdout]    6:     0x5fee17f91d82 - std[617be2ca0a6fd877]::panicking::panic_with_hook
[INFO] [stdout]    7:     0x5fee17f73c32 - std[617be2ca0a6fd877]::panicking::panic_handler::{closure#0}
[INFO] [stdout]    8:     0x5fee17f6c069 - std[617be2ca0a6fd877]::sys::backtrace::__rust_end_short_backtrace::<std[617be2ca0a6fd877]::panicking::panic_handler::{closure#0}, !>
[INFO] [stdout]    9:     0x5fee17f7494d - __rustc[ea4f61d10b84890b]::rust_begin_unwind
[INFO] [stdout]   10:     0x5fee17fb0b6c - core[a373ad73a504971]::panicking::panic_fmt
[INFO] [stdout]   11:     0x5fee17fb0942 - core[a373ad73a504971]::result::unwrap_failed
[INFO] [stdout]   12:     0x5fee17edf06c - <flow_emit[98ccd83ae6881e63]::preserves_developer_content_between_runs::{closure#0} as core[a373ad73a504971]::ops::function::FnOnce<()>>::call_once
[INFO] [stdout]   13:     0x5fee17ee091b - test[aada8e7e76ba119b]::__rust_begin_short_backtrace::<core[a373ad73a504971]::result::Result<(), alloc[2e1b2a31b91974c5]::string::String>, fn() -> core[a373ad73a504971]::result::Result<(), alloc[2e1b2a31b91974c5]::string::String>>
[INFO] [stdout]   14:     0x5fee17eedaf5 - test[aada8e7e76ba119b]::run_test::{closure#0}
[INFO] [stdout]   15:     0x5fee17ee73e4 - std[617be2ca0a6fd877]::sys::backtrace::__rust_begin_short_backtrace::<test[aada8e7e76ba119b]::run_test::{closure#1}, ()>
[INFO] [stdout]   16:     0x5fee17ef0b82 - <std[617be2ca0a6fd877]::thread::lifecycle::spawn_unchecked<test[aada8e7e76ba119b]::run_test::{closure#1}, ()>::{closure#1} as core[a373ad73a504971]::ops::function::FnOnce<()>>::call_once::{shim:vtable#0}
[INFO] [stdout]   17:     0x5fee17f9a46f - <std[617be2ca0a6fd877]::sys::thread::unix::Thread>::new::thread_start
[INFO] [stdout]   18:     0x71df4ef93dfa - <unknown>
[INFO] [stdout]   19:     0x71df4f0273d4 - clone
[INFO] [stdout]   20:                0x0 - <unknown>
[INFO] [stdout] 
[INFO] [stdout] 
[INFO] [stdout] failures:
[INFO] [stdout]     emits_flow_with_routes
[INFO] [stdout]     preserves_developer_content_between_runs
[INFO] [stdout] 
[INFO] [stdout] test result: FAILED. 2 passed; 2 failed; 0 ignored; 0 measured; 0 filtered out; finished in 0.01s
[INFO] [stdout] 
[INFO] [stderr] error: test failed, to rerun pass `--test flow_emit`
[INFO] running `Command { std: "docker" "inspect" "2f3aad782cd1d879825b7af8792546e30ec232b1bce615f7e6cb4e0219be3e20", kill_on_drop: false }`
[INFO] running `Command { std: "docker" "rm" "-f" "2f3aad782cd1d879825b7af8792546e30ec232b1bce615f7e6cb4e0219be3e20", kill_on_drop: false }`
[INFO] [stdout] 2f3aad782cd1d879825b7af8792546e30ec232b1bce615f7e6cb4e0219be3e20
