[INFO] fetching crate greengrass-ipc-rust 0.1.0...
[INFO] testing greengrass-ipc-rust-0.1.0 against 1.100.0-beta.1+cargoflags=--release for beta-release-1.100-2
[INFO] extracting crate greengrass-ipc-rust 0.1.0 into /workspace/builds/worker-1-tc2/source
[INFO] removed /workspace/builds/worker-1-tc2/source/rust-toolchain.toml
[INFO] started tweaking crates.io crate greengrass-ipc-rust 0.1.0
[INFO] removed 0 missing examples
[INFO] removed 0 missing tests
[INFO] finished tweaking crates.io crate greengrass-ipc-rust 0.1.0
[INFO] tweaked toml for crates.io crate greengrass-ipc-rust 0.1.0 written to /workspace/builds/worker-1-tc2/source/Cargo.toml
[INFO] validating manifest of crates.io crate greengrass-ipc-rust 0.1.0 on toolchain 1.100.0-beta.1
[INFO] running `Command { std: CARGO_HOME="/workspace/cargo-home" RUSTUP_HOME="/workspace/rustup-home" "/workspace/cargo-home/bin/cargo" "+1.100.0-beta.1" "metadata" "--manifest-path" "Cargo.toml" "--no-deps", kill_on_drop: false }`
[INFO] crate crates.io crate greengrass-ipc-rust 0.1.0 already has a lockfile, it will not be regenerated
[INFO] running `Command { std: CARGO_HOME="/workspace/cargo-home" RUSTUP_HOME="/workspace/rustup-home" "/workspace/cargo-home/bin/cargo" "+1.100.0-beta.1" "fetch" "--manifest-path" "Cargo.toml", kill_on_drop: false }`
[INFO] running `Command { std: "docker" "create" "-v" "/var/lib/crater-agent-workspace/builds/worker-1-tc2/source:/opt/rustwide/workdir:ro,Z" "-v" "/var/lib/crater-agent-workspace/builds/worker-1-tc2/target:/opt/rustwide/target:rw,Z" "-v" "/var/lib/crater-agent-workspace/cargo-home:/opt/rustwide/cargo-home:ro,Z" "-v" "/var/lib/crater-agent-workspace/rustup-home:/opt/rustwide/rustup-home:ro,Z" "-m" "1610612736" "--network" "none" "ghcr.io/rust-lang/crates-build-env/linux@sha256:77db811e55d90add9212f6832c23229e3de5f1c1f9905e8cb07319ea15df73ac" "sleep" "infinity", kill_on_drop: false }`
[INFO] [stdout] ab0dbe523ff56a06963d88668e13ad1a2333a7e48290e04eb7243f82a8e0baa6
[INFO] running `Command { std: "docker" "start" "ab0dbe523ff56a06963d88668e13ad1a2333a7e48290e04eb7243f82a8e0baa6", kill_on_drop: false }`
[INFO] running `Command { std: "docker" "inspect" "ab0dbe523ff56a06963d88668e13ad1a2333a7e48290e04eb7243f82a8e0baa6", kill_on_drop: false }`
[INFO] running `Command { std: "docker" "exec" "-e" "SOURCE_DIR=/opt/rustwide/workdir" "-e" "CARGO_HOME=/opt/rustwide/cargo-home" "-e" "RUSTUP_HOME=/opt/rustwide/rustup-home" "-e" "CARGO_TARGET_DIR=/opt/rustwide/target" "-w" "/opt/rustwide/workdir" "--user" "0:0" "ab0dbe523ff56a06963d88668e13ad1a2333a7e48290e04eb7243f82a8e0baa6" "/opt/rustwide/cargo-home/bin/cargo" "+1.100.0-beta.1" "metadata" "--no-deps" "--format-version=1", kill_on_drop: false }`
[INFO] running `Command { std: "docker" "inspect" "ab0dbe523ff56a06963d88668e13ad1a2333a7e48290e04eb7243f82a8e0baa6", kill_on_drop: false }`
[INFO] running `Command { std: "docker" "exec" "-e" "SOURCE_DIR=/opt/rustwide/workdir" "-e" "CARGO_HOME=/opt/rustwide/cargo-home" "-e" "RUSTUP_HOME=/opt/rustwide/rustup-home" "-e" "CARGO_TARGET_DIR=/opt/rustwide/target" "-e" "CARGO_INCREMENTAL=0" "-e" "RUST_BACKTRACE=full" "-e" "RUSTFLAGS=--cap-lints=warn" "-e" "RUSTDOCFLAGS=--cap-lints=warn" "-w" "/opt/rustwide/workdir" "--user" "0:0" "ab0dbe523ff56a06963d88668e13ad1a2333a7e48290e04eb7243f82a8e0baa6" "/opt/rustwide/cargo-home/bin/cargo" "+1.100.0-beta.1" "build" "--frozen" "--message-format=json" "--release", kill_on_drop: false }`
[INFO] [stderr]    Compiling quote v1.0.46
[INFO] [stderr]    Compiling futures-core v0.3.32
[INFO] [stderr]    Compiling futures-sink v0.3.32
[INFO] [stderr]    Compiling memchr v2.8.2
[INFO] [stderr]    Compiling smallvec v1.15.2
[INFO] [stderr]    Compiling num-traits v0.2.19
[INFO] [stderr]    Compiling futures-io v0.3.32
[INFO] [stderr]    Compiling futures-task v0.3.32
[INFO] [stderr]    Compiling getrandom v0.4.3
[INFO] [stderr]    Compiling lock_api v0.4.14
[INFO] [stderr]    Compiling virtue v0.0.18
[INFO] [stderr]    Compiling errno v0.3.14
[INFO] [stderr]    Compiling option-ext v0.2.0
[INFO] [stderr]    Compiling serde_json v1.0.150
[INFO] [stderr]    Compiling socket2 v0.6.4
[INFO] [stderr]    Compiling mio v1.2.1
[INFO] [stderr]    Compiling dirs-sys v0.5.0
[INFO] [stderr]    Compiling bytes v1.12.0
[INFO] [stderr]    Compiling futures-channel v0.3.32
[INFO] [stderr]    Compiling signal-hook-registry v1.4.8
[INFO] [stderr]    Compiling iana-time-zone v0.1.65
[INFO] [stderr]    Compiling unty v0.0.4
[INFO] [stderr]    Compiling log v0.4.33
[INFO] [stderr]    Compiling dirs v6.0.0
[INFO] [stderr]    Compiling parking_lot_core v0.9.12
[INFO] [stderr]    Compiling uuid v1.23.4
[INFO] [stderr]    Compiling syn v2.0.118
[INFO] [stderr]    Compiling parking_lot v0.12.5
[INFO] [stderr]    Compiling bincode_derive v2.0.1
[INFO] [stderr]    Compiling bincode v2.0.1
[INFO] [stderr]    Compiling darling_core v0.23.0
[INFO] [stderr]    Compiling futures-macro v0.3.32
[INFO] [stderr]    Compiling serde_derive v1.0.228
[INFO] [stderr]    Compiling tracing-attributes v0.1.31
[INFO] [stderr]    Compiling async-stream-impl v0.3.6
[INFO] [stderr]    Compiling tokio-macros v2.7.0
[INFO] [stderr]    Compiling thiserror-impl v2.0.18
[INFO] [stderr]    Compiling serde_repr v0.1.20
[INFO] [stderr]    Compiling tokio v1.52.3
[INFO] [stderr]    Compiling async-stream v0.3.6
[INFO] [stderr]    Compiling thiserror v2.0.18
[INFO] [stderr]    Compiling futures-util v0.3.32
[INFO] [stderr]    Compiling tracing v0.1.44
[INFO] [stderr]    Compiling darling_macro v0.23.0
[INFO] [stderr]    Compiling darling v0.23.0
[INFO] [stderr]    Compiling serde_with_macros v3.21.0
[INFO] [stderr]    Compiling serde_with v3.21.0
[INFO] [stderr]    Compiling serde v1.0.228
[INFO] [stderr]    Compiling chrono v0.4.45
[INFO] [stderr]    Compiling futures-executor v0.3.32
[INFO] [stderr]    Compiling futures v0.3.32
[INFO] [stderr]    Compiling greengrass-ipc-rust v0.1.0 (/opt/rustwide/workdir)
[INFO] [stderr] warning: unused dependency `async-stream`
[INFO] [stderr]  --> Cargo.toml:1:15
[INFO] [stderr]   |
[INFO] [stderr] 1 | [dependencies.async-stream]
[INFO] [stderr]   |               ^^^^^^^^^^^^^
[INFO] [stderr]   |
[INFO] [stderr]   = note: `cargo::unused_dependencies` is set to `warn` by default
[INFO] [stderr] help: consider removing the dependency on `async-stream`
[INFO] [stderr] warning: unused dependency `bincode`
[INFO] [stderr]  --> Cargo.toml:7:15
[INFO] [stderr]   |
[INFO] [stderr] 7 | [dependencies.bincode]
[INFO] [stderr]   |               ^^^^^^^^
[INFO] [stderr]   |
[INFO] [stderr] help: consider removing the dependency on `bincode`
[INFO] [stderr] warning: unused dependency `dirs`
[INFO] [stderr]   --> Cargo.toml:17:15
[INFO] [stderr]    |
[INFO] [stderr] 17 | [dependencies.dirs]
[INFO] [stderr]    |               ^^^^^
[INFO] [stderr]    |
[INFO] [stderr] help: consider removing the dependency on `dirs`
[INFO] [stderr] warning: unused dependency `tracing`
[INFO] [stderr]   --> Cargo.toml:47:15
[INFO] [stderr]    |
[INFO] [stderr] 47 | [dependencies.tracing]
[INFO] [stderr]    |               ^^^^^^^^
[INFO] [stderr]    |
[INFO] [stderr] help: consider removing the dependency on `tracing`
[INFO] [stderr] warning: `greengrass-ipc-rust` (manifest) generated 4 warnings
[INFO] [stderr]     Finished `release` profile [optimized] target(s) in 34.95s
[INFO] running `Command { std: "docker" "inspect" "ab0dbe523ff56a06963d88668e13ad1a2333a7e48290e04eb7243f82a8e0baa6", kill_on_drop: false }`
[INFO] running `Command { std: "docker" "exec" "-e" "SOURCE_DIR=/opt/rustwide/workdir" "-e" "CARGO_HOME=/opt/rustwide/cargo-home" "-e" "RUSTUP_HOME=/opt/rustwide/rustup-home" "-e" "CARGO_TARGET_DIR=/opt/rustwide/target" "-e" "CARGO_INCREMENTAL=0" "-e" "RUST_BACKTRACE=full" "-e" "RUSTFLAGS=--cap-lints=warn" "-e" "RUSTDOCFLAGS=--cap-lints=warn" "-w" "/opt/rustwide/workdir" "--user" "0:0" "ab0dbe523ff56a06963d88668e13ad1a2333a7e48290e04eb7243f82a8e0baa6" "/opt/rustwide/cargo-home/bin/cargo" "+1.100.0-beta.1" "test" "--frozen" "--no-run" "--message-format=json" "--release", kill_on_drop: false }`
[INFO] [stderr]    Compiling aho-corasick v1.1.4
[INFO] [stderr]    Compiling regex-syntax v0.8.11
[INFO] [stderr]    Compiling rustix v1.1.4
[INFO] [stderr]    Compiling log v0.4.33
[INFO] [stderr]    Compiling tokio v1.52.3
[INFO] [stderr]    Compiling bitflags v2.13.0
[INFO] [stderr]    Compiling linux-raw-sys v0.12.1
[INFO] [stderr]    Compiling anstream v1.0.0
[INFO] [stderr]    Compiling jiff v0.2.31
[INFO] [stderr]    Compiling fastrand v2.4.1
[INFO] [stderr]    Compiling regex-automata v0.4.14
[INFO] [stderr]    Compiling tempfile v3.27.0
[INFO] [stderr]    Compiling regex v1.12.4
[INFO] [stderr]    Compiling tokio-stream v0.1.18
[INFO] [stderr]    Compiling greengrass-ipc-rust v0.1.0 (/opt/rustwide/workdir)
[INFO] [stderr]    Compiling env_filter v2.0.0
[INFO] [stderr]    Compiling tokio-test v0.4.5
[INFO] [stderr]    Compiling env_logger v0.11.11
[INFO] [stdout] warning: unused variable: `message_type`
[INFO] [stdout]   --> tests/message_encoding_utils.rs:54:5
[INFO] [stdout]    |
[INFO] [stdout] 54 |     message_type: &str,
[INFO] [stdout]    |     ^^^^^^^^^^^^ help: if this is intentional, prefix it with an underscore: `_message_type`
[INFO] [stdout]    |
[INFO] [stdout]    = note: `#[warn(unused_variables)]` (part of `#[warn(unused)]`) on by default
[INFO] [stdout] 
[INFO] [stdout] 
[INFO] [stdout] warning: unused variable: `message_type`
[INFO] [stdout]   --> tests/message_encoding_utils.rs:54:5
[INFO] [stdout]    |
[INFO] [stdout] 54 |     message_type: &str,
[INFO] [stdout]    |     ^^^^^^^^^^^^ help: if this is intentional, prefix it with an underscore: `_message_type`
[INFO] [stdout]    |
[INFO] [stdout]    = note: `#[warn(unused_variables)]` (part of `#[warn(unused)]`) on by default
[INFO] [stdout] 
[INFO] [stdout] 
[INFO] [stdout] warning: methods `get_messages_for_operation` and `request_encoding` are never used
[INFO] [stdout]    --> tests/message_comparison_framework.rs:159:12
[INFO] [stdout]     |
[INFO] [stdout]  71 | impl MessageComparisonHarness {
[INFO] [stdout]     | ----------------------------- methods in this implementation
[INFO] [stdout] ...
[INFO] [stdout] 159 |     pub fn get_messages_for_operation(&self, operation: &str) -> Vec<EncodedMessage> {
[INFO] [stdout]     |            ^^^^^^^^^^^^^^^^^^^^^^^^^^
[INFO] [stdout] ...
[INFO] [stdout] 256 |     pub async fn request_encoding(
[INFO] [stdout]     |                  ^^^^^^^^^^^^^^^^
[INFO] [stdout]     |
[INFO] [stdout]     = note: `#[warn(dead_code)]` (part of `#[warn(unused)]`) on by default
[INFO] [stdout] 
[INFO] [stdout] 
[INFO] [stdout] warning: fields `python_message` and `rust_message` are never read
[INFO] [stdout]    --> tests/message_comparison_framework.rs:292:9
[INFO] [stdout]     |
[INFO] [stdout] 288 | pub struct ComparisonResult {
[INFO] [stdout]     |            ---------------- fields in this struct
[INFO] [stdout] ...
[INFO] [stdout] 292 |     pub python_message: Option<EncodedMessage>,
[INFO] [stdout]     |         ^^^^^^^^^^^^^^
[INFO] [stdout] ...
[INFO] [stdout] 296 |     pub rust_message: Vec<u8>,
[INFO] [stdout]     |         ^^^^^^^^^^^^
[INFO] [stdout]     |
[INFO] [stdout]     = note: `ComparisonResult` has a derived impl for the trait `Debug`, but this is intentionally ignored during dead code analysis
[INFO] [stdout] 
[INFO] [stdout] 
[INFO] [stdout] warning: fields `rust_len` and `python_len` are never read
[INFO] [stdout]    --> tests/message_comparison_framework.rs:307:9
[INFO] [stdout]     |
[INFO] [stdout] 305 |     LengthMismatch {
[INFO] [stdout]     |     -------------- fields in this variant
[INFO] [stdout] 306 |         /// Length of the Rust message
[INFO] [stdout] 307 |         rust_len: usize,
[INFO] [stdout]     |         ^^^^^^^^
[INFO] [stdout] 308 |         /// Length of the Python message
[INFO] [stdout] 309 |         python_len: usize,
[INFO] [stdout]     |         ^^^^^^^^^^
[INFO] [stdout]     |
[INFO] [stdout]     = note: `DifferenceType` has a derived impl for the trait `Debug`, but this is intentionally ignored during dead code analysis
[INFO] [stdout] 
[INFO] [stdout] 
[INFO] [stdout] warning: field `0` is never read
[INFO] [stdout]    --> tests/message_comparison_framework.rs:312:21
[INFO] [stdout]     |
[INFO] [stdout] 312 |     ByteDifferences(Vec<ByteDifference>),
[INFO] [stdout]     |     --------------- ^^^^^^^^^^^^^^^^^^^
[INFO] [stdout]     |     |
[INFO] [stdout]     |     field in this variant
[INFO] [stdout]     |
[INFO] [stdout]     = note: `DifferenceType` has a derived impl for the trait `Debug`, but this is intentionally ignored during dead code analysis
[INFO] [stdout] help: consider changing the field to be of unit type to suppress this warning while preserving the field numbering, or remove the field
[INFO] [stdout]     |
[INFO] [stdout] 312 -     ByteDifferences(Vec<ByteDifference>),
[INFO] [stdout] 312 +     ByteDifferences(()),
[INFO] [stdout]     |
[INFO] [stdout] 
[INFO] [stdout] 
[INFO] [stdout] warning: fields `position`, `rust_byte`, and `python_byte` are never read
[INFO] [stdout]    --> tests/message_comparison_framework.rs:319:9
[INFO] [stdout]     |
[INFO] [stdout] 317 | pub struct ByteDifference {
[INFO] [stdout]     |            -------------- fields in this struct
[INFO] [stdout] 318 |     /// Position in the message where the difference was found
[INFO] [stdout] 319 |     pub position: usize,
[INFO] [stdout]     |         ^^^^^^^^
[INFO] [stdout] 320 |     /// The byte in the Rust message
[INFO] [stdout] 321 |     pub rust_byte: u8,
[INFO] [stdout]     |         ^^^^^^^^^
[INFO] [stdout] 322 |     /// The byte in the Python message
[INFO] [stdout] 323 |     pub python_byte: u8,
[INFO] [stdout]     |         ^^^^^^^^^^^
[INFO] [stdout]     |
[INFO] [stdout]     = note: `ByteDifference` has a derived impl for the trait `Debug`, but this is intentionally ignored during dead code analysis
[INFO] [stdout] 
[INFO] [stdout] 
[INFO] [stdout] warning: struct `MessageComparisonHarness` is never constructed
[INFO] [stdout]   --> tests/message_encoding_utils.rs:14:12
[INFO] [stdout]    |
[INFO] [stdout] 14 | pub struct MessageComparisonHarness {}
[INFO] [stdout]    |            ^^^^^^^^^^^^^^^^^^^^^^^^
[INFO] [stdout] 
[INFO] [stdout] 
[INFO] [stdout] warning: struct `ComparisonResult` is never constructed
[INFO] [stdout]   --> tests/message_encoding_utils.rs:15:12
[INFO] [stdout]    |
[INFO] [stdout] 15 | pub struct ComparisonResult {
[INFO] [stdout]    |            ^^^^^^^^^^^^^^^^
[INFO] [stdout] 
[INFO] [stdout] 
[INFO] [stdout] warning: trait `EncodableMessage` is never used
[INFO] [stdout]   --> tests/message_encoding_utils.rs:23:11
[INFO] [stdout]    |
[INFO] [stdout] 23 | pub trait EncodableMessage {
[INFO] [stdout]    |           ^^^^^^^^^^^^^^^^
[INFO] [stdout] 
[INFO] [stdout] 
[INFO] [stdout] warning: function `compare_request_encoding` is never used
[INFO] [stdout]   --> tests/message_encoding_utils.rs:35:14
[INFO] [stdout]    |
[INFO] [stdout] 35 | pub async fn compare_request_encoding<M: EncodableMessage>(
[INFO] [stdout]    |              ^^^^^^^^^^^^^^^^^^^^^^^^
[INFO] [stdout] 
[INFO] [stdout] 
[INFO] [stderr] warning: unused dependency `async-stream`
[INFO] [stderr]  --> Cargo.toml:1:15
[INFO] [stderr]   |
[INFO] [stderr] 1 | [dependencies.async-stream]
[INFO] [stderr]   |               ^^^^^^^^^^^^^
[INFO] [stderr]   |
[INFO] [stderr]   = note: `cargo::unused_dependencies` is set to `warn` by default
[INFO] [stderr] help: consider removing the dependency on `async-stream`
[INFO] [stderr] warning: unused dependency `bincode`
[INFO] [stderr]  --> Cargo.toml:7:15
[INFO] [stderr]   |
[INFO] [stderr] 7 | [dependencies.bincode]
[INFO] [stderr]   |               ^^^^^^^^
[INFO] [stderr]   |
[INFO] [stderr] help: consider removing the dependency on `bincode`
[INFO] [stderr] warning: unused dependency `dirs`
[INFO] [stderr]   --> Cargo.toml:17:15
[INFO] [stderr]    |
[INFO] [stderr] 17 | [dependencies.dirs]
[INFO] [stderr]    |               ^^^^^
[INFO] [stderr]    |
[INFO] [stderr] help: consider removing the dependency on `dirs`
[INFO] [stderr] warning: unused dependency `tracing`
[INFO] [stderr]   --> Cargo.toml:47:15
[INFO] [stderr]    |
[INFO] [stderr] 47 | [dependencies.tracing]
[INFO] [stderr]    |               ^^^^^^^^
[INFO] [stderr]    |
[INFO] [stderr] help: consider removing the dependency on `tracing`
[INFO] [stderr] warning: `greengrass-ipc-rust` (manifest) generated 4 warnings
[INFO] [stderr]     Finished `release` profile [optimized] target(s) in 1m 05s
[INFO] running `Command { std: "docker" "inspect" "ab0dbe523ff56a06963d88668e13ad1a2333a7e48290e04eb7243f82a8e0baa6", kill_on_drop: false }`
[INFO] running `Command { std: "docker" "exec" "-e" "SOURCE_DIR=/opt/rustwide/workdir" "-e" "CARGO_HOME=/opt/rustwide/cargo-home" "-e" "RUSTUP_HOME=/opt/rustwide/rustup-home" "-e" "CARGO_TARGET_DIR=/opt/rustwide/target" "-e" "CARGO_INCREMENTAL=0" "-e" "RUST_BACKTRACE=full" "-e" "RUSTFLAGS=--cap-lints=warn" "-e" "RUSTDOCFLAGS=--cap-lints=warn" "-w" "/opt/rustwide/workdir" "--user" "0:0" "ab0dbe523ff56a06963d88668e13ad1a2333a7e48290e04eb7243f82a8e0baa6" "/opt/rustwide/cargo-home/bin/cargo" "+1.100.0-beta.1" "test" "--frozen" "--release", kill_on_drop: false }`
[INFO] [stderr] warning: unused variable: `message_type`
[INFO] [stderr]   --> tests/message_encoding_utils.rs:54:5
[INFO] [stderr]    |
[INFO] [stderr] 54 |     message_type: &str,
[INFO] [stderr]    |     ^^^^^^^^^^^^ help: if this is intentional, prefix it with an underscore: `_message_type`
[INFO] [stderr]    |
[INFO] [stderr]    = note: `#[warn(unused_variables)]` (part of `#[warn(unused)]`) on by default
[INFO] [stderr] 
[INFO] [stderr] warning: methods `get_messages_for_operation` and `request_encoding` are never used
[INFO] [stderr]    --> tests/message_comparison_framework.rs:159:12
[INFO] [stderr]     |
[INFO] [stderr]  71 | impl MessageComparisonHarness {
[INFO] [stderr]     | ----------------------------- methods in this implementation
[INFO] [stderr] ...
[INFO] [stderr] 159 |     pub fn get_messages_for_operation(&self, operation: &str) -> Vec<EncodedMessage> {
[INFO] [stderr]     |            ^^^^^^^^^^^^^^^^^^^^^^^^^^
[INFO] [stderr] ...
[INFO] [stderr] 256 |     pub async fn request_encoding(
[INFO] [stderr]     |                  ^^^^^^^^^^^^^^^^
[INFO] [stderr]     |
[INFO] [stderr]     = note: `#[warn(dead_code)]` (part of `#[warn(unused)]`) on by default
[INFO] [stderr] 
[INFO] [stderr] warning: fields `python_message` and `rust_message` are never read
[INFO] [stderr]    --> tests/message_comparison_framework.rs:292:9
[INFO] [stderr]     |
[INFO] [stderr] 288 | pub struct ComparisonResult {
[INFO] [stderr]     |            ---------------- fields in this struct
[INFO] [stderr] ...
[INFO] [stderr] 292 |     pub python_message: Option<EncodedMessage>,
[INFO] [stderr]     |         ^^^^^^^^^^^^^^
[INFO] [stderr] ...
[INFO] [stderr] 296 |     pub rust_message: Vec<u8>,
[INFO] [stderr]     |         ^^^^^^^^^^^^
[INFO] [stderr]     |
[INFO] [stderr]     = note: `ComparisonResult` has a derived impl for the trait `Debug`, but this is intentionally ignored during dead code analysis
[INFO] [stderr] 
[INFO] [stderr] warning: fields `rust_len` and `python_len` are never read
[INFO] [stderr]    --> tests/message_comparison_framework.rs:307:9
[INFO] [stderr]     |
[INFO] [stderr] 305 |     LengthMismatch {
[INFO] [stderr]     |     -------------- fields in this variant
[INFO] [stderr] 306 |         /// Length of the Rust message
[INFO] [stderr] 307 |         rust_len: usize,
[INFO] [stderr]     |         ^^^^^^^^
[INFO] [stderr] 308 |         /// Length of the Python message
[INFO] [stderr] 309 |         python_len: usize,
[INFO] [stderr]     |         ^^^^^^^^^^
[INFO] [stderr]     |
[INFO] [stderr]     = note: `DifferenceType` has a derived impl for the trait `Debug`, but this is intentionally ignored during dead code analysis
[INFO] [stderr] 
[INFO] [stderr] warning: field `0` is never read
[INFO] [stderr]    --> tests/message_comparison_framework.rs:312:21
[INFO] [stderr]     |
[INFO] [stderr] 312 |     ByteDifferences(Vec<ByteDifference>),
[INFO] [stderr]     |     --------------- ^^^^^^^^^^^^^^^^^^^
[INFO] [stderr]     |     |
[INFO] [stderr]     |     field in this variant
[INFO] [stderr]     |
[INFO] [stderr]     = note: `DifferenceType` has a derived impl for the trait `Debug`, but this is intentionally ignored during dead code analysis
[INFO] [stderr] help: consider changing the field to be of unit type to suppress this warning while preserving the field numbering, or remove the field
[INFO] [stderr]     |
[INFO] [stderr] 312 -     ByteDifferences(Vec<ByteDifference>),
[INFO] [stderr] 312 +     ByteDifferences(()),
[INFO] [stderr]     |
[INFO] [stderr] 
[INFO] [stderr] warning: fields `position`, `rust_byte`, and `python_byte` are never read
[INFO] [stderr]    --> tests/message_comparison_framework.rs:319:9
[INFO] [stderr]     |
[INFO] [stderr] 317 | pub struct ByteDifference {
[INFO] [stderr]     |            -------------- fields in this struct
[INFO] [stderr] 318 |     /// Position in the message where the difference was found
[INFO] [stderr] 319 |     pub position: usize,
[INFO] [stderr]     |         ^^^^^^^^
[INFO] [stderr] 320 |     /// The byte in the Rust message
[INFO] [stderr] 321 |     pub rust_byte: u8,
[INFO] [stderr]     |         ^^^^^^^^^
[INFO] [stderr] 322 |     /// The byte in the Python message
[INFO] [stderr] 323 |     pub python_byte: u8,
[INFO] [stderr]     |         ^^^^^^^^^^^
[INFO] [stderr]     |
[INFO] [stderr]     = note: `ByteDifference` has a derived impl for the trait `Debug`, but this is intentionally ignored during dead code analysis
[INFO] [stderr] 
[INFO] [stderr] warning: struct `MessageComparisonHarness` is never constructed
[INFO] [stderr]   --> tests/message_encoding_utils.rs:14:12
[INFO] [stderr]    |
[INFO] [stderr] 14 | pub struct MessageComparisonHarness {}
[INFO] [stderr]    |            ^^^^^^^^^^^^^^^^^^^^^^^^
[INFO] [stderr] 
[INFO] [stderr] warning: struct `ComparisonResult` is never constructed
[INFO] [stderr]   --> tests/message_encoding_utils.rs:15:12
[INFO] [stderr]    |
[INFO] [stderr] 15 | pub struct ComparisonResult {
[INFO] [stderr]    |            ^^^^^^^^^^^^^^^^
[INFO] [stderr] 
[INFO] [stderr] warning: trait `EncodableMessage` is never used
[INFO] [stderr]   --> tests/message_encoding_utils.rs:23:11
[INFO] [stderr]    |
[INFO] [stderr] 23 | pub trait EncodableMessage {
[INFO] [stderr]    |           ^^^^^^^^^^^^^^^^
[INFO] [stderr] 
[INFO] [stderr] warning: function `compare_request_encoding` is never used
[INFO] [stderr]   --> tests/message_encoding_utils.rs:35:14
[INFO] [stderr]    |
[INFO] [stderr] 35 | pub async fn compare_request_encoding<M: EncodableMessage>(
[INFO] [stderr]    |              ^^^^^^^^^^^^^^^^^^^^^^^^
[INFO] [stderr] 
[INFO] [stderr] warning: `greengrass-ipc-rust` (test "message_encoding_utils") generated 1 warning (run `cargo fix --test "message_encoding_utils" -p greengrass-ipc-rust` to apply 1 suggestion)
[INFO] [stderr] warning: `greengrass-ipc-rust` (test "encoding_tests") generated 10 warnings (1 duplicate)
[INFO] [stderr] warning: unused dependency `async-stream`
[INFO] [stderr]  --> Cargo.toml:1:15
[INFO] [stderr]   |
[INFO] [stderr] 1 | [dependencies.async-stream]
[INFO] [stderr]   |               ^^^^^^^^^^^^^
[INFO] [stderr]   |
[INFO] [stderr]   = note: `cargo::unused_dependencies` is set to `warn` by default
[INFO] [stderr] help: consider removing the dependency on `async-stream`
[INFO] [stderr] warning: unused dependency `bincode`
[INFO] [stderr]  --> Cargo.toml:7:15
[INFO] [stderr]   |
[INFO] [stderr] 7 | [dependencies.bincode]
[INFO] [stderr]   |               ^^^^^^^^
[INFO] [stderr]   |
[INFO] [stderr] help: consider removing the dependency on `bincode`
[INFO] [stderr] warning: unused dependency `dirs`
[INFO] [stderr]   --> Cargo.toml:17:15
[INFO] [stderr]    |
[INFO] [stderr] 17 | [dependencies.dirs]
[INFO] [stderr]    |               ^^^^^
[INFO] [stderr]    |
[INFO] [stderr] help: consider removing the dependency on `dirs`
[INFO] [stderr] warning: unused dependency `tracing`
[INFO] [stderr]   --> Cargo.toml:47:15
[INFO] [stderr]    |
[INFO] [stderr] 47 | [dependencies.tracing]
[INFO] [stderr]    |               ^^^^^^^^
[INFO] [stderr]    |
[INFO] [stderr] help: consider removing the dependency on `tracing`
[INFO] [stderr] warning: `greengrass-ipc-rust` (manifest) generated 4 warnings
[INFO] [stderr]     Finished `release` profile [optimized] target(s) in 0.19s
[INFO] [stderr]      Running unittests src/lib.rs (/opt/rustwide/target/release/build/greengrass-ipc-rust/2ea7d619d3fc14fd/out/greengrass_ipc_rust-2ea7d619d3fc14fd)
[INFO] [stdout] 
[INFO] [stdout] running 14 tests
[INFO] [stdout] test error::tests::test_deserialize_resource_not_found_error_response ... ok
[INFO] [stdout] test model::tests::test_publish_message_helper_methods ... ok
[INFO] [stdout] test model::tests::test_subscription_response_message_serialization ... ok
[INFO] [stdout] test model::tests::test_publish_message_binary_serialization ... ok
[INFO] [stdout] test model::tests::test_publish_message_json_serialization ... ok
[INFO] [stdout] test error::tests::test_deserialize_error_response ... ok
[INFO] [stdout] test error::tests::test_parse_resource_not_found_error_with_details ... ok
[INFO] [stdout] test error::tests::test_parse_resource_not_found_error ... ok
[INFO] [stdout] test error::tests::test_parse_unknown_error_code ... ok
[INFO] [stdout] test error::tests::test_parse_invalid_arguments_error ... ok
[INFO] [stdout] test error::tests::test_check_and_parse_error_response_without_error ... ok
[INFO] [stdout] test error::tests::test_parse_invalid_json ... ok
[INFO] [stdout] test error::tests::test_check_and_parse_error_response_with_error ... ok
[INFO] [stdout] test model::tests::test_publish_message_with_topic ... ok
[INFO] [stdout] 
[INFO] [stdout] test result: ok. 14 passed; 0 failed; 0 ignored; 0 measured; 0 filtered out; finished in 0.01s
[INFO] [stdout] 
[INFO] [stderr]      Running tests/encoding_tests.rs (/opt/rustwide/target/release/build/greengrass-ipc-rust/21da847b19f34f3b/out/encoding_tests-21da847b19f34f3b)
[INFO] [stdout] 
[INFO] [stdout] running 14 tests
[INFO] [stdout] test message_structure_tests::test_event_stream_message_structure ... ok
[INFO] [stdout] test message_encoding_utils::tests::test_create_test_message ... ok
[INFO] [stdout] test test_full_message_encoding_pipeline ... ok
[INFO] [stdout] test message_encoding_utils::tests::test_create_publish_request ... ok
[INFO] [stdout] test message_comparison_framework::tests::test_message_comparison ... FAILED
[INFO] [stdout] test test_component_management_operations_encoding ... FAILED
[INFO] [stdout] test test_shadow_operations_encoding ... FAILED
[INFO] [stdout] test test_configuration_operations_encoding ... FAILED
[INFO] [stdout] test test_publish_request_encoding ... FAILED
[INFO] [stdout] test message_comparison_framework::tests::test_harness_start_stop ... FAILED
[INFO] [stdout] test test_iot_core_request_encoding ... FAILED
[INFO] [stdout] test test_component_lifecycle_operations_encoding ... FAILED
[INFO] [stdout] test test_subscribe_request_encoding ... FAILED
[INFO] [stdout] test message_structure_tests::test_decode_python_messages ... FAILED
[INFO] [stdout] 
[INFO] [stdout] failures:
[INFO] [stdout] 
[INFO] [stdout] ---- message_comparison_framework::tests::test_message_comparison stdout ----
[INFO] [stdout] 
[INFO] [stdout] thread 'message_comparison_framework::tests::test_message_comparison' (1946) panicked at tests/message_comparison_framework.rs:362:59:
[INFO] [stdout] Failed to create harness: Os { code: 30, kind: ReadOnlyFilesystem, message: "Read-only file system" }
[INFO] [stdout] stack backtrace:
[INFO] [stdout]    0:     0x56ecff69ce01 - <<std[617be2ca0a6fd877]::sys::backtrace::BacktraceLock>::print::DisplayBacktrace as core[a373ad73a504971]::fmt::Display>::fmt
[INFO] [stdout]    1:     0x56ecff6b1c1a - core[a373ad73a504971]::fmt::write
[INFO] [stdout]    2:     0x56ecff6a120c - <alloc[2e1b2a31b91974c5]::vec::Vec<u8> as core[a373ad73a504971]::io::write::Write>::write_fmt
[INFO] [stdout]    3:     0x56ecff678686 - std[617be2ca0a6fd877]::panicking::default_hook::{closure#0}
[INFO] [stdout]    4:     0x56ecff695199 - std[617be2ca0a6fd877]::panicking::default_hook
[INFO] [stdout]    5:     0x56ecff606520 - test[aada8e7e76ba119b]::test_main_inner::{closure#0}
[INFO] [stdout]    6:     0x56ecff6954c2 - std[617be2ca0a6fd877]::panicking::panic_with_hook
[INFO] [stdout]    7:     0x56ecff678732 - std[617be2ca0a6fd877]::panicking::panic_handler::{closure#0}
[INFO] [stdout]    8:     0x56ecff671399 - std[617be2ca0a6fd877]::sys::backtrace::__rust_end_short_backtrace::<std[617be2ca0a6fd877]::panicking::panic_handler::{closure#0}, !>
[INFO] [stdout]    9:     0x56ecff6793fd - __rustc[ea4f61d10b84890b]::rust_begin_unwind
[INFO] [stdout]   10:     0x56ecff6b237c - core[a373ad73a504971]::panicking::panic_fmt
[INFO] [stdout]   11:     0x56ecff6b2152 - core[a373ad73a504971]::result::unwrap_failed
[INFO] [stdout]   12:     0x56ecff5f6bc0 - encoding_tests[9bcaa50770b9d7f4]::message_comparison_framework::tests::test_message_comparison::{closure#0}
[INFO] [stdout]   13:     0x56ecff5f3dd3 - <tokio[45bcfc0fd7947fd0]::runtime::scheduler::current_thread::Context>::enter::<core[a373ad73a504971]::task::poll::Poll<()>, <tokio[45bcfc0fd7947fd0]::runtime::scheduler::current_thread::CoreGuard>::block_on<core[a373ad73a504971]::pin::Pin<&mut core[a373ad73a504971]::pin::Pin<&mut dyn core[a373ad73a504971]::future::future::Future<Output = ()>>>>::{closure#0}::{closure#0}>
[INFO] [stdout]   14:     0x56ecff5f9229 - <std[617be2ca0a6fd877]::thread::local::LocalKey<tokio[45bcfc0fd7947fd0]::runtime::context::Context>>::with::<tokio[45bcfc0fd7947fd0]::runtime::context::set_scheduler<(alloc[2e1b2a31b91974c5]::boxed::Box<tokio[45bcfc0fd7947fd0]::runtime::scheduler::current_thread::Core>, core[a373ad73a504971]::option::Option<()>), <tokio[45bcfc0fd7947fd0]::runtime::scheduler::current_thread::CoreGuard>::enter<<tokio[45bcfc0fd7947fd0]::runtime::scheduler::current_thread::CoreGuard>::block_on<core[a373ad73a504971]::pin::Pin<&mut core[a373ad73a504971]::pin::Pin<&mut dyn core[a373ad73a504971]::future::future::Future<Output = ()>>>>::{closure#0}, core[a373ad73a504971]::option::Option<()>>::{closure#0}>::{closure#0}, (alloc[2e1b2a31b91974c5]::boxed::Box<tokio[45bcfc0fd7947fd0]::runtime::scheduler::current_thread::Core>, core[a373ad73a504971]::option::Option<()>)>
[INFO] [stdout]   15:     0x56ecff5f394f - <tokio[45bcfc0fd7947fd0]::runtime::runtime::Runtime>::block_on::<core[a373ad73a504971]::pin::Pin<&mut dyn core[a373ad73a504971]::future::future::Future<Output = ()>>>
[INFO] [stdout]   16:     0x56ecff5f7c6e - <encoding_tests[9bcaa50770b9d7f4]::message_comparison_framework::tests::test_message_comparison::{closure#0} as core[a373ad73a504971]::ops::function::FnOnce<()>>::call_once
[INFO] [stdout]   17:     0x56ecff5f996b - test[aada8e7e76ba119b]::__rust_begin_short_backtrace::<core[a373ad73a504971]::result::Result<(), alloc[2e1b2a31b91974c5]::string::String>, fn() -> core[a373ad73a504971]::result::Result<(), alloc[2e1b2a31b91974c5]::string::String>>
[INFO] [stdout]   18:     0x56ecff606b45 - test[aada8e7e76ba119b]::run_test::{closure#0}
[INFO] [stdout]   19:     0x56ecff600434 - std[617be2ca0a6fd877]::sys::backtrace::__rust_begin_short_backtrace::<test[aada8e7e76ba119b]::run_test::{closure#1}, ()>
[INFO] [stdout]   20:     0x56ecff609bd2 - <std[617be2ca0a6fd877]::thread::lifecycle::spawn_unchecked<test[aada8e7e76ba119b]::run_test::{closure#1}, ()>::{closure#1} as core[a373ad73a504971]::ops::function::FnOnce<()>>::call_once::{shim:vtable#0}
[INFO] [stdout]   21:     0x56ecff69c64f - <std[617be2ca0a6fd877]::sys::thread::unix::Thread>::new::thread_start
[INFO] [stdout]   22:     0x71d38ce08dfa - <unknown>
[INFO] [stdout]   23:     0x71d38ce9c3d4 - clone
[INFO] [stdout]   24:                0x0 - <unknown>
[INFO] [stdout] 
[INFO] [stdout] ---- test_component_management_operations_encoding stdout ----
[INFO] [stdout] 
[INFO] [stdout] thread 'test_component_management_operations_encoding' (1952) panicked at tests/encoding_tests.rs:19:55:
[INFO] [stdout] Failed to create harness: Os { code: 30, kind: ReadOnlyFilesystem, message: "Read-only file system" }
[INFO] [stdout] stack backtrace:
[INFO] [stdout]    0:     0x56ecff69ce01 - <<std[617be2ca0a6fd877]::sys::backtrace::BacktraceLock>::print::DisplayBacktrace as core[a373ad73a504971]::fmt::Display>::fmt
[INFO] [stdout]    1:     0x56ecff6b1c1a - core[a373ad73a504971]::fmt::write
[INFO] [stdout]    2:     0x56ecff6a120c - <alloc[2e1b2a31b91974c5]::vec::Vec<u8> as core[a373ad73a504971]::io::write::Write>::write_fmt
[INFO] [stdout]    3:     0x56ecff678686 - std[617be2ca0a6fd877]::panicking::default_hook::{closure#0}
[INFO] [stdout]    4:     0x56ecff695199 - std[617be2ca0a6fd877]::panicking::default_hook
[INFO] [stdout]    5:     0x56ecff606520 - test[aada8e7e76ba119b]::test_main_inner::{closure#0}
[INFO] [stdout]    6:     0x56ecff6954c2 - std[617be2ca0a6fd877]::panicking::panic_with_hook
[INFO] [stdout]    7:     0x56ecff678732 - std[617be2ca0a6fd877]::panicking::panic_handler::{closure#0}
[INFO] [stdout]    8:     0x56ecff671399 - std[617be2ca0a6fd877]::sys::backtrace::__rust_end_short_backtrace::<std[617be2ca0a6fd877]::panicking::panic_handler::{closure#0}, !>
[INFO] [stdout]    9:     0x56ecff6793fd - __rustc[ea4f61d10b84890b]::rust_begin_unwind
[INFO] [stdout]   10:     0x56ecff6b237c - core[a373ad73a504971]::panicking::panic_fmt
[INFO] [stdout]   11:     0x56ecff6b2152 - core[a373ad73a504971]::result::unwrap_failed
[INFO] [stdout]   12:     0x56ecff5e464e - encoding_tests[9bcaa50770b9d7f4]::setup_harness::{closure#0}
[INFO] [stdout]   13:     0x56ecff5e7b90 - encoding_tests[9bcaa50770b9d7f4]::test_component_management_operations_encoding::{closure#0}
[INFO] [stdout]   14:     0x56ecff5f3dd3 - <tokio[45bcfc0fd7947fd0]::runtime::scheduler::current_thread::Context>::enter::<core[a373ad73a504971]::task::poll::Poll<()>, <tokio[45bcfc0fd7947fd0]::runtime::scheduler::current_thread::CoreGuard>::block_on<core[a373ad73a504971]::pin::Pin<&mut core[a373ad73a504971]::pin::Pin<&mut dyn core[a373ad73a504971]::future::future::Future<Output = ()>>>>::{closure#0}::{closure#0}>
[INFO] [stdout]   15:     0x56ecff5f9229 - <std[617be2ca0a6fd877]::thread::local::LocalKey<tokio[45bcfc0fd7947fd0]::runtime::context::Context>>::with::<tokio[45bcfc0fd7947fd0]::runtime::context::set_scheduler<(alloc[2e1b2a31b91974c5]::boxed::Box<tokio[45bcfc0fd7947fd0]::runtime::scheduler::current_thread::Core>, core[a373ad73a504971]::option::Option<()>), <tokio[45bcfc0fd7947fd0]::runtime::scheduler::current_thread::CoreGuard>::enter<<tokio[45bcfc0fd7947fd0]::runtime::scheduler::current_thread::CoreGuard>::block_on<core[a373ad73a504971]::pin::Pin<&mut core[a373ad73a504971]::pin::Pin<&mut dyn core[a373ad73a504971]::future::future::Future<Output = ()>>>>::{closure#0}, core[a373ad73a504971]::option::Option<()>>::{closure#0}>::{closure#0}, (alloc[2e1b2a31b91974c5]::boxed::Box<tokio[45bcfc0fd7947fd0]::runtime::scheduler::current_thread::Core>, core[a373ad73a504971]::option::Option<()>)>
[INFO] [stdout]   16:     0x56ecff5f394f - <tokio[45bcfc0fd7947fd0]::runtime::runtime::Runtime>::block_on::<core[a373ad73a504971]::pin::Pin<&mut dyn core[a373ad73a504971]::future::future::Future<Output = ()>>>
[INFO] [stdout]   17:     0x56ecff5e915e - <encoding_tests[9bcaa50770b9d7f4]::test_component_management_operations_encoding::{closure#0} as core[a373ad73a504971]::ops::function::FnOnce<()>>::call_once
[INFO] [stdout]   18:     0x56ecff5f996b - test[aada8e7e76ba119b]::__rust_begin_short_backtrace::<core[a373ad73a504971]::result::Result<(), alloc[2e1b2a31b91974c5]::string::String>, fn() -> core[a373ad73a504971]::result::Result<(), alloc[2e1b2a31b91974c5]::string::String>>
[INFO] [stdout]   19:     0x56ecff606b45 - test[aada8e7e76ba119b]::run_test::{closure#0}
[INFO] [stdout]   20:     0x56ecff600434 - std[617be2ca0a6fd877]::sys::backtrace::__rust_begin_short_backtrace::<test[aada8e7e76ba119b]::run_test::{closure#1}, ()>
[INFO] [stdout]   21:     0x56ecff609bd2 - <std[617be2ca0a6fd877]::thread::lifecycle::spawn_unchecked<test[aada8e7e76ba119b]::run_test::{closure#1}, ()>::{closure#1} as core[a373ad73a504971]::ops::function::FnOnce<()>>::call_once::{shim:vtable#0}
[INFO] [stdout]   22:     0x56ecff69c64f - <std[617be2ca0a6fd877]::sys::thread::unix::Thread>::new::thread_start
[INFO] [stdout]   23:     0x71d38ce08dfa - <unknown>
[INFO] [stdout]   24:     0x71d38ce9c3d4 - clone
[INFO] [stdout]   25:                0x0 - <unknown>
[INFO] [stdout] 
[INFO] [stdout] ---- test_shadow_operations_encoding stdout ----
[INFO] [stdout] 
[INFO] [stdout] thread 'test_shadow_operations_encoding' (1957) panicked at tests/encoding_tests.rs:19:55:
[INFO] [stdout] Failed to create harness: Os { code: 30, kind: ReadOnlyFilesystem, message: "Read-only file system" }
[INFO] [stdout] stack backtrace:
[INFO] [stdout]    0:     0x56ecff69ce01 - <<std[617be2ca0a6fd877]::sys::backtrace::BacktraceLock>::print::DisplayBacktrace as core[a373ad73a504971]::fmt::Display>::fmt
[INFO] [stdout]    1:     0x56ecff6b1c1a - core[a373ad73a504971]::fmt::write
[INFO] [stdout]    2:     0x56ecff6a120c - <alloc[2e1b2a31b91974c5]::vec::Vec<u8> as core[a373ad73a504971]::io::write::Write>::write_fmt
[INFO] [stdout]    3:     0x56ecff678686 - std[617be2ca0a6fd877]::panicking::default_hook::{closure#0}
[INFO] [stdout]    4:     0x56ecff695199 - std[617be2ca0a6fd877]::panicking::default_hook
[INFO] [stdout]    5:     0x56ecff606520 - test[aada8e7e76ba119b]::test_main_inner::{closure#0}
[INFO] [stdout]    6:     0x56ecff6954c2 - std[617be2ca0a6fd877]::panicking::panic_with_hook
[INFO] [stdout]    7:     0x56ecff678732 - std[617be2ca0a6fd877]::panicking::panic_handler::{closure#0}
[INFO] [stdout]    8:     0x56ecff671399 - std[617be2ca0a6fd877]::sys::backtrace::__rust_end_short_backtrace::<std[617be2ca0a6fd877]::panicking::panic_handler::{closure#0}, !>
[INFO] [stdout]    9:     0x56ecff6793fd - __rustc[ea4f61d10b84890b]::rust_begin_unwind
[INFO] [stdout]   10:     0x56ecff6b237c - core[a373ad73a504971]::panicking::panic_fmt
[INFO] [stdout]   11:     0x56ecff6b2152 - core[a373ad73a504971]::result::unwrap_failed
[INFO] [stdout]   12:     0x56ecff5e464e - encoding_tests[9bcaa50770b9d7f4]::setup_harness::{closure#0}
[INFO] [stdout]   13:     0x56ecff5e5620 - encoding_tests[9bcaa50770b9d7f4]::test_shadow_operations_encoding::{closure#0}
[INFO] [stdout]   14:     0x56ecff5f3dd3 - <tokio[45bcfc0fd7947fd0]::runtime::scheduler::current_thread::Context>::enter::<core[a373ad73a504971]::task::poll::Poll<()>, <tokio[45bcfc0fd7947fd0]::runtime::scheduler::current_thread::CoreGuard>::block_on<core[a373ad73a504971]::pin::Pin<&mut core[a373ad73a504971]::pin::Pin<&mut dyn core[a373ad73a504971]::future::future::Future<Output = ()>>>>::{closure#0}::{closure#0}>
[INFO] [stdout]   15:     0x56ecff5f9229 - <std[617be2ca0a6fd877]::thread::local::LocalKey<tokio[45bcfc0fd7947fd0]::runtime::context::Context>>::with::<tokio[45bcfc0fd7947fd0]::runtime::context::set_scheduler<(alloc[2e1b2a31b91974c5]::boxed::Box<tokio[45bcfc0fd7947fd0]::runtime::scheduler::current_thread::Core>, core[a373ad73a504971]::option::Option<()>), <tokio[45bcfc0fd7947fd0]::runtime::scheduler::current_thread::CoreGuard>::enter<<tokio[45bcfc0fd7947fd0]::runtime::scheduler::current_thread::CoreGuard>::block_on<core[a373ad73a504971]::pin::Pin<&mut core[a373ad73a504971]::pin::Pin<&mut dyn core[a373ad73a504971]::future::future::Future<Output = ()>>>>::{closure#0}, core[a373ad73a504971]::option::Option<()>>::{closure#0}>::{closure#0}, (alloc[2e1b2a31b91974c5]::boxed::Box<tokio[45bcfc0fd7947fd0]::runtime::scheduler::current_thread::Core>, core[a373ad73a504971]::option::Option<()>)>
[INFO] [stdout]   16:     0x56ecff5f394f - <tokio[45bcfc0fd7947fd0]::runtime::runtime::Runtime>::block_on::<core[a373ad73a504971]::pin::Pin<&mut dyn core[a373ad73a504971]::future::future::Future<Output = ()>>>
[INFO] [stdout]   17:     0x56ecff5e8a9e - <encoding_tests[9bcaa50770b9d7f4]::test_shadow_operations_encoding::{closure#0} as core[a373ad73a504971]::ops::function::FnOnce<()>>::call_once
[INFO] [stdout]   18:     0x56ecff5f996b - test[aada8e7e76ba119b]::__rust_begin_short_backtrace::<core[a373ad73a504971]::result::Result<(), alloc[2e1b2a31b91974c5]::string::String>, fn() -> core[a373ad73a504971]::result::Result<(), alloc[2e1b2a31b91974c5]::string::String>>
[INFO] [stdout]   19:     0x56ecff606b45 - test[aada8e7e76ba119b]::run_test::{closure#0}
[INFO] [stdout]   20:     0x56ecff600434 - std[617be2ca0a6fd877]::sys::backtrace::__rust_begin_short_backtrace::<test[aada8e7e76ba119b]::run_test::{closure#1}, ()>
[INFO] [stdout]   21:     0x56ecff609bd2 - <std[617be2ca0a6fd877]::thread::lifecycle::spawn_unchecked<test[aada8e7e76ba119b]::run_test::{closure#1}, ()>::{closure#1} as core[a373ad73a504971]::ops::function::FnOnce<()>>::call_once::{shim:vtable#0}
[INFO] [stdout]   22:     0x56ecff69c64f - <std[617be2ca0a6fd877]::sys::thread::unix::Thread>::new::thread_start
[INFO] [stdout]   23:     0x71d38ce08dfa - <unknown>
[INFO] [stdout]   24:     0x71d38ce9c3d4 - clone
[INFO] [stdout]   25:                0x0 - <unknown>
[INFO] [stdout] 
[INFO] [stdout] ---- test_configuration_operations_encoding stdout ----
[INFO] [stdout] 
[INFO] [stdout] thread 'test_configuration_operations_encoding' (1953) panicked at tests/encoding_tests.rs:19:55:
[INFO] [stdout] Failed to create harness: Os { code: 30, kind: ReadOnlyFilesystem, message: "Read-only file system" }
[INFO] [stdout] stack backtrace:
[INFO] [stdout]    0:     0x56ecff69ce01 - <<std[617be2ca0a6fd877]::sys::backtrace::BacktraceLock>::print::DisplayBacktrace as core[a373ad73a504971]::fmt::Display>::fmt
[INFO] [stdout]    1:     0x56ecff6b1c1a - core[a373ad73a504971]::fmt::write
[INFO] [stdout]    2:     0x56ecff6a120c - <alloc[2e1b2a31b91974c5]::vec::Vec<u8> as core[a373ad73a504971]::io::write::Write>::write_fmt
[INFO] [stdout]    3:     0x56ecff678686 - std[617be2ca0a6fd877]::panicking::default_hook::{closure#0}
[INFO] [stdout]    4:     0x56ecff695199 - std[617be2ca0a6fd877]::panicking::default_hook
[INFO] [stdout]    5:     0x56ecff606520 - test[aada8e7e76ba119b]::test_main_inner::{closure#0}
[INFO] [stdout]    6:     0x56ecff6954c2 - std[617be2ca0a6fd877]::panicking::panic_with_hook
[INFO] [stdout]    7:     0x56ecff678732 - std[617be2ca0a6fd877]::panicking::panic_handler::{closure#0}
[INFO] [stdout]    8:     0x56ecff671399 - std[617be2ca0a6fd877]::sys::backtrace::__rust_end_short_backtrace::<std[617be2ca0a6fd877]::panicking::panic_handler::{closure#0}, !>
[INFO] [stdout]    9:     0x56ecff6793fd - __rustc[ea4f61d10b84890b]::rust_begin_unwind
[INFO] [stdout]   10:     0x56ecff6b237c - core[a373ad73a504971]::panicking::panic_fmt
[INFO] [stdout]   11:     0x56ecff6b2152 - core[a373ad73a504971]::result::unwrap_failed
[INFO] [stdout]   12:     0x56ecff5e464e - encoding_tests[9bcaa50770b9d7f4]::setup_harness::{closure#0}
[INFO] [stdout]   13:     0x56ecff5e68b0 - encoding_tests[9bcaa50770b9d7f4]::test_configuration_operations_encoding::{closure#0}
[INFO] [stdout]   14:     0x56ecff5f3dd3 - <tokio[45bcfc0fd7947fd0]::runtime::scheduler::current_thread::Context>::enter::<core[a373ad73a504971]::task::poll::Poll<()>, <tokio[45bcfc0fd7947fd0]::runtime::scheduler::current_thread::CoreGuard>::block_on<core[a373ad73a504971]::pin::Pin<&mut core[a373ad73a504971]::pin::Pin<&mut dyn core[a373ad73a504971]::future::future::Future<Output = ()>>>>::{closure#0}::{closure#0}>
[INFO] [stdout]   15:     0x56ecff5f9229 - <std[617be2ca0a6fd877]::thread::local::LocalKey<tokio[45bcfc0fd7947fd0]::runtime::context::Context>>::with::<tokio[45bcfc0fd7947fd0]::runtime::context::set_scheduler<(alloc[2e1b2a31b91974c5]::boxed::Box<tokio[45bcfc0fd7947fd0]::runtime::scheduler::current_thread::Core>, core[a373ad73a504971]::option::Option<()>), <tokio[45bcfc0fd7947fd0]::runtime::scheduler::current_thread::CoreGuard>::enter<<tokio[45bcfc0fd7947fd0]::runtime::scheduler::current_thread::CoreGuard>::block_on<core[a373ad73a504971]::pin::Pin<&mut core[a373ad73a504971]::pin::Pin<&mut dyn core[a373ad73a504971]::future::future::Future<Output = ()>>>>::{closure#0}, core[a373ad73a504971]::option::Option<()>>::{closure#0}>::{closure#0}, (alloc[2e1b2a31b91974c5]::boxed::Box<tokio[45bcfc0fd7947fd0]::runtime::scheduler::current_thread::Core>, core[a373ad73a504971]::option::Option<()>)>
[INFO] [stdout]   16:     0x56ecff5f394f - <tokio[45bcfc0fd7947fd0]::runtime::runtime::Runtime>::block_on::<core[a373ad73a504971]::pin::Pin<&mut dyn core[a373ad73a504971]::future::future::Future<Output = ()>>>
[INFO] [stdout]   17:     0x56ecff5e8e9e - <encoding_tests[9bcaa50770b9d7f4]::test_configuration_operations_encoding::{closure#0} as core[a373ad73a504971]::ops::function::FnOnce<()>>::call_once
[INFO] [stdout]   18:     0x56ecff5f996b - test[aada8e7e76ba119b]::__rust_begin_short_backtrace::<core[a373ad73a504971]::result::Result<(), alloc[2e1b2a31b91974c5]::string::String>, fn() -> core[a373ad73a504971]::result::Result<(), alloc[2e1b2a31b91974c5]::string::String>>
[INFO] [stdout]   19:     0x56ecff606b45 - test[aada8e7e76ba119b]::run_test::{closure#0}
[INFO] [stdout]   20:     0x56ecff600434 - std[617be2ca0a6fd877]::sys::backtrace::__rust_begin_short_backtrace::<test[aada8e7e76ba119b]::run_test::{closure#1}, ()>
[INFO] [stdout]   21:     0x56ecff609bd2 - <std[617be2ca0a6fd877]::thread::lifecycle::spawn_unchecked<test[aada8e7e76ba119b]::run_test::{closure#1}, ()>::{closure#1} as core[a373ad73a504971]::ops::function::FnOnce<()>>::call_once::{shim:vtable#0}
[INFO] [stdout]   22:     0x56ecff69c64f - <std[617be2ca0a6fd877]::sys::thread::unix::Thread>::new::thread_start
[INFO] [stdout]   23:     0x71d38ce08dfa - <unknown>
[INFO] [stdout]   24:     0x71d38ce9c3d4 - clone
[INFO] [stdout]   25:                0x0 - <unknown>
[INFO] [stdout] 
[INFO] [stdout] ---- test_publish_request_encoding stdout ----
[INFO] [stdout] 
[INFO] [stdout] thread 'test_publish_request_encoding' (1956) panicked at tests/encoding_tests.rs:19:55:
[INFO] [stdout] Failed to create harness: Os { code: 30, kind: ReadOnlyFilesystem, message: "Read-only file system" }
[INFO] [stdout] stack backtrace:
[INFO] [stdout]    0:     0x56ecff69ce01 - <<std[617be2ca0a6fd877]::sys::backtrace::BacktraceLock>::print::DisplayBacktrace as core[a373ad73a504971]::fmt::Display>::fmt
[INFO] [stdout]    1:     0x56ecff6b1c1a - core[a373ad73a504971]::fmt::write
[INFO] [stdout]    2:     0x56ecff6a120c - <alloc[2e1b2a31b91974c5]::vec::Vec<u8> as core[a373ad73a504971]::io::write::Write>::write_fmt
[INFO] [stdout]    3:     0x56ecff678686 - std[617be2ca0a6fd877]::panicking::default_hook::{closure#0}
[INFO] [stdout]    4:     0x56ecff695199 - std[617be2ca0a6fd877]::panicking::default_hook
[INFO] [stdout]    5:     0x56ecff606520 - test[aada8e7e76ba119b]::test_main_inner::{closure#0}
[INFO] [stdout]    6:     0x56ecff6954c2 - std[617be2ca0a6fd877]::panicking::panic_with_hook
[INFO] [stdout]    7:     0x56ecff678732 - std[617be2ca0a6fd877]::panicking::panic_handler::{closure#0}
[INFO] [stdout]    8:     0x56ecff671399 - std[617be2ca0a6fd877]::sys::backtrace::__rust_end_short_backtrace::<std[617be2ca0a6fd877]::panicking::panic_handler::{closure#0}, !>
[INFO] [stdout]    9:     0x56ecff6793fd - __rustc[ea4f61d10b84890b]::rust_begin_unwind
[INFO] [stdout]   10:     0x56ecff6b237c - core[a373ad73a504971]::panicking::panic_fmt
[INFO] [stdout]   11:     0x56ecff6b2152 - core[a373ad73a504971]::result::unwrap_failed
[INFO] [stdout]   12:     0x56ecff5e464e - encoding_tests[9bcaa50770b9d7f4]::setup_harness::{closure#0}
[INFO] [stdout]   13:     0x56ecff5e4ce3 - encoding_tests[9bcaa50770b9d7f4]::test_publish_request_encoding::{closure#0}
[INFO] [stdout]   14:     0x56ecff5f3dd3 - <tokio[45bcfc0fd7947fd0]::runtime::scheduler::current_thread::Context>::enter::<core[a373ad73a504971]::task::poll::Poll<()>, <tokio[45bcfc0fd7947fd0]::runtime::scheduler::current_thread::CoreGuard>::block_on<core[a373ad73a504971]::pin::Pin<&mut core[a373ad73a504971]::pin::Pin<&mut dyn core[a373ad73a504971]::future::future::Future<Output = ()>>>>::{closure#0}::{closure#0}>
[INFO] [stdout]   15:     0x56ecff5f9229 - <std[617be2ca0a6fd877]::thread::local::LocalKey<tokio[45bcfc0fd7947fd0]::runtime::context::Context>>::with::<tokio[45bcfc0fd7947fd0]::runtime::context::set_scheduler<(alloc[2e1b2a31b91974c5]::boxed::Box<tokio[45bcfc0fd7947fd0]::runtime::scheduler::current_thread::Core>, core[a373ad73a504971]::option::Option<()>), <tokio[45bcfc0fd7947fd0]::runtime::scheduler::current_thread::CoreGuard>::enter<<tokio[45bcfc0fd7947fd0]::runtime::scheduler::current_thread::CoreGuard>::block_on<core[a373ad73a504971]::pin::Pin<&mut core[a373ad73a504971]::pin::Pin<&mut dyn core[a373ad73a504971]::future::future::Future<Output = ()>>>>::{closure#0}, core[a373ad73a504971]::option::Option<()>>::{closure#0}>::{closure#0}, (alloc[2e1b2a31b91974c5]::boxed::Box<tokio[45bcfc0fd7947fd0]::runtime::scheduler::current_thread::Core>, core[a373ad73a504971]::option::Option<()>)>
[INFO] [stdout]   16:     0x56ecff5f394f - <tokio[45bcfc0fd7947fd0]::runtime::runtime::Runtime>::block_on::<core[a373ad73a504971]::pin::Pin<&mut dyn core[a373ad73a504971]::future::future::Future<Output = ()>>>
[INFO] [stdout]   17:     0x56ecff5e87de - <encoding_tests[9bcaa50770b9d7f4]::test_publish_request_encoding::{closure#0} as core[a373ad73a504971]::ops::function::FnOnce<()>>::call_once
[INFO] [stdout]   18:     0x56ecff5f996b - test[aada8e7e76ba119b]::__rust_begin_short_backtrace::<core[a373ad73a504971]::result::Result<(), alloc[2e1b2a31b91974c5]::string::String>, fn() -> core[a373ad73a504971]::result::Result<(), alloc[2e1b2a31b91974c5]::string::String>>
[INFO] [stdout]   19:     0x56ecff606b45 - test[aada8e7e76ba119b]::run_test::{closure#0}
[INFO] [stdout]   20:     0x56ecff600434 - std[617be2ca0a6fd877]::sys::backtrace::__rust_begin_short_backtrace::<test[aada8e7e76ba119b]::run_test::{closure#1}, ()>
[INFO] [stdout]   21:     0x56ecff609bd2 - <std[617be2ca0a6fd877]::thread::lifecycle::spawn_unchecked<test[aada8e7e76ba119b]::run_test::{closure#1}, ()>::{closure#1} as core[a373ad73a504971]::ops::function::FnOnce<()>>::call_once::{shim:vtable#0}
[INFO] [stdout]   22:     0x56ecff69c64f - <std[617be2ca0a6fd877]::sys::thread::unix::Thread>::new::thread_start
[INFO] [stdout]   23:     0x71d38ce08dfa - <unknown>
[INFO] [stdout]   24:     0x71d38ce9c3d4 - clone
[INFO] [stdout]   25:                0x0 - <unknown>
[INFO] [stdout] 
[INFO] [stdout] ---- message_comparison_framework::tests::test_harness_start_stop stdout ----
[INFO] [stdout] 
[INFO] [stdout] thread 'message_comparison_framework::tests::test_harness_start_stop' (1945) panicked at tests/message_comparison_framework.rs:355:59:
[INFO] [stdout] Failed to create harness: Os { code: 30, kind: ReadOnlyFilesystem, message: "Read-only file system" }
[INFO] [stdout] stack backtrace:
[INFO] [stdout]    0:     0x56ecff69ce01 - <<std[617be2ca0a6fd877]::sys::backtrace::BacktraceLock>::print::DisplayBacktrace as core[a373ad73a504971]::fmt::Display>::fmt
[INFO] [stdout]    1:     0x56ecff6b1c1a - core[a373ad73a504971]::fmt::write
[INFO] [stdout]    2:     0x56ecff6a120c - <alloc[2e1b2a31b91974c5]::vec::Vec<u8> as core[a373ad73a504971]::io::write::Write>::write_fmt
[INFO] [stdout]    3:     0x56ecff678686 - std[617be2ca0a6fd877]::panicking::default_hook::{closure#0}
[INFO] [stdout]    4:     0x56ecff695199 - std[617be2ca0a6fd877]::panicking::default_hook
[INFO] [stdout]    5:     0x56ecff606520 - test[aada8e7e76ba119b]::test_main_inner::{closure#0}
[INFO] [stdout]    6:     0x56ecff6954c2 - std[617be2ca0a6fd877]::panicking::panic_with_hook
[INFO] [stdout]    7:     0x56ecff678732 - std[617be2ca0a6fd877]::panicking::panic_handler::{closure#0}
[INFO] [stdout]    8:     0x56ecff671399 - std[617be2ca0a6fd877]::sys::backtrace::__rust_end_short_backtrace::<std[617be2ca0a6fd877]::panicking::panic_handler::{closure#0}, !>
[INFO] [stdout]    9:     0x56ecff6793fd - __rustc[ea4f61d10b84890b]::rust_begin_unwind
[INFO] [stdout]   10:     0x56ecff6b237c - core[a373ad73a504971]::panicking::panic_fmt
[INFO] [stdout]   11:     0x56ecff6b2152 - core[a373ad73a504971]::result::unwrap_failed
[INFO] [stdout]   12:     0x56ecff5f689a - encoding_tests[9bcaa50770b9d7f4]::message_comparison_framework::tests::test_harness_start_stop::{closure#0}
[INFO] [stdout]   13:     0x56ecff5f3dd3 - <tokio[45bcfc0fd7947fd0]::runtime::scheduler::current_thread::Context>::enter::<core[a373ad73a504971]::task::poll::Poll<()>, <tokio[45bcfc0fd7947fd0]::runtime::scheduler::current_thread::CoreGuard>::block_on<core[a373ad73a504971]::pin::Pin<&mut core[a373ad73a504971]::pin::Pin<&mut dyn core[a373ad73a504971]::future::future::Future<Output = ()>>>>::{closure#0}::{closure#0}>
[INFO] [stdout]   14:     0x56ecff5f9229 - <std[617be2ca0a6fd877]::thread::local::LocalKey<tokio[45bcfc0fd7947fd0]::runtime::context::Context>>::with::<tokio[45bcfc0fd7947fd0]::runtime::context::set_scheduler<(alloc[2e1b2a31b91974c5]::boxed::Box<tokio[45bcfc0fd7947fd0]::runtime::scheduler::current_thread::Core>, core[a373ad73a504971]::option::Option<()>), <tokio[45bcfc0fd7947fd0]::runtime::scheduler::current_thread::CoreGuard>::enter<<tokio[45bcfc0fd7947fd0]::runtime::scheduler::current_thread::CoreGuard>::block_on<core[a373ad73a504971]::pin::Pin<&mut core[a373ad73a504971]::pin::Pin<&mut dyn core[a373ad73a504971]::future::future::Future<Output = ()>>>>::{closure#0}, core[a373ad73a504971]::option::Option<()>>::{closure#0}>::{closure#0}, (alloc[2e1b2a31b91974c5]::boxed::Box<tokio[45bcfc0fd7947fd0]::runtime::scheduler::current_thread::Core>, core[a373ad73a504971]::option::Option<()>)>
[INFO] [stdout]   15:     0x56ecff5f394f - <tokio[45bcfc0fd7947fd0]::runtime::runtime::Runtime>::block_on::<core[a373ad73a504971]::pin::Pin<&mut dyn core[a373ad73a504971]::future::future::Future<Output = ()>>>
[INFO] [stdout]   16:     0x56ecff5f7abe - <encoding_tests[9bcaa50770b9d7f4]::message_comparison_framework::tests::test_harness_start_stop::{closure#0} as core[a373ad73a504971]::ops::function::FnOnce<()>>::call_once
[INFO] [stdout]   17:     0x56ecff5f996b - test[aada8e7e76ba119b]::__rust_begin_short_backtrace::<core[a373ad73a504971]::result::Result<(), alloc[2e1b2a31b91974c5]::string::String>, fn() -> core[a373ad73a504971]::result::Result<(), alloc[2e1b2a31b91974c5]::string::String>>
[INFO] [stdout]   18:     0x56ecff606b45 - test[aada8e7e76ba119b]::run_test::{closure#0}
[INFO] [stdout]   19:     0x56ecff600434 - std[617be2ca0a6fd877]::sys::backtrace::__rust_begin_short_backtrace::<test[aada8e7e76ba119b]::run_test::{closure#1}, ()>
[INFO] [stdout]   20:     0x56ecff609bd2 - <std[617be2ca0a6fd877]::thread::lifecycle::spawn_unchecked<test[aada8e7e76ba119b]::run_test::{closure#1}, ()>::{closure#1} as core[a373ad73a504971]::ops::function::FnOnce<()>>::call_once::{shim:vtable#0}
[INFO] [stdout]   21:     0x56ecff69c64f - <std[617be2ca0a6fd877]::sys::thread::unix::Thread>::new::thread_start
[INFO] [stdout]   22:     0x71d38ce08dfa - <unknown>
[INFO] [stdout]   23:     0x71d38ce9c3d4 - clone
[INFO] [stdout]   24:                0x0 - <unknown>
[INFO] [stdout] 
[INFO] [stdout] ---- test_iot_core_request_encoding stdout ----
[INFO] [stdout] 
[INFO] [stdout] thread 'test_iot_core_request_encoding' (1955) panicked at tests/encoding_tests.rs:19:55:
[INFO] [stdout] Failed to create harness: Os { code: 30, kind: ReadOnlyFilesystem, message: "Read-only file system" }
[INFO] [stdout] stack backtrace:
[INFO] [stdout]    0:     0x56ecff69ce01 - <<std[617be2ca0a6fd877]::sys::backtrace::BacktraceLock>::print::DisplayBacktrace as core[a373ad73a504971]::fmt::Display>::fmt
[INFO] [stdout]    1:     0x56ecff6b1c1a - core[a373ad73a504971]::fmt::write
[INFO] [stdout]    2:     0x56ecff6a120c - <alloc[2e1b2a31b91974c5]::vec::Vec<u8> as core[a373ad73a504971]::io::write::Write>::write_fmt
[INFO] [stdout]    3:     0x56ecff678686 - std[617be2ca0a6fd877]::panicking::default_hook::{closure#0}
[INFO] [stdout]    4:     0x56ecff695199 - std[617be2ca0a6fd877]::panicking::default_hook
[INFO] [stdout]    5:     0x56ecff606520 - test[aada8e7e76ba119b]::test_main_inner::{closure#0}
[INFO] [stdout]    6:     0x56ecff6954c2 - std[617be2ca0a6fd877]::panicking::panic_with_hook
[INFO] [stdout]    7:     0x56ecff678732 - std[617be2ca0a6fd877]::panicking::panic_handler::{closure#0}
[INFO] [stdout]    8:     0x56ecff671399 - std[617be2ca0a6fd877]::sys::backtrace::__rust_end_short_backtrace::<std[617be2ca0a6fd877]::panicking::panic_handler::{closure#0}, !>
[INFO] [stdout]    9:     0x56ecff6793fd - __rustc[ea4f61d10b84890b]::rust_begin_unwind
[INFO] [stdout]   10:     0x56ecff6b237c - core[a373ad73a504971]::panicking::panic_fmt
[INFO] [stdout]   11:     0x56ecff6b2152 - core[a373ad73a504971]::result::unwrap_failed
[INFO] [stdout]   12:     0x56ecff5e464e - encoding_tests[9bcaa50770b9d7f4]::setup_harness::{closure#0}
[INFO] [stdout]   13:     0x56ecff5e50d0 - encoding_tests[9bcaa50770b9d7f4]::test_iot_core_request_encoding::{closure#0}
[INFO] [stdout]   14:     0x56ecff5f3dd3 - <tokio[45bcfc0fd7947fd0]::runtime::scheduler::current_thread::Context>::enter::<core[a373ad73a504971]::task::poll::Poll<()>, <tokio[45bcfc0fd7947fd0]::runtime::scheduler::current_thread::CoreGuard>::block_on<core[a373ad73a504971]::pin::Pin<&mut core[a373ad73a504971]::pin::Pin<&mut dyn core[a373ad73a504971]::future::future::Future<Output = ()>>>>::{closure#0}::{closure#0}>
[INFO] [stdout]   15:     0x56ecff5f9229 - <std[617be2ca0a6fd877]::thread::local::LocalKey<tokio[45bcfc0fd7947fd0]::runtime::context::Context>>::with::<tokio[45bcfc0fd7947fd0]::runtime::context::set_scheduler<(alloc[2e1b2a31b91974c5]::boxed::Box<tokio[45bcfc0fd7947fd0]::runtime::scheduler::current_thread::Core>, core[a373ad73a504971]::option::Option<()>), <tokio[45bcfc0fd7947fd0]::runtime::scheduler::current_thread::CoreGuard>::enter<<tokio[45bcfc0fd7947fd0]::runtime::scheduler::current_thread::CoreGuard>::block_on<core[a373ad73a504971]::pin::Pin<&mut core[a373ad73a504971]::pin::Pin<&mut dyn core[a373ad73a504971]::future::future::Future<Output = ()>>>>::{closure#0}, core[a373ad73a504971]::option::Option<()>>::{closure#0}>::{closure#0}, (alloc[2e1b2a31b91974c5]::boxed::Box<tokio[45bcfc0fd7947fd0]::runtime::scheduler::current_thread::Core>, core[a373ad73a504971]::option::Option<()>)>
[INFO] [stdout]   16:     0x56ecff5f394f - <tokio[45bcfc0fd7947fd0]::runtime::runtime::Runtime>::block_on::<core[a373ad73a504971]::pin::Pin<&mut dyn core[a373ad73a504971]::future::future::Future<Output = ()>>>
[INFO] [stdout]   17:     0x56ecff5e893e - <encoding_tests[9bcaa50770b9d7f4]::test_iot_core_request_encoding::{closure#0} as core[a373ad73a504971]::ops::function::FnOnce<()>>::call_once
[INFO] [stdout]   18:     0x56ecff5f996b - test[aada8e7e76ba119b]::__rust_begin_short_backtrace::<core[a373ad73a504971]::result::Result<(), alloc[2e1b2a31b91974c5]::string::String>, fn() -> core[a373ad73a504971]::result::Result<(), alloc[2e1b2a31b91974c5]::string::String>>
[INFO] [stdout]   19:     0x56ecff606b45 - test[aada8e7e76ba119b]::run_test::{closure#0}
[INFO] [stdout]   20:     0x56ecff600434 - std[617be2ca0a6fd877]::sys::backtrace::__rust_begin_short_backtrace::<test[aada8e7e76ba119b]::run_test::{closure#1}, ()>
[INFO] [stdout]   21:     0x56ecff609bd2 - <std[617be2ca0a6fd877]::thread::lifecycle::spawn_unchecked<test[aada8e7e76ba119b]::run_test::{closure#1}, ()>::{closure#1} as core[a373ad73a504971]::ops::function::FnOnce<()>>::call_once::{shim:vtable#0}
[INFO] [stdout]   22:     0x56ecff69c64f - <std[617be2ca0a6fd877]::sys::thread::unix::Thread>::new::thread_start
[INFO] [stdout]   23:     0x71d38ce08dfa - <unknown>
[INFO] [stdout]   24:     0x71d38ce9c3d4 - clone
[INFO] [stdout]   25:                0x0 - <unknown>
[INFO] [stdout] 
[INFO] [stdout] ---- test_component_lifecycle_operations_encoding stdout ----
[INFO] [stdout] 
[INFO] [stdout] thread 'test_component_lifecycle_operations_encoding' (1951) panicked at tests/encoding_tests.rs:19:55:
[INFO] [stdout] Failed to create harness: Os { code: 30, kind: ReadOnlyFilesystem, message: "Read-only file system" }
[INFO] [stdout] stack backtrace:
[INFO] [stdout]    0:     0x56ecff69ce01 - <<std[617be2ca0a6fd877]::sys::backtrace::BacktraceLock>::print::DisplayBacktrace as core[a373ad73a504971]::fmt::Display>::fmt
[INFO] [stdout]    1:     0x56ecff6b1c1a - core[a373ad73a504971]::fmt::write
[INFO] [stdout]    2:     0x56ecff6a120c - <alloc[2e1b2a31b91974c5]::vec::Vec<u8> as core[a373ad73a504971]::io::write::Write>::write_fmt
[INFO] [stdout]    3:     0x56ecff678686 - std[617be2ca0a6fd877]::panicking::default_hook::{closure#0}
[INFO] [stdout]    4:     0x56ecff695199 - std[617be2ca0a6fd877]::panicking::default_hook
[INFO] [stdout]    5:     0x56ecff606520 - test[aada8e7e76ba119b]::test_main_inner::{closure#0}
[INFO] [stdout]    6:     0x56ecff6954c2 - std[617be2ca0a6fd877]::panicking::panic_with_hook
[INFO] [stdout]    7:     0x56ecff678732 - std[617be2ca0a6fd877]::panicking::panic_handler::{closure#0}
[INFO] [stdout]    8:     0x56ecff671399 - std[617be2ca0a6fd877]::sys::backtrace::__rust_end_short_backtrace::<std[617be2ca0a6fd877]::panicking::panic_handler::{closure#0}, !>
[INFO] [stdout]    9:     0x56ecff6793fd - __rustc[ea4f61d10b84890b]::rust_begin_unwind
[INFO] [stdout]   10:     0x56ecff6b237c - core[a373ad73a504971]::panicking::panic_fmt
[INFO] [stdout]   11:     0x56ecff6b2152 - core[a373ad73a504971]::result::unwrap_failed
[INFO] [stdout]   12:     0x56ecff5e464e - encoding_tests[9bcaa50770b9d7f4]::setup_harness::{closure#0}
[INFO] [stdout]   13:     0x56ecff5e72b0 - encoding_tests[9bcaa50770b9d7f4]::test_component_lifecycle_operations_encoding::{closure#0}
[INFO] [stdout]   14:     0x56ecff5f3dd3 - <tokio[45bcfc0fd7947fd0]::runtime::scheduler::current_thread::Context>::enter::<core[a373ad73a504971]::task::poll::Poll<()>, <tokio[45bcfc0fd7947fd0]::runtime::scheduler::current_thread::CoreGuard>::block_on<core[a373ad73a504971]::pin::Pin<&mut core[a373ad73a504971]::pin::Pin<&mut dyn core[a373ad73a504971]::future::future::Future<Output = ()>>>>::{closure#0}::{closure#0}>
[INFO] [stdout]   15:     0x56ecff5f9229 - <std[617be2ca0a6fd877]::thread::local::LocalKey<tokio[45bcfc0fd7947fd0]::runtime::context::Context>>::with::<tokio[45bcfc0fd7947fd0]::runtime::context::set_scheduler<(alloc[2e1b2a31b91974c5]::boxed::Box<tokio[45bcfc0fd7947fd0]::runtime::scheduler::current_thread::Core>, core[a373ad73a504971]::option::Option<()>), <tokio[45bcfc0fd7947fd0]::runtime::scheduler::current_thread::CoreGuard>::enter<<tokio[45bcfc0fd7947fd0]::runtime::scheduler::current_thread::CoreGuard>::block_on<core[a373ad73a504971]::pin::Pin<&mut core[a373ad73a504971]::pin::Pin<&mut dyn core[a373ad73a504971]::future::future::Future<Output = ()>>>>::{closure#0}, core[a373ad73a504971]::option::Option<()>>::{closure#0}>::{closure#0}, (alloc[2e1b2a31b91974c5]::boxed::Box<tokio[45bcfc0fd7947fd0]::runtime::scheduler::current_thread::Core>, core[a373ad73a504971]::option::Option<()>)>
[INFO] [stdout]   16:     0x56ecff5f394f - <tokio[45bcfc0fd7947fd0]::runtime::runtime::Runtime>::block_on::<core[a373ad73a504971]::pin::Pin<&mut dyn core[a373ad73a504971]::future::future::Future<Output = ()>>>
[INFO] [stdout]   17:     0x56ecff5e8ffe - <encoding_tests[9bcaa50770b9d7f4]::test_component_lifecycle_operations_encoding::{closure#0} as core[a373ad73a504971]::ops::function::FnOnce<()>>::call_once
[INFO] [stdout]   18:     0x56ecff5f996b - test[aada8e7e76ba119b]::__rust_begin_short_backtrace::<core[a373ad73a504971]::result::Result<(), alloc[2e1b2a31b91974c5]::string::String>, fn() -> core[a373ad73a504971]::result::Result<(), alloc[2e1b2a31b91974c5]::string::String>>
[INFO] [stdout]   19:     0x56ecff606b45 - test[aada8e7e76ba119b]::run_test::{closure#0}
[INFO] [stdout]   20:     0x56ecff600434 - std[617be2ca0a6fd877]::sys::backtrace::__rust_begin_short_backtrace::<test[aada8e7e76ba119b]::run_test::{closure#1}, ()>
[INFO] [stdout]   21:     0x56ecff609bd2 - <std[617be2ca0a6fd877]::thread::lifecycle::spawn_unchecked<test[aada8e7e76ba119b]::run_test::{closure#1}, ()>::{closure#1} as core[a373ad73a504971]::ops::function::FnOnce<()>>::call_once::{shim:vtable#0}
[INFO] [stdout]   22:     0x56ecff69c64f - <std[617be2ca0a6fd877]::sys::thread::unix::Thread>::new::thread_start
[INFO] [stdout]   23:     0x71d38ce08dfa - <unknown>
[INFO] [stdout]   24:     0x71d38ce9c3d4 - clone
[INFO] [stdout]   25:                0x0 - <unknown>
[INFO] [stdout] 
[INFO] [stdout] ---- test_subscribe_request_encoding stdout ----
[INFO] [stdout] 
[INFO] [stdout] thread 'test_subscribe_request_encoding' (1958) panicked at tests/encoding_tests.rs:19:55:
[INFO] [stdout] Failed to create harness: Os { code: 30, kind: ReadOnlyFilesystem, message: "Read-only file system" }
[INFO] [stdout] stack backtrace:
[INFO] [stdout]    0:     0x56ecff69ce01 - <<std[617be2ca0a6fd877]::sys::backtrace::BacktraceLock>::print::DisplayBacktrace as core[a373ad73a504971]::fmt::Display>::fmt
[INFO] [stdout]    1:     0x56ecff6b1c1a - core[a373ad73a504971]::fmt::write
[INFO] [stdout]    2:     0x56ecff6a120c - <alloc[2e1b2a31b91974c5]::vec::Vec<u8> as core[a373ad73a504971]::io::write::Write>::write_fmt
[INFO] [stdout]    3:     0x56ecff678686 - std[617be2ca0a6fd877]::panicking::default_hook::{closure#0}
[INFO] [stdout]    4:     0x56ecff695199 - std[617be2ca0a6fd877]::panicking::default_hook
[INFO] [stdout]    5:     0x56ecff606520 - test[aada8e7e76ba119b]::test_main_inner::{closure#0}
[INFO] [stdout]    6:     0x56ecff6954c2 - std[617be2ca0a6fd877]::panicking::panic_with_hook
[INFO] [stdout]    7:     0x56ecff678732 - std[617be2ca0a6fd877]::panicking::panic_handler::{closure#0}
[INFO] [stdout]    8:     0x56ecff671399 - std[617be2ca0a6fd877]::sys::backtrace::__rust_end_short_backtrace::<std[617be2ca0a6fd877]::panicking::panic_handler::{closure#0}, !>
[INFO] [stdout]    9:     0x56ecff6793fd - __rustc[ea4f61d10b84890b]::rust_begin_unwind
[INFO] [stdout]   10:     0x56ecff6b237c - core[a373ad73a504971]::panicking::panic_fmt
[INFO] [stdout]   11:     0x56ecff6b2152 - core[a373ad73a504971]::result::unwrap_failed
[INFO] [stdout]   12:     0x56ecff5e464e - encoding_tests[9bcaa50770b9d7f4]::setup_harness::{closure#0}
[INFO] [stdout]   13:     0x56ecff5e5f43 - encoding_tests[9bcaa50770b9d7f4]::test_subscribe_request_encoding::{closure#0}
[INFO] [stdout]   14:     0x56ecff5f3dd3 - <tokio[45bcfc0fd7947fd0]::runtime::scheduler::current_thread::Context>::enter::<core[a373ad73a504971]::task::poll::Poll<()>, <tokio[45bcfc0fd7947fd0]::runtime::scheduler::current_thread::CoreGuard>::block_on<core[a373ad73a504971]::pin::Pin<&mut core[a373ad73a504971]::pin::Pin<&mut dyn core[a373ad73a504971]::future::future::Future<Output = ()>>>>::{closure#0}::{closure#0}>
[INFO] [stdout]   15:     0x56ecff5f9229 - <std[617be2ca0a6fd877]::thread::local::LocalKey<tokio[45bcfc0fd7947fd0]::runtime::context::Context>>::with::<tokio[45bcfc0fd7947fd0]::runtime::context::set_scheduler<(alloc[2e1b2a31b91974c5]::boxed::Box<tokio[45bcfc0fd7947fd0]::runtime::scheduler::current_thread::Core>, core[a373ad73a504971]::option::Option<()>), <tokio[45bcfc0fd7947fd0]::runtime::scheduler::current_thread::CoreGuard>::enter<<tokio[45bcfc0fd7947fd0]::runtime::scheduler::current_thread::CoreGuard>::block_on<core[a373ad73a504971]::pin::Pin<&mut core[a373ad73a504971]::pin::Pin<&mut dyn core[a373ad73a504971]::future::future::Future<Output = ()>>>>::{closure#0}, core[a373ad73a504971]::option::Option<()>>::{closure#0}>::{closure#0}, (alloc[2e1b2a31b91974c5]::boxed::Box<tokio[45bcfc0fd7947fd0]::runtime::scheduler::current_thread::Core>, core[a373ad73a504971]::option::Option<()>)>
[INFO] [stderr] error: test failed, to rerun pass `--test encoding_tests`
[INFO] [stdout]   16:     0x56ecff5f394f - <tokio[45bcfc0fd7947fd0]::runtime::runtime::Runtime>::block_on::<core[a373ad73a504971]::pin::Pin<&mut dyn core[a373ad73a504971]::future::future::Future<Output = ()>>>
[INFO] [stdout]   17:     0x56ecff5e8bfe - <encoding_tests[9bcaa50770b9d7f4]::test_subscribe_request_encoding::{closure#0} as core[a373ad73a504971]::ops::function::FnOnce<()>>::call_once
[INFO] [stdout]   18:     0x56ecff5f996b - test[aada8e7e76ba119b]::__rust_begin_short_backtrace::<core[a373ad73a504971]::result::Result<(), alloc[2e1b2a31b91974c5]::string::String>, fn() -> core[a373ad73a504971]::result::Result<(), alloc[2e1b2a31b91974c5]::string::String>>
[INFO] [stdout]   19:     0x56ecff606b45 - test[aada8e7e76ba119b]::run_test::{closure#0}
[INFO] [stdout]   20:     0x56ecff600434 - std[617be2ca0a6fd877]::sys::backtrace::__rust_begin_short_backtrace::<test[aada8e7e76ba119b]::run_test::{closure#1}, ()>
[INFO] [stdout]   21:     0x56ecff609bd2 - <std[617be2ca0a6fd877]::thread::lifecycle::spawn_unchecked<test[aada8e7e76ba119b]::run_test::{closure#1}, ()>::{closure#1} as core[a373ad73a504971]::ops::function::FnOnce<()>>::call_once::{shim:vtable#0}
[INFO] [stdout]   22:     0x56ecff69c64f - <std[617be2ca0a6fd877]::sys::thread::unix::Thread>::new::thread_start
[INFO] [stdout]   23:     0x71d38ce08dfa - <unknown>
[INFO] [stdout]   24:     0x71d38ce9c3d4 - clone
[INFO] [stdout]   25:                0x0 - <unknown>
[INFO] [stdout] 
[INFO] [stdout] ---- message_structure_tests::test_decode_python_messages stdout ----
[INFO] [stdout] 
[INFO] [stdout] thread 'message_structure_tests::test_decode_python_messages' (1949) panicked at tests/encoding_tests.rs:222:59:
[INFO] [stdout] Failed to create harness: Os { code: 30, kind: ReadOnlyFilesystem, message: "Read-only file system" }
[INFO] [stdout] stack backtrace:
[INFO] [stdout]    0:     0x56ecff69ce01 - <<std[617be2ca0a6fd877]::sys::backtrace::BacktraceLock>::print::DisplayBacktrace as core[a373ad73a504971]::fmt::Display>::fmt
[INFO] [stdout]    1:     0x56ecff6b1c1a - core[a373ad73a504971]::fmt::write
[INFO] [stdout]    2:     0x56ecff6a120c - <alloc[2e1b2a31b91974c5]::vec::Vec<u8> as core[a373ad73a504971]::io::write::Write>::write_fmt
[INFO] [stdout]    3:     0x56ecff678686 - std[617be2ca0a6fd877]::panicking::default_hook::{closure#0}
[INFO] [stdout]    4:     0x56ecff695199 - std[617be2ca0a6fd877]::panicking::default_hook
[INFO] [stdout]    5:     0x56ecff606520 - test[aada8e7e76ba119b]::test_main_inner::{closure#0}
[INFO] [stdout]    6:     0x56ecff6954c2 - std[617be2ca0a6fd877]::panicking::panic_with_hook
[INFO] [stdout]    7:     0x56ecff678732 - std[617be2ca0a6fd877]::panicking::panic_handler::{closure#0}
[INFO] [stdout]    8:     0x56ecff671399 - std[617be2ca0a6fd877]::sys::backtrace::__rust_end_short_backtrace::<std[617be2ca0a6fd877]::panicking::panic_handler::{closure#0}, !>
[INFO] [stdout]    9:     0x56ecff6793fd - __rustc[ea4f61d10b84890b]::rust_begin_unwind
[INFO] [stdout]   10:     0x56ecff6b237c - core[a373ad73a504971]::panicking::panic_fmt
[INFO] [stdout]   11:     0x56ecff6b2152 - core[a373ad73a504971]::result::unwrap_failed
[INFO] [stdout]   12:     0x56ecff5f661b - encoding_tests[9bcaa50770b9d7f4]::message_structure_tests::test_decode_python_messages::{closure#0}
[INFO] [stdout]   13:     0x56ecff5f3dd3 - <tokio[45bcfc0fd7947fd0]::runtime::scheduler::current_thread::Context>::enter::<core[a373ad73a504971]::task::poll::Poll<()>, <tokio[45bcfc0fd7947fd0]::runtime::scheduler::current_thread::CoreGuard>::block_on<core[a373ad73a504971]::pin::Pin<&mut core[a373ad73a504971]::pin::Pin<&mut dyn core[a373ad73a504971]::future::future::Future<Output = ()>>>>::{closure#0}::{closure#0}>
[INFO] [stdout]   14:     0x56ecff5f9229 - <std[617be2ca0a6fd877]::thread::local::LocalKey<tokio[45bcfc0fd7947fd0]::runtime::context::Context>>::with::<tokio[45bcfc0fd7947fd0]::runtime::context::set_scheduler<(alloc[2e1b2a31b91974c5]::boxed::Box<tokio[45bcfc0fd7947fd0]::runtime::scheduler::current_thread::Core>, core[a373ad73a504971]::option::Option<()>), <tokio[45bcfc0fd7947fd0]::runtime::scheduler::current_thread::CoreGuard>::enter<<tokio[45bcfc0fd7947fd0]::runtime::scheduler::current_thread::CoreGuard>::block_on<core[a373ad73a504971]::pin::Pin<&mut core[a373ad73a504971]::pin::Pin<&mut dyn core[a373ad73a504971]::future::future::Future<Output = ()>>>>::{closure#0}, core[a373ad73a504971]::option::Option<()>>::{closure#0}>::{closure#0}, (alloc[2e1b2a31b91974c5]::boxed::Box<tokio[45bcfc0fd7947fd0]::runtime::scheduler::current_thread::Core>, core[a373ad73a504971]::option::Option<()>)>
[INFO] [stdout]   15:     0x56ecff5f394f - <tokio[45bcfc0fd7947fd0]::runtime::runtime::Runtime>::block_on::<core[a373ad73a504971]::pin::Pin<&mut dyn core[a373ad73a504971]::future::future::Future<Output = ()>>>
[INFO] [stdout]   16:     0x56ecff5f765e - <encoding_tests[9bcaa50770b9d7f4]::message_structure_tests::test_decode_python_messages::{closure#0} as core[a373ad73a504971]::ops::function::FnOnce<()>>::call_once
[INFO] [stdout]   17:     0x56ecff5f996b - test[aada8e7e76ba119b]::__rust_begin_short_backtrace::<core[a373ad73a504971]::result::Result<(), alloc[2e1b2a31b91974c5]::string::String>, fn() -> core[a373ad73a504971]::result::Result<(), alloc[2e1b2a31b91974c5]::string::String>>
[INFO] [stdout]   18:     0x56ecff606b45 - test[aada8e7e76ba119b]::run_test::{closure#0}
[INFO] [stdout]   19:     0x56ecff600434 - std[617be2ca0a6fd877]::sys::backtrace::__rust_begin_short_backtrace::<test[aada8e7e76ba119b]::run_test::{closure#1}, ()>
[INFO] [stdout]   20:     0x56ecff609bd2 - <std[617be2ca0a6fd877]::thread::lifecycle::spawn_unchecked<test[aada8e7e76ba119b]::run_test::{closure#1}, ()>::{closure#1} as core[a373ad73a504971]::ops::function::FnOnce<()>>::call_once::{shim:vtable#0}
[INFO] [stdout]   21:     0x56ecff69c64f - <std[617be2ca0a6fd877]::sys::thread::unix::Thread>::new::thread_start
[INFO] [stdout]   22:     0x71d38ce08dfa - <unknown>
[INFO] [stdout]   23:     0x71d38ce9c3d4 - clone
[INFO] [stdout]   24:                0x0 - <unknown>
[INFO] [stdout] 
[INFO] [stdout] 
[INFO] [stdout] failures:
[INFO] [stdout]     message_comparison_framework::tests::test_harness_start_stop
[INFO] [stdout]     message_comparison_framework::tests::test_message_comparison
[INFO] [stdout]     message_structure_tests::test_decode_python_messages
[INFO] [stdout]     test_component_lifecycle_operations_encoding
[INFO] [stdout]     test_component_management_operations_encoding
[INFO] [stdout]     test_configuration_operations_encoding
[INFO] [stdout]     test_iot_core_request_encoding
[INFO] [stdout]     test_publish_request_encoding
[INFO] [stdout]     test_shadow_operations_encoding
[INFO] [stdout]     test_subscribe_request_encoding
[INFO] [stdout] 
[INFO] [stdout] test result: FAILED. 4 passed; 10 failed; 0 ignored; 0 measured; 0 filtered out; finished in 0.01s
[INFO] [stdout] 
[INFO] running `Command { std: "docker" "inspect" "ab0dbe523ff56a06963d88668e13ad1a2333a7e48290e04eb7243f82a8e0baa6", kill_on_drop: false }`
[INFO] running `Command { std: "docker" "rm" "-f" "ab0dbe523ff56a06963d88668e13ad1a2333a7e48290e04eb7243f82a8e0baa6", kill_on_drop: false }`
[INFO] [stdout] ab0dbe523ff56a06963d88668e13ad1a2333a7e48290e04eb7243f82a8e0baa6
