[INFO] fetching crate greenfield 0.1.4...
[INFO] testing greenfield-0.1.4 against 1.99.0-beta.8+cargoflags=--release for beta-release-1.100-2
[INFO] extracting crate greenfield 0.1.4 into /workspace/builds/worker-7-tc1/source
[INFO] started tweaking crates.io crate greenfield 0.1.4
[INFO] finished tweaking crates.io crate greenfield 0.1.4
[INFO] tweaked toml for crates.io crate greenfield 0.1.4 written to /workspace/builds/worker-7-tc1/source/Cargo.toml
[INFO] validating manifest of crates.io crate greenfield 0.1.4 on toolchain 1.99.0-beta.8
[INFO] running `Command { std: CARGO_HOME="/workspace/cargo-home" RUSTUP_HOME="/workspace/rustup-home" "/workspace/cargo-home/bin/cargo" "+1.99.0-beta.8" "metadata" "--manifest-path" "Cargo.toml" "--no-deps", kill_on_drop: false }`
[INFO] running `Command { std: CARGO_HOME="/workspace/cargo-home" RUSTUP_HOME="/workspace/rustup-home" "/workspace/cargo-home/bin/cargo" "+1.99.0-beta.8" "generate-lockfile" "--manifest-path" "Cargo.toml", kill_on_drop: false }`
[INFO] [stderr]     Updating crates.io index
[INFO] [stderr]      Locking 147 packages to highest compatible versions
[INFO] [stderr]       Adding colored v2.2.0 (available: v3.1.1)
[INFO] [stderr]       Adding criterion v0.4.0 (available: v0.8.2)
[INFO] [stderr]       Adding deku v0.15.1 (available: v0.20.3)
[INFO] [stderr]       Adding image v0.24.9 (available: v0.25.10)
[INFO] [stderr]       Adding rand v0.8.8 (available: v0.10.3)
[INFO] [stderr]       Adding thiserror v1.0.69 (available: v2.0.21)
[INFO] running `Command { std: CARGO_HOME="/workspace/cargo-home" RUSTUP_HOME="/workspace/rustup-home" "/workspace/cargo-home/bin/cargo" "+1.99.0-beta.8" "fetch" "--manifest-path" "Cargo.toml", kill_on_drop: false }`
[INFO] [stderr]  Downloading crates ...
[INFO] [stderr]   Downloaded deku_derive v0.15.1
[INFO] [stderr]   Downloaded deku v0.15.1
[INFO] running `Command { std: "docker" "create" "-v" "/var/lib/crater-agent-workspace/builds/worker-7-tc1/source:/opt/rustwide/workdir:ro,Z" "-v" "/var/lib/crater-agent-workspace/builds/worker-7-tc1/target:/opt/rustwide/target:rw,Z" "-v" "/var/lib/crater-agent-workspace/cargo-home:/opt/rustwide/cargo-home:ro,Z" "-v" "/var/lib/crater-agent-workspace/rustup-home:/opt/rustwide/rustup-home:ro,Z" "-m" "1610612736" "--network" "none" "ghcr.io/rust-lang/crates-build-env/linux@sha256:77db811e55d90add9212f6832c23229e3de5f1c1f9905e8cb07319ea15df73ac" "sleep" "infinity", kill_on_drop: false }`
[INFO] [stdout] 4ca0cb41ca9e607779bc488f661575b68f9bcd4d32dc2d7eb8b0a4a88a34a18b
[INFO] running `Command { std: "docker" "start" "4ca0cb41ca9e607779bc488f661575b68f9bcd4d32dc2d7eb8b0a4a88a34a18b", kill_on_drop: false }`
[INFO] running `Command { std: "docker" "inspect" "4ca0cb41ca9e607779bc488f661575b68f9bcd4d32dc2d7eb8b0a4a88a34a18b", kill_on_drop: false }`
[INFO] running `Command { std: "docker" "exec" "-e" "SOURCE_DIR=/opt/rustwide/workdir" "-e" "CARGO_HOME=/opt/rustwide/cargo-home" "-e" "RUSTUP_HOME=/opt/rustwide/rustup-home" "-e" "CARGO_TARGET_DIR=/opt/rustwide/target" "-w" "/opt/rustwide/workdir" "--user" "0:0" "4ca0cb41ca9e607779bc488f661575b68f9bcd4d32dc2d7eb8b0a4a88a34a18b" "/opt/rustwide/cargo-home/bin/cargo" "+1.99.0-beta.8" "metadata" "--no-deps" "--format-version=1", kill_on_drop: false }`
[INFO] running `Command { std: "docker" "inspect" "4ca0cb41ca9e607779bc488f661575b68f9bcd4d32dc2d7eb8b0a4a88a34a18b", kill_on_drop: false }`
[INFO] running `Command { std: "docker" "exec" "-e" "SOURCE_DIR=/opt/rustwide/workdir" "-e" "CARGO_HOME=/opt/rustwide/cargo-home" "-e" "RUSTUP_HOME=/opt/rustwide/rustup-home" "-e" "CARGO_TARGET_DIR=/opt/rustwide/target" "-e" "CARGO_INCREMENTAL=0" "-e" "RUST_BACKTRACE=full" "-e" "RUSTFLAGS=--cap-lints=warn" "-e" "RUSTDOCFLAGS=--cap-lints=warn" "-w" "/opt/rustwide/workdir" "--user" "0:0" "4ca0cb41ca9e607779bc488f661575b68f9bcd4d32dc2d7eb8b0a4a88a34a18b" "/opt/rustwide/cargo-home/bin/cargo" "+1.99.0-beta.8" "build" "--frozen" "--message-format=json" "--release", kill_on_drop: false }`
[INFO] [stderr]    Compiling syn v2.0.119
[INFO] [stderr]    Compiling zerocopy v0.8.63
[INFO] [stderr]    Compiling bytemuck v1.25.2
[INFO] [stderr]    Compiling num-traits v0.2.19
[INFO] [stderr]    Compiling libc v0.2.191
[INFO] [stderr]    Compiling libm v0.2.16
[INFO] [stderr]    Compiling pulp v0.22.3
[INFO] [stderr]    Compiling darling_core v0.14.4
[INFO] [stderr]    Compiling pulp-wasm-simd-flag v0.1.1
[INFO] [stderr]    Compiling toml_edit v0.19.15
[INFO] [stderr]    Compiling raw-cpuid v11.6.0
[INFO] [stderr]    Compiling weezl v0.1.12
[INFO] [stderr]    Compiling reborrow v0.5.5
[INFO] [stderr]    Compiling zune-inflate v0.2.54
[INFO] [stderr]    Compiling fdeflate v0.3.7
[INFO] [stderr]    Compiling jpeg-decoder v0.3.2
[INFO] [stderr]    Compiling bit_field v0.10.3
[INFO] [stderr]    Compiling color_quant v1.1.0
[INFO] [stderr]    Compiling lebe v0.5.3
[INFO] [stderr]    Compiling bitvec v1.1.1
[INFO] [stderr]    Compiling gif v0.13.3
[INFO] [stderr]    Compiling qoi v0.4.1
[INFO] [stderr]    Compiling colored v2.2.0
[INFO] [stderr]    Compiling png v0.17.16
[INFO] [stderr]    Compiling tiff v0.9.1
[INFO] [stderr]    Compiling num-complex v0.4.6
[INFO] [stderr]    Compiling getrandom v0.2.17
[INFO] [stderr]    Compiling proc-macro-crate v1.3.1
[INFO] [stderr]    Compiling darling_macro v0.14.4
[INFO] [stderr]    Compiling rand_core v0.6.4
[INFO] [stderr]    Compiling darling v0.14.4
[INFO] [stderr]    Compiling deku_derive v0.15.1
[INFO] [stderr]    Compiling deku v0.15.1
[INFO] [stderr]    Compiling zerocopy-derive v0.8.63
[INFO] [stderr]    Compiling thiserror-impl v1.0.69
[INFO] [stderr]    Compiling thiserror v1.0.69
[INFO] [stderr]    Compiling ppv-lite86 v0.2.21
[INFO] [stderr]    Compiling half v2.7.1
[INFO] [stderr]    Compiling exr v1.74.2
[INFO] [stderr]    Compiling rand_chacha v0.3.1
[INFO] [stderr]    Compiling rand v0.8.8
[INFO] [stderr]    Compiling image v0.24.9
[INFO] [stderr]    Compiling greenfield v0.1.4 (/opt/rustwide/workdir)
[INFO] [stdout] warning: hiding a lifetime that's elided elsewhere is confusing
[INFO] [stdout]    --> src/core/image.rs:759:19
[INFO] [stdout]     |
[INFO] [stdout] 759 |     pub fn pixels(&self) -> impl Iterator<Item = pixel::Pixel> {
[INFO] [stdout]     |                   ^^^^^                          ^^^^^^^^^^^^ the same lifetime is hidden here
[INFO] [stdout]     |                   |
[INFO] [stdout]     |                   the lifetime is elided here
[INFO] [stdout]     |
[INFO] [stdout]     = help: the same lifetime is referred to in inconsistent ways, making the signature confusing
[INFO] [stdout]     = note: `#[warn(mismatched_lifetime_syntaxes)]` on by default
[INFO] [stdout] help: use `'_` for type paths
[INFO] [stdout]     |
[INFO] [stdout] 759 |     pub fn pixels(&self) -> impl Iterator<Item = pixel::Pixel<'_>> {
[INFO] [stdout]     |                                                              ++++
[INFO] [stdout] 
[INFO] [stdout] 
[INFO] [stderr]     Finished `release` profile [optimized] target(s) in 1m 08s
[INFO] running `Command { std: "docker" "inspect" "4ca0cb41ca9e607779bc488f661575b68f9bcd4d32dc2d7eb8b0a4a88a34a18b", kill_on_drop: false }`
[INFO] running `Command { std: "docker" "exec" "-e" "SOURCE_DIR=/opt/rustwide/workdir" "-e" "CARGO_HOME=/opt/rustwide/cargo-home" "-e" "RUSTUP_HOME=/opt/rustwide/rustup-home" "-e" "CARGO_TARGET_DIR=/opt/rustwide/target" "-e" "CARGO_INCREMENTAL=0" "-e" "RUST_BACKTRACE=full" "-e" "RUSTFLAGS=--cap-lints=warn" "-e" "RUSTDOCFLAGS=--cap-lints=warn" "-w" "/opt/rustwide/workdir" "--user" "0:0" "4ca0cb41ca9e607779bc488f661575b68f9bcd4d32dc2d7eb8b0a4a88a34a18b" "/opt/rustwide/cargo-home/bin/cargo" "+1.99.0-beta.8" "test" "--frozen" "--no-run" "--message-format=json" "--release", kill_on_drop: false }`
[INFO] [stderr]    Compiling syn v3.0.9
[INFO] [stderr]    Compiling indexmap v1.9.3
[INFO] [stderr]    Compiling os_str_bytes v6.6.1
[INFO] [stderr]    Compiling ciborium-ll v0.2.2
[INFO] [stderr]    Compiling serde_json v1.0.154
[INFO] [stderr]    Compiling itertools v0.10.5
[INFO] [stderr]    Compiling textwrap v0.16.4
[INFO] [stderr]    Compiling plotters v0.3.7
[INFO] [stderr]    Compiling atty v0.2.14
[INFO] [stdout] warning: hiding a lifetime that's elided elsewhere is confusing
[INFO] [stdout]    --> src/core/image.rs:759:19
[INFO] [stdout]     |
[INFO] [stdout] 759 |     pub fn pixels(&self) -> impl Iterator<Item = pixel::Pixel> {
[INFO] [stdout]     |                   ^^^^^                          ^^^^^^^^^^^^ the same lifetime is hidden here
[INFO] [stdout]     |                   |
[INFO] [stdout]     |                   the lifetime is elided here
[INFO] [stdout]     |
[INFO] [stdout]     = help: the same lifetime is referred to in inconsistent ways, making the signature confusing
[INFO] [stdout]     = note: `#[warn(mismatched_lifetime_syntaxes)]` on by default
[INFO] [stdout] help: use `'_` for type paths
[INFO] [stdout]     |
[INFO] [stdout] 759 |     pub fn pixels(&self) -> impl Iterator<Item = pixel::Pixel<'_>> {
[INFO] [stdout]     |                                                              ++++
[INFO] [stdout] 
[INFO] [stdout] 
[INFO] [stderr]    Compiling clap_lex v0.2.4
[INFO] [stderr]    Compiling clap v3.2.25
[INFO] [stderr]    Compiling criterion-plot v0.5.0
[INFO] [stderr]    Compiling serde_derive v1.0.229
[INFO] [stderr]    Compiling serde v1.0.229
[INFO] [stderr]    Compiling tinytemplate v1.2.1
[INFO] [stderr]    Compiling ciborium v0.2.2
[INFO] [stderr]    Compiling criterion v0.4.0
[INFO] [stderr]    Compiling greenfield v0.1.4 (/opt/rustwide/workdir)
[INFO] [stdout] warning: hiding a lifetime that's elided elsewhere is confusing
[INFO] [stdout]    --> src/core/image.rs:759:19
[INFO] [stdout]     |
[INFO] [stdout] 759 |     pub fn pixels(&self) -> impl Iterator<Item = pixel::Pixel> {
[INFO] [stdout]     |                   ^^^^^                          ^^^^^^^^^^^^ the same lifetime is hidden here
[INFO] [stdout]     |                   |
[INFO] [stdout]     |                   the lifetime is elided here
[INFO] [stdout]     |
[INFO] [stdout]     = help: the same lifetime is referred to in inconsistent ways, making the signature confusing
[INFO] [stdout]     = note: `#[warn(mismatched_lifetime_syntaxes)]` on by default
[INFO] [stdout] help: use `'_` for type paths
[INFO] [stdout]     |
[INFO] [stdout] 759 |     pub fn pixels(&self) -> impl Iterator<Item = pixel::Pixel<'_>> {
[INFO] [stdout]     |                                                              ++++
[INFO] [stdout] 
[INFO] [stdout] 
[INFO] [stderr]     Finished `release` profile [optimized] target(s) in 35.24s
[INFO] running `Command { std: "docker" "inspect" "4ca0cb41ca9e607779bc488f661575b68f9bcd4d32dc2d7eb8b0a4a88a34a18b", kill_on_drop: false }`
[INFO] running `Command { std: "docker" "exec" "-e" "SOURCE_DIR=/opt/rustwide/workdir" "-e" "CARGO_HOME=/opt/rustwide/cargo-home" "-e" "RUSTUP_HOME=/opt/rustwide/rustup-home" "-e" "CARGO_TARGET_DIR=/opt/rustwide/target" "-e" "CARGO_INCREMENTAL=0" "-e" "RUST_BACKTRACE=full" "-e" "RUSTFLAGS=--cap-lints=warn" "-e" "RUSTDOCFLAGS=--cap-lints=warn" "-w" "/opt/rustwide/workdir" "--user" "0:0" "4ca0cb41ca9e607779bc488f661575b68f9bcd4d32dc2d7eb8b0a4a88a34a18b" "/opt/rustwide/cargo-home/bin/cargo" "+1.99.0-beta.8" "test" "--frozen" "--release", kill_on_drop: false }`
[INFO] [stderr] warning: hiding a lifetime that's elided elsewhere is confusing
[INFO] [stderr]    --> src/core/image.rs:759:19
[INFO] [stderr]     |
[INFO] [stderr] 759 |     pub fn pixels(&self) -> impl Iterator<Item = pixel::Pixel> {
[INFO] [stderr]     |                   ^^^^^                          ^^^^^^^^^^^^ the same lifetime is hidden here
[INFO] [stderr]     |                   |
[INFO] [stderr]     |                   the lifetime is elided here
[INFO] [stderr]     |
[INFO] [stderr]     = help: the same lifetime is referred to in inconsistent ways, making the signature confusing
[INFO] [stderr]     = note: `#[warn(mismatched_lifetime_syntaxes)]` on by default
[INFO] [stderr] help: use `'_` for type paths
[INFO] [stderr]     |
[INFO] [stderr] 759 |     pub fn pixels(&self) -> impl Iterator<Item = pixel::Pixel<'_>> {
[INFO] [stderr]     |                                                              ++++
[INFO] [stderr] 
[INFO] [stderr] warning: `greenfield` (lib) generated 1 warning (run `cargo fix --lib -p greenfield` to apply 1 suggestion)
[INFO] [stderr] warning: `greenfield` (lib test) generated 1 warning (1 duplicate)
[INFO] [stderr]     Finished `release` profile [optimized] target(s) in 0.14s
[INFO] [stderr]      Running unittests src/lib.rs (/opt/rustwide/target/release/deps/greenfield-3265561db4ffe640)
[INFO] [stdout] 
[INFO] [stdout] running 30 tests
[INFO] [stdout] test core::color::tests::color_rgb_default ... ok
[INFO] [stdout] test core::color::tests::color_rgb_new ... ok
[INFO] [stdout] test core::color::tests::color_rgb_bytes ... ok
[INFO] [stdout] test core::color::tests::color_rgb_display ... ok
[INFO] [stdout] test core::color::tests::color_rgb_random ... ok
[INFO] [stdout] test core::image::tests::image_bytes ... ok
[INFO] [stdout] test core::image::tests::image_debug ... ok
[INFO] [stdout] test core::image::tests::image_display ... ok
[INFO] [stdout] test core::quantization::tests::quantization_compress ... ok
[INFO] [stdout] test core::quantization::tests::quantization_get_dequantized_color ... ok
[INFO] [stdout] test core::image::tests::image_io ... FAILED
[INFO] [stdout] test core::pixel::tests::pixel_new ... ok
[INFO] [stdout] test core::image::tests::image_quantization ... ok
[INFO] [stdout] test core::image::tests::image_serialize ... ok
[INFO] [stdout] test core::image::tests::image_new ... FAILED
[INFO] [stdout] test core::image::tests::image_colors ... ok
[INFO] [stdout] test core::pixel::tests::pixel_display ... ok
[INFO] [stdout] test core::image::tests::image_deserialize ... FAILED
[INFO] [stdout] test core::image::tests::image_serialize_deserialize ... ok
[INFO] [stdout] test core::image::tests::image_dimensions ... ok
[INFO] [stdout] test core::pixel::tests::pixel_debug ... ok
[INFO] [stdout] test core::quantization::tests::quantization_decompress ... ok
[INFO] [stdout] test core::quantization::tests::quantization_default ... ok
[INFO] [stdout] test core::quantization::tests::quantization_dequantify_color ... ok
[INFO] [stdout] test core::image::tests::image_pixels ... ok
[INFO] [stdout] test core::quantization::tests::quantization_get_quantized_color ... ok
[INFO] [stdout] test core::quantization::tests::quantization_new_err ... ok
[INFO] [stdout] test core::quantization::tests::quantization_new_ok ... ok
[INFO] [stdout] test core::quantization::tests::quantization_quantify_color ... ok
[INFO] [stdout] test io::tests::io_image ... FAILED
[INFO] [stdout] 
[INFO] [stdout] failures:
[INFO] [stdout] 
[INFO] [stdout] ---- core::image::tests::image_io stdout ----
[INFO] [stdout] Error: IoError(Os { code: 30, kind: ReadOnlyFilesystem, message: "Read-only file system" })
[INFO] [stdout] 
[INFO] [stdout] ---- core::image::tests::image_new stdout ----
[INFO] [stdout] 
[INFO] [stdout] thread 'core::image::tests::image_new' (1257) panicked at src/core/image/tests.rs:20:5:
[INFO] [stdout] assertion `left == right` failed
[INFO] [stdout]   left: [Rgb { r: 64, g: 64, b: 64 }]
[INFO] [stdout]  right: [Rgb { r: 0, g: 0, b: 0 }]
[INFO] [stdout] stack backtrace:
[INFO] [stdout]    0:     0x55c91972d1c1 - <<std[70759c8f55707aa4]::sys::backtrace::BacktraceLock>::print::DisplayBacktrace as core[df12db4294e9bfd3]::fmt::Display>::fmt
[INFO] [stdout]    1:     0x55c919743eaa - core[df12db4294e9bfd3]::fmt::write
[INFO] [stdout]    2:     0x55c9197318cc - <alloc[2182bb758b4b3781]::vec::Vec<u8> as core[df12db4294e9bfd3]::io::write::Write>::write_fmt
[INFO] [stdout]    3:     0x55c919708c56 - std[70759c8f55707aa4]::panicking::default_hook::{closure#0}
[INFO] [stdout]    4:     0x55c919725139 - std[70759c8f55707aa4]::panicking::default_hook
[INFO] [stdout]    5:     0x55c919542a90 - test[9d35eded1c95d3be]::test_main_inner::<test[9d35eded1c95d3be]::test_main_static::{closure#0}>::{closure#0}
[INFO] [stdout]    6:     0x55c919725462 - std[70759c8f55707aa4]::panicking::panic_with_hook
[INFO] [stdout]    7:     0x55c919708d02 - std[70759c8f55707aa4]::panicking::panic_handler::{closure#0}
[INFO] [stdout]    8:     0x55c919701819 - std[70759c8f55707aa4]::sys::backtrace::__rust_end_short_backtrace::<std[70759c8f55707aa4]::panicking::panic_handler::{closure#0}, !>
[INFO] [stdout]    9:     0x55c9197098fd - __rustc[8fa7c3cbc660c2b3]::rust_begin_unwind
[INFO] [stdout]   10:     0x55c9197445dc - core[df12db4294e9bfd3]::panicking::panic_fmt
[INFO] [stdout]   11:     0x55c9197444f3 - core[df12db4294e9bfd3]::panicking::assert_failed_inner
[INFO] [stdout]   12:     0x55c919530576 - core[df12db4294e9bfd3]::panicking::assert_failed::<alloc[2182bb758b4b3781]::vec::Vec<greenfield[e09f54fdb7c13fd4]::core::color::Rgb>, alloc[2182bb758b4b3781]::vec::Vec<greenfield[e09f54fdb7c13fd4]::core::color::Rgb>>
[INFO] [stdout]   13:     0x55c91952dc72 - <greenfield[e09f54fdb7c13fd4]::core::image::tests::image_new::{closure#0} as core[df12db4294e9bfd3]::ops::function::FnOnce<()>>::call_once
[INFO] [stdout]   14:     0x55c919535d7b - test[9d35eded1c95d3be]::__rust_begin_short_backtrace::<core[df12db4294e9bfd3]::result::Result<(), alloc[2182bb758b4b3781]::string::String>, fn() -> core[df12db4294e9bfd3]::result::Result<(), alloc[2182bb758b4b3781]::string::String>>
[INFO] [stdout]   15:     0x55c9195433e5 - test[9d35eded1c95d3be]::run_test::{closure#0}
[INFO] [stdout]   16:     0x55c91953cca4 - std[70759c8f55707aa4]::sys::backtrace::__rust_begin_short_backtrace::<test[9d35eded1c95d3be]::run_test::{closure#1}, ()>
[INFO] [stdout]   17:     0x55c919546542 - <std[70759c8f55707aa4]::thread::lifecycle::spawn_unchecked<test[9d35eded1c95d3be]::run_test::{closure#1}, ()>::{closure#1} as core[df12db4294e9bfd3]::ops::function::FnOnce<()>>::call_once::{shim:vtable#0}
[INFO] [stdout]   18:     0x55c91972c579 - <std[70759c8f55707aa4]::sys::thread::unix::Thread>::new::thread_start
[INFO] [stdout]   19:     0x7fdc1c68fdfa - <unknown>
[INFO] [stdout]   20:     0x7fdc1c7233d4 - clone
[INFO] [stdout]   21:                0x0 - <unknown>
[INFO] [stdout] 
[INFO] [stdout] ---- core::image::tests::image_deserialize stdout ----
[INFO] [stdout] 
[INFO] [stdout] thread 'core::image::tests::image_deserialize' (1253) panicked at /opt/rustwide/cargo-home/registry/src/index.crates.io-1949cf8c6b5b557f/bitvec-1.1.1/src/slice/api.rs:2702:1:
[INFO] [stdout] range ..24 out of bounds: 4
[INFO] [stdout] stack backtrace:
[INFO] [stdout]    0:     0x55c91972d1c1 - <<std[70759c8f55707aa4]::sys::backtrace::BacktraceLock>::print::DisplayBacktrace as core[df12db4294e9bfd3]::fmt::Display>::fmt
[INFO] [stdout]    1:     0x55c919743eaa - core[df12db4294e9bfd3]::fmt::write
[INFO] [stdout]    2:     0x55c9197318cc - <alloc[2182bb758b4b3781]::vec::Vec<u8> as core[df12db4294e9bfd3]::io::write::Write>::write_fmt
[INFO] [stdout]    3:     0x55c919708c56 - std[70759c8f55707aa4]::panicking::default_hook::{closure#0}
[INFO] [stdout]    4:     0x55c919725139 - std[70759c8f55707aa4]::panicking::default_hook
[INFO] [stdout]    5:     0x55c919542a90 - test[9d35eded1c95d3be]::test_main_inner::<test[9d35eded1c95d3be]::test_main_static::{closure#0}>::{closure#0}
[INFO] [stdout]    6:     0x55c919725462 - std[70759c8f55707aa4]::panicking::panic_with_hook
[INFO] [stdout]    7:     0x55c919708d02 - std[70759c8f55707aa4]::panicking::panic_handler::{closure#0}
[INFO] [stdout]    8:     0x55c919701819 - std[70759c8f55707aa4]::sys::backtrace::__rust_end_short_backtrace::<std[70759c8f55707aa4]::panicking::panic_handler::{closure#0}, !>
[INFO] [stdout]    9:     0x55c9197098fd - __rustc[8fa7c3cbc660c2b3]::rust_begin_unwind
[INFO] [stdout]   10:     0x55c9197445dc - core[df12db4294e9bfd3]::panicking::panic_fmt
[INFO] [stdout]   11:     0x55c9195333df - <greenfield[e09f54fdb7c13fd4]::core::image::Image>::data_read
[INFO] [stdout]   12:     0x55c919533b22 - <greenfield[e09f54fdb7c13fd4]::core::image::Image as core[df12db4294e9bfd3]::convert::TryFrom<&[u8]>>::try_from
[INFO] [stdout]   13:     0x55c91952bd8a - <greenfield[e09f54fdb7c13fd4]::core::image::tests::image_deserialize::{closure#0} as core[df12db4294e9bfd3]::ops::function::FnOnce<()>>::call_once
[INFO] [stdout]   14:     0x55c919535d7b - test[9d35eded1c95d3be]::__rust_begin_short_backtrace::<core[df12db4294e9bfd3]::result::Result<(), alloc[2182bb758b4b3781]::string::String>, fn() -> core[df12db4294e9bfd3]::result::Result<(), alloc[2182bb758b4b3781]::string::String>>
[INFO] [stdout]   15:     0x55c9195433e5 - test[9d35eded1c95d3be]::run_test::{closure#0}
[INFO] [stdout]   16:     0x55c91953cca4 - std[70759c8f55707aa4]::sys::backtrace::__rust_begin_short_backtrace::<test[9d35eded1c95d3be]::run_test::{closure#1}, ()>
[INFO] [stdout]   17:     0x55c919546542 - <std[70759c8f55707aa4]::thread::lifecycle::spawn_unchecked<test[9d35eded1c95d3be]::run_test::{closure#1}, ()>::{closure#1} as core[df12db4294e9bfd3]::ops::function::FnOnce<()>>::call_once::{shim:vtable#0}
[INFO] [stdout]   18:     0x55c91972c579 - <std[70759c8f55707aa4]::sys::thread::unix::Thread>::new::thread_start
[INFO] [stdout]   19:     0x7fdc1c68fdfa - <unknown>
[INFO] [stdout]   20:     0x7fdc1c7233d4 - clone
[INFO] [stdout]   21:                0x0 - <unknown>
[INFO] [stdout] 
[INFO] [stdout] ---- io::tests::io_image stdout ----
[INFO] [stdout] Error: ImageError(IoError(Os { code: 2, kind: NotFound, message: "No such file or directory" }))
[INFO] [stdout] 
[INFO] [stdout] 
[INFO] [stdout] failures:
[INFO] [stdout]     core::image::tests::image_deserialize
[INFO] [stdout]     core::image::tests::image_io
[INFO] [stdout]     core::image::tests::image_new
[INFO] [stdout]     io::tests::io_image
[INFO] [stdout] 
[INFO] [stdout] test result: FAILED. 26 passed; 4 failed; 0 ignored; 0 measured; 0 filtered out; finished in 0.02s
[INFO] [stdout] 
[INFO] [stderr] error: test failed, to rerun pass `--lib`
[INFO] running `Command { std: "docker" "inspect" "4ca0cb41ca9e607779bc488f661575b68f9bcd4d32dc2d7eb8b0a4a88a34a18b", kill_on_drop: false }`
[INFO] running `Command { std: "docker" "rm" "-f" "4ca0cb41ca9e607779bc488f661575b68f9bcd4d32dc2d7eb8b0a4a88a34a18b", kill_on_drop: false }`
[INFO] [stdout] 4ca0cb41ca9e607779bc488f661575b68f9bcd4d32dc2d7eb8b0a4a88a34a18b
