[INFO] fetching crate graviola 0.4.1...
[INFO] testing graviola-0.4.1 against 1.100.0-beta.1+cargoflags=--release for beta-release-1.100-2
[INFO] extracting crate graviola 0.4.1 into /workspace/builds/worker-3-tc2/source
[INFO] started tweaking crates.io crate graviola 0.4.1
[INFO] removed 0 missing tests
[INFO] finished tweaking crates.io crate graviola 0.4.1
[INFO] tweaked toml for crates.io crate graviola 0.4.1 written to /workspace/builds/worker-3-tc2/source/Cargo.toml
[INFO] validating manifest of crates.io crate graviola 0.4.1 on toolchain 1.100.0-beta.1
[INFO] running `Command { std: CARGO_HOME="/workspace/cargo-home" RUSTUP_HOME="/workspace/rustup-home" "/workspace/cargo-home/bin/cargo" "+1.100.0-beta.1" "metadata" "--manifest-path" "Cargo.toml" "--no-deps", kill_on_drop: false }`
[INFO] crate crates.io crate graviola 0.4.1 already has a lockfile, it will not be regenerated
[INFO] running `Command { std: CARGO_HOME="/workspace/cargo-home" RUSTUP_HOME="/workspace/rustup-home" "/workspace/cargo-home/bin/cargo" "+1.100.0-beta.1" "fetch" "--manifest-path" "Cargo.toml", kill_on_drop: false }`
[INFO] running `Command { std: "docker" "create" "-v" "/var/lib/crater-agent-workspace/builds/worker-3-tc2/source:/opt/rustwide/workdir:ro,Z" "-v" "/var/lib/crater-agent-workspace/builds/worker-3-tc2/target:/opt/rustwide/target:rw,Z" "-v" "/var/lib/crater-agent-workspace/cargo-home:/opt/rustwide/cargo-home:ro,Z" "-v" "/var/lib/crater-agent-workspace/rustup-home:/opt/rustwide/rustup-home:ro,Z" "-m" "1610612736" "--network" "none" "ghcr.io/rust-lang/crates-build-env/linux@sha256:77db811e55d90add9212f6832c23229e3de5f1c1f9905e8cb07319ea15df73ac" "sleep" "infinity", kill_on_drop: false }`
[INFO] [stdout] e16a0c680acce9ad7f3a53d800516c5b62c6b135041e7965810ad1183162b6b0
[INFO] running `Command { std: "docker" "start" "e16a0c680acce9ad7f3a53d800516c5b62c6b135041e7965810ad1183162b6b0", kill_on_drop: false }`
[INFO] running `Command { std: "docker" "inspect" "e16a0c680acce9ad7f3a53d800516c5b62c6b135041e7965810ad1183162b6b0", kill_on_drop: false }`
[INFO] running `Command { std: "docker" "exec" "-e" "SOURCE_DIR=/opt/rustwide/workdir" "-e" "CARGO_HOME=/opt/rustwide/cargo-home" "-e" "RUSTUP_HOME=/opt/rustwide/rustup-home" "-e" "CARGO_TARGET_DIR=/opt/rustwide/target" "-w" "/opt/rustwide/workdir" "--user" "0:0" "e16a0c680acce9ad7f3a53d800516c5b62c6b135041e7965810ad1183162b6b0" "/opt/rustwide/cargo-home/bin/cargo" "+1.100.0-beta.1" "metadata" "--no-deps" "--format-version=1", kill_on_drop: false }`
[INFO] running `Command { std: "docker" "inspect" "e16a0c680acce9ad7f3a53d800516c5b62c6b135041e7965810ad1183162b6b0", kill_on_drop: false }`
[INFO] running `Command { std: "docker" "exec" "-e" "SOURCE_DIR=/opt/rustwide/workdir" "-e" "CARGO_HOME=/opt/rustwide/cargo-home" "-e" "RUSTUP_HOME=/opt/rustwide/rustup-home" "-e" "CARGO_TARGET_DIR=/opt/rustwide/target" "-e" "CARGO_INCREMENTAL=0" "-e" "RUST_BACKTRACE=full" "-e" "RUSTFLAGS=--cap-lints=warn" "-e" "RUSTDOCFLAGS=--cap-lints=warn" "-w" "/opt/rustwide/workdir" "--user" "0:0" "e16a0c680acce9ad7f3a53d800516c5b62c6b135041e7965810ad1183162b6b0" "/opt/rustwide/cargo-home/bin/cargo" "+1.100.0-beta.1" "build" "--frozen" "--message-format=json" "--release", kill_on_drop: false }`
[INFO] [stderr]    Compiling getrandom v0.3.4
[INFO] [stderr]    Compiling graviola v0.4.1 (/opt/rustwide/workdir)
[INFO] [stderr]     Finished `release` profile [optimized] target(s) in 8.61s
[INFO] running `Command { std: "docker" "inspect" "e16a0c680acce9ad7f3a53d800516c5b62c6b135041e7965810ad1183162b6b0", kill_on_drop: false }`
[INFO] running `Command { std: "docker" "exec" "-e" "SOURCE_DIR=/opt/rustwide/workdir" "-e" "CARGO_HOME=/opt/rustwide/cargo-home" "-e" "RUSTUP_HOME=/opt/rustwide/rustup-home" "-e" "CARGO_TARGET_DIR=/opt/rustwide/target" "-e" "CARGO_INCREMENTAL=0" "-e" "RUST_BACKTRACE=full" "-e" "RUSTFLAGS=--cap-lints=warn" "-e" "RUSTDOCFLAGS=--cap-lints=warn" "-w" "/opt/rustwide/workdir" "--user" "0:0" "e16a0c680acce9ad7f3a53d800516c5b62c6b135041e7965810ad1183162b6b0" "/opt/rustwide/cargo-home/bin/cargo" "+1.100.0-beta.1" "test" "--frozen" "--no-run" "--message-format=json" "--release", kill_on_drop: false }`
[INFO] [stderr]    Compiling proc-macro2 v1.0.106
[INFO] [stderr]    Compiling quote v1.0.45
[INFO] [stderr]    Compiling getrandom v0.3.4
[INFO] [stderr]    Compiling zerocopy v0.8.50
[INFO] [stderr]    Compiling bitflags v2.13.0
[INFO] [stderr]    Compiling aws-lc-sys v0.41.0
[INFO] [stderr]    Compiling num-traits v0.2.19
[INFO] [stderr]    Compiling wait-timeout v0.2.1
[INFO] [stderr]    Compiling rand_core v0.9.5
[INFO] [stderr]    Compiling aws-lc-rs v1.17.0
[INFO] [stderr]    Compiling bit-vec v0.8.0
[INFO] [stderr]    Compiling rustix v1.1.4
[INFO] [stderr]    Compiling rand_xorshift v0.4.0
[INFO] [stderr]    Compiling rand v0.9.4
[INFO] [stderr]    Compiling bit-set v0.8.0
[INFO] [stderr]    Compiling memchr v2.8.1
[INFO] [stderr]    Compiling unarray v0.1.4
[INFO] [stderr]    Compiling graviola v0.4.1 (/opt/rustwide/workdir)
[INFO] [stderr]    Compiling syn v2.0.117
[INFO] [stderr]    Compiling serde_json v1.0.150
[INFO] [stderr]    Compiling tempfile v3.27.0
[INFO] [stderr]    Compiling rusty-fork v0.3.1
[INFO] [stderr]    Compiling serde_derive v1.0.228
[INFO] [stderr]    Compiling ppv-lite86 v0.2.21
[INFO] [stderr]    Compiling rand_chacha v0.9.0
[INFO] [stderr]    Compiling proptest v1.11.0
[INFO] [stderr]    Compiling serde v1.0.228
[INFO] [stderr]    Compiling hex v0.4.3
[INFO] [stderr]     Finished `release` profile [optimized] target(s) in 2m 33s
[INFO] running `Command { std: "docker" "inspect" "e16a0c680acce9ad7f3a53d800516c5b62c6b135041e7965810ad1183162b6b0", kill_on_drop: false }`
[INFO] running `Command { std: "docker" "exec" "-e" "SOURCE_DIR=/opt/rustwide/workdir" "-e" "CARGO_HOME=/opt/rustwide/cargo-home" "-e" "RUSTUP_HOME=/opt/rustwide/rustup-home" "-e" "CARGO_TARGET_DIR=/opt/rustwide/target" "-e" "CARGO_INCREMENTAL=0" "-e" "RUST_BACKTRACE=full" "-e" "RUSTFLAGS=--cap-lints=warn" "-e" "RUSTDOCFLAGS=--cap-lints=warn" "-w" "/opt/rustwide/workdir" "--user" "0:0" "e16a0c680acce9ad7f3a53d800516c5b62c6b135041e7965810ad1183162b6b0" "/opt/rustwide/cargo-home/bin/cargo" "+1.100.0-beta.1" "test" "--frozen" "--release", kill_on_drop: false }`
[INFO] [stderr]     Finished `release` profile [optimized] target(s) in 0.14s
[INFO] [stderr]      Running unittests src/lib.rs (/opt/rustwide/target/release/build/graviola/75186aacda26ff85/out/graviola-75186aacda26ff85)
[INFO] [stdout] 
[INFO] [stdout] running 157 tests
[INFO] [stdout] test high::asn1::pkix::tests::parse_pkcs8_v2_key ... ok
[INFO] [stdout] test high::asn1::pkix::tests::parse_sec1_key ... ok
[INFO] [stdout] test high::asn1::pkix::tests::parse_private_key ... ok
[INFO] [stdout] test high::asn1::tests::test_any ... ok
[INFO] [stdout] test high::asn1::pkix::tests::parse_ec_spki ... ok
[INFO] [stdout] test high::asn1::pkix::tests::parse_public_key ... ok
[INFO] [stdout] test high::asn1::tests::test_canonical_length_requirements ... ok
[INFO] [stdout] test error::tests::test_error_display ... ok
[INFO] [stdout] test error::tests::test_keyformaterror_display ... ok
[INFO] [stdout] test high::asn1::tests::test_context_tag ... ok
[INFO] [stdout] test high::asn1::tests::test_encode_errors ... ok
[INFO] [stdout] test high::asn1::pkix::tests::parse_rsa_spki ... ok
[INFO] [stdout] test high::asn1::tests::test_encode_len ... ok
[INFO] [stdout] test high::asn1::tests::test_encode_len_limit - should panic ... ok
[INFO] [stdout] test high::asn1::tests::test_enum ... ok
[INFO] [stdout] test high::asn1::tests::test_error_display ... ok
[INFO] [stdout] test high::asn1::tests::test_integer_as_usize ... ok
[INFO] [stdout] test high::asn1::tests::test_integer_encoding ... ok
[INFO] [stdout] test high::asn1::tests::test_invalid_bitstring_encodings ... ok
[INFO] [stdout] test high::asn1::tests::test_invalid_integer_encodings ... ok
[INFO] [stdout] test high::asn1::tests::test_null ... ok
[INFO] [stdout] test high::asn1::tests::test_oid ... ok
[INFO] [stdout] test high::asn1::tests::test_optional ... ok
[INFO] [stdout] test high::curve::tests::cavp_keypair ... FAILED
[INFO] [stdout] test high::curve::tests::cavp_pkv ... FAILED
[INFO] [stdout] test high::ecdsa::tests::rejects_invalid_asn1_sigs ... ok
[INFO] [stdout] test high::ecdsa::tests::rfc6979_test_vectors ... ok
[INFO] [stdout] test high::ed25519::tests::pkcs8_public_key_wrong ... ok
[INFO] [stdout] test high::ed25519::tests::round_trip_pkcs8_v2 ... ok
[INFO] [stdout] test high::ed25519::tests::spki_encode_length ... ok
[INFO] [stdout] test high::ed25519::tests::decode_pkcs8_v1 ... ok
[INFO] [stdout] test high::curve::tests::private_key_encode_error ... ok
[INFO] [stdout] test high::ecdsa::tests::cavp_sigver ... FAILED
[INFO] [stdout] test high::ed25519::tests::test_round_trip_seed ... ok
[INFO] [stdout] test high::hash::tests::cavp_monte_carlo ... ok
[INFO] [stdout] test high::hmac::tests::cavp ... FAILED
[INFO] [stdout] test high::hmac::tests::smoke ... ok
[INFO] [stdout] test high::hmac_drbg::tests::rfc6979_example ... ok
[INFO] [stdout] test high::pkcs1::tests::digestinfo_sha256_is_correct ... ok
[INFO] [stdout] test high::ed25519::tests::verifying_key_from_bytes ... ok
[INFO] [stdout] test high::hash::tests::cavp ... FAILED
[INFO] [stdout] test high::ecdsa::tests::smoke_test_ecdsa_sign ... ok
[INFO] [stdout] test high::pkcs1::tests::digestinfo_sha384_is_correct ... ok
[INFO] [stdout] test high::pkcs1::tests::digestinfo_sha512_is_correct ... ok
[INFO] [stdout] test high::pkcs1::tests::pss_encode_test ... ok
[INFO] [stdout] test high::pkcs8::tests::rejects_unknown_version ... ok
[INFO] [stdout] test high::pkcs8::tests::rejects_wrong_version_for_public_key ... ok
[INFO] [stdout] test high::pkcs8::tests::round_trip_ed25519_v2 ... ok
[INFO] [stdout] test high::asn1::pkix::tests::parse_pkcs8_key ... ok
[INFO] [stdout] test high::rsa::tests::pairwise_key_formatting ... ok
[INFO] [stdout] test high::pkcs8::tests::construct_ed25519 ... ok
[INFO] [stdout] test high::ed25519::tests::spki_wrong_oid ... ok
[INFO] [stdout] test high::ecdsa::tests::smoke_test_loading_keys ... ok
[INFO] [stdout] test high::rsa::tests::pairwise_rsa2048_sign_verify_pkcs8 ... ok
[INFO] [stdout] test low::generic::ct_copy::tests::cond_false_copies_if_false ... ok
[INFO] [stdout] test low::generic::ct_copy::tests::cond_true_keeps_output ... ok
[INFO] [stdout] test high::rsa::tests::pairwise_rsa2048_sign_verify ... ok
[INFO] [stdout] test low::generic::ct_copy::tests::empty_arrays_are_a_no_op ... ok
[INFO] [stdout] test low::generic::ct_copy::tests::equal_inputs_unchanged_either_way ... ok
[INFO] [stdout] test low::generic::ct_copy::tests::select_bit_set_returns_if_set ... ok
[INFO] [stdout] test low::generic::ct_copy::tests::larger_buffer ... ok
[INFO] [stdout] test low::generic::ct_copy::tests::select_bit_unset_returns_if_unset ... ok
[INFO] [stdout] test low::generic::ct_copy::tests::select_covers_full_i16_range ... ok
[INFO] [stdout] test low::generic::ct_copy::tests::select_does_not_mix_arms ... ok
[INFO] [stdout] test low::generic::ct_copy::tests::selects_every_byte_independently ... ok
[INFO] [stdout] test low::generic::ct_copy::tests::single_byte ... ok
[INFO] [stdout] test low::generic::ghash::tests::test_double ... ok
[INFO] [stdout] test low::generic::ghash::tests::test_mul ... ok
[INFO] [stdout] test low::generic::poly1305::tests::test_vectors ... ok
[INFO] [stdout] test high::ed25519::tests::pairwise ... ok
[INFO] [stdout] test low::posint::tests::from_bytes ... ok
[INFO] [stdout] test low::posint::tests::mul ... ok
[INFO] [stdout] test low::posint::tests::test_add_shift_right_1 ... ok
[INFO] [stdout] test low::posint::tests::basics ... ok
[INFO] [stdout] test low::generic::ct_copy::tests::select_equal_inputs ... ok
[INFO] [stdout] test low::posint::tests::test_invert_vartime ... ok
[INFO] [stdout] test low::posint::tests::to_bytes ... ok
[INFO] [stdout] test low::tests::bignum_mux ... ok
[INFO] [stdout] test low::tests::test_edwards25519_decode ... ok
[INFO] [stdout] test low::tests::zeroise ... ok
[INFO] [stdout] test low::x86_64::aes::tests::test_block_128 ... ok
[INFO] [stdout] test low::x86_64::aes::tests::test_block_256 ... ok
[INFO] [stdout] test low::x86_64::aes::tests::test_construct ... ok
[INFO] [stdout] test low::x86_64::aes::tests::test_key_expansion_128 ... ok
[INFO] [stdout] test low::x86_64::aes::tests::test_key_expansion_256 ... ok
[INFO] [stdout] test low::x86_64::aes_gcm::tests::check_counter512 ... ok
[INFO] [stdout] test low::x86_64::chacha20::tests::test_vectors ... ok
[INFO] [stdout] test low::x86_64::chacha20::tests::xchacha_test_vectors ... ok
[INFO] [stdout] test low::x86_64::ghash::tests::pairwise ... ok
[INFO] [stdout] test mid::aes_gcm::tests::cavp ... FAILED
[INFO] [stdout] test mid::aes_gcm::tests::long_decrypt_test ... ok
[INFO] [stdout] test mid::aes_gcm::tests::long_encrypt_test ... ok
[INFO] [stdout] test mid::aes_gcm::tests::smoketest ... ok
[INFO] [stdout] test low::posint::tests::test_reduce_even ... ok
[INFO] [stdout] test mid::chacha20poly1305::tests::test_vector ... ok
[INFO] [stdout] test mid::ed25519::test::test_neg_p25519 ... ok
[INFO] [stdout] test mid::ed25519::test::test_rfc8032_test_vectors ... ok
[INFO] [stdout] test mid::ed25519::test::test_point_compression ... ok
[INFO] [stdout] test mid::mlkem768::tests::encaps_modulus_test ... ok
[INFO] [stdout] test mid::mlkem768::tests::pairwise ... ok
[INFO] [stdout] test mid::mlkem768::tests::shared_secret_debug ... ok
[INFO] [stdout] test mid::p256::tests::curve_field_elements_as_mont ... ok
[INFO] [stdout] test mid::p256::tests::generate_key_1 ... ok
[INFO] [stdout] test mid::p256::tests::generate_key_2 ... ok
[INFO] [stdout] test mid::p256::tests::generate_key_3 ... ok
[INFO] [stdout] test mid::p256::tests::generate_key_99999999 ... ok
[INFO] [stdout] test mid::p256::tests::generate_key_known_answer ... ok
[INFO] [stdout] test mid::p256::tests::generator_on_curve ... ok
[INFO] [stdout] test mid::p256::tests::point_double ... ok
[INFO] [stdout] test mid::p256::tests::private_key_in_range ... ok
[INFO] [stdout] test mid::p256::tests::test_booth_recoded_w7 ... ok
[INFO] [stdout] test mid::p256::tests::test_raw_ecdsa_sign ... ok
[INFO] [stdout] test mid::p384::tests::base_point_precomp_w5 ... ok
[INFO] [stdout] test mid::p384::tests::curve_field_elements_as_mont ... ok
[INFO] [stdout] test mid::p384::tests::generate_key_1 ... ok
[INFO] [stdout] test mid::p384::tests::generate_key_2 ... ok
[INFO] [stdout] test mid::p384::tests::generate_key_3 ... ok
[INFO] [stdout] test mid::p384::tests::generate_key_99999999 ... ok
[INFO] [stdout] test mid::p384::tests::generate_key_known_answer ... ok
[INFO] [stdout] test mid::p384::tests::generator_on_curve ... ok
[INFO] [stdout] test mid::p384::tests::point_double ... ok
[INFO] [stdout] test mid::p384::tests::private_key_in_range ... ok
[INFO] [stdout] test mid::p384::tests::test_raw_ecdsa_sign ... ok
[INFO] [stdout] test mid::p384::tests::test_scalar ... ok
[INFO] [stdout] test mid::rsa_priv::generate::tests::test_hosed_rng ... ok
[INFO] [stdout] test high::rsa::tests::pairwise_rsa3072_sign_verify ... ok
[INFO] [stdout] test mid::rsa_priv::generate::tests::test_key_size_try_from ... ok
[INFO] [stdout] test mid::rsa_priv::generate::tests::test_p_q_equal ... ok
[INFO] [stdout] test high::rsa::tests::pairwise_rsa4096_sign_verify ... ok
[INFO] [stdout] test mid::rsa_priv::generate::tests::test_phi_not_coprime_e ... ok
[INFO] [stdout] test high::rsa::tests::pairwise_rsa6144_sign_verify ... ok
[INFO] [stdout] test mid::rsa_pub::tests::smoke ... ok
[INFO] [stdout] test mid::sha2::tests::hello ... ok
[INFO] [stdout] test mid::sha2::tests::sha256_all_lengths ... ok
[INFO] [stdout] test mid::sha2::tests::sha512_all_lengths ... ok
[INFO] [stdout] test mid::sha2::tests::sha512_long ... ok
[INFO] [stdout] test mid::sha3::tests::cavp_sha3 ... FAILED
[INFO] [stdout] test mid::sha3::tests::cavp_shake ... FAILED
[INFO] [stdout] test mid::sha3::tests::hello ... ok
[INFO] [stdout] test mid::sha3::tests::one_shot_sextet_matches_single ... ok
[INFO] [stdout] test mid::sha3::tests::sha3_256_all_lengths ... ok
[INFO] [stdout] test mid::sha3::tests::sha3_512_all_lengths ... ok
[INFO] [stdout] test mid::sha3::tests::shake_incremental_read ... ok
[INFO] [stdout] test mid::sha3::tests::squeezing_sponge_4x_shake128_matches_single ... ok
[INFO] [stdout] test mid::x25519::tests::base_mul ... ok
[INFO] [stdout] test mid::x25519::tests::random_keys ... ok
[INFO] [stdout] test mid::x25519::tests::rfc7748_1 ... ok
[INFO] [stdout] test mid::x25519::tests::rfc7748_2 ... ok
[INFO] [stdout] test mid::p256::tests::base_point_precomp_w7 ... ok
[INFO] [stdout] test mid::xchacha20poly1305::tests::test_vector ... ok
[INFO] [stdout] test mid::x25519::tests::rfc7748_3 ... ok
[INFO] [stdout] test low::tests::ct_equal ... ok
[INFO] [stdout] test mid::rsa_priv::generate::tests::test_valid_primes ... ok
[INFO] [stdout] test high::rsa::tests::pairwise_rsa8192_sign_verify ... ok
[INFO] [stdout] test mid::rsa_priv::generate::tests::test_rsa_bench ... ok
[INFO] [stdout] test mid::rsa_priv::generate::tests::test_invalid_primes ... ok
[INFO] [stdout] test high::rsa::tests::key_generation_smoke_test ... ok
[INFO] [stdout] 
[INFO] [stdout] failures:
[INFO] [stdout] 
[INFO] [stdout] ---- high::curve::tests::cavp_keypair stdout ----
[INFO] [stdout] 
[INFO] [stdout] thread 'high::curve::tests::cavp_keypair' (1966) panicked at src/test.rs:37:29:
[INFO] [stdout] cannot open ../thirdparty/cavp/ecdsa/KeyPair.rsp
[INFO] [stdout] stack backtrace:
[INFO] [stdout]    0:     0x5d97e5a385b1 - <<std[617be2ca0a6fd877]::sys::backtrace::BacktraceLock>::print::DisplayBacktrace as core[a373ad73a504971]::fmt::Display>::fmt
[INFO] [stdout]    1:     0x5d97e5a4d6da - core[a373ad73a504971]::fmt::write
[INFO] [stdout]    2:     0x5d97e5a3c7cc - <alloc[2e1b2a31b91974c5]::vec::Vec<u8> as core[a373ad73a504971]::io::write::Write>::write_fmt
[INFO] [stdout]    3:     0x5d97e5a14a16 - std[617be2ca0a6fd877]::panicking::default_hook::{closure#0}
[INFO] [stdout]    4:     0x5d97e5a30c49 - std[617be2ca0a6fd877]::panicking::default_hook
[INFO] [stdout]    5:     0x5d97e59cd2f0 - test[aada8e7e76ba119b]::test_main_inner::{closure#0}
[INFO] [stdout]    6:     0x5d97e5a30e02 - std[617be2ca0a6fd877]::panicking::panic_with_hook
[INFO] [stdout]    7:     0x5d97e5a14ac2 - std[617be2ca0a6fd877]::panicking::panic_handler::{closure#0}
[INFO] [stdout]    8:     0x5d97e5a0d7d9 - std[617be2ca0a6fd877]::sys::backtrace::__rust_end_short_backtrace::<std[617be2ca0a6fd877]::panicking::panic_handler::{closure#0}, !>
[INFO] [stdout]    9:     0x5d97e5a156cd - __rustc[ea4f61d10b84890b]::rust_begin_unwind
[INFO] [stdout]   10:     0x5d97e5a4de0c - core[a373ad73a504971]::panicking::panic_fmt
[INFO] [stdout]   11:     0x5d97e5911fa8 - graviola[c36544deaaa38085]::test::process_cavp::<&str>::{closure#0}
[INFO] [stdout]   12:     0x5d97e5911dec - graviola[c36544deaaa38085]::test::process_cavp::<&str>
[INFO] [stdout]   13:     0x5d97e5800aca - <graviola[c36544deaaa38085]::high::curve::tests::cavp_keypair::{closure#0} as core[a373ad73a504971]::ops::function::FnOnce<()>>::call_once
[INFO] [stdout]   14:     0x5d97e59c073b - test[aada8e7e76ba119b]::__rust_begin_short_backtrace::<core[a373ad73a504971]::result::Result<(), alloc[2e1b2a31b91974c5]::string::String>, fn() -> core[a373ad73a504971]::result::Result<(), alloc[2e1b2a31b91974c5]::string::String>>
[INFO] [stdout]   15:     0x5d97e59cd915 - test[aada8e7e76ba119b]::run_test::{closure#0}
[INFO] [stdout]   16:     0x5d97e59c7204 - std[617be2ca0a6fd877]::sys::backtrace::__rust_begin_short_backtrace::<test[aada8e7e76ba119b]::run_test::{closure#1}, ()>
[INFO] [stdout]   17:     0x5d97e59d09a2 - <std[617be2ca0a6fd877]::thread::lifecycle::spawn_unchecked<test[aada8e7e76ba119b]::run_test::{closure#1}, ()>::{closure#1} as core[a373ad73a504971]::ops::function::FnOnce<()>>::call_once::{shim:vtable#0}
[INFO] [stdout]   18:     0x5d97e5a37e0f - <std[617be2ca0a6fd877]::sys::thread::unix::Thread>::new::thread_start
[INFO] [stdout]   19:     0x7df7e6c40dfa - <unknown>
[INFO] [stdout]   20:     0x7df7e6cd43d4 - clone
[INFO] [stdout]   21:                0x0 - <unknown>
[INFO] [stdout] 
[INFO] [stdout] ---- high::curve::tests::cavp_pkv stdout ----
[INFO] [stdout] 
[INFO] [stdout] thread 'high::curve::tests::cavp_pkv' (1967) panicked at src/test.rs:37:29:
[INFO] [stdout] cannot open ../thirdparty/cavp/ecdsa/PKV.rsp
[INFO] [stdout] stack backtrace:
[INFO] [stdout]    0:     0x5d97e5a385b1 - <<std[617be2ca0a6fd877]::sys::backtrace::BacktraceLock>::print::DisplayBacktrace as core[a373ad73a504971]::fmt::Display>::fmt
[INFO] [stdout]    1:     0x5d97e5a4d6da - core[a373ad73a504971]::fmt::write
[INFO] [stdout]    2:     0x5d97e5a3c7cc - <alloc[2e1b2a31b91974c5]::vec::Vec<u8> as core[a373ad73a504971]::io::write::Write>::write_fmt
[INFO] [stdout]    3:     0x5d97e5a14a16 - std[617be2ca0a6fd877]::panicking::default_hook::{closure#0}
[INFO] [stdout]    4:     0x5d97e5a30c49 - std[617be2ca0a6fd877]::panicking::default_hook
[INFO] [stdout]    5:     0x5d97e59cd2f0 - test[aada8e7e76ba119b]::test_main_inner::{closure#0}
[INFO] [stdout]    6:     0x5d97e5a30e02 - std[617be2ca0a6fd877]::panicking::panic_with_hook
[INFO] [stdout]    7:     0x5d97e5a14ac2 - std[617be2ca0a6fd877]::panicking::panic_handler::{closure#0}
[INFO] [stdout]    8:     0x5d97e5a0d7d9 - std[617be2ca0a6fd877]::sys::backtrace::__rust_end_short_backtrace::<std[617be2ca0a6fd877]::panicking::panic_handler::{closure#0}, !>
[INFO] [stdout]    9:     0x5d97e5a156cd - __rustc[ea4f61d10b84890b]::rust_begin_unwind
[INFO] [stdout]   10:     0x5d97e5a4de0c - core[a373ad73a504971]::panicking::panic_fmt
[INFO] [stdout]   11:     0x5d97e5911fa8 - graviola[c36544deaaa38085]::test::process_cavp::<&str>::{closure#0}
[INFO] [stdout]   12:     0x5d97e5911dec - graviola[c36544deaaa38085]::test::process_cavp::<&str>
[INFO] [stdout]   13:     0x5d97e5800cff - <graviola[c36544deaaa38085]::high::curve::tests::cavp_pkv::{closure#0} as core[a373ad73a504971]::ops::function::FnOnce<()>>::call_once
[INFO] [stdout]   14:     0x5d97e59c073b - test[aada8e7e76ba119b]::__rust_begin_short_backtrace::<core[a373ad73a504971]::result::Result<(), alloc[2e1b2a31b91974c5]::string::String>, fn() -> core[a373ad73a504971]::result::Result<(), alloc[2e1b2a31b91974c5]::string::String>>
[INFO] [stdout]   15:     0x5d97e59cd915 - test[aada8e7e76ba119b]::run_test::{closure#0}
[INFO] [stdout]   16:     0x5d97e59c7204 - std[617be2ca0a6fd877]::sys::backtrace::__rust_begin_short_backtrace::<test[aada8e7e76ba119b]::run_test::{closure#1}, ()>
[INFO] [stdout]   17:     0x5d97e59d09a2 - <std[617be2ca0a6fd877]::thread::lifecycle::spawn_unchecked<test[aada8e7e76ba119b]::run_test::{closure#1}, ()>::{closure#1} as core[a373ad73a504971]::ops::function::FnOnce<()>>::call_once::{shim:vtable#0}
[INFO] [stdout]   18:     0x5d97e5a37e0f - <std[617be2ca0a6fd877]::sys::thread::unix::Thread>::new::thread_start
[INFO] [stdout]   19:     0x7df7e6c40dfa - <unknown>
[INFO] [stdout]   20:     0x7df7e6cd43d4 - clone
[INFO] [stdout]   21:                0x0 - <unknown>
[INFO] [stdout] 
[INFO] [stdout] ---- high::ecdsa::tests::cavp_sigver stdout ----
[INFO] [stdout] 
[INFO] [stdout] thread 'high::ecdsa::tests::cavp_sigver' (1969) panicked at src/test.rs:37:29:
[INFO] [stdout] cannot open ../thirdparty/cavp/ecdsa/SigVer.rsp
[INFO] [stdout] stack backtrace:
[INFO] [stdout]    0:     0x5d97e5a385b1 - <<std[617be2ca0a6fd877]::sys::backtrace::BacktraceLock>::print::DisplayBacktrace as core[a373ad73a504971]::fmt::Display>::fmt
[INFO] [stdout]    1:     0x5d97e5a4d6da - core[a373ad73a504971]::fmt::write
[INFO] [stdout]    2:     0x5d97e5a3c7cc - <alloc[2e1b2a31b91974c5]::vec::Vec<u8> as core[a373ad73a504971]::io::write::Write>::write_fmt
[INFO] [stdout]    3:     0x5d97e5a14a16 - std[617be2ca0a6fd877]::panicking::default_hook::{closure#0}
[INFO] [stdout]    4:     0x5d97e5a30c49 - std[617be2ca0a6fd877]::panicking::default_hook
[INFO] [stdout]    5:     0x5d97e59cd2f0 - test[aada8e7e76ba119b]::test_main_inner::{closure#0}
[INFO] [stdout]    6:     0x5d97e5a30e02 - std[617be2ca0a6fd877]::panicking::panic_with_hook
[INFO] [stdout]    7:     0x5d97e5a14ac2 - std[617be2ca0a6fd877]::panicking::panic_handler::{closure#0}
[INFO] [stdout]    8:     0x5d97e5a0d7d9 - std[617be2ca0a6fd877]::sys::backtrace::__rust_end_short_backtrace::<std[617be2ca0a6fd877]::panicking::panic_handler::{closure#0}, !>
[INFO] [stdout]    9:     0x5d97e5a156cd - __rustc[ea4f61d10b84890b]::rust_begin_unwind
[INFO] [stdout]   10:     0x5d97e5a4de0c - core[a373ad73a504971]::panicking::panic_fmt
[INFO] [stdout]   11:     0x5d97e5911fa8 - graviola[c36544deaaa38085]::test::process_cavp::<&str>::{closure#0}
[INFO] [stdout]   12:     0x5d97e5911dec - graviola[c36544deaaa38085]::test::process_cavp::<&str>
[INFO] [stdout]   13:     0x5d97e5800e0f - <graviola[c36544deaaa38085]::high::ecdsa::tests::cavp_sigver::{closure#0} as core[a373ad73a504971]::ops::function::FnOnce<()>>::call_once
[INFO] [stdout]   14:     0x5d97e59c073b - test[aada8e7e76ba119b]::__rust_begin_short_backtrace::<core[a373ad73a504971]::result::Result<(), alloc[2e1b2a31b91974c5]::string::String>, fn() -> core[a373ad73a504971]::result::Result<(), alloc[2e1b2a31b91974c5]::string::String>>
[INFO] [stdout]   15:     0x5d97e59cd915 - test[aada8e7e76ba119b]::run_test::{closure#0}
[INFO] [stdout]   16:     0x5d97e59c7204 - std[617be2ca0a6fd877]::sys::backtrace::__rust_begin_short_backtrace::<test[aada8e7e76ba119b]::run_test::{closure#1}, ()>
[INFO] [stdout]   17:     0x5d97e59d09a2 - <std[617be2ca0a6fd877]::thread::lifecycle::spawn_unchecked<test[aada8e7e76ba119b]::run_test::{closure#1}, ()>::{closure#1} as core[a373ad73a504971]::ops::function::FnOnce<()>>::call_once::{shim:vtable#0}
[INFO] [stdout]   18:     0x5d97e5a37e0f - <std[617be2ca0a6fd877]::sys::thread::unix::Thread>::new::thread_start
[INFO] [stdout]   19:     0x7df7e6c40dfa - <unknown>
[INFO] [stdout]   20:     0x7df7e6cd43d4 - clone
[INFO] [stdout]   21:                0x0 - <unknown>
[INFO] [stdout] 
[INFO] [stdout] ---- high::hmac::tests::cavp stdout ----
[INFO] [stdout] 
[INFO] [stdout] thread 'high::hmac::tests::cavp' (1984) panicked at src/test.rs:37:29:
[INFO] [stdout] cannot open ../thirdparty/cavp/hmac/HMAC.rsp
[INFO] [stdout] stack backtrace:
[INFO] [stdout]    0:     0x5d97e5a385b1 - <<std[617be2ca0a6fd877]::sys::backtrace::BacktraceLock>::print::DisplayBacktrace as core[a373ad73a504971]::fmt::Display>::fmt
[INFO] [stdout]    1:     0x5d97e5a4d6da - core[a373ad73a504971]::fmt::write
[INFO] [stdout]    2:     0x5d97e5a3c7cc - <alloc[2e1b2a31b91974c5]::vec::Vec<u8> as core[a373ad73a504971]::io::write::Write>::write_fmt
[INFO] [stdout]    3:     0x5d97e5a14a16 - std[617be2ca0a6fd877]::panicking::default_hook::{closure#0}
[INFO] [stdout]    4:     0x5d97e5a30c49 - std[617be2ca0a6fd877]::panicking::default_hook
[INFO] [stdout]    5:     0x5d97e59cd2f0 - test[aada8e7e76ba119b]::test_main_inner::{closure#0}
[INFO] [stdout]    6:     0x5d97e5a30e02 - std[617be2ca0a6fd877]::panicking::panic_with_hook
[INFO] [stdout]    7:     0x5d97e5a14ac2 - std[617be2ca0a6fd877]::panicking::panic_handler::{closure#0}
[INFO] [stdout]    8:     0x5d97e5a0d7d9 - std[617be2ca0a6fd877]::sys::backtrace::__rust_end_short_backtrace::<std[617be2ca0a6fd877]::panicking::panic_handler::{closure#0}, !>
[INFO] [stdout]    9:     0x5d97e5a156cd - __rustc[ea4f61d10b84890b]::rust_begin_unwind
[INFO] [stdout]   10:     0x5d97e5a4de0c - core[a373ad73a504971]::panicking::panic_fmt
[INFO] [stdout]   11:     0x5d97e5911fa8 - graviola[c36544deaaa38085]::test::process_cavp::<&str>::{closure#0}
[INFO] [stdout]   12:     0x5d97e5911dec - graviola[c36544deaaa38085]::test::process_cavp::<&str>
[INFO] [stdout]   13:     0x5d97e57b2746 - <graviola[c36544deaaa38085]::high::hmac::tests::cavp::{closure#0} as core[a373ad73a504971]::ops::function::FnOnce<()>>::call_once
[INFO] [stdout]   14:     0x5d97e59c073b - test[aada8e7e76ba119b]::__rust_begin_short_backtrace::<core[a373ad73a504971]::result::Result<(), alloc[2e1b2a31b91974c5]::string::String>, fn() -> core[a373ad73a504971]::result::Result<(), alloc[2e1b2a31b91974c5]::string::String>>
[INFO] [stdout]   15:     0x5d97e59cd915 - test[aada8e7e76ba119b]::run_test::{closure#0}
[INFO] [stdout]   16:     0x5d97e59c7204 - std[617be2ca0a6fd877]::sys::backtrace::__rust_begin_short_backtrace::<test[aada8e7e76ba119b]::run_test::{closure#1}, ()>
[INFO] [stdout]   17:     0x5d97e59d09a2 - <std[617be2ca0a6fd877]::thread::lifecycle::spawn_unchecked<test[aada8e7e76ba119b]::run_test::{closure#1}, ()>::{closure#1} as core[a373ad73a504971]::ops::function::FnOnce<()>>::call_once::{shim:vtable#0}
[INFO] [stdout]   18:     0x5d97e5a37e0f - <std[617be2ca0a6fd877]::sys::thread::unix::Thread>::new::thread_start
[INFO] [stdout]   19:     0x7df7e6c40dfa - <unknown>
[INFO] [stdout]   20:     0x7df7e6cd43d4 - clone
[INFO] [stdout]   21:                0x0 - <unknown>
[INFO] [stdout] 
[INFO] [stdout] ---- high::hash::tests::cavp stdout ----
[INFO] [stdout] 
[INFO] [stdout] thread 'high::hash::tests::cavp' (1982) panicked at src/test.rs:37:29:
[INFO] [stdout] cannot open ../thirdparty/cavp/sha2/SHA256ShortMsg.rsp
[INFO] [stdout] stack backtrace:
[INFO] [stdout]    0:     0x5d97e5a385b1 - <<std[617be2ca0a6fd877]::sys::backtrace::BacktraceLock>::print::DisplayBacktrace as core[a373ad73a504971]::fmt::Display>::fmt
[INFO] [stdout]    1:     0x5d97e5a4d6da - core[a373ad73a504971]::fmt::write
[INFO] [stdout]    2:     0x5d97e5a3c7cc - <alloc[2e1b2a31b91974c5]::vec::Vec<u8> as core[a373ad73a504971]::io::write::Write>::write_fmt
[INFO] [stdout]    3:     0x5d97e5a14a16 - std[617be2ca0a6fd877]::panicking::default_hook::{closure#0}
[INFO] [stdout]    4:     0x5d97e5a30c49 - std[617be2ca0a6fd877]::panicking::default_hook
[INFO] [stdout]    5:     0x5d97e59cd2f0 - test[aada8e7e76ba119b]::test_main_inner::{closure#0}
[INFO] [stdout]    6:     0x5d97e5a30e02 - std[617be2ca0a6fd877]::panicking::panic_with_hook
[INFO] [stdout]    7:     0x5d97e5a14ac2 - std[617be2ca0a6fd877]::panicking::panic_handler::{closure#0}
[INFO] [stdout]    8:     0x5d97e5a0d7d9 - std[617be2ca0a6fd877]::sys::backtrace::__rust_end_short_backtrace::<std[617be2ca0a6fd877]::panicking::panic_handler::{closure#0}, !>
[INFO] [stdout]    9:     0x5d97e5a156cd - __rustc[ea4f61d10b84890b]::rust_begin_unwind
[INFO] [stdout]   10:     0x5d97e5a4de0c - core[a373ad73a504971]::panicking::panic_fmt
[INFO] [stdout]   11:     0x5d97e5911fa8 - graviola[c36544deaaa38085]::test::process_cavp::<&str>::{closure#0}
[INFO] [stdout]   12:     0x5d97e5911dec - graviola[c36544deaaa38085]::test::process_cavp::<&str>
[INFO] [stdout]   13:     0x5d97e5800854 - <graviola[c36544deaaa38085]::high::hash::tests::cavp::{closure#0} as core[a373ad73a504971]::ops::function::FnOnce<()>>::call_once
[INFO] [stdout]   14:     0x5d97e59c073b - test[aada8e7e76ba119b]::__rust_begin_short_backtrace::<core[a373ad73a504971]::result::Result<(), alloc[2e1b2a31b91974c5]::string::String>, fn() -> core[a373ad73a504971]::result::Result<(), alloc[2e1b2a31b91974c5]::string::String>>
[INFO] [stdout]   15:     0x5d97e59cd915 - test[aada8e7e76ba119b]::run_test::{closure#0}
[INFO] [stdout]   16:     0x5d97e59c7204 - std[617be2ca0a6fd877]::sys::backtrace::__rust_begin_short_backtrace::<test[aada8e7e76ba119b]::run_test::{closure#1}, ()>
[INFO] [stdout]   17:     0x5d97e59d09a2 - <std[617be2ca0a6fd877]::thread::lifecycle::spawn_unchecked<test[aada8e7e76ba119b]::run_test::{closure#1}, ()>::{closure#1} as core[a373ad73a504971]::ops::function::FnOnce<()>>::call_once::{shim:vtable#0}
[INFO] [stdout]   18:     0x5d97e5a37e0f - <std[617be2ca0a6fd877]::sys::thread::unix::Thread>::new::thread_start
[INFO] [stdout]   19:     0x7df7e6c40dfa - <unknown>
[INFO] [stdout]   20:     0x7df7e6cd43d4 - clone
[INFO] [stdout]   21:                0x0 - <unknown>
[INFO] [stdout] 
[INFO] [stdout] ---- mid::aes_gcm::tests::cavp stdout ----
[INFO] [stdout] 
[INFO] [stdout] thread 'mid::aes_gcm::tests::cavp' (2038) panicked at src/test.rs:37:29:
[INFO] [stdout] cannot open ../thirdparty/cavp/gcm/gcmDecrypt128.rsp
[INFO] [stdout] stack backtrace:
[INFO] [stdout]    0:     0x5d97e5a385b1 - <<std[617be2ca0a6fd877]::sys::backtrace::BacktraceLock>::print::DisplayBacktrace as core[a373ad73a504971]::fmt::Display>::fmt
[INFO] [stdout]    1:     0x5d97e5a4d6da - core[a373ad73a504971]::fmt::write
[INFO] [stdout]    2:     0x5d97e5a3c7cc - <alloc[2e1b2a31b91974c5]::vec::Vec<u8> as core[a373ad73a504971]::io::write::Write>::write_fmt
[INFO] [stdout]    3:     0x5d97e5a14a16 - std[617be2ca0a6fd877]::panicking::default_hook::{closure#0}
[INFO] [stdout]    4:     0x5d97e5a30c49 - std[617be2ca0a6fd877]::panicking::default_hook
[INFO] [stdout]    5:     0x5d97e59cd2f0 - test[aada8e7e76ba119b]::test_main_inner::{closure#0}
[INFO] [stdout]    6:     0x5d97e5a30e02 - std[617be2ca0a6fd877]::panicking::panic_with_hook
[INFO] [stdout]    7:     0x5d97e5a14ac2 - std[617be2ca0a6fd877]::panicking::panic_handler::{closure#0}
[INFO] [stdout]    8:     0x5d97e5a0d7d9 - std[617be2ca0a6fd877]::sys::backtrace::__rust_end_short_backtrace::<std[617be2ca0a6fd877]::panicking::panic_handler::{closure#0}, !>
[INFO] [stdout]    9:     0x5d97e5a156cd - __rustc[ea4f61d10b84890b]::rust_begin_unwind
[INFO] [stdout]   10:     0x5d97e5a4de0c - core[a373ad73a504971]::panicking::panic_fmt
[INFO] [stdout]   11:     0x5d97e5911fa8 - graviola[c36544deaaa38085]::test::process_cavp::<&str>::{closure#0}
[INFO] [stdout]   12:     0x5d97e5911dec - graviola[c36544deaaa38085]::test::process_cavp::<&str>
[INFO] [stdout]   13:     0x5d97e57b23a3 - <graviola[c36544deaaa38085]::mid::aes_gcm::tests::cavp::{closure#0} as core[a373ad73a504971]::ops::function::FnOnce<()>>::call_once
[INFO] [stdout]   14:     0x5d97e59c073b - test[aada8e7e76ba119b]::__rust_begin_short_backtrace::<core[a373ad73a504971]::result::Result<(), alloc[2e1b2a31b91974c5]::string::String>, fn() -> core[a373ad73a504971]::result::Result<(), alloc[2e1b2a31b91974c5]::string::String>>
[INFO] [stdout]   15:     0x5d97e59cd915 - test[aada8e7e76ba119b]::run_test::{closure#0}
[INFO] [stdout]   16:     0x5d97e59c7204 - std[617be2ca0a6fd877]::sys::backtrace::__rust_begin_short_backtrace::<test[aada8e7e76ba119b]::run_test::{closure#1}, ()>
[INFO] [stdout]   17:     0x5d97e59d09a2 - <std[617be2ca0a6fd877]::thread::lifecycle::spawn_unchecked<test[aada8e7e76ba119b]::run_test::{closure#1}, ()>::{closure#1} as core[a373ad73a504971]::ops::function::FnOnce<()>>::call_once::{shim:vtable#0}
[INFO] [stdout]   18:     0x5d97e5a37e0f - <std[617be2ca0a6fd877]::sys::thread::unix::Thread>::new::thread_start
[INFO] [stdout]   19:     0x7df7e6c40dfa - <unknown>
[INFO] [stdout]   20:     0x7df7e6cd43d4 - clone
[INFO] [stdout]   21:                0x0 - <unknown>
[INFO] [stdout] 
[INFO] [stdout] ---- mid::sha3::tests::cavp_sha3 stdout ----
[INFO] [stdout] 
[INFO] [stdout] thread 'mid::sha3::tests::cavp_sha3' (2085) panicked at src/test.rs:37:29:
[INFO] [stdout] cannot open ../thirdparty/cavp/sha3/SHA3_256ShortMsg.rsp
[INFO] [stdout] stack backtrace:
[INFO] [stdout]    0:     0x5d97e5a385b1 - <<std[617be2ca0a6fd877]::sys::backtrace::BacktraceLock>::print::DisplayBacktrace as core[a373ad73a504971]::fmt::Display>::fmt
[INFO] [stdout]    1:     0x5d97e5a4d6da - core[a373ad73a504971]::fmt::write
[INFO] [stdout]    2:     0x5d97e5a3c7cc - <alloc[2e1b2a31b91974c5]::vec::Vec<u8> as core[a373ad73a504971]::io::write::Write>::write_fmt
[INFO] [stdout]    3:     0x5d97e5a14a16 - std[617be2ca0a6fd877]::panicking::default_hook::{closure#0}
[INFO] [stdout]    4:     0x5d97e5a30c49 - std[617be2ca0a6fd877]::panicking::default_hook
[INFO] [stdout]    5:     0x5d97e59cd2f0 - test[aada8e7e76ba119b]::test_main_inner::{closure#0}
[INFO] [stdout]    6:     0x5d97e5a30e02 - std[617be2ca0a6fd877]::panicking::panic_with_hook
[INFO] [stdout]    7:     0x5d97e5a14ac2 - std[617be2ca0a6fd877]::panicking::panic_handler::{closure#0}
[INFO] [stdout]    8:     0x5d97e5a0d7d9 - std[617be2ca0a6fd877]::sys::backtrace::__rust_end_short_backtrace::<std[617be2ca0a6fd877]::panicking::panic_handler::{closure#0}, !>
[INFO] [stdout]    9:     0x5d97e5a156cd - __rustc[ea4f61d10b84890b]::rust_begin_unwind
[INFO] [stdout]   10:     0x5d97e5a4de0c - core[a373ad73a504971]::panicking::panic_fmt
[INFO] [stdout]   11:     0x5d97e5911fa8 - graviola[c36544deaaa38085]::test::process_cavp::<&str>::{closure#0}
[INFO] [stdout]   12:     0x5d97e5911dec - graviola[c36544deaaa38085]::test::process_cavp::<&str>
[INFO] [stdout]   13:     0x5d97e5824924 - <graviola[c36544deaaa38085]::mid::sha3::tests::cavp_sha3::{closure#0} as core[a373ad73a504971]::ops::function::FnOnce<()>>::call_once
[INFO] [stdout]   14:     0x5d97e59c073b - test[aada8e7e76ba119b]::__rust_begin_short_backtrace::<core[a373ad73a504971]::result::Result<(), alloc[2e1b2a31b91974c5]::string::String>, fn() -> core[a373ad73a504971]::result::Result<(), alloc[2e1b2a31b91974c5]::string::String>>
[INFO] [stdout]   15:     0x5d97e59cd915 - test[aada8e7e76ba119b]::run_test::{closure#0}
[INFO] [stdout]   16:     0x5d97e59c7204 - std[617be2ca0a6fd877]::sys::backtrace::__rust_begin_short_backtrace::<test[aada8e7e76ba119b]::run_test::{closure#1}, ()>
[INFO] [stdout]   17:     0x5d97e59d09a2 - <std[617be2ca0a6fd877]::thread::lifecycle::spawn_unchecked<test[aada8e7e76ba119b]::run_test::{closure#1}, ()>::{closure#1} as core[a373ad73a504971]::ops::function::FnOnce<()>>::call_once::{shim:vtable#0}
[INFO] [stdout]   18:     0x5d97e5a37e0f - <std[617be2ca0a6fd877]::sys::thread::unix::Thread>::new::thread_start
[INFO] [stdout]   19:     0x7df7e6c40dfa - <unknown>
[INFO] [stdout]   20:     0x7df7e6cd43d4 - clone
[INFO] [stdout]   21:                0x0 - <unknown>
[INFO] [stdout] 
[INFO] [stdout] ---- mid::sha3::tests::cavp_shake stdout ----
[INFO] [stdout] 
[INFO] [stdout] thread 'mid::sha3::tests::cavp_shake' (2086) panicked at src/test.rs:37:29:
[INFO] [stdout] cannot open ../thirdparty/cavp/sha3/SHAKE128ShortMsg.rsp
[INFO] [stdout] stack backtrace:
[INFO] [stdout]    0:     0x5d97e5a385b1 - <<std[617be2ca0a6fd877]::sys::backtrace::BacktraceLock>::print::DisplayBacktrace as core[a373ad73a504971]::fmt::Display>::fmt
[INFO] [stdout]    1:     0x5d97e5a4d6da - core[a373ad73a504971]::fmt::write
[INFO] [stdout]    2:     0x5d97e5a3c7cc - <alloc[2e1b2a31b91974c5]::vec::Vec<u8> as core[a373ad73a504971]::io::write::Write>::write_fmt
[INFO] [stdout]    3:     0x5d97e5a14a16 - std[617be2ca0a6fd877]::panicking::default_hook::{closure#0}
[INFO] [stdout]    4:     0x5d97e5a30c49 - std[617be2ca0a6fd877]::panicking::default_hook
[INFO] [stdout]    5:     0x5d97e59cd2f0 - test[aada8e7e76ba119b]::test_main_inner::{closure#0}
[INFO] [stdout]    6:     0x5d97e5a30e02 - std[617be2ca0a6fd877]::panicking::panic_with_hook
[INFO] [stdout]    7:     0x5d97e5a14ac2 - std[617be2ca0a6fd877]::panicking::panic_handler::{closure#0}
[INFO] [stdout]    8:     0x5d97e5a0d7d9 - std[617be2ca0a6fd877]::sys::backtrace::__rust_end_short_backtrace::<std[617be2ca0a6fd877]::panicking::panic_handler::{closure#0}, !>
[INFO] [stdout]    9:     0x5d97e5a156cd - __rustc[ea4f61d10b84890b]::rust_begin_unwind
[INFO] [stdout]   10:     0x5d97e5a4de0c - core[a373ad73a504971]::panicking::panic_fmt
[INFO] [stdout]   11:     0x5d97e5911fa8 - graviola[c36544deaaa38085]::test::process_cavp::<&str>::{closure#0}
[INFO] [stdout]   12:     0x5d97e5911dec - graviola[c36544deaaa38085]::test::process_cavp::<&str>
[INFO] [stdout]   13:     0x5d97e581ccf4 - <graviola[c36544deaaa38085]::mid::sha3::tests::cavp_shake::{closure#0} as core[a373ad73a504971]::ops::function::FnOnce<()>>::call_once
[INFO] [stdout]   14:     0x5d97e59c073b - test[aada8e7e76ba119b]::__rust_begin_short_backtrace::<core[a373ad73a504971]::result::Result<(), alloc[2e1b2a31b91974c5]::string::String>, fn() -> core[a373ad73a504971]::result::Result<(), alloc[2e1b2a31b91974c5]::string::String>>
[INFO] [stdout]   15:     0x5d97e59cd915 - test[aada8e7e76ba119b]::run_test::{closure#0}
[INFO] [stdout]   16:     0x5d97e59c7204 - std[617be2ca0a6fd877]::sys::backtrace::__rust_begin_short_backtrace::<test[aada8e7e76ba119b]::run_test::{closure#1}, ()>
[INFO] [stdout]   17:     0x5d97e59d09a2 - <std[617be2ca0a6fd877]::thread::lifecycle::spawn_unchecked<test[aada8e7e76ba119b]::run_test::{closure#1}, ()>::{closure#1} as core[a373ad73a504971]::ops::function::FnOnce<()>>::call_once::{shim:vtable#0}
[INFO] [stdout]   18:     0x5d97e5a37e0f - <std[617be2ca0a6fd877]::sys::thread::unix::Thread>::new::thread_start
[INFO] [stdout]   19:     0x7df7e6c40dfa - <unknown>
[INFO] [stdout]   20:     0x7df7e6cd43d4 - clone
[INFO] [stdout]   21:                0x0 - <unknown>
[INFO] [stdout] 
[INFO] [stdout] 
[INFO] [stdout] failures:
[INFO] [stdout]     high::curve::tests::cavp_keypair
[INFO] [stdout]     high::curve::tests::cavp_pkv
[INFO] [stdout]     high::ecdsa::tests::cavp_sigver
[INFO] [stdout]     high::hash::tests::cavp
[INFO] [stdout]     high::hmac::tests::cavp
[INFO] [stdout]     mid::aes_gcm::tests::cavp
[INFO] [stdout]     mid::sha3::tests::cavp_sha3
[INFO] [stdout]     mid::sha3::tests::cavp_shake
[INFO] [stdout] 
[INFO] [stdout] test result: FAILED. 149 passed; 8 failed; 0 ignored; 0 measured; 0 filtered out; finished in 5.55s
[INFO] [stdout] 
[INFO] [stderr] error: test failed, to rerun pass `--lib`
[INFO] running `Command { std: "docker" "inspect" "e16a0c680acce9ad7f3a53d800516c5b62c6b135041e7965810ad1183162b6b0", kill_on_drop: false }`
[INFO] running `Command { std: "docker" "rm" "-f" "e16a0c680acce9ad7f3a53d800516c5b62c6b135041e7965810ad1183162b6b0", kill_on_drop: false }`
[INFO] [stdout] e16a0c680acce9ad7f3a53d800516c5b62c6b135041e7965810ad1183162b6b0
