[INFO] fetching crate gravedigger 0.2.1...
[INFO] testing gravedigger-0.2.1 against 1.100.0-beta.1+cargoflags=--release for beta-release-1.100-2
[INFO] extracting crate gravedigger 0.2.1 into /workspace/builds/worker-0-tc2/source
[INFO] started tweaking crates.io crate gravedigger 0.2.1
[INFO] removed 0 missing tests
[INFO] finished tweaking crates.io crate gravedigger 0.2.1
[INFO] tweaked toml for crates.io crate gravedigger 0.2.1 written to /workspace/builds/worker-0-tc2/source/Cargo.toml
[INFO] validating manifest of crates.io crate gravedigger 0.2.1 on toolchain 1.100.0-beta.1
[INFO] running `Command { std: CARGO_HOME="/workspace/cargo-home" RUSTUP_HOME="/workspace/rustup-home" "/workspace/cargo-home/bin/cargo" "+1.100.0-beta.1" "metadata" "--manifest-path" "Cargo.toml" "--no-deps", kill_on_drop: false }`
[INFO] crate crates.io crate gravedigger 0.2.1 already has a lockfile, it will not be regenerated
[INFO] running `Command { std: CARGO_HOME="/workspace/cargo-home" RUSTUP_HOME="/workspace/rustup-home" "/workspace/cargo-home/bin/cargo" "+1.100.0-beta.1" "fetch" "--manifest-path" "Cargo.toml", kill_on_drop: false }`
[INFO] running `Command { std: "docker" "create" "-v" "/var/lib/crater-agent-workspace/builds/worker-0-tc2/source:/opt/rustwide/workdir:ro,Z" "-v" "/var/lib/crater-agent-workspace/builds/worker-0-tc2/target:/opt/rustwide/target:rw,Z" "-v" "/var/lib/crater-agent-workspace/cargo-home:/opt/rustwide/cargo-home:ro,Z" "-v" "/var/lib/crater-agent-workspace/rustup-home:/opt/rustwide/rustup-home:ro,Z" "-m" "1610612736" "--network" "none" "ghcr.io/rust-lang/crates-build-env/linux@sha256:77db811e55d90add9212f6832c23229e3de5f1c1f9905e8cb07319ea15df73ac" "sleep" "infinity", kill_on_drop: false }`
[INFO] [stdout] a18d1a5673dd90c458e87bf7ad96713823c56cf96e8e232a3432180882bbc36e
[INFO] running `Command { std: "docker" "start" "a18d1a5673dd90c458e87bf7ad96713823c56cf96e8e232a3432180882bbc36e", kill_on_drop: false }`
[INFO] running `Command { std: "docker" "inspect" "a18d1a5673dd90c458e87bf7ad96713823c56cf96e8e232a3432180882bbc36e", kill_on_drop: false }`
[INFO] running `Command { std: "docker" "exec" "-e" "SOURCE_DIR=/opt/rustwide/workdir" "-e" "CARGO_HOME=/opt/rustwide/cargo-home" "-e" "RUSTUP_HOME=/opt/rustwide/rustup-home" "-e" "CARGO_TARGET_DIR=/opt/rustwide/target" "-w" "/opt/rustwide/workdir" "--user" "0:0" "a18d1a5673dd90c458e87bf7ad96713823c56cf96e8e232a3432180882bbc36e" "/opt/rustwide/cargo-home/bin/cargo" "+1.100.0-beta.1" "metadata" "--no-deps" "--format-version=1", kill_on_drop: false }`
[INFO] running `Command { std: "docker" "inspect" "a18d1a5673dd90c458e87bf7ad96713823c56cf96e8e232a3432180882bbc36e", kill_on_drop: false }`
[INFO] running `Command { std: "docker" "exec" "-e" "SOURCE_DIR=/opt/rustwide/workdir" "-e" "CARGO_HOME=/opt/rustwide/cargo-home" "-e" "RUSTUP_HOME=/opt/rustwide/rustup-home" "-e" "CARGO_TARGET_DIR=/opt/rustwide/target" "-e" "CARGO_INCREMENTAL=0" "-e" "RUST_BACKTRACE=full" "-e" "RUSTFLAGS=--cap-lints=warn" "-e" "RUSTDOCFLAGS=--cap-lints=warn" "-w" "/opt/rustwide/workdir" "--user" "0:0" "a18d1a5673dd90c458e87bf7ad96713823c56cf96e8e232a3432180882bbc36e" "/opt/rustwide/cargo-home/bin/cargo" "+1.100.0-beta.1" "build" "--frozen" "--message-format=json" "--release", kill_on_drop: false }`
[INFO] [stderr]    Compiling smallvec v1.15.2
[INFO] [stderr]    Compiling cc v1.2.64
[INFO] [stderr]    Compiling http v1.4.2
[INFO] [stderr]    Compiling memchr v2.8.2
[INFO] [stderr]    Compiling syn v2.0.118
[INFO] [stderr]    Compiling mio v1.2.1
[INFO] [stderr]    Compiling socket2 v0.6.4
[INFO] [stderr]    Compiling log v0.4.32
[INFO] [stderr]    Compiling winnow v0.7.15
[INFO] [stderr]    Compiling getrandom v0.4.3
[INFO] [stderr]    Compiling clap_builder v4.6.0
[INFO] [stderr]    Compiling uuid v1.23.4
[INFO] [stderr]    Compiling tokio v1.52.3
[INFO] [stderr]    Compiling openssl-sys v0.9.117
[INFO] [stderr]    Compiling futures-util v0.3.32
[INFO] [stderr]    Compiling serde_json v1.0.150
[INFO] [stderr]    Compiling openssl v0.10.81
[INFO] [stderr]    Compiling native-tls v0.2.18
[INFO] [stderr]    Compiling http-body v1.0.1
[INFO] [stderr]    Compiling http-body-util v0.1.3
[INFO] [stderr]    Compiling synstructure v0.13.2
[INFO] [stderr]    Compiling zerofrom-derive v0.1.7
[INFO] [stderr]    Compiling yoke-derive v0.8.2
[INFO] [stderr]    Compiling zerovec-derive v0.11.3
[INFO] [stderr]    Compiling displaydoc v0.2.6
[INFO] [stderr]    Compiling serde_derive v1.0.228
[INFO] [stderr]    Compiling openssl-macros v0.1.1
[INFO] [stderr]    Compiling clap_derive v4.6.1
[INFO] [stderr]    Compiling zerofrom v0.1.8
[INFO] [stderr]    Compiling yoke v0.8.3
[INFO] [stderr]    Compiling zerovec v0.11.6
[INFO] [stderr]    Compiling zerotrie v0.2.4
[INFO] [stderr]    Compiling tokio-util v0.7.18
[INFO] [stderr]    Compiling tower v0.5.3
[INFO] [stderr]    Compiling clap v4.6.1
[INFO] [stderr]    Compiling h2 v0.4.15
[INFO] [stderr]    Compiling tinystr v0.8.3
[INFO] [stderr]    Compiling potential_utf v0.1.5
[INFO] [stderr]    Compiling icu_collections v2.2.0
[INFO] [stderr]    Compiling icu_locale_core v2.2.0
[INFO] [stderr]    Compiling serde v1.0.228
[INFO] [stderr]    Compiling icu_provider v2.2.0
[INFO] [stderr]    Compiling serde_spanned v0.6.9
[INFO] [stderr]    Compiling toml_datetime v0.6.11
[INFO] [stderr]    Compiling serde_urlencoded v0.7.1
[INFO] [stderr]    Compiling chrono v0.4.45
[INFO] [stderr]    Compiling toml_edit v0.22.27
[INFO] [stderr]    Compiling icu_properties v2.2.0
[INFO] [stderr]    Compiling icu_normalizer v2.2.0
[INFO] [stderr]    Compiling hyper v1.10.1
[INFO] [stderr]    Compiling tokio-native-tls v0.3.1
[INFO] [stderr]    Compiling idna_adapter v1.2.2
[INFO] [stderr]    Compiling idna v1.1.0
[INFO] [stderr]    Compiling url v2.5.8
[INFO] [stderr]    Compiling hyper-util v0.1.20
[INFO] [stderr]    Compiling tower-http v0.6.11
[INFO] [stderr]    Compiling toml v0.8.23
[INFO] [stderr]    Compiling hyper-tls v0.6.0
[INFO] [stderr]    Compiling reqwest v0.12.28
[INFO] [stderr]    Compiling gravedigger v0.2.1 (/opt/rustwide/workdir)
[INFO] [stderr]     Finished `release` profile [optimized] target(s) in 1m 22s
[INFO] running `Command { std: "docker" "inspect" "a18d1a5673dd90c458e87bf7ad96713823c56cf96e8e232a3432180882bbc36e", kill_on_drop: false }`
[INFO] running `Command { std: "docker" "exec" "-e" "SOURCE_DIR=/opt/rustwide/workdir" "-e" "CARGO_HOME=/opt/rustwide/cargo-home" "-e" "RUSTUP_HOME=/opt/rustwide/rustup-home" "-e" "CARGO_TARGET_DIR=/opt/rustwide/target" "-e" "CARGO_INCREMENTAL=0" "-e" "RUST_BACKTRACE=full" "-e" "RUSTFLAGS=--cap-lints=warn" "-e" "RUSTDOCFLAGS=--cap-lints=warn" "-w" "/opt/rustwide/workdir" "--user" "0:0" "a18d1a5673dd90c458e87bf7ad96713823c56cf96e8e232a3432180882bbc36e" "/opt/rustwide/cargo-home/bin/cargo" "+1.100.0-beta.1" "test" "--frozen" "--no-run" "--message-format=json" "--release", kill_on_drop: false }`
[INFO] [stderr]    Compiling bitflags v2.13.0
[INFO] [stderr]    Compiling fastrand v2.4.1
[INFO] [stderr]    Compiling openssl v0.10.81
[INFO] [stderr]    Compiling tower-http v0.6.11
[INFO] [stderr]    Compiling rustix v1.1.4
[INFO] [stderr]    Compiling tempfile v3.27.0
[INFO] [stderr]    Compiling native-tls v0.2.18
[INFO] [stderr]    Compiling tokio-native-tls v0.3.1
[INFO] [stderr]    Compiling hyper-tls v0.6.0
[INFO] [stderr]    Compiling reqwest v0.12.28
[INFO] [stderr]    Compiling gravedigger v0.2.1 (/opt/rustwide/workdir)
[INFO] [stderr]     Finished `release` profile [optimized] target(s) in 36.29s
[INFO] running `Command { std: "docker" "inspect" "a18d1a5673dd90c458e87bf7ad96713823c56cf96e8e232a3432180882bbc36e", kill_on_drop: false }`
[INFO] running `Command { std: "docker" "exec" "-e" "SOURCE_DIR=/opt/rustwide/workdir" "-e" "CARGO_HOME=/opt/rustwide/cargo-home" "-e" "RUSTUP_HOME=/opt/rustwide/rustup-home" "-e" "CARGO_TARGET_DIR=/opt/rustwide/target" "-e" "CARGO_INCREMENTAL=0" "-e" "RUST_BACKTRACE=full" "-e" "RUSTFLAGS=--cap-lints=warn" "-e" "RUSTDOCFLAGS=--cap-lints=warn" "-w" "/opt/rustwide/workdir" "--user" "0:0" "a18d1a5673dd90c458e87bf7ad96713823c56cf96e8e232a3432180882bbc36e" "/opt/rustwide/cargo-home/bin/cargo" "+1.100.0-beta.1" "test" "--frozen" "--release", kill_on_drop: false }`
[INFO] [stderr]     Finished `release` profile [optimized] target(s) in 0.17s
[INFO] [stderr]      Running unittests src/main.rs (/opt/rustwide/target/release/build/gravedigger/787fef3ae7e1912b/out/gravedigger-787fef3ae7e1912b)
[INFO] [stdout] 
[INFO] [stdout] running 101 tests
[INFO] [stdout] test api::tests::test_parse_github_repo_empty ... ok
[INFO] [stdout] test api::tests::test_parse_github_repo_ssh_protocol ... ok
[INFO] [stdout] test api::tests::test_parse_github_repo_not_github ... ok
[INFO] [stdout] test api::tests::test_parse_github_repo_invalid ... ok
[INFO] [stdout] test diff::tests::test_compute_diff_mixed ... ok
[INFO] [stdout] test diff::tests::test_compute_diff_empty ... ok
[INFO] [stdout] test diff::tests::test_string_to_emoji_dead ... ok
[INFO] [stdout] test api::tests::test_parse_github_repo_git_ssh ... ok
[INFO] [stdout] test api::tests::test_parse_github_repo_with_subdirectory ... ok
[INFO] [stdout] test diff::tests::test_string_to_emoji_fallback ... ok
[INFO] [stdout] test diff::tests::test_compute_diff_unchanged ... ok
[INFO] [stdout] test api::tests::test_parse_github_repo_https ... ok
[INFO] [stdout] test diff::tests::test_compute_diff_multiple_versions_same_name ... ok
[INFO] [stdout] test diff::tests::test_string_to_emoji_warning ... ok
[INFO] [stdout] test display::tests::test_fmt_downloads_exact_billion ... ok
[INFO] [stdout] test diff::tests::test_string_to_emoji_unknown ... ok
[INFO] [stdout] test display::tests::test_fmt_downloads_billions ... ok
[INFO] [stdout] test display::tests::test_fmt_downloads_exact_million ... ok
[INFO] [stdout] test api::tests::test_parse_github_repo_git_https_prefix ... ok
[INFO] [stdout] test api::tests::test_parse_github_repo_dot_git ... ok
[INFO] [stdout] test diff::tests::test_compute_diff_added ... ok
[INFO] [stdout] test diff::tests::test_string_to_emoji_healthy ... ok
[INFO] [stdout] test diff::tests::test_string_to_emoji_hijack ... ok
[INFO] [stdout] test diff::tests::test_string_to_emoji_inactive ... ok
[INFO] [stdout] test display::tests::test_fmt_downloads_thousands ... ok
[INFO] [stdout] test display::tests::test_fmt_downloads_millions ... ok
[INFO] [stdout] test api::tests::test_parse_github_repo_with_trailing_slash ... ok
[INFO] [stdout] test diff::tests::test_compute_diff_upgraded ... ok
[INFO] [stdout] test display::tests::test_fmt_downloads_zero ... ok
[INFO] [stdout] test display::tests::test_fmt_downloads_hundreds ... ok
[INFO] [stdout] test display::tests::test_health_color_healthy ... ok
[INFO] [stdout] test display::tests::test_health_color_dead ... ok
[INFO] [stdout] test display::tests::test_health_color_warning ... ok
[INFO] [stdout] test display::tests::test_is_stale_dead ... ok
[INFO] [stdout] test display::tests::test_is_stale_healthy ... ok
[INFO] [stdout] test golang::tests::test_go_mod_to_github_not_github ... ok
[INFO] [stdout] test golang::tests::test_go_mod_to_github_simple ... ok
[INFO] [stdout] test display::tests::test_health_color_hijack ... ok
[INFO] [stdout] test display::tests::test_health_color_inactive ... ok
[INFO] [stdout] test display::tests::test_health_color_unknown ... ok
[INFO] [stdout] test display::tests::test_is_stale_hijack ... ok
[INFO] [stdout] test display::tests::test_is_stale_warning ... ok
[INFO] [stdout] test golang::tests::test_get_go_hijack_too_short ... ok
[INFO] [stdout] test golang::tests::test_parse_go_mod_single_require ... ok
[INFO] [stdout] test diff::tests::test_git_show_current_head ... FAILED
[INFO] [stdout] test golang::tests::test_go_mod_to_github_too_short ... ok
[INFO] [stdout] test npm::tests::test_extract_npm_deps_empty ... ok
[INFO] [stdout] test golang::tests::test_parse_go_mod_empty ... ok
[INFO] [stdout] test display::tests::test_is_stale_inactive ... ok
[INFO] [stdout] test display::tests::test_is_stale_invalid ... ok
[INFO] [stdout] test display::tests::test_is_stale_unknown ... ok
[INFO] [stdout] test golang::tests::test_get_go_hijack_non_github ... ok
[INFO] [stdout] test npm::tests::test_extract_npm_deps_v1_format ... ok
[INFO] [stdout] test npm::tests::test_extract_npm_deps_v3_format ... ok
[INFO] [stdout] test osv::tests::test_osv_ecosystem_supported ... ok
[INFO] [stdout] test diff::tests::test_git_show_nonexistent_path ... FAILED
[INFO] [stdout] test osv::tests::test_parse_osv_response_cvss_severity ... ok
[INFO] [stdout] test golang::tests::test_go_mod_to_github_with_subpackage ... ok
[INFO] [stdout] test golang::tests::test_parse_go_mod_indirect ... ok
[INFO] [stdout] test osv::tests::test_parse_osv_response_empty ... ok
[INFO] [stdout] test diff::tests::test_git_show_invalid_ref ... FAILED
[INFO] [stdout] test golang::tests::test_parse_go_mod_require_block ... ok
[INFO] [stdout] test pypi::tests::test_extract_github_url_from_home_page ... ok
[INFO] [stdout] test pypi::tests::test_extract_github_url_from_project_urls ... ok
[INFO] [stdout] test pypi::tests::test_extract_github_url_none ... ok
[INFO] [stdout] test osv::tests::test_parse_osv_response_invalid_json ... ok
[INFO] [stdout] test sbom::tests::test_purl_for ... ok
[INFO] [stdout] test osv::tests::test_parse_osv_response_with_vulns ... ok
[INFO] [stdout] test pypi::tests::test_extract_github_url_project_urls_preferred ... ok
[INFO] [stdout] test osv::tests::test_osv_ecosystem_unsupported ... ok
[INFO] [stdout] test osv::tests::test_parse_osv_response_no_vulns ... ok
[INFO] [stdout] test pypi::tests::test_extract_github_url_not_github ... ok
[INFO] [stdout] test sbom_diff::tests::test_compute_diff_changed_component ... ok
[INFO] [stdout] test sbom_diff::tests::test_compute_diff_all_types ... ok
[INFO] [stdout] test sbom_diff::tests::test_compute_diff_removed_component ... ok
[INFO] [stdout] test sbom_diff::tests::test_compute_diff_resolved_vuln ... ok
[INFO] [stdout] test sbom_diff::tests::test_health_emoji_mapping ... ok
[INFO] [stdout] test sbom_diff::tests::test_parse_file_invalid_json ... ok
[INFO] [stdout] test sbom::tests::test_empty_packages_produces_valid_sbom ... ok
[INFO] [stdout] test sbom_diff::tests::test_compute_diff_added_component ... ok
[INFO] [stdout] test sbom::tests::test_purl_escaping ... ok
[INFO] [stdout] test sbom::tests::test_render_produces_valid_json ... ok
[INFO] [stdout] test types::tests::test_health_to_string_hijack ... ok
[INFO] [stdout] test sbom_diff::tests::test_extract_property_found ... ok
[INFO] [stdout] test sbom_diff::tests::test_extract_property_missing ... ok
[INFO] [stdout] test sbom_diff::tests::test_compute_diff_same_purl_different_version ... ok
[INFO] [stdout] test types::tests::test_summary_new ... ok
[INFO] [stdout] test types::tests::test_health_to_string_unknown ... ok
[INFO] [stdout] test sbom_diff::tests::test_compute_diff_new_vuln ... ok
[INFO] [stdout] test types::tests::test_health_to_string_warning ... ok
[INFO] [stdout] test types::tests::test_health_to_string_fallback ... ok
[INFO] [stdout] test types::tests::test_health_to_string_inactive ... ok
[INFO] [stdout] test types::tests::test_vuln_info_serialize ... ok
[INFO] [stdout] test types::tests::test_health_to_string_healthy ... ok
[INFO] [stdout] test sbom_diff::tests::test_compute_diff_no_changes ... ok
[INFO] [stdout] test sbom_diff::tests::test_parse_file_missing_vulnerabilities ... ok
[INFO] [stdout] test sbom_diff::tests::test_parse_file_missing_file ... ok
[INFO] [stdout] test types::tests::test_health_to_string_dead ... ok
[INFO] [stdout] test sbom_diff::tests::test_parse_file_valid_sbom ... ok
[INFO] [stderr] error: test failed, to rerun pass `--bin gravedigger`
[INFO] [stdout] test diff::tests::test_compute_diff_removed ... ok
[INFO] [stdout] test npm::tests::test_extract_npm_deps_nested_not_deduped ... ok
[INFO] [stdout] 
[INFO] [stdout] failures:
[INFO] [stdout] 
[INFO] [stdout] ---- diff::tests::test_git_show_current_head stdout ----
[INFO] [stdout] 
[INFO] [stdout] thread 'diff::tests::test_git_show_current_head' (1576) panicked at src/diff.rs:498:17:
[INFO] [stdout] assertion failed: e.contains("does not exist") || e.contains("not found")
[INFO] [stdout] stack backtrace:
[INFO] [stdout]    0:     0x5c78ed3f60a1 - <<std[617be2ca0a6fd877]::sys::backtrace::BacktraceLock>::print::DisplayBacktrace as core[a373ad73a504971]::fmt::Display>::fmt
[INFO] [stdout]    1:     0x5c78ed40acfa - core[a373ad73a504971]::fmt::write
[INFO] [stdout]    2:     0x5c78ed3fa2bc - <alloc[2e1b2a31b91974c5]::vec::Vec<u8> as core[a373ad73a504971]::io::write::Write>::write_fmt
[INFO] [stdout]    3:     0x5c78ed3d1de6 - std[617be2ca0a6fd877]::panicking::default_hook::{closure#0}
[INFO] [stdout]    4:     0x5c78ed3ee119 - std[617be2ca0a6fd877]::panicking::default_hook
[INFO] [stdout]    5:     0x5c78ed389170 - test[aada8e7e76ba119b]::test_main_inner::{closure#0}
[INFO] [stdout]    6:     0x5c78ed3ee2d2 - std[617be2ca0a6fd877]::panicking::panic_with_hook
[INFO] [stdout]    7:     0x5c78ed3d1ec4 - std[617be2ca0a6fd877]::panicking::panic_handler::{closure#0}
[INFO] [stdout]    8:     0x5c78ed3ca969 - std[617be2ca0a6fd877]::sys::backtrace::__rust_end_short_backtrace::<std[617be2ca0a6fd877]::panicking::panic_handler::{closure#0}, !>
[INFO] [stdout]    9:     0x5c78ed3d2a9d - __rustc[ea4f61d10b84890b]::rust_begin_unwind
[INFO] [stdout]   10:     0x5c78ed40b42c - core[a373ad73a504971]::panicking::panic_fmt
[INFO] [stdout]   11:     0x5c78ed40b3f2 - core[a373ad73a504971]::panicking::panic
[INFO] [stdout]   12:     0x5c78ed352236 - <gravedigger[2d434fde161ec23e]::diff::tests::test_git_show_current_head::{closure#0} as core[a373ad73a504971]::ops::function::FnOnce<()>>::call_once
[INFO] [stdout]   13:     0x5c78ed37c5bb - test[aada8e7e76ba119b]::__rust_begin_short_backtrace::<core[a373ad73a504971]::result::Result<(), alloc[2e1b2a31b91974c5]::string::String>, fn() -> core[a373ad73a504971]::result::Result<(), alloc[2e1b2a31b91974c5]::string::String>>
[INFO] [stdout]   14:     0x5c78ed389795 - test[aada8e7e76ba119b]::run_test::{closure#0}
[INFO] [stdout]   15:     0x5c78ed383084 - std[617be2ca0a6fd877]::sys::backtrace::__rust_begin_short_backtrace::<test[aada8e7e76ba119b]::run_test::{closure#1}, ()>
[INFO] [stdout]   16:     0x5c78ed38c822 - <std[617be2ca0a6fd877]::thread::lifecycle::spawn_unchecked<test[aada8e7e76ba119b]::run_test::{closure#1}, ()>::{closure#1} as core[a373ad73a504971]::ops::function::FnOnce<()>>::call_once::{shim:vtable#0}
[INFO] [stdout]   17:     0x5c78ed3f53bf - <std[617be2ca0a6fd877]::sys::thread::unix::Thread>::new::thread_start
[INFO] [stdout]   18:     0x74d2a77e9dfa - <unknown>
[INFO] [stdout]   19:     0x74d2a787d3d4 - clone
[INFO] [stdout]   20:                0x0 - <unknown>
[INFO] [stdout] 
[INFO] [stdout] ---- diff::tests::test_git_show_nonexistent_path stdout ----
[INFO] [stdout] 
[INFO] [stdout] thread 'diff::tests::test_git_show_nonexistent_path' (1578) panicked at src/diff.rs:507:9:
[INFO] [stdout] assertion failed: result.unwrap_err().contains("does not exist")
[INFO] [stdout] stack backtrace:
[INFO] [stdout]    0:     0x5c78ed3f60a1 - <<std[617be2ca0a6fd877]::sys::backtrace::BacktraceLock>::print::DisplayBacktrace as core[a373ad73a504971]::fmt::Display>::fmt
[INFO] [stdout]    1:     0x5c78ed40acfa - core[a373ad73a504971]::fmt::write
[INFO] [stdout]    2:     0x5c78ed3fa2bc - <alloc[2e1b2a31b91974c5]::vec::Vec<u8> as core[a373ad73a504971]::io::write::Write>::write_fmt
[INFO] [stdout]    3:     0x5c78ed3d1de6 - std[617be2ca0a6fd877]::panicking::default_hook::{closure#0}
[INFO] [stdout]    4:     0x5c78ed3ee119 - std[617be2ca0a6fd877]::panicking::default_hook
[INFO] [stdout]    5:     0x5c78ed389170 - test[aada8e7e76ba119b]::test_main_inner::{closure#0}
[INFO] [stdout]    6:     0x5c78ed3ee2d2 - std[617be2ca0a6fd877]::panicking::panic_with_hook
[INFO] [stdout]    7:     0x5c78ed3d1ec4 - std[617be2ca0a6fd877]::panicking::panic_handler::{closure#0}
[INFO] [stdout]    8:     0x5c78ed3ca969 - std[617be2ca0a6fd877]::sys::backtrace::__rust_end_short_backtrace::<std[617be2ca0a6fd877]::panicking::panic_handler::{closure#0}, !>
[INFO] [stdout]    9:     0x5c78ed3d2a9d - __rustc[ea4f61d10b84890b]::rust_begin_unwind
[INFO] [stdout]   10:     0x5c78ed40b42c - core[a373ad73a504971]::panicking::panic_fmt
[INFO] [stdout]   11:     0x5c78ed40b3f2 - core[a373ad73a504971]::panicking::panic
[INFO] [stdout]   12:     0x5c78ed352743 - <gravedigger[2d434fde161ec23e]::diff::tests::test_git_show_nonexistent_path::{closure#0} as core[a373ad73a504971]::ops::function::FnOnce<()>>::call_once
[INFO] [stdout]   13:     0x5c78ed37c5bb - test[aada8e7e76ba119b]::__rust_begin_short_backtrace::<core[a373ad73a504971]::result::Result<(), alloc[2e1b2a31b91974c5]::string::String>, fn() -> core[a373ad73a504971]::result::Result<(), alloc[2e1b2a31b91974c5]::string::String>>
[INFO] [stdout]   14:     0x5c78ed389795 - test[aada8e7e76ba119b]::run_test::{closure#0}
[INFO] [stdout]   15:     0x5c78ed383084 - std[617be2ca0a6fd877]::sys::backtrace::__rust_begin_short_backtrace::<test[aada8e7e76ba119b]::run_test::{closure#1}, ()>
[INFO] [stdout]   16:     0x5c78ed38c822 - <std[617be2ca0a6fd877]::thread::lifecycle::spawn_unchecked<test[aada8e7e76ba119b]::run_test::{closure#1}, ()>::{closure#1} as core[a373ad73a504971]::ops::function::FnOnce<()>>::call_once::{shim:vtable#0}
[INFO] [stdout]   17:     0x5c78ed3f53bf - <std[617be2ca0a6fd877]::sys::thread::unix::Thread>::new::thread_start
[INFO] [stdout]   18:     0x74d2a77e9dfa - <unknown>
[INFO] [stdout]   19:     0x74d2a787d3d4 - clone
[INFO] [stdout]   20:                0x0 - <unknown>
[INFO] [stdout] 
[INFO] [stdout] ---- diff::tests::test_git_show_invalid_ref stdout ----
[INFO] [stdout] 
[INFO] [stdout] thread 'diff::tests::test_git_show_invalid_ref' (1577) panicked at src/diff.rs:515:9:
[INFO] [stdout] expected error about ref not existing, got: git show failed: fatal: not a git repository (or any parent up to mount point /opt/rustwide)
[INFO] [stdout] Stopping at filesystem boundary (GIT_DISCOVERY_ACROSS_FILESYSTEM not set).
[INFO] [stdout] stack backtrace:
[INFO] [stdout]    0:     0x5c78ed3f60a1 - <<std[617be2ca0a6fd877]::sys::backtrace::BacktraceLock>::print::DisplayBacktrace as core[a373ad73a504971]::fmt::Display>::fmt
[INFO] [stdout]    1:     0x5c78ed40acfa - core[a373ad73a504971]::fmt::write
[INFO] [stdout]    2:     0x5c78ed3fa2bc - <alloc[2e1b2a31b91974c5]::vec::Vec<u8> as core[a373ad73a504971]::io::write::Write>::write_fmt
[INFO] [stdout]    3:     0x5c78ed3d1de6 - std[617be2ca0a6fd877]::panicking::default_hook::{closure#0}
[INFO] [stdout]    4:     0x5c78ed3ee119 - std[617be2ca0a6fd877]::panicking::default_hook
[INFO] [stdout]    5:     0x5c78ed389170 - test[aada8e7e76ba119b]::test_main_inner::{closure#0}
[INFO] [stdout]    6:     0x5c78ed3ee2d2 - std[617be2ca0a6fd877]::panicking::panic_with_hook
[INFO] [stdout]    7:     0x5c78ed3d1e92 - std[617be2ca0a6fd877]::panicking::panic_handler::{closure#0}
[INFO] [stdout]    8:     0x5c78ed3ca969 - std[617be2ca0a6fd877]::sys::backtrace::__rust_end_short_backtrace::<std[617be2ca0a6fd877]::panicking::panic_handler::{closure#0}, !>
[INFO] [stdout]    9:     0x5c78ed3d2a9d - __rustc[ea4f61d10b84890b]::rust_begin_unwind
[INFO] [stdout]   10:     0x5c78ed40b42c - core[a373ad73a504971]::panicking::panic_fmt
[INFO] [stdout]   11:     0x5c78ed351b85 - <gravedigger[2d434fde161ec23e]::diff::tests::test_git_show_invalid_ref::{closure#0} as core[a373ad73a504971]::ops::function::FnOnce<()>>::call_once
[INFO] [stdout]   12:     0x5c78ed37c5bb - test[aada8e7e76ba119b]::__rust_begin_short_backtrace::<core[a373ad73a504971]::result::Result<(), alloc[2e1b2a31b91974c5]::string::String>, fn() -> core[a373ad73a504971]::result::Result<(), alloc[2e1b2a31b91974c5]::string::String>>
[INFO] [stdout]   13:     0x5c78ed389795 - test[aada8e7e76ba119b]::run_test::{closure#0}
[INFO] [stdout]   14:     0x5c78ed383084 - std[617be2ca0a6fd877]::sys::backtrace::__rust_begin_short_backtrace::<test[aada8e7e76ba119b]::run_test::{closure#1}, ()>
[INFO] [stdout]   15:     0x5c78ed38c822 - <std[617be2ca0a6fd877]::thread::lifecycle::spawn_unchecked<test[aada8e7e76ba119b]::run_test::{closure#1}, ()>::{closure#1} as core[a373ad73a504971]::ops::function::FnOnce<()>>::call_once::{shim:vtable#0}
[INFO] [stdout]   16:     0x5c78ed3f53bf - <std[617be2ca0a6fd877]::sys::thread::unix::Thread>::new::thread_start
[INFO] [stdout]   17:     0x74d2a77e9dfa - <unknown>
[INFO] [stdout]   18:     0x74d2a787d3d4 - clone
[INFO] [stdout]   19:                0x0 - <unknown>
[INFO] [stdout] 
[INFO] [stdout] 
[INFO] [stdout] failures:
[INFO] [stdout]     diff::tests::test_git_show_current_head
[INFO] [stdout]     diff::tests::test_git_show_invalid_ref
[INFO] [stdout]     diff::tests::test_git_show_nonexistent_path
[INFO] [stdout] 
[INFO] [stdout] test result: FAILED. 98 passed; 3 failed; 0 ignored; 0 measured; 0 filtered out; finished in 0.05s
[INFO] [stdout] 
[INFO] running `Command { std: "docker" "inspect" "a18d1a5673dd90c458e87bf7ad96713823c56cf96e8e232a3432180882bbc36e", kill_on_drop: false }`
[INFO] running `Command { std: "docker" "rm" "-f" "a18d1a5673dd90c458e87bf7ad96713823c56cf96e8e232a3432180882bbc36e", kill_on_drop: false }`
[INFO] [stdout] a18d1a5673dd90c458e87bf7ad96713823c56cf96e8e232a3432180882bbc36e
