[INFO] fetching crate grapho 0.1.2...
[INFO] testing grapho-0.1.2 against 1.100.0-beta.1+cargoflags=--release for beta-release-1.100-2
[INFO] extracting crate grapho 0.1.2 into /workspace/builds/worker-6-tc2/source
[INFO] started tweaking crates.io crate grapho 0.1.2
[INFO] finished tweaking crates.io crate grapho 0.1.2
[INFO] tweaked toml for crates.io crate grapho 0.1.2 written to /workspace/builds/worker-6-tc2/source/Cargo.toml
[INFO] validating manifest of crates.io crate grapho 0.1.2 on toolchain 1.100.0-beta.1
[INFO] running `Command { std: CARGO_HOME="/workspace/cargo-home" RUSTUP_HOME="/workspace/rustup-home" "/workspace/cargo-home/bin/cargo" "+1.100.0-beta.1" "metadata" "--manifest-path" "Cargo.toml" "--no-deps", kill_on_drop: false }`
[INFO] crate crates.io crate grapho 0.1.2 already has a lockfile, it will not be regenerated
[INFO] running `Command { std: CARGO_HOME="/workspace/cargo-home" RUSTUP_HOME="/workspace/rustup-home" "/workspace/cargo-home/bin/cargo" "+1.100.0-beta.1" "fetch" "--manifest-path" "Cargo.toml", kill_on_drop: false }`
[INFO] running `Command { std: "docker" "create" "-v" "/var/lib/crater-agent-workspace/builds/worker-6-tc2/source:/opt/rustwide/workdir:ro,Z" "-v" "/var/lib/crater-agent-workspace/builds/worker-6-tc2/target:/opt/rustwide/target:rw,Z" "-v" "/var/lib/crater-agent-workspace/cargo-home:/opt/rustwide/cargo-home:ro,Z" "-v" "/var/lib/crater-agent-workspace/rustup-home:/opt/rustwide/rustup-home:ro,Z" "-m" "1610612736" "--network" "none" "ghcr.io/rust-lang/crates-build-env/linux@sha256:77db811e55d90add9212f6832c23229e3de5f1c1f9905e8cb07319ea15df73ac" "sleep" "infinity", kill_on_drop: false }`
[INFO] [stdout] e2fe7920a2d2671a52c262ee4777acd77ba64b07e30bef27d282c5032fb3964b
[INFO] running `Command { std: "docker" "start" "e2fe7920a2d2671a52c262ee4777acd77ba64b07e30bef27d282c5032fb3964b", kill_on_drop: false }`
[INFO] running `Command { std: "docker" "inspect" "e2fe7920a2d2671a52c262ee4777acd77ba64b07e30bef27d282c5032fb3964b", kill_on_drop: false }`
[INFO] running `Command { std: "docker" "exec" "-e" "SOURCE_DIR=/opt/rustwide/workdir" "-e" "CARGO_HOME=/opt/rustwide/cargo-home" "-e" "RUSTUP_HOME=/opt/rustwide/rustup-home" "-e" "CARGO_TARGET_DIR=/opt/rustwide/target" "-w" "/opt/rustwide/workdir" "--user" "0:0" "e2fe7920a2d2671a52c262ee4777acd77ba64b07e30bef27d282c5032fb3964b" "/opt/rustwide/cargo-home/bin/cargo" "+1.100.0-beta.1" "metadata" "--no-deps" "--format-version=1", kill_on_drop: false }`
[INFO] running `Command { std: "docker" "inspect" "e2fe7920a2d2671a52c262ee4777acd77ba64b07e30bef27d282c5032fb3964b", kill_on_drop: false }`
[INFO] running `Command { std: "docker" "exec" "-e" "SOURCE_DIR=/opt/rustwide/workdir" "-e" "CARGO_HOME=/opt/rustwide/cargo-home" "-e" "RUSTUP_HOME=/opt/rustwide/rustup-home" "-e" "CARGO_TARGET_DIR=/opt/rustwide/target" "-e" "CARGO_INCREMENTAL=0" "-e" "RUST_BACKTRACE=full" "-e" "RUSTFLAGS=--cap-lints=warn" "-e" "RUSTDOCFLAGS=--cap-lints=warn" "-w" "/opt/rustwide/workdir" "--user" "0:0" "e2fe7920a2d2671a52c262ee4777acd77ba64b07e30bef27d282c5032fb3964b" "/opt/rustwide/cargo-home/bin/cargo" "+1.100.0-beta.1" "build" "--frozen" "--message-format=json" "--release", kill_on_drop: false }`
[INFO] [stderr]    Compiling quote v1.0.44
[INFO] [stderr]    Compiling libc v0.2.182
[INFO] [stderr]    Compiling utf8parse v0.2.2
[INFO] [stderr]    Compiling serde_core v1.0.228
[INFO] [stderr]    Compiling anstyle-query v1.1.5
[INFO] [stderr]    Compiling anstyle v1.0.13
[INFO] [stderr]    Compiling is_terminal_polyfill v1.70.2
[INFO] [stderr]    Compiling colorchoice v1.0.4
[INFO] [stderr]    Compiling strsim v0.11.1
[INFO] [stderr]    Compiling clap_lex v1.0.0
[INFO] [stderr]    Compiling owo-colors v4.3.0
[INFO] [stderr]    Compiling zmij v1.0.21
[INFO] [stderr]    Compiling option-ext v0.2.0
[INFO] [stderr]    Compiling serde_json v1.0.149
[INFO] [stderr]    Compiling num-traits v0.2.19
[INFO] [stderr]    Compiling serde v1.0.228
[INFO] [stderr]    Compiling anyhow v1.0.102
[INFO] [stderr]    Compiling iana-time-zone v0.1.65
[INFO] [stderr]    Compiling memchr v2.8.0
[INFO] [stderr]    Compiling anstyle-parse v0.2.7
[INFO] [stderr]    Compiling itoa v1.0.17
[INFO] [stderr]    Compiling anstream v0.6.21
[INFO] [stderr]    Compiling syn v2.0.117
[INFO] [stderr]    Compiling clap_builder v4.5.60
[INFO] [stderr]    Compiling chrono v0.4.44
[INFO] [stderr]    Compiling dirs-sys v0.5.0
[INFO] [stderr]    Compiling dirs v6.0.0
[INFO] [stderr]    Compiling clap_derive v4.5.55
[INFO] [stderr]    Compiling serde_derive v1.0.228
[INFO] [stderr]    Compiling clap v4.5.60
[INFO] [stderr]    Compiling grapho v0.1.2 (/opt/rustwide/workdir)
[INFO] [stderr]     Finished `release` profile [optimized] target(s) in 25.49s
[INFO] running `Command { std: "docker" "inspect" "e2fe7920a2d2671a52c262ee4777acd77ba64b07e30bef27d282c5032fb3964b", kill_on_drop: false }`
[INFO] running `Command { std: "docker" "exec" "-e" "SOURCE_DIR=/opt/rustwide/workdir" "-e" "CARGO_HOME=/opt/rustwide/cargo-home" "-e" "RUSTUP_HOME=/opt/rustwide/rustup-home" "-e" "CARGO_TARGET_DIR=/opt/rustwide/target" "-e" "CARGO_INCREMENTAL=0" "-e" "RUST_BACKTRACE=full" "-e" "RUSTFLAGS=--cap-lints=warn" "-e" "RUSTDOCFLAGS=--cap-lints=warn" "-w" "/opt/rustwide/workdir" "--user" "0:0" "e2fe7920a2d2671a52c262ee4777acd77ba64b07e30bef27d282c5032fb3964b" "/opt/rustwide/cargo-home/bin/cargo" "+1.100.0-beta.1" "test" "--frozen" "--no-run" "--message-format=json" "--release", kill_on_drop: false }`
[INFO] [stderr]    Compiling utf8parse v0.2.2
[INFO] [stderr]    Compiling anstyle v1.0.13
[INFO] [stderr]    Compiling is_terminal_polyfill v1.70.2
[INFO] [stderr]    Compiling colorchoice v1.0.4
[INFO] [stderr]    Compiling anstyle-query v1.1.5
[INFO] [stderr]    Compiling clap_lex v1.0.0
[INFO] [stderr]    Compiling option-ext v0.2.0
[INFO] [stderr]    Compiling strsim v0.11.1
[INFO] [stderr]    Compiling serde_core v1.0.228
[INFO] [stderr]    Compiling libc v0.2.182
[INFO] [stderr]    Compiling zmij v1.0.21
[INFO] [stderr]    Compiling memchr v2.8.0
[INFO] [stderr]    Compiling itoa v1.0.17
[INFO] [stderr]    Compiling num-traits v0.2.19
[INFO] [stderr]    Compiling iana-time-zone v0.1.65
[INFO] [stderr]    Compiling anyhow v1.0.102
[INFO] [stderr]    Compiling anstyle-parse v0.2.7
[INFO] [stderr]    Compiling owo-colors v4.3.0
[INFO] [stderr]    Compiling anstream v0.6.21
[INFO] [stderr]    Compiling clap_builder v4.5.60
[INFO] [stderr]    Compiling chrono v0.4.44
[INFO] [stderr]    Compiling dirs-sys v0.5.0
[INFO] [stderr]    Compiling dirs v6.0.0
[INFO] [stderr]    Compiling clap v4.5.60
[INFO] [stderr]    Compiling serde_json v1.0.149
[INFO] [stderr]    Compiling serde v1.0.228
[INFO] [stderr]    Compiling grapho v0.1.2 (/opt/rustwide/workdir)
[INFO] [stderr]     Finished `release` profile [optimized] target(s) in 19.91s
[INFO] running `Command { std: "docker" "inspect" "e2fe7920a2d2671a52c262ee4777acd77ba64b07e30bef27d282c5032fb3964b", kill_on_drop: false }`
[INFO] running `Command { std: "docker" "exec" "-e" "SOURCE_DIR=/opt/rustwide/workdir" "-e" "CARGO_HOME=/opt/rustwide/cargo-home" "-e" "RUSTUP_HOME=/opt/rustwide/rustup-home" "-e" "CARGO_TARGET_DIR=/opt/rustwide/target" "-e" "CARGO_INCREMENTAL=0" "-e" "RUST_BACKTRACE=full" "-e" "RUSTFLAGS=--cap-lints=warn" "-e" "RUSTDOCFLAGS=--cap-lints=warn" "-w" "/opt/rustwide/workdir" "--user" "0:0" "e2fe7920a2d2671a52c262ee4777acd77ba64b07e30bef27d282c5032fb3964b" "/opt/rustwide/cargo-home/bin/cargo" "+1.100.0-beta.1" "test" "--frozen" "--release", kill_on_drop: false }`
[INFO] [stderr]     Finished `release` profile [optimized] target(s) in 0.08s
[INFO] [stderr]      Running unittests src/main.rs (/opt/rustwide/target/release/build/grapho/f1d0487c91ce7f9b/out/grapho-f1d0487c91ce7f9b)
[INFO] [stdout] 
[INFO] [stdout] running 1 test
[INFO] [stdout] test parse::tests::round_trip_actual_memory_file_is_identical ... FAILED
[INFO] [stderr] error: test failed, to rerun pass `--bin grapho`
[INFO] [stdout] 
[INFO] [stdout] failures:
[INFO] [stdout] 
[INFO] [stdout] ---- parse::tests::round_trip_actual_memory_file_is_identical stdout ----
[INFO] [stdout] 
[INFO] [stdout] thread 'parse::tests::round_trip_actual_memory_file_is_identical' (809) panicked at src/parse.rs:146:9:
[INFO] [stdout] expected MEMORY.md to exist at /root/.claude/projects/-Users-terry/memory/MEMORY.md
[INFO] [stdout] stack backtrace:
[INFO] [stdout]    0:     0x59502369d895 - <unknown>
[INFO] [stdout]    1:     0x595023687264 - <unknown>
[INFO] [stdout]    2:     0x59502369cf3b - <unknown>
[INFO] [stdout]    3:     0x59502369cb39 - <unknown>
[INFO] [stdout]    4:     0x59502369c7ba - <unknown>
[INFO] [stdout]    5:     0x59502369c2eb - <unknown>
[INFO] [stdout]    6:     0x5950236c2151 - <unknown>
[INFO] [stdout]    7:     0x5950236c2109 - <unknown>
[INFO] [stdout]    8:     0x5950236c25fc - <unknown>
[INFO] [stdout]    9:     0x5950236870fb - <unknown>
[INFO] [stdout]   10:     0x595023684161 - <unknown>
[INFO] [stdout]   11:     0x5950236d9eeb - <unknown>
[INFO] [stdout]   12:     0x5950236d55c2 - <unknown>
[INFO] [stdout]   13:     0x5950236d506c - <unknown>
[INFO] [stdout]   14:     0x5950236f3dcc - <unknown>
[INFO] [stdout]   15:     0x5950236c3d18 - <unknown>
[INFO] [stdout]   16:     0x76dd8e4ccdfa - <unknown>
[INFO] [stdout]   17:     0x76dd8e5603d4 - clone
[INFO] [stdout]   18:                0x0 - <unknown>
[INFO] [stdout] 
[INFO] [stdout] 
[INFO] [stdout] failures:
[INFO] [stdout]     parse::tests::round_trip_actual_memory_file_is_identical
[INFO] [stdout] 
[INFO] [stdout] test result: FAILED. 0 passed; 1 failed; 0 ignored; 0 measured; 0 filtered out; finished in 0.00s
[INFO] [stdout] 
[INFO] running `Command { std: "docker" "inspect" "e2fe7920a2d2671a52c262ee4777acd77ba64b07e30bef27d282c5032fb3964b", kill_on_drop: false }`
[INFO] running `Command { std: "docker" "rm" "-f" "e2fe7920a2d2671a52c262ee4777acd77ba64b07e30bef27d282c5032fb3964b", kill_on_drop: false }`
[INFO] [stdout] e2fe7920a2d2671a52c262ee4777acd77ba64b07e30bef27d282c5032fb3964b
