[INFO] fetching crate graphgarden-core 0.2.0...
[INFO] testing graphgarden-core-0.2.0 against 1.99.0-beta.8+cargoflags=--release for beta-release-1.100-2
[INFO] extracting crate graphgarden-core 0.2.0 into /workspace/builds/worker-7-tc1/source
[INFO] started tweaking crates.io crate graphgarden-core 0.2.0
[INFO] finished tweaking crates.io crate graphgarden-core 0.2.0
[INFO] tweaked toml for crates.io crate graphgarden-core 0.2.0 written to /workspace/builds/worker-7-tc1/source/Cargo.toml
[INFO] validating manifest of crates.io crate graphgarden-core 0.2.0 on toolchain 1.99.0-beta.8
[INFO] running `Command { std: CARGO_HOME="/workspace/cargo-home" RUSTUP_HOME="/workspace/rustup-home" "/workspace/cargo-home/bin/cargo" "+1.99.0-beta.8" "metadata" "--manifest-path" "Cargo.toml" "--no-deps", kill_on_drop: false }`
[INFO] crate crates.io crate graphgarden-core 0.2.0 already has a lockfile, it will not be regenerated
[INFO] running `Command { std: CARGO_HOME="/workspace/cargo-home" RUSTUP_HOME="/workspace/rustup-home" "/workspace/cargo-home/bin/cargo" "+1.99.0-beta.8" "fetch" "--manifest-path" "Cargo.toml", kill_on_drop: false }`
[INFO] [stderr]     Updating crates.io index
[INFO] [stderr]  Downloading crates ...
[INFO] [stderr]   Downloaded graphgarden-protocol v0.2.0
[INFO] [stderr]   Downloaded lol_html v2.7.2
[INFO] running `Command { std: "docker" "create" "-v" "/var/lib/crater-agent-workspace/builds/worker-7-tc1/source:/opt/rustwide/workdir:ro,Z" "-v" "/var/lib/crater-agent-workspace/builds/worker-7-tc1/target:/opt/rustwide/target:rw,Z" "-v" "/var/lib/crater-agent-workspace/cargo-home:/opt/rustwide/cargo-home:ro,Z" "-v" "/var/lib/crater-agent-workspace/rustup-home:/opt/rustwide/rustup-home:ro,Z" "-m" "1610612736" "--network" "none" "ghcr.io/rust-lang/crates-build-env/linux@sha256:77db811e55d90add9212f6832c23229e3de5f1c1f9905e8cb07319ea15df73ac" "sleep" "infinity", kill_on_drop: false }`
[INFO] [stdout] 24b84c4154ec0b47df80c380022b6f821802eb55c2d6632d9c285fe217127804
[INFO] running `Command { std: "docker" "start" "24b84c4154ec0b47df80c380022b6f821802eb55c2d6632d9c285fe217127804", kill_on_drop: false }`
[INFO] running `Command { std: "docker" "inspect" "24b84c4154ec0b47df80c380022b6f821802eb55c2d6632d9c285fe217127804", kill_on_drop: false }`
[INFO] running `Command { std: "docker" "exec" "-e" "SOURCE_DIR=/opt/rustwide/workdir" "-e" "CARGO_HOME=/opt/rustwide/cargo-home" "-e" "RUSTUP_HOME=/opt/rustwide/rustup-home" "-e" "CARGO_TARGET_DIR=/opt/rustwide/target" "-w" "/opt/rustwide/workdir" "--user" "0:0" "24b84c4154ec0b47df80c380022b6f821802eb55c2d6632d9c285fe217127804" "/opt/rustwide/cargo-home/bin/cargo" "+1.99.0-beta.8" "metadata" "--no-deps" "--format-version=1", kill_on_drop: false }`
[INFO] running `Command { std: "docker" "inspect" "24b84c4154ec0b47df80c380022b6f821802eb55c2d6632d9c285fe217127804", kill_on_drop: false }`
[INFO] running `Command { std: "docker" "exec" "-e" "SOURCE_DIR=/opt/rustwide/workdir" "-e" "CARGO_HOME=/opt/rustwide/cargo-home" "-e" "RUSTUP_HOME=/opt/rustwide/rustup-home" "-e" "CARGO_TARGET_DIR=/opt/rustwide/target" "-e" "CARGO_INCREMENTAL=0" "-e" "RUST_BACKTRACE=full" "-e" "RUSTFLAGS=--cap-lints=warn" "-e" "RUSTDOCFLAGS=--cap-lints=warn" "-w" "/opt/rustwide/workdir" "--user" "0:0" "24b84c4154ec0b47df80c380022b6f821802eb55c2d6632d9c285fe217127804" "/opt/rustwide/cargo-home/bin/cargo" "+1.99.0-beta.8" "build" "--frozen" "--message-format=json" "--release", kill_on_drop: false }`
[INFO] [stderr]    Compiling stable_deref_trait v1.2.1
[INFO] [stderr]    Compiling siphasher v1.0.2
[INFO] [stderr]    Compiling fastrand v2.3.0
[INFO] [stderr]    Compiling dtoa v1.0.11
[INFO] [stderr]    Compiling phf_shared v0.13.1
[INFO] [stderr]    Compiling aho-corasick v1.1.4
[INFO] [stderr]    Compiling rustc-hash v2.1.1
[INFO] [stderr]    Compiling syn v2.0.117
[INFO] [stderr]    Compiling indexmap v2.13.0
[INFO] [stderr]    Compiling winnow v0.7.14
[INFO] [stderr]    Compiling precomputed-hash v0.1.1
[INFO] [stderr]    Compiling new_debug_unreachable v1.0.6
[INFO] [stderr]    Compiling bstr v1.12.1
[INFO] [stderr]    Compiling serde_json v1.0.149
[INFO] [stderr]    Compiling jiff v0.2.21
[INFO] [stderr]    Compiling graphgarden-protocol v0.2.0
[INFO] [stderr]    Compiling servo_arc v0.4.3
[INFO] [stderr]    Compiling dtoa-short v0.3.5
[INFO] [stderr]    Compiling phf_generator v0.13.1
[INFO] [stderr]    Compiling phf_codegen v0.13.1
[INFO] [stderr]    Compiling selectors v0.33.0
[INFO] [stderr]    Compiling regex-automata v0.4.14
[INFO] [stderr]    Compiling synstructure v0.13.2
[INFO] [stderr]    Compiling zerofrom-derive v0.1.6
[INFO] [stderr]    Compiling yoke-derive v0.8.1
[INFO] [stderr]    Compiling zerovec-derive v0.11.2
[INFO] [stderr]    Compiling displaydoc v0.2.5
[INFO] [stderr]    Compiling serde_derive v1.0.228
[INFO] [stderr]    Compiling phf_macros v0.13.1
[INFO] [stderr]    Compiling derive_more-impl v2.1.1
[INFO] [stderr]    Compiling cssparser-macros v0.6.1
[INFO] [stderr]    Compiling thiserror-impl v2.0.18
[INFO] [stderr]    Compiling phf v0.13.1
[INFO] [stderr]    Compiling cssparser v0.36.0
[INFO] [stderr]    Compiling globset v0.4.18
[INFO] [stderr]    Compiling zerofrom v0.1.6
[INFO] [stderr]    Compiling yoke v0.8.1
[INFO] [stderr]    Compiling derive_more v2.1.1
[INFO] [stderr]    Compiling zerotrie v0.2.3
[INFO] [stderr]    Compiling zerovec v0.11.5
[INFO] [stderr]    Compiling thiserror v2.0.18
[INFO] [stderr]    Compiling serde v1.0.228
[INFO] [stderr]    Compiling tinystr v0.8.2
[INFO] [stderr]    Compiling potential_utf v0.1.4
[INFO] [stderr]    Compiling icu_collections v2.1.1
[INFO] [stderr]    Compiling icu_locale_core v2.1.1
[INFO] [stderr]    Compiling toml_datetime v0.6.11
[INFO] [stderr]    Compiling serde_spanned v0.6.9
[INFO] [stderr]    Compiling toml_edit v0.22.27
[INFO] [stderr]    Compiling icu_provider v2.1.1
[INFO] [stderr]    Compiling icu_normalizer v2.1.1
[INFO] [stderr]    Compiling icu_properties v2.1.2
[INFO] [stderr]    Compiling lol_html v2.7.2
[INFO] [stderr]    Compiling idna_adapter v1.2.1
[INFO] [stderr]    Compiling idna v1.1.0
[INFO] [stderr]    Compiling toml v0.8.23
[INFO] [stderr]    Compiling url v2.5.8
[INFO] [stderr]    Compiling graphgarden-core v0.2.0 (/opt/rustwide/workdir)
[INFO] [stderr]     Finished `release` profile [optimized] target(s) in 33.85s
[INFO] running `Command { std: "docker" "inspect" "24b84c4154ec0b47df80c380022b6f821802eb55c2d6632d9c285fe217127804", kill_on_drop: false }`
[INFO] running `Command { std: "docker" "exec" "-e" "SOURCE_DIR=/opt/rustwide/workdir" "-e" "CARGO_HOME=/opt/rustwide/cargo-home" "-e" "RUSTUP_HOME=/opt/rustwide/rustup-home" "-e" "CARGO_TARGET_DIR=/opt/rustwide/target" "-e" "CARGO_INCREMENTAL=0" "-e" "RUST_BACKTRACE=full" "-e" "RUSTFLAGS=--cap-lints=warn" "-e" "RUSTDOCFLAGS=--cap-lints=warn" "-w" "/opt/rustwide/workdir" "--user" "0:0" "24b84c4154ec0b47df80c380022b6f821802eb55c2d6632d9c285fe217127804" "/opt/rustwide/cargo-home/bin/cargo" "+1.99.0-beta.8" "test" "--frozen" "--no-run" "--message-format=json" "--release", kill_on_drop: false }`
[INFO] [stderr]    Compiling libc v0.2.182
[INFO] [stderr]    Compiling getrandom v0.4.1
[INFO] [stderr]    Compiling rustix v1.1.4
[INFO] [stderr]    Compiling selectors v0.33.0
[INFO] [stderr]    Compiling lol_html v2.7.2
[INFO] [stderr]    Compiling tempfile v3.26.0
[INFO] [stderr]    Compiling graphgarden-core v0.2.0 (/opt/rustwide/workdir)
[INFO] [stderr]     Finished `release` profile [optimized] target(s) in 16.31s
[INFO] running `Command { std: "docker" "inspect" "24b84c4154ec0b47df80c380022b6f821802eb55c2d6632d9c285fe217127804", kill_on_drop: false }`
[INFO] running `Command { std: "docker" "exec" "-e" "SOURCE_DIR=/opt/rustwide/workdir" "-e" "CARGO_HOME=/opt/rustwide/cargo-home" "-e" "RUSTUP_HOME=/opt/rustwide/rustup-home" "-e" "CARGO_TARGET_DIR=/opt/rustwide/target" "-e" "CARGO_INCREMENTAL=0" "-e" "RUST_BACKTRACE=full" "-e" "RUSTFLAGS=--cap-lints=warn" "-e" "RUSTDOCFLAGS=--cap-lints=warn" "-w" "/opt/rustwide/workdir" "--user" "0:0" "24b84c4154ec0b47df80c380022b6f821802eb55c2d6632d9c285fe217127804" "/opt/rustwide/cargo-home/bin/cargo" "+1.99.0-beta.8" "test" "--frozen" "--release", kill_on_drop: false }`
[INFO] [stderr]     Finished `release` profile [optimized] target(s) in 0.16s
[INFO] [stderr]      Running unittests src/lib.rs (/opt/rustwide/target/release/deps/graphgarden_core-e7866c60c5f42db2)
[INFO] [stdout] 
[INFO] [stdout] running 47 tests
[INFO] [stdout] test build::tests::file_path_to_url_converts_nested_index ... ok
[INFO] [stdout] test config::tests::parse_full_config ... ok
[INFO] [stdout] test config::tests::parse_missing_base_url_errors ... ok
[INFO] [stdout] test build::tests::build_skips_non_html_files ... ok
[INFO] [stdout] test config::tests::parse_minimal_config_applies_defaults ... ok
[INFO] [stdout] test build::tests::build_empty_output_dir ... ok
[INFO] [stdout] test build::tests::build_exclude_selectors ... ok
[INFO] [stdout] test config::tests::validate_rejects_base_url_without_trailing_slash ... ok
[INFO] [stdout] test config::tests::validate_rejects_invalid_friend_url ... ok
[INFO] [stdout] test config::tests::validate_rejects_non_http_base_url ... ok
[INFO] [stdout] test build::tests::build_only_non_html_files ... ok
[INFO] [stdout] test build::tests::file_path_to_url_converts_index ... ok
[INFO] [stdout] test config::tests::parse_missing_title_errors ... ok
[INFO] [stdout] test config::tests::validate_accepts_valid_config ... ok
[INFO] [stdout] test extract::tests::extract_internal_links ... ok
[INFO] [stdout] test config::tests::validate_rejects_non_http_friend_url ... ok
[INFO] [stdout] test config::tests::validate_rejects_missing_output_dir ... ok
[INFO] [stdout] test build::tests::build_exclude_patterns ... ok
[INFO] [stdout] test extract::tests::extract_friend_links ... ok
[INFO] [stdout] test extract::tests::extract_drops_external_links ... ok
[INFO] [stdout] test extract::tests::extract_normalizes_relative_html_link ... ok
[INFO] [stdout] test extract::tests::extract_drops_fragment_only_and_special_schemes ... ok
[INFO] [stdout] test extract::tests::extract_query_only_href_produces_no_edge ... ok
[INFO] [stdout] test extract::tests::extract_excluded_selectors ... ok
[INFO] [stdout] test extract::tests::extract_rejects_invalid_css_selector ... ok
[INFO] [stdout] test build::tests::build_basic ... ok
[INFO] [stdout] test extract::tests::extract_normalizes_absolute_url_with_html_extension ... ok
[INFO] [stdout] test extract::tests::extract_title_fallback ... ok
[INFO] [stdout] test build::tests::file_path_to_url_converts_named_page ... ok
[INFO] [stdout] test model::tests::from_json_rejects_malformed_json ... ok
[INFO] [stdout] test config::tests::parse_missing_site_section_errors ... ok
[INFO] [stdout] test config::tests::from_file_missing_path_returns_config_not_found ... ok
[INFO] [stdout] test model::tests::edge_type_field_serializes_as_type ... ok
[INFO] [stdout] test config::tests::validate_rejects_non_url_base_url ... ok
[INFO] [stdout] test extract::tests::extract_absolute_url_matching_base ... ok
[INFO] [stdout] test model::tests::public_file_without_friends_defaults_to_empty ... ok
[INFO] [stdout] test extract::tests::extract_deduplication ... ok
[INFO] [stdout] test extract::tests::extract_normalizes_internal_html_extension ... ok
[INFO] [stdout] test model::tests::from_json_rejects_wrong_field_types ... ok
[INFO] [stdout] test extract::tests::extract_normalizes_internal_index_html ... ok
[INFO] [stdout] test extract::tests::extract_relative_link ... ok
[INFO] [stdout] test model::tests::protocol_public_file_example_deserializes ... FAILED
[INFO] [stdout] test model::tests::public_file_round_trip ... ok
[INFO] [stdout] test model::tests::site_metadata_omits_none_fields ... ok
[INFO] [stdout] test model::tests::edge_type_serialization ... ok
[INFO] [stdout] test extract::tests::extract_title ... ok
[INFO] [stdout] test model::tests::from_json_rejects_missing_required_fields ... ok
[INFO] [stdout] 
[INFO] [stdout] failures:
[INFO] [stdout] 
[INFO] [stdout] ---- model::tests::protocol_public_file_example_deserializes stdout ----
[INFO] [stdout] 
[INFO] [stdout] thread 'model::tests::protocol_public_file_example_deserializes' (1435) panicked at src/model.rs:169:9:
[INFO] [stdout] assertion `left == right` failed
[INFO] [stdout]   left: "0.1.0"
[INFO] [stdout]  right: "0.2.0"
[INFO] [stdout] stack backtrace:
[INFO] [stdout]    0:     0x641a72466291 - <<std[70759c8f55707aa4]::sys::backtrace::BacktraceLock>::print::DisplayBacktrace as core[df12db4294e9bfd3]::fmt::Display>::fmt
[INFO] [stdout]    1:     0x641a7247d6aa - core[df12db4294e9bfd3]::fmt::write
[INFO] [stdout]    2:     0x641a7246aa1c - <alloc[2182bb758b4b3781]::vec::Vec<u8> as core[df12db4294e9bfd3]::io::write::Write>::write_fmt
[INFO] [stdout]    3:     0x641a724406e6 - std[70759c8f55707aa4]::panicking::default_hook::{closure#0}
[INFO] [stdout]    4:     0x641a7245d9f9 - std[70759c8f55707aa4]::panicking::default_hook
[INFO] [stdout]    5:     0x641a722c9560 - test[9d35eded1c95d3be]::test_main_inner::<test[9d35eded1c95d3be]::test_main_static::{closure#0}>::{closure#0}
[INFO] [stdout]    6:     0x641a7245dbb2 - std[70759c8f55707aa4]::panicking::panic_with_hook
[INFO] [stdout]    7:     0x641a72440792 - std[70759c8f55707aa4]::panicking::panic_handler::{closure#0}
[INFO] [stdout]    8:     0x641a724391c9 - std[70759c8f55707aa4]::sys::backtrace::__rust_end_short_backtrace::<std[70759c8f55707aa4]::panicking::panic_handler::{closure#0}, !>
[INFO] [stdout]    9:     0x641a7244138d - __rustc[8fa7c3cbc660c2b3]::rust_begin_unwind
[INFO] [stdout]   10:     0x641a7247de8c - core[df12db4294e9bfd3]::panicking::panic_fmt
[INFO] [stdout]   11:     0x641a7247dda3 - core[df12db4294e9bfd3]::panicking::assert_failed_inner
[INFO] [stdout]   12:     0x641a7227ef04 - core[df12db4294e9bfd3]::panicking::assert_failed::<alloc[2182bb758b4b3781]::string::String, &str>
[INFO] [stdout]   13:     0x641a72251da0 - graphgarden_core[dce7f031171951db]::model::tests::protocol_public_file_example_deserializes
[INFO] [stdout]   14:     0x641a72286369 - <graphgarden_core[dce7f031171951db]::model::tests::protocol_public_file_example_deserializes::{closure#0} as core[df12db4294e9bfd3]::ops::function::FnOnce<()>>::call_once
[INFO] [stdout]   15:     0x641a722bc84b - test[9d35eded1c95d3be]::__rust_begin_short_backtrace::<core[df12db4294e9bfd3]::result::Result<(), alloc[2182bb758b4b3781]::string::String>, fn() -> core[df12db4294e9bfd3]::result::Result<(), alloc[2182bb758b4b3781]::string::String>>
[INFO] [stdout]   16:     0x641a722c9eb5 - test[9d35eded1c95d3be]::run_test::{closure#0}
[INFO] [stdout]   17:     0x641a722c3774 - std[70759c8f55707aa4]::sys::backtrace::__rust_begin_short_backtrace::<test[9d35eded1c95d3be]::run_test::{closure#1}, ()>
[INFO] [stdout]   18:     0x641a722cd012 - <std[70759c8f55707aa4]::thread::lifecycle::spawn_unchecked<test[9d35eded1c95d3be]::run_test::{closure#1}, ()>::{closure#1} as core[df12db4294e9bfd3]::ops::function::FnOnce<()>>::call_once::{shim:vtable#0}
[INFO] [stdout]   19:     0x641a72465609 - <std[70759c8f55707aa4]::sys::thread::unix::Thread>::new::thread_start
[INFO] [stdout]   20:     0x7d36077e5dfa - <unknown>
[INFO] [stdout]   21:     0x7d36078793d4 - clone
[INFO] [stdout]   22:                0x0 - <unknown>
[INFO] [stdout] 
[INFO] [stdout] 
[INFO] [stdout] failures:
[INFO] [stdout]     model::tests::protocol_public_file_example_deserializes
[INFO] [stdout] 
[INFO] [stdout] test result: FAILED. 46 passed; 1 failed; 0 ignored; 0 measured; 0 filtered out; finished in 0.01s
[INFO] [stdout] 
[INFO] [stderr] error: test failed, to rerun pass `--lib`
[INFO] running `Command { std: "docker" "inspect" "24b84c4154ec0b47df80c380022b6f821802eb55c2d6632d9c285fe217127804", kill_on_drop: false }`
[INFO] running `Command { std: "docker" "rm" "-f" "24b84c4154ec0b47df80c380022b6f821802eb55c2d6632d9c285fe217127804", kill_on_drop: false }`
[INFO] [stdout] 24b84c4154ec0b47df80c380022b6f821802eb55c2d6632d9c285fe217127804
