[INFO] fetching crate graphene-sys 0.22.9...
[INFO] testing graphene-sys-0.22.9 against 1.100.0-beta.1+cargoflags=--release for beta-release-1.100-2
[INFO] extracting crate graphene-sys 0.22.9 into /workspace/builds/worker-0-tc2/source
[INFO] started tweaking crates.io crate graphene-sys 0.22.9
[INFO] removed 0 missing tests
[INFO] finished tweaking crates.io crate graphene-sys 0.22.9
[INFO] tweaked toml for crates.io crate graphene-sys 0.22.9 written to /workspace/builds/worker-0-tc2/source/Cargo.toml
[INFO] validating manifest of crates.io crate graphene-sys 0.22.9 on toolchain 1.100.0-beta.1
[INFO] running `Command { std: CARGO_HOME="/workspace/cargo-home" RUSTUP_HOME="/workspace/rustup-home" "/workspace/cargo-home/bin/cargo" "+1.100.0-beta.1" "metadata" "--manifest-path" "Cargo.toml" "--no-deps", kill_on_drop: false }`
[INFO] crate crates.io crate graphene-sys 0.22.9 already has a lockfile, it will not be regenerated
[INFO] running `Command { std: CARGO_HOME="/workspace/cargo-home" RUSTUP_HOME="/workspace/rustup-home" "/workspace/cargo-home/bin/cargo" "+1.100.0-beta.1" "fetch" "--manifest-path" "Cargo.toml", kill_on_drop: false }`
[INFO] running `Command { std: "docker" "create" "-v" "/var/lib/crater-agent-workspace/builds/worker-0-tc2/source:/opt/rustwide/workdir:ro,Z" "-v" "/var/lib/crater-agent-workspace/builds/worker-0-tc2/target:/opt/rustwide/target:rw,Z" "-v" "/var/lib/crater-agent-workspace/cargo-home:/opt/rustwide/cargo-home:ro,Z" "-v" "/var/lib/crater-agent-workspace/rustup-home:/opt/rustwide/rustup-home:ro,Z" "-m" "1610612736" "--network" "none" "ghcr.io/rust-lang/crates-build-env/linux@sha256:77db811e55d90add9212f6832c23229e3de5f1c1f9905e8cb07319ea15df73ac" "sleep" "infinity", kill_on_drop: false }`
[INFO] [stdout] 40fbcf8b7d44671ff32aca697f08b44f5bda917dbaea940de95131dc8edbd896
[INFO] running `Command { std: "docker" "start" "40fbcf8b7d44671ff32aca697f08b44f5bda917dbaea940de95131dc8edbd896", kill_on_drop: false }`
[INFO] running `Command { std: "docker" "inspect" "40fbcf8b7d44671ff32aca697f08b44f5bda917dbaea940de95131dc8edbd896", kill_on_drop: false }`
[INFO] running `Command { std: "docker" "exec" "-e" "SOURCE_DIR=/opt/rustwide/workdir" "-e" "CARGO_HOME=/opt/rustwide/cargo-home" "-e" "RUSTUP_HOME=/opt/rustwide/rustup-home" "-e" "CARGO_TARGET_DIR=/opt/rustwide/target" "-w" "/opt/rustwide/workdir" "--user" "0:0" "40fbcf8b7d44671ff32aca697f08b44f5bda917dbaea940de95131dc8edbd896" "/opt/rustwide/cargo-home/bin/cargo" "+1.100.0-beta.1" "metadata" "--no-deps" "--format-version=1", kill_on_drop: false }`
[INFO] running `Command { std: "docker" "inspect" "40fbcf8b7d44671ff32aca697f08b44f5bda917dbaea940de95131dc8edbd896", kill_on_drop: false }`
[INFO] running `Command { std: "docker" "exec" "-e" "SOURCE_DIR=/opt/rustwide/workdir" "-e" "CARGO_HOME=/opt/rustwide/cargo-home" "-e" "RUSTUP_HOME=/opt/rustwide/rustup-home" "-e" "CARGO_TARGET_DIR=/opt/rustwide/target" "-e" "CARGO_INCREMENTAL=0" "-e" "RUST_BACKTRACE=full" "-e" "RUSTFLAGS=--cap-lints=warn" "-e" "RUSTDOCFLAGS=--cap-lints=warn" "-w" "/opt/rustwide/workdir" "--user" "0:0" "40fbcf8b7d44671ff32aca697f08b44f5bda917dbaea940de95131dc8edbd896" "/opt/rustwide/cargo-home/bin/cargo" "+1.100.0-beta.1" "build" "--frozen" "--message-format=json" "--release", kill_on_drop: false }`
[INFO] [stderr]    Compiling winnow v1.0.4
[INFO] [stderr]    Compiling serde_spanned v1.1.1
[INFO] [stderr]    Compiling toml_datetime v1.1.1+spec-1.1.0
[INFO] [stderr]    Compiling system-deps v9.0.0
[INFO] [stderr]    Compiling version-compare v0.2.1
[INFO] [stderr]    Compiling cfg-expr v0.20.9
[INFO] [stderr]    Compiling toml_parser v1.1.3+spec-1.1.0
[INFO] [stderr]    Compiling toml v1.1.4+spec-1.1.0
[INFO] [stderr]    Compiling glib-sys v0.22.9
[INFO] [stderr]    Compiling graphene-sys v0.22.9 (/opt/rustwide/workdir)
[INFO] [stderr]     Finished `release` profile [optimized] target(s) in 3.43s
[INFO] running `Command { std: "docker" "inspect" "40fbcf8b7d44671ff32aca697f08b44f5bda917dbaea940de95131dc8edbd896", kill_on_drop: false }`
[INFO] running `Command { std: "docker" "exec" "-e" "SOURCE_DIR=/opt/rustwide/workdir" "-e" "CARGO_HOME=/opt/rustwide/cargo-home" "-e" "RUSTUP_HOME=/opt/rustwide/rustup-home" "-e" "CARGO_TARGET_DIR=/opt/rustwide/target" "-e" "CARGO_INCREMENTAL=0" "-e" "RUST_BACKTRACE=full" "-e" "RUSTFLAGS=--cap-lints=warn" "-e" "RUSTDOCFLAGS=--cap-lints=warn" "-w" "/opt/rustwide/workdir" "--user" "0:0" "40fbcf8b7d44671ff32aca697f08b44f5bda917dbaea940de95131dc8edbd896" "/opt/rustwide/cargo-home/bin/cargo" "+1.100.0-beta.1" "test" "--frozen" "--no-run" "--message-format=json" "--release", kill_on_drop: false }`
[INFO] [stderr]    Compiling tempfile v3.27.0
[INFO] [stderr]    Compiling graphene-sys v0.22.9 (/opt/rustwide/workdir)
[INFO] [stderr]     Finished `release` profile [optimized] target(s) in 1.62s
[INFO] running `Command { std: "docker" "inspect" "40fbcf8b7d44671ff32aca697f08b44f5bda917dbaea940de95131dc8edbd896", kill_on_drop: false }`
[INFO] running `Command { std: "docker" "exec" "-e" "SOURCE_DIR=/opt/rustwide/workdir" "-e" "CARGO_HOME=/opt/rustwide/cargo-home" "-e" "RUSTUP_HOME=/opt/rustwide/rustup-home" "-e" "CARGO_TARGET_DIR=/opt/rustwide/target" "-e" "CARGO_INCREMENTAL=0" "-e" "RUST_BACKTRACE=full" "-e" "RUSTFLAGS=--cap-lints=warn" "-e" "RUSTDOCFLAGS=--cap-lints=warn" "-w" "/opt/rustwide/workdir" "--user" "0:0" "40fbcf8b7d44671ff32aca697f08b44f5bda917dbaea940de95131dc8edbd896" "/opt/rustwide/cargo-home/bin/cargo" "+1.100.0-beta.1" "test" "--frozen" "--release", kill_on_drop: false }`
[INFO] [stderr]     Finished `release` profile [optimized] target(s) in 0.07s
[INFO] [stderr]      Running unittests src/lib.rs (/opt/rustwide/target/release/build/graphene-sys/7a110df805581332/out/graphene_sys-7a110df805581332)
[INFO] [stdout] 
[INFO] [stderr]      Running tests/abi.rs (/opt/rustwide/target/release/build/graphene-sys/cad6f24201d96381/out/abi-cad6f24201d96381)
[INFO] [stdout] running 0 tests
[INFO] [stdout] 
[INFO] [stdout] test result: ok. 0 passed; 0 failed; 0 ignored; 0 measured; 0 filtered out; finished in 0.00s
[INFO] [stdout] 
[INFO] [stdout] 
[INFO] [stdout] running 2 tests
[INFO] [stderr] tests/layout.c: In function 'main':
[INFO] [stderr] tests/layout.c:10:55: error: 'graphene_box2d_t' undeclared (first use in this function); did you mean 'graphene_box_t'?
[INFO] [stderr]    10 |     printf("%s;%zu;%zu\n", "graphene_box2d_t", sizeof(graphene_box2d_t), alignof(graphene_box2d_t));
[INFO] [stderr]       |                                                       ^~~~~~~~~~~~~~~~
[INFO] [stderr]       |                                                       graphene_box_t
[INFO] [stderr] tests/layout.c:10:55: note: each undeclared identifier is reported only once for each function it appears in
[INFO] [stdout] test cross_validate_layout_with_c ... FAILED
[INFO] [stdout] test cross_validate_constants_with_c ... ok
[INFO] [stdout] 
[INFO] [stdout] failures:
[INFO] [stdout] 
[INFO] [stdout] ---- cross_validate_layout_with_c stdout ----
[INFO] [stdout] 
[INFO] [stdout] thread 'cross_validate_layout_with_c' (362) panicked at tests/abi.rs:154:37:
[INFO] [stdout] called `Result::unwrap()` on an `Err` value: "compilation command \"cc\" \"-Wno-deprecated-declarations\" \"-std=c11\" \"-D__USE_MINGW_ANSI_STDIO\" \"-I/usr/include/graphene-1.0\" \"-I/usr/lib/x86_64-linux-gnu/graphene-1.0/include\" \"-mfpmath=sse\" \"-msse\" \"-msse2\" \"-I/usr/include/glib-2.0\" \"-I/usr/lib/x86_64-linux-gnu/glib-2.0/include\" \"-I/usr/include/sysprof-6\" \"-pthread\" \"tests/layout.c\" \"-o\" \"/tmp/abilZ4yHS/layout\" failed, exit status: 1"
[INFO] [stdout] stack backtrace:
[INFO] [stdout]    0:     0x62a859866541 - <<std[617be2ca0a6fd877]::sys::backtrace::BacktraceLock>::print::DisplayBacktrace as core[a373ad73a504971]::fmt::Display>::fmt
[INFO] [stdout]    1:     0x62a85987c28a - core[a373ad73a504971]::fmt::write
[INFO] [stdout]    2:     0x62a85986beec - <alloc[2e1b2a31b91974c5]::vec::Vec<u8> as core[a373ad73a504971]::io::write::Write>::write_fmt
[INFO] [stdout]    3:     0x62a8598412c6 - std[617be2ca0a6fd877]::panicking::default_hook::{closure#0}
[INFO] [stdout]    4:     0x62a85985e439 - std[617be2ca0a6fd877]::panicking::default_hook
[INFO] [stdout]    5:     0x62a8597f8070 - test[aada8e7e76ba119b]::test_main_inner::{closure#0}
[INFO] [stdout]    6:     0x62a85985e5f2 - std[617be2ca0a6fd877]::panicking::panic_with_hook
[INFO] [stdout]    7:     0x62a859841372 - std[617be2ca0a6fd877]::panicking::panic_handler::{closure#0}
[INFO] [stdout]    8:     0x62a859839f69 - std[617be2ca0a6fd877]::sys::backtrace::__rust_end_short_backtrace::<std[617be2ca0a6fd877]::panicking::panic_handler::{closure#0}, !>
[INFO] [stdout]    9:     0x62a859841f7d - __rustc[ea4f61d10b84890b]::rust_begin_unwind
[INFO] [stdout]   10:     0x62a85987c9bc - core[a373ad73a504971]::panicking::panic_fmt
[INFO] [stdout]   11:     0x62a85987c792 - core[a373ad73a504971]::result::unwrap_failed
[INFO] [stdout]   12:     0x62a8597e9158 - <abi[d29c494cefda7306]::cross_validate_layout_with_c::{closure#0} as core[a373ad73a504971]::ops::function::FnOnce<()>>::call_once
[INFO] [stdout]   13:     0x62a8597eb4bb - test[aada8e7e76ba119b]::__rust_begin_short_backtrace::<core[a373ad73a504971]::result::Result<(), alloc[2e1b2a31b91974c5]::string::String>, fn() -> core[a373ad73a504971]::result::Result<(), alloc[2e1b2a31b91974c5]::string::String>>
[INFO] [stdout]   14:     0x62a8597f8695 - test[aada8e7e76ba119b]::run_test::{closure#0}
[INFO] [stdout]   15:     0x62a8597f1f84 - std[617be2ca0a6fd877]::sys::backtrace::__rust_begin_short_backtrace::<test[aada8e7e76ba119b]::run_test::{closure#1}, ()>
[INFO] [stdout]   16:     0x62a8597fb722 - <std[617be2ca0a6fd877]::thread::lifecycle::spawn_unchecked<test[aada8e7e76ba119b]::run_test::{closure#1}, ()>::{closure#1} as core[a373ad73a504971]::ops::function::FnOnce<()>>::call_once::{shim:vtable#0}
[INFO] [stdout]   17:     0x62a859865d1f - <std[617be2ca0a6fd877]::sys::thread::unix::Thread>::new::thread_start
[INFO] [stdout]   18:     0x73484ac1fdfa - <unknown>
[INFO] [stdout]   19:     0x73484acb33d4 - clone
[INFO] [stdout]   20:                0x0 - <unknown>
[INFO] [stdout] 
[INFO] [stdout] 
[INFO] [stdout] failures:
[INFO] [stdout]     cross_validate_layout_with_c
[INFO] [stdout] 
[INFO] [stdout] test result: FAILED. 1 passed; 1 failed; 0 ignored; 0 measured; 0 filtered out; finished in 0.21s
[INFO] [stdout] 
[INFO] [stderr] error: test failed, to rerun pass `--test abi`
[INFO] running `Command { std: "docker" "inspect" "40fbcf8b7d44671ff32aca697f08b44f5bda917dbaea940de95131dc8edbd896", kill_on_drop: false }`
[INFO] running `Command { std: "docker" "rm" "-f" "40fbcf8b7d44671ff32aca697f08b44f5bda917dbaea940de95131dc8edbd896", kill_on_drop: false }`
[INFO] [stdout] 40fbcf8b7d44671ff32aca697f08b44f5bda917dbaea940de95131dc8edbd896
