[INFO] fetching crate graphed 0.3.0...
[INFO] testing graphed-0.3.0 against 1.100.0-beta.1+cargoflags=--release for beta-release-1.100-2
[INFO] extracting crate graphed 0.3.0 into /workspace/builds/worker-3-tc2/source
[INFO] started tweaking crates.io crate graphed 0.3.0
[INFO] finished tweaking crates.io crate graphed 0.3.0
[INFO] tweaked toml for crates.io crate graphed 0.3.0 written to /workspace/builds/worker-3-tc2/source/Cargo.toml
[INFO] validating manifest of crates.io crate graphed 0.3.0 on toolchain 1.100.0-beta.1
[INFO] running `Command { std: CARGO_HOME="/workspace/cargo-home" RUSTUP_HOME="/workspace/rustup-home" "/workspace/cargo-home/bin/cargo" "+1.100.0-beta.1" "metadata" "--manifest-path" "Cargo.toml" "--no-deps", kill_on_drop: false }`
[INFO] running `Command { std: CARGO_HOME="/workspace/cargo-home" RUSTUP_HOME="/workspace/rustup-home" "/workspace/cargo-home/bin/cargo" "+1.100.0-beta.1" "generate-lockfile" "--manifest-path" "Cargo.toml", kill_on_drop: false }`
[INFO] running `Command { std: CARGO_HOME="/workspace/cargo-home" RUSTUP_HOME="/workspace/rustup-home" "/workspace/cargo-home/bin/cargo" "+1.100.0-beta.1" "fetch" "--manifest-path" "Cargo.toml", kill_on_drop: false }`
[INFO] running `Command { std: "docker" "create" "-v" "/var/lib/crater-agent-workspace/builds/worker-3-tc2/source:/opt/rustwide/workdir:ro,Z" "-v" "/var/lib/crater-agent-workspace/builds/worker-3-tc2/target:/opt/rustwide/target:rw,Z" "-v" "/var/lib/crater-agent-workspace/cargo-home:/opt/rustwide/cargo-home:ro,Z" "-v" "/var/lib/crater-agent-workspace/rustup-home:/opt/rustwide/rustup-home:ro,Z" "-m" "1610612736" "--network" "none" "ghcr.io/rust-lang/crates-build-env/linux@sha256:77db811e55d90add9212f6832c23229e3de5f1c1f9905e8cb07319ea15df73ac" "sleep" "infinity", kill_on_drop: false }`
[INFO] [stdout] 12e4d2a9bd1d8884797b43d4f440b4d20be0d30568b9e25087e879ac01c3e8df
[INFO] running `Command { std: "docker" "start" "12e4d2a9bd1d8884797b43d4f440b4d20be0d30568b9e25087e879ac01c3e8df", kill_on_drop: false }`
[INFO] running `Command { std: "docker" "inspect" "12e4d2a9bd1d8884797b43d4f440b4d20be0d30568b9e25087e879ac01c3e8df", kill_on_drop: false }`
[INFO] running `Command { std: "docker" "exec" "-e" "SOURCE_DIR=/opt/rustwide/workdir" "-e" "CARGO_HOME=/opt/rustwide/cargo-home" "-e" "RUSTUP_HOME=/opt/rustwide/rustup-home" "-e" "CARGO_TARGET_DIR=/opt/rustwide/target" "-w" "/opt/rustwide/workdir" "--user" "0:0" "12e4d2a9bd1d8884797b43d4f440b4d20be0d30568b9e25087e879ac01c3e8df" "/opt/rustwide/cargo-home/bin/cargo" "+1.100.0-beta.1" "metadata" "--no-deps" "--format-version=1", kill_on_drop: false }`
[INFO] running `Command { std: "docker" "inspect" "12e4d2a9bd1d8884797b43d4f440b4d20be0d30568b9e25087e879ac01c3e8df", kill_on_drop: false }`
[INFO] running `Command { std: "docker" "exec" "-e" "SOURCE_DIR=/opt/rustwide/workdir" "-e" "CARGO_HOME=/opt/rustwide/cargo-home" "-e" "RUSTUP_HOME=/opt/rustwide/rustup-home" "-e" "CARGO_TARGET_DIR=/opt/rustwide/target" "-e" "CARGO_INCREMENTAL=0" "-e" "RUST_BACKTRACE=full" "-e" "RUSTFLAGS=--cap-lints=warn" "-e" "RUSTDOCFLAGS=--cap-lints=warn" "-w" "/opt/rustwide/workdir" "--user" "0:0" "12e4d2a9bd1d8884797b43d4f440b4d20be0d30568b9e25087e879ac01c3e8df" "/opt/rustwide/cargo-home/bin/cargo" "+1.100.0-beta.1" "build" "--frozen" "--message-format=json" "--release", kill_on_drop: false }`
[INFO] [stderr]    Compiling graphed v0.3.0 (/opt/rustwide/workdir)
[INFO] [stderr]     Finished `release` profile [optimized] target(s) in 0.36s
[INFO] running `Command { std: "docker" "inspect" "12e4d2a9bd1d8884797b43d4f440b4d20be0d30568b9e25087e879ac01c3e8df", kill_on_drop: false }`
[INFO] running `Command { std: "docker" "exec" "-e" "SOURCE_DIR=/opt/rustwide/workdir" "-e" "CARGO_HOME=/opt/rustwide/cargo-home" "-e" "RUSTUP_HOME=/opt/rustwide/rustup-home" "-e" "CARGO_TARGET_DIR=/opt/rustwide/target" "-e" "CARGO_INCREMENTAL=0" "-e" "RUST_BACKTRACE=full" "-e" "RUSTFLAGS=--cap-lints=warn" "-e" "RUSTDOCFLAGS=--cap-lints=warn" "-w" "/opt/rustwide/workdir" "--user" "0:0" "12e4d2a9bd1d8884797b43d4f440b4d20be0d30568b9e25087e879ac01c3e8df" "/opt/rustwide/cargo-home/bin/cargo" "+1.100.0-beta.1" "test" "--frozen" "--no-run" "--message-format=json" "--release", kill_on_drop: false }`
[INFO] [stderr]    Compiling graphed v0.3.0 (/opt/rustwide/workdir)
[INFO] [stderr]     Finished `release` profile [optimized] target(s) in 0.86s
[INFO] running `Command { std: "docker" "inspect" "12e4d2a9bd1d8884797b43d4f440b4d20be0d30568b9e25087e879ac01c3e8df", kill_on_drop: false }`
[INFO] running `Command { std: "docker" "exec" "-e" "SOURCE_DIR=/opt/rustwide/workdir" "-e" "CARGO_HOME=/opt/rustwide/cargo-home" "-e" "RUSTUP_HOME=/opt/rustwide/rustup-home" "-e" "CARGO_TARGET_DIR=/opt/rustwide/target" "-e" "CARGO_INCREMENTAL=0" "-e" "RUST_BACKTRACE=full" "-e" "RUSTFLAGS=--cap-lints=warn" "-e" "RUSTDOCFLAGS=--cap-lints=warn" "-w" "/opt/rustwide/workdir" "--user" "0:0" "12e4d2a9bd1d8884797b43d4f440b4d20be0d30568b9e25087e879ac01c3e8df" "/opt/rustwide/cargo-home/bin/cargo" "+1.100.0-beta.1" "test" "--frozen" "--release", kill_on_drop: false }`
[INFO] [stderr]     Finished `release` profile [optimized] target(s) in 0.02s
[INFO] [stderr]      Running unittests src/lib.rs (/opt/rustwide/target/release/build/graphed/774f8ce25c4ae7ba/out/graphed-774f8ce25c4ae7ba)
[INFO] [stdout] 
[INFO] [stdout] running 13 tests
[INFO] [stdout] test graph::tests::test_add_node ... ok
[INFO] [stdout] test graph::tests::test_add_edge_error ... ok
[INFO] [stdout] test graph::tests::test_add_in_out_coming_index_to_node ... ok
[INFO] [stdout] test graph::tests::test_find_edge_directed ... ok
[INFO] [stdout] test graph::tests::test_add_edge ... ok
[INFO] [stdout] test graph::tests::test_get_predecessor_of_node ... ok
[INFO] [stdout] test indices::tests::test_edge_index ... ok
[INFO] [stdout] test graph::tests::test_find_edge_undirected ... ok
[INFO] [stdout] test graph::tests::test_index_graph_by_edgeindex ... ok
[INFO] [stdout] test printer::dot::tests::test_print_simple_digraph_with_dot ... ok
[INFO] [stdout] test indices::tests::test_node_index ... ok
[INFO] [stdout] test printer::dot::tests::test_print_attributed_digraph_with_dot ... ok
[INFO] [stdout] test graph::tests::test_index_graph_by_nodeindex ... ok
[INFO] [stdout] 
[INFO] [stdout] test result: ok. 13 passed; 0 failed; 0 ignored; 0 measured; 0 filtered out; finished in 0.19s
[INFO] [stdout] 
[INFO] [stderr]    Doc-tests graphed
[INFO] [stdout] 
[INFO] [stdout] running 6 tests
[INFO] [stdout] test src/graph.rs - graph::DiGraph (line 273) ... FAILED
[INFO] [stdout] test src/graph.rs - graph::UnGraph (line 289) ... FAILED
[INFO] [stdout] test src/printer/dot.rs - printer::dot::print_graph_dot_extended (line 85) ... ok
[INFO] [stdout] test src/graph.rs - graph::Graph<N,E,Ty,Ix>::find_node (line 532) ... FAILED
[INFO] [stdout] test src/printer/dot.rs - printer::dot::print_graph_dot (line 188) ... ok
[INFO] [stdout] test src/graph.rs - graph::Graph (line 247) ... ok
[INFO] [stdout] 
[INFO] [stdout] failures:
[INFO] [stdout] 
[INFO] [stdout] ---- src/graph.rs - graph::DiGraph (line 273) stdout ----
[INFO] [stdout] error[E0425]: cannot find type `DiGraph` in this scope
[INFO] [stdout]    --> src/graph.rs:275:12
[INFO] [stdout]     |
[INFO] [stdout] 275 | let graph: DiGraph<u32, u32> = DiGraph::new();
[INFO] [stdout]     |            ^^^^^^^ not found in this scope
[INFO] [stdout] 
[INFO] [stdout] error[E0433]: cannot find type `DiGraph` in this scope
[INFO] [stdout]    --> src/graph.rs:275:32
[INFO] [stdout]     |
[INFO] [stdout] 275 | let graph: DiGraph<u32, u32> = DiGraph::new();
[INFO] [stdout]     |                                ^^^^^^^ use of undeclared type `DiGraph`
[INFO] [stdout] 
[INFO] [stdout] error: aborting due to 2 previous errors
[INFO] [stdout] 
[INFO] [stdout] Some errors have detailed explanations: E0425, E0433.
[INFO] [stdout] For more information about an error, try `rustc --explain E0425`.
[INFO] [stdout] Couldn't compile the test.
[INFO] [stdout] ---- src/graph.rs - graph::UnGraph (line 289) stdout ----
[INFO] [stdout] error[E0425]: cannot find type `UnGraph` in this scope
[INFO] [stdout]    --> src/graph.rs:291:12
[INFO] [stdout]     |
[INFO] [stdout] 291 | let graph: UnGraph<u32, u32> = UnGraph::new();
[INFO] [stdout]     |            ^^^^^^^ not found in this scope
[INFO] [stdout] 
[INFO] [stdout] error[E0433]: cannot find type `UnGraph` in this scope
[INFO] [stdout]    --> src/graph.rs:291:32
[INFO] [stdout]     |
[INFO] [stdout] 291 | let graph: UnGraph<u32, u32> = UnGraph::new();
[INFO] [stdout]     |                                ^^^^^^^ use of undeclared type `UnGraph`
[INFO] [stdout] 
[INFO] [stdout] error: aborting due to 2 previous errors
[INFO] [stdout] 
[INFO] [stdout] Some errors have detailed explanations: E0425, E0433.
[INFO] [stdout] For more information about an error, try `rustc --explain E0425`.
[INFO] [stdout] Couldn't compile the test.
[INFO] [stdout] ---- src/graph.rs - graph::Graph<N,E,Ty,Ix>::find_node (line 532) stdout ----
[INFO] [stdout] error[E0432]: unresolved imports `graphed::Graph`, `graphed::Node`
[INFO] [stdout]    --> src/graph.rs:534:15
[INFO] [stdout]     |
[INFO] [stdout] 534 | use graphed::{Graph, Node};
[INFO] [stdout]     |               ^^^^^  ^^^^ no `Node` in the root
[INFO] [stdout]     |               |
[INFO] [stdout]     |               no `Graph` in the root
[INFO] [stdout]     |
[INFO] [stdout] help: a similar name exists in the module
[INFO] [stdout]     |
[INFO] [stdout] 534 - use graphed::{Graph, Node};
[INFO] [stdout] 534 + use graphed::{graph, Node};
[INFO] [stdout]     |
[INFO] [stdout] 
[INFO] [stdout] error[E0433]: cannot find type `DiGraph` in this scope
[INFO] [stdout]    --> src/graph.rs:536:17
[INFO] [stdout]     |
[INFO] [stdout] 536 | let mut graph = DiGraph::<&str, ()>::new();
[INFO] [stdout]     |                 ^^^^^^^ use of undeclared type `DiGraph`
[INFO] [stdout] 
[INFO] [stdout] error: aborting due to 2 previous errors
[INFO] [stdout] 
[INFO] [stdout] Some errors have detailed explanations: E0432, E0433.
[INFO] [stdout] For more information about an error, try `rustc --explain E0432`.
[INFO] [stdout] Couldn't compile the test.
[INFO] [stdout] 
[INFO] [stdout] failures:
[INFO] [stdout]     src/graph.rs - graph::DiGraph (line 273)
[INFO] [stdout]     src/graph.rs - graph::Graph<N,E,Ty,Ix>::find_node (line 532)
[INFO] [stdout]     src/graph.rs - graph::UnGraph (line 289)
[INFO] [stdout] 
[INFO] [stdout] test result: FAILED. 3 passed; 3 failed; 0 ignored; 0 measured; 0 filtered out; finished in 0.45s
[INFO] [stdout] 
[INFO] [stderr] error: doctest failed, to rerun pass `--doc`
[INFO] running `Command { std: "docker" "inspect" "12e4d2a9bd1d8884797b43d4f440b4d20be0d30568b9e25087e879ac01c3e8df", kill_on_drop: false }`
[INFO] running `Command { std: "docker" "rm" "-f" "12e4d2a9bd1d8884797b43d4f440b4d20be0d30568b9e25087e879ac01c3e8df", kill_on_drop: false }`
[INFO] [stdout] 12e4d2a9bd1d8884797b43d4f440b4d20be0d30568b9e25087e879ac01c3e8df
