[INFO] fetching crate graph_d 1.3.2...
[INFO] testing graph_d-1.3.2 against 1.99.0-beta.8+cargoflags=--release for beta-release-1.100-2
[INFO] extracting crate graph_d 1.3.2 into /workspace/builds/worker-7-tc1/source
[INFO] started tweaking crates.io crate graph_d 1.3.2
[INFO] removed 0 missing examples
[INFO] removed 0 missing tests
[INFO] finished tweaking crates.io crate graph_d 1.3.2
[INFO] tweaked toml for crates.io crate graph_d 1.3.2 written to /workspace/builds/worker-7-tc1/source/Cargo.toml
[INFO] validating manifest of crates.io crate graph_d 1.3.2 on toolchain 1.99.0-beta.8
[INFO] running `Command { std: CARGO_HOME="/workspace/cargo-home" RUSTUP_HOME="/workspace/rustup-home" "/workspace/cargo-home/bin/cargo" "+1.99.0-beta.8" "metadata" "--manifest-path" "Cargo.toml" "--no-deps", kill_on_drop: false }`
[INFO] crate crates.io crate graph_d 1.3.2 already has a lockfile, it will not be regenerated
[INFO] running `Command { std: CARGO_HOME="/workspace/cargo-home" RUSTUP_HOME="/workspace/rustup-home" "/workspace/cargo-home/bin/cargo" "+1.99.0-beta.8" "fetch" "--manifest-path" "Cargo.toml", kill_on_drop: false }`
[INFO] [stderr]  Downloading crates ...
[INFO] [stderr]   Downloaded memmap2 v0.9.7
[INFO] [stderr]   Downloaded serde_json v1.0.141
[INFO] [stderr]   Downloaded bytemuck_derive v1.10.0
[INFO] [stderr]   Downloaded clap_derive v4.5.41
[INFO] [stderr]   Downloaded clap v4.5.41
[INFO] [stderr]   Downloaded rustyline v13.0.0
[INFO] [stderr]   Downloaded clap_builder v4.5.41
[INFO] running `Command { std: "docker" "create" "-v" "/var/lib/crater-agent-workspace/builds/worker-7-tc1/source:/opt/rustwide/workdir:ro,Z" "-v" "/var/lib/crater-agent-workspace/builds/worker-7-tc1/target:/opt/rustwide/target:rw,Z" "-v" "/var/lib/crater-agent-workspace/cargo-home:/opt/rustwide/cargo-home:ro,Z" "-v" "/var/lib/crater-agent-workspace/rustup-home:/opt/rustwide/rustup-home:ro,Z" "-m" "1610612736" "--network" "none" "ghcr.io/rust-lang/crates-build-env/linux@sha256:77db811e55d90add9212f6832c23229e3de5f1c1f9905e8cb07319ea15df73ac" "sleep" "infinity", kill_on_drop: false }`
[INFO] [stdout] 53ab2a81c0dd263ddc087a33aa1c8aa0cd8f4cd00bb5540bc7737a2d8ca9d1ac
[INFO] running `Command { std: "docker" "start" "53ab2a81c0dd263ddc087a33aa1c8aa0cd8f4cd00bb5540bc7737a2d8ca9d1ac", kill_on_drop: false }`
[INFO] running `Command { std: "docker" "inspect" "53ab2a81c0dd263ddc087a33aa1c8aa0cd8f4cd00bb5540bc7737a2d8ca9d1ac", kill_on_drop: false }`
[INFO] running `Command { std: "docker" "exec" "-e" "SOURCE_DIR=/opt/rustwide/workdir" "-e" "CARGO_HOME=/opt/rustwide/cargo-home" "-e" "RUSTUP_HOME=/opt/rustwide/rustup-home" "-e" "CARGO_TARGET_DIR=/opt/rustwide/target" "-w" "/opt/rustwide/workdir" "--user" "0:0" "53ab2a81c0dd263ddc087a33aa1c8aa0cd8f4cd00bb5540bc7737a2d8ca9d1ac" "/opt/rustwide/cargo-home/bin/cargo" "+1.99.0-beta.8" "metadata" "--no-deps" "--format-version=1", kill_on_drop: false }`
[INFO] running `Command { std: "docker" "inspect" "53ab2a81c0dd263ddc087a33aa1c8aa0cd8f4cd00bb5540bc7737a2d8ca9d1ac", kill_on_drop: false }`
[INFO] running `Command { std: "docker" "exec" "-e" "SOURCE_DIR=/opt/rustwide/workdir" "-e" "CARGO_HOME=/opt/rustwide/cargo-home" "-e" "RUSTUP_HOME=/opt/rustwide/rustup-home" "-e" "CARGO_TARGET_DIR=/opt/rustwide/target" "-e" "CARGO_INCREMENTAL=0" "-e" "RUST_BACKTRACE=full" "-e" "RUSTFLAGS=--cap-lints=warn" "-e" "RUSTDOCFLAGS=--cap-lints=warn" "-w" "/opt/rustwide/workdir" "--user" "0:0" "53ab2a81c0dd263ddc087a33aa1c8aa0cd8f4cd00bb5540bc7737a2d8ca9d1ac" "/opt/rustwide/cargo-home/bin/cargo" "+1.99.0-beta.8" "build" "--frozen" "--message-format=json" "--release", kill_on_drop: false }`
[INFO] [stderr]    Compiling proc-macro2 v1.0.95
[INFO] [stderr]    Compiling unicode-ident v1.0.18
[INFO] [stderr]    Compiling libc v0.2.174
[INFO] [stderr]    Compiling autocfg v1.5.0
[INFO] [stderr]    Compiling parking_lot_core v0.9.11
[INFO] [stderr]    Compiling serde v1.0.219
[INFO] [stderr]    Compiling smallvec v1.15.1
[INFO] [stderr]    Compiling scopeguard v1.2.0
[INFO] [stderr]    Compiling cfg-if v1.0.1
[INFO] [stderr]    Compiling serde_json v1.0.141
[INFO] [stderr]    Compiling foldhash v0.1.5
[INFO] [stderr]    Compiling allocator-api2 v0.2.21
[INFO] [stderr]    Compiling equivalent v1.0.2
[INFO] [stderr]    Compiling ryu v1.0.20
[INFO] [stderr]    Compiling memchr v2.7.5
[INFO] [stderr]    Compiling bytes v1.10.1
[INFO] [stderr]    Compiling pin-project-lite v0.2.16
[INFO] [stderr]    Compiling itoa v1.0.15
[INFO] [stderr]    Compiling lock_api v0.4.13
[INFO] [stderr]    Compiling bumpalo v3.19.0
[INFO] [stderr]    Compiling hashbrown v0.15.4
[INFO] [stderr]    Compiling quote v1.0.40
[INFO] [stderr]    Compiling syn v2.0.104
[INFO] [stderr]    Compiling signal-hook-registry v1.4.5
[INFO] [stderr]    Compiling socket2 v0.5.10
[INFO] [stderr]    Compiling mio v1.0.4
[INFO] [stderr]    Compiling memmap2 v0.9.7
[INFO] [stderr]    Compiling parking_lot v0.12.4
[INFO] [stderr]    Compiling lru v0.12.5
[INFO] [stderr]    Compiling serde_derive v1.0.219
[INFO] [stderr]    Compiling tokio-macros v2.5.0
[INFO] [stderr]    Compiling bytemuck_derive v1.10.0
[INFO] [stderr]    Compiling tokio v1.46.1
[INFO] [stderr]    Compiling bytemuck v1.23.1
[INFO] [stderr]    Compiling bincode v1.3.3
[INFO] [stderr]    Compiling graph_d v1.3.2 (/opt/rustwide/workdir)
[INFO] [stderr]     Finished `release` profile [optimized] target(s) in 46.32s
[INFO] running `Command { std: "docker" "inspect" "53ab2a81c0dd263ddc087a33aa1c8aa0cd8f4cd00bb5540bc7737a2d8ca9d1ac", kill_on_drop: false }`
[INFO] running `Command { std: "docker" "exec" "-e" "SOURCE_DIR=/opt/rustwide/workdir" "-e" "CARGO_HOME=/opt/rustwide/cargo-home" "-e" "RUSTUP_HOME=/opt/rustwide/rustup-home" "-e" "CARGO_TARGET_DIR=/opt/rustwide/target" "-e" "CARGO_INCREMENTAL=0" "-e" "RUST_BACKTRACE=full" "-e" "RUSTFLAGS=--cap-lints=warn" "-e" "RUSTDOCFLAGS=--cap-lints=warn" "-w" "/opt/rustwide/workdir" "--user" "0:0" "53ab2a81c0dd263ddc087a33aa1c8aa0cd8f4cd00bb5540bc7737a2d8ca9d1ac" "/opt/rustwide/cargo-home/bin/cargo" "+1.99.0-beta.8" "test" "--frozen" "--no-run" "--message-format=json" "--release", kill_on_drop: false }`
[INFO] [stderr]    Compiling libc v0.2.174
[INFO] [stderr]    Compiling cfg-if v1.0.1
[INFO] [stderr]    Compiling getrandom v0.3.3
[INFO] [stderr]    Compiling serde v1.0.219
[INFO] [stderr]    Compiling crossbeam-utils v0.8.21
[INFO] [stderr]    Compiling num-traits v0.2.19
[INFO] [stderr]    Compiling rustix v1.0.8
[INFO] [stderr]    Compiling zerocopy v0.8.26
[INFO] [stderr]    Compiling once_cell v1.21.3
[INFO] [stderr]    Compiling ryu v1.0.20
[INFO] [stderr]    Compiling memchr v2.7.5
[INFO] [stderr]    Compiling regex-syntax v0.8.5
[INFO] [stderr]    Compiling either v1.15.0
[INFO] [stderr]    Compiling scopeguard v1.2.0
[INFO] [stderr]    Compiling linux-raw-sys v0.9.4
[INFO] [stderr]    Compiling smallvec v1.15.1
[INFO] [stderr]    Compiling itoa v1.0.15
[INFO] [stderr]    Compiling rayon-core v1.12.1
[INFO] [stderr]    Compiling bitflags v2.9.1
[INFO] [stderr]    Compiling lock_api v0.4.13
[INFO] [stderr]    Compiling crossbeam-epoch v0.9.18
[INFO] [stderr]    Compiling crossbeam-deque v0.8.6
[INFO] [stderr]    Compiling rand_core v0.9.3
[INFO] [stderr]    Compiling parking_lot_core v0.9.11
[INFO] [stderr]    Compiling half v2.6.0
[INFO] [stderr]    Compiling anstyle v1.0.11
[INFO] [stderr]    Compiling allocator-api2 v0.2.21
[INFO] [stderr]    Compiling fastrand v2.3.0
[INFO] [stderr]    Compiling plotters-backend v0.3.7
[INFO] [stderr]    Compiling clap_lex v0.7.5
[INFO] [stderr]    Compiling foldhash v0.1.5
[INFO] [stderr]    Compiling equivalent v1.0.2
[INFO] [stderr]    Compiling ciborium-io v0.2.2
[INFO] [stderr]    Compiling ciborium-ll v0.2.2
[INFO] [stderr]    Compiling clap_builder v4.5.41
[INFO] [stderr]    Compiling plotters-svg v0.3.7
[INFO] [stderr]    Compiling hashbrown v0.15.4
[INFO] [stderr]    Compiling parking_lot v0.12.4
[INFO] [stderr]    Compiling regex-automata v0.4.9
[INFO] [stderr]    Compiling tempfile v3.20.0
[INFO] [stderr]    Compiling serde_json v1.0.141
[INFO] [stderr]    Compiling ppv-lite86 v0.2.21
[INFO] [stderr]    Compiling mio v1.0.4
[INFO] [stderr]    Compiling wait-timeout v0.2.1
[INFO] [stderr]    Compiling socket2 v0.5.10
[INFO] [stderr]    Compiling signal-hook-registry v1.4.5
[INFO] [stderr]    Compiling itertools v0.10.5
[INFO] [stderr]    Compiling bytes v1.10.1
[INFO] [stderr]    Compiling bit-vec v0.8.0
[INFO] [stderr]    Compiling pin-project-lite v0.2.16
[INFO] [stderr]    Compiling quick-error v1.2.3
[INFO] [stderr]    Compiling fnv v1.0.7
[INFO] [stderr]    Compiling same-file v1.0.6
[INFO] [stderr]    Compiling cast v0.3.0
[INFO] [stderr]    Compiling walkdir v2.5.0
[INFO] [stderr]    Compiling rusty-fork v0.3.0
[INFO] [stderr]    Compiling clap v4.5.41
[INFO] [stderr]    Compiling tinytemplate v1.2.1
[INFO] [stderr]    Compiling bit-set v0.8.0
[INFO] [stderr]    Compiling bytemuck v1.23.1
[INFO] [stderr]    Compiling tokio v1.46.1
[INFO] [stderr]    Compiling rand_chacha v0.9.0
[INFO] [stderr]    Compiling ciborium v0.2.2
[INFO] [stderr]    Compiling bincode v1.3.3
[INFO] [stderr]    Compiling regex v1.11.1
[INFO] [stderr]    Compiling lru v0.12.5
[INFO] [stderr]    Compiling rayon v1.10.0
[INFO] [stderr]    Compiling criterion-plot v0.5.0
[INFO] [stderr]    Compiling plotters v0.3.7
[INFO] [stderr]    Compiling rand_xorshift v0.4.0
[INFO] [stderr]    Compiling rand v0.9.1
[INFO] [stderr]    Compiling memmap2 v0.9.7
[INFO] [stderr]    Compiling is-terminal v0.4.16
[INFO] [stderr]    Compiling bumpalo v3.19.0
[INFO] [stderr]    Compiling lazy_static v1.5.0
[INFO] [stderr]    Compiling oorandom v11.1.5
[INFO] [stderr]    Compiling unarray v0.1.4
[INFO] [stderr]    Compiling anes v0.1.6
[INFO] [stderr]    Compiling proptest v1.7.0
[INFO] [stderr]    Compiling criterion v0.5.1
[INFO] [stderr]    Compiling graph_d v1.3.2 (/opt/rustwide/workdir)
[INFO] [stderr]     Finished `release` profile [optimized] target(s) in 4m 21s
[INFO] running `Command { std: "docker" "inspect" "53ab2a81c0dd263ddc087a33aa1c8aa0cd8f4cd00bb5540bc7737a2d8ca9d1ac", kill_on_drop: false }`
[INFO] running `Command { std: "docker" "exec" "-e" "SOURCE_DIR=/opt/rustwide/workdir" "-e" "CARGO_HOME=/opt/rustwide/cargo-home" "-e" "RUSTUP_HOME=/opt/rustwide/rustup-home" "-e" "CARGO_TARGET_DIR=/opt/rustwide/target" "-e" "CARGO_INCREMENTAL=0" "-e" "RUST_BACKTRACE=full" "-e" "RUSTFLAGS=--cap-lints=warn" "-e" "RUSTDOCFLAGS=--cap-lints=warn" "-w" "/opt/rustwide/workdir" "--user" "0:0" "53ab2a81c0dd263ddc087a33aa1c8aa0cd8f4cd00bb5540bc7737a2d8ca9d1ac" "/opt/rustwide/cargo-home/bin/cargo" "+1.99.0-beta.8" "test" "--frozen" "--release", kill_on_drop: false }`
[INFO] [stderr]     Finished `release` profile [optimized] target(s) in 0.25s
[INFO] [stderr]      Running unittests src/lib.rs (/opt/rustwide/target/release/deps/graph_d-50a4ccc92ee1127a)
[INFO] [stdout] 
[INFO] [stdout] running 126 tests
[INFO] [stdout] test gql::lexer::tests::test_numbers ... ok
[INFO] [stdout] test gql::lexer::tests::test_operators ... ok
[INFO] [stdout] test gql::lexer::tests::test_string_literals ... ok
[INFO] [stdout] test gql::parser::tests::test_graph_query ... ok
[INFO] [stdout] test gql::executor::tests::test_expression_evaluation ... ok
[INFO] [stdout] test gql::parser::tests::test_match_with_labels ... ok
[INFO] [stdout] test gql::executor::tests::test_simple_match_execution ... ok
[INFO] [stdout] test gql::parser::tests::test_path_pattern ... ok
[INFO] [stdout] test gql::tests::tests::test_aggregation_with_where_clause ... ok
[INFO] [stdout] test gql::tests::tests::test_aggregation_with_nulls ... ok
[INFO] [stdout] test gql::tests::tests::test_aggregation_with_path_patterns ... ok
[INFO] [stdout] test gql::lexer::tests::test_basic_tokens ... ok
[INFO] [stdout] test gql::tests::tests::test_combined_order_limit_offset ... ok
[INFO] [stdout] test gql::tests::tests::test_complex_aggregation_scenario ... ok
[INFO] [stdout] test gql::tests::tests::test_complex_patterns ... ok
[INFO] [stdout] test gql::tests::tests::test_executor_filtering ... ok
[INFO] [stdout] test gql::tests::tests::test_executor_property_access ... ok
[INFO] [stdout] test gql::tests::tests::test_executor_simple_match ... ok
[INFO] [stdout] test gql::tests::tests::test_error_handling ... ok
[INFO] [stdout] test gql::tests::tests::test_expression_construction ... ok
[INFO] [stdout] test gql::tests::tests::test_complex_multi_hop_scenarios ... ok
[INFO] [stdout] test gql::parser::tests::test_variable_length_patterns ... ok
[INFO] [stdout] test gql::tests::tests::test_lexer_basic_tokens ... ok
[INFO] [stdout] test gql::tests::tests::test_expression_literal_creation ... ok
[INFO] [stdout] test gql::parser::tests::test_simple_match_return ... ok
[INFO] [stdout] test gql::parser::tests::test_where_clause ... ok
[INFO] [stdout] test gql::tests::tests::test_lexer_numbers ... ok
[INFO] [stdout] test gql::tests::tests::test_lexer_operators ... ok
[INFO] [stdout] test gql::tests::tests::test_lexer_string_literals ... ok
[INFO] [stdout] test gql::tests::tests::test_gql_integration ... ok
[INFO] [stdout] test gql::tests::tests::test_order_by_with_path_patterns ... ok
[INFO] [stdout] test gql::tests::tests::test_parser_graph_query ... ok
[INFO] [stdout] test gql::tests::tests::test_multi_hop_traversal ... ok
[INFO] [stdout] test gql::tests::tests::test_offset_functionality ... ok
[INFO] [stdout] test gql::tests::tests::test_order_by_functionality ... ok
[INFO] [stdout] test gql::tests::tests::test_lexer_keywords ... ok
[INFO] [stdout] test gql::tests::tests::test_parser_where_clause ... ok
[INFO] [stdout] test gql::tests::tests::test_limit_functionality ... ok
[INFO] [stdout] test gql::tests::tests::test_longer_path_pattern ... ok
[INFO] [stdout] test graph::node::tests::test_node_creation ... ok
[INFO] [stdout] test gql::tests::tests::test_parser_node_with_label ... ok
[INFO] [stdout] test gql::tests::tests::test_parser_simple_match ... ok
[INFO] [stdout] test gql::tests::tests::test_query_result_structure ... ok
[INFO] [stdout] test gql::tests::tests::test_variable_length_patterns ... ok
[INFO] [stdout] test graph::node::tests::test_property_operations ... ok
[INFO] [stdout] test graph::relationship::tests::test_relationship_creation ... ok
[INFO] [stdout] test graph::relationship::tests::test_relationship_direction ... ok
[INFO] [stdout] test graph::tests::test_create_node ... ok
[INFO] [stdout] test gql::tests::tests::test_path_pattern_execution ... ok
[INFO] [stdout] test graph::tests::test_create_relationship ... ok
[INFO] [stdout] test gql::tests::tests::test_path_pattern_with_relationship_filtering ... ok
[INFO] [stdout] test index::index_manager_tests::test_index_manager_relationship_operations ... ok
[INFO] [stdout] test graph::tests::test_graph_indexing ... ok
[INFO] [stdout] test index::tests::test_composite_index ... ok
[INFO] [stdout] test index::index_manager_tests::test_index_manager_node_operations ... ok
[INFO] [stdout] test index::index_manager_tests::test_index_stats ... ok
[INFO] [stdout] test index::tests::test_property_index ... ok
[INFO] [stdout] test memory::allocator_safe::tests::test_pooled_object_return ... ok
[INFO] [stdout] test memory::batch::tests::test_batch_context ... ok
[INFO] [stdout] test index::tests::test_range_index ... ok
[INFO] [stdout] test memory::allocator_safe::tests::test_safe_arena_allocator ... ok
[INFO] [stdout] test memory::batch::tests::test_batch_memory_limit ... ok
[INFO] [stdout] test memory::batch::tests::test_multiple_batches ... ok
[INFO] [stdout] test memory::cache::tests::test_hierarchical_cache ... ok
[INFO] [stdout] test memory::allocator_safe::tests::test_safe_memory_manager ... ok
[INFO] [stdout] test memory::interning::tests::test_interned_string ... ok
[INFO] [stdout] test memory::interning::tests::test_interner_capacity ... ok
[INFO] [stdout] test memory::interning::tests::test_interner_stats ... ok
[INFO] [stdout] test memory::interning::tests::test_memory_savings ... ok
[INFO] [stdout] test memory::cache::tests::test_relationship_cache ... ok
[INFO] [stdout] test memory::interning::tests::test_graph_string_interner ... ok
[INFO] [stdout] test index::tests::test_relationship_type_index ... ok
[INFO] [stdout] test memory::allocator_safe::tests::test_arena_memory_tracking ... ok
[INFO] [stdout] test memory::profiler::tests::test_peak_tracking ... ok
[INFO] [stdout] test memory::profiler::tests::test_allocation_tracking ... ok
[INFO] [stdout] test memory::profiler::tests::test_deallocation_tracking ... ok
[INFO] [stdout] test memory::profiler::tests::test_format_report ... ok
[INFO] [stdout] test memory::profiler::tests::test_profiler_creation ... ok
[INFO] [stdout] test memory::profiler::tests::test_snapshot ... ok
[INFO] [stdout] test memory::cache::tests::test_node_cache ... ok
[INFO] [stdout] test gql::tests::tests::test_aggregation_functions ... ok
[INFO] [stdout] test memory::interning::tests::test_string_interner ... ok
[INFO] [stdout] test memory::tests::test_node_caching ... ok
[INFO] [stdout] test memory::tests::test_memory_manager_creation ... ok
[INFO] [stdout] test query::aggregation::tests::test_statistics ... ok
[INFO] [stdout] test query::aggregation::tests::test_sum_aggregation ... ok
[INFO] [stdout] test query::sorting::tests::test_multi_criteria_sorting ... ok
[INFO] [stdout] test query::sorting::tests::test_pagination ... ok
[INFO] [stdout] test query::sorting::tests::test_sort_and_group ... ok
[INFO] [stdout] test query::sorting::tests::test_sort_by_age_ascending ... ok
[INFO] [stdout] test query::sorting::tests::test_sort_by_name_descending ... ok
[INFO] [stdout] test query::tests::test_path_finder ... ok
[INFO] [stdout] test query::tests::test_query_builder ... ok
[INFO] [stdout] test memory::tests::test_string_interning ... ok
[INFO] [stdout] test memory::allocator_safe::tests::test_safe_pool_allocator ... ok
[INFO] [stdout] test query::aggregation::tests::test_avg_aggregation ... ok
[INFO] [stdout] test query::aggregation::tests::test_count_aggregation ... ok
[INFO] [stdout] test memory::tests::test_arena_allocation ... ok
[INFO] [stdout] test query::aggregation::tests::test_group_by_aggregation ... ok
[INFO] [stdout] test storage::tests::test_index_stats ... ok
[INFO] [stdout] test storage::checkpoint::tests::test_header_serialization ... ok
[INFO] [stdout] test storage::checkpoint::tests::test_should_checkpoint ... ok
[INFO] [stdout] test storage::tests::test_storage_relationship_operations ... ok
[INFO] [stdout] test storage::tests::test_node_relationships ... ok
[INFO] [stdout] test storage::tests::test_storage_node_operations ... ok
[INFO] [stdout] test storage::checkpoint::tests::test_checkpoint_roundtrip ... ok
[INFO] [stdout] test storage::mmap::tests::test_mmap_node_operations ... ok
[INFO] [stdout] test storage::wal::tests::test_entry_serialization ... ok
[INFO] [stdout] test storage::mmap::tests::test_mmap_storage_creation ... ok
[INFO] [stdout] test transaction::concurrency::tests::test_concurrent_transaction ... ok
[INFO] [stdout] test storage::checkpoint::tests::test_find_latest_checkpoint ... ok
[INFO] [stdout] test transaction::mvcc::tests::test_basic_transaction ... ok
[INFO] [stdout] test transaction::mvcc::tests::test_isolation ... ok
[INFO] [stdout] test transaction::mvcc::tests::test_rollback ... ok
[INFO] [stdout] test transaction::mvcc::tests::test_serializable_read_write_conflict ... ok
[INFO] [stdout] test transaction::mvcc::tests::test_write_write_conflict ... ok
[INFO] [stdout] test transaction::tests::test_transaction_lifecycle ... ok
[INFO] [stdout] test transaction::tests::test_transaction_manager ... ok
[INFO] [stdout] test transaction::concurrency::tests::test_lock_statistics ... ok
[INFO] [stdout] test transaction::tests::test_transaction_rollback ... ok
[INFO] [stdout] test storage::wal::tests::test_checkpoint ... ok
[INFO] [stdout] test storage::wal::tests::test_append_and_recover ... ok
[INFO] [stdout] test storage::wal::tests::test_transaction_markers ... ok
[INFO] [stdout] test storage::wal::tests::test_sequence_recovery ... ok
[INFO] [stdout] test storage::mmap::tests::test_mmap_persistence ... ok
[INFO] [stdout] test transaction::concurrency::tests::test_lock_acquisition ... ok
[INFO] [stdout] 
[INFO] [stdout] test result: ok. 126 passed; 0 failed; 0 ignored; 0 measured; 0 filtered out; finished in 0.15s
[INFO] [stdout] 
[INFO] [stderr]      Running tests/benchmark_regression.rs (/opt/rustwide/target/release/deps/benchmark_regression-d7f7dd78b0c8d3d5)
[INFO] [stdout] 
[INFO] [stdout] running 4 tests
[INFO] [stdout] test test_adjacency_lookup_performance ... ok
[INFO] [stdout] test test_node_creation_performance ... ok
[INFO] [stdout] test test_performance_scaling ... FAILED
[INFO] [stdout] test test_relationship_creation_performance ... ok
[INFO] [stdout] 
[INFO] [stdout] failures:
[INFO] [stdout] 
[INFO] [stdout] ---- test_performance_scaling stdout ----
[INFO] [stdout] Size 1000: 1187141 nodes/sec
[INFO] [stdout] Size 5000: 1360177 nodes/sec
[INFO] [stdout] Size 10000: 224579 nodes/sec
[INFO] [stdout] Performance ratio (10000 vs 1000): 0.19
[INFO] [stdout] 
[INFO] [stdout] thread 'test_performance_scaling' (1689) panicked at tests/benchmark_regression.rs:186:5:
[INFO] [stdout] Performance degrades too much at scale: 18.9% of baseline. This may indicate a performance regression.
[INFO] [stdout] stack backtrace:
[INFO] [stdout]    0:     0x58b14af9fcf7 - <<std[70759c8f55707aa4]::sys::backtrace::BacktraceLock>::print::DisplayBacktrace as core[df12db4294e9bfd3]::fmt::Display>::fmt
[INFO] [stdout]    1:     0x58b14af77d8a - core[df12db4294e9bfd3]::fmt::write
[INFO] [stdout]    2:     0x58b14af9f2ab - <alloc[2182bb758b4b3781]::vec::Vec<u8> as core[df12db4294e9bfd3]::io::write::Write>::write_fmt
[INFO] [stdout]    3:     0x58b14af9ed8f - std[70759c8f55707aa4]::panicking::default_hook::{closure#0}
[INFO] [stdout]    4:     0x58b14af9e9ba - std[70759c8f55707aa4]::panicking::default_hook
[INFO] [stdout]    5:     0x58b14af9e4f2 - std[70759c8f55707aa4]::panicking::panic_with_hook
[INFO] [stdout]    6:     0x58b14afc5861 - std[70759c8f55707aa4]::panicking::panic_handler::{closure#0}
[INFO] [stdout]    7:     0x58b14afc5819 - std[70759c8f55707aa4]::sys::backtrace::__rust_end_short_backtrace::<std[70759c8f55707aa4]::panicking::panic_handler::{closure#0}, !>
[INFO] [stdout]    8:     0x58b14afc5d2c - __rustc[8fa7c3cbc660c2b3]::rust_begin_unwind
[INFO] [stdout]    9:     0x58b14af77c1b - core[df12db4294e9bfd3]::panicking::panic_fmt
[INFO] [stdout]   10:     0x58b14af74e3a - <benchmark_regression[55e5d9a0e8754cab]::test_performance_scaling::{closure#0} as core[df12db4294e9bfd3]::ops::function::FnOnce<()>>::call_once
[INFO] [stdout]   11:     0x58b14afddb0b - test[9d35eded1c95d3be]::__rust_begin_short_backtrace::<core[df12db4294e9bfd3]::result::Result<(), alloc[2182bb758b4b3781]::string::String>, fn() -> core[df12db4294e9bfd3]::result::Result<(), alloc[2182bb758b4b3781]::string::String>>
[INFO] [stdout]   12:     0x58b14afd911f - test[9d35eded1c95d3be]::run_test::{closure#0}
[INFO] [stdout]   13:     0x58b14afd8b9c - std[70759c8f55707aa4]::sys::backtrace::__rust_begin_short_backtrace::<test[9d35eded1c95d3be]::run_test::{closure#1}, ()>
[INFO] [stdout]   14:     0x58b14aff591c - <std[70759c8f55707aa4]::thread::lifecycle::spawn_unchecked<test[9d35eded1c95d3be]::run_test::{closure#1}, ()>::{closure#1} as core[df12db4294e9bfd3]::ops::function::FnOnce<()>>::call_once::{shim:vtable#0}
[INFO] [stdout]   15:     0x58b14afc70e2 - <std[70759c8f55707aa4]::sys::thread::unix::Thread>::new::thread_start
[INFO] [stdout]   16:     0x705463ff5dfa - <unknown>
[INFO] [stdout]   17:     0x7054640893d4 - clone
[INFO] [stdout]   18:                0x0 - <unknown>
[INFO] [stdout] 
[INFO] [stdout] 
[INFO] [stdout] failures:
[INFO] [stdout]     test_performance_scaling
[INFO] [stdout] 
[INFO] [stdout] test result: FAILED. 3 passed; 1 failed; 0 ignored; 0 measured; 0 filtered out; finished in 0.07s
[INFO] [stdout] 
[INFO] [stderr] error: test failed, to rerun pass `--test benchmark_regression`
[INFO] running `Command { std: "docker" "inspect" "53ab2a81c0dd263ddc087a33aa1c8aa0cd8f4cd00bb5540bc7737a2d8ca9d1ac", kill_on_drop: false }`
[INFO] running `Command { std: "docker" "rm" "-f" "53ab2a81c0dd263ddc087a33aa1c8aa0cd8f4cd00bb5540bc7737a2d8ca9d1ac", kill_on_drop: false }`
[INFO] [stdout] 53ab2a81c0dd263ddc087a33aa1c8aa0cd8f4cd00bb5540bc7737a2d8ca9d1ac
