[INFO] fetching crate granite_reckoner 0.3.3...
[INFO] testing granite_reckoner-0.3.3 against 1.100.0-beta.1+cargoflags=--release for beta-release-1.100-2
[INFO] extracting crate granite_reckoner 0.3.3 into /workspace/builds/worker-0-tc2/source
[INFO] started tweaking crates.io crate granite_reckoner 0.3.3
[INFO] finished tweaking crates.io crate granite_reckoner 0.3.3
[INFO] tweaked toml for crates.io crate granite_reckoner 0.3.3 written to /workspace/builds/worker-0-tc2/source/Cargo.toml
[INFO] validating manifest of crates.io crate granite_reckoner 0.3.3 on toolchain 1.100.0-beta.1
[INFO] running `Command { std: CARGO_HOME="/workspace/cargo-home" RUSTUP_HOME="/workspace/rustup-home" "/workspace/cargo-home/bin/cargo" "+1.100.0-beta.1" "metadata" "--manifest-path" "Cargo.toml" "--no-deps", kill_on_drop: false }`
[INFO] crate crates.io crate granite_reckoner 0.3.3 already has a lockfile, it will not be regenerated
[INFO] running `Command { std: CARGO_HOME="/workspace/cargo-home" RUSTUP_HOME="/workspace/rustup-home" "/workspace/cargo-home/bin/cargo" "+1.100.0-beta.1" "fetch" "--manifest-path" "Cargo.toml", kill_on_drop: false }`
[INFO] running `Command { std: "docker" "create" "-v" "/var/lib/crater-agent-workspace/builds/worker-0-tc2/source:/opt/rustwide/workdir:ro,Z" "-v" "/var/lib/crater-agent-workspace/builds/worker-0-tc2/target:/opt/rustwide/target:rw,Z" "-v" "/var/lib/crater-agent-workspace/cargo-home:/opt/rustwide/cargo-home:ro,Z" "-v" "/var/lib/crater-agent-workspace/rustup-home:/opt/rustwide/rustup-home:ro,Z" "-m" "1610612736" "--network" "none" "ghcr.io/rust-lang/crates-build-env/linux@sha256:77db811e55d90add9212f6832c23229e3de5f1c1f9905e8cb07319ea15df73ac" "sleep" "infinity", kill_on_drop: false }`
[INFO] [stdout] a5bfef2e635c5de9bbae78d53deee4b20903fb296c2bb77efcaea0c0983b829d
[INFO] running `Command { std: "docker" "start" "a5bfef2e635c5de9bbae78d53deee4b20903fb296c2bb77efcaea0c0983b829d", kill_on_drop: false }`
[INFO] running `Command { std: "docker" "inspect" "a5bfef2e635c5de9bbae78d53deee4b20903fb296c2bb77efcaea0c0983b829d", kill_on_drop: false }`
[INFO] running `Command { std: "docker" "exec" "-e" "SOURCE_DIR=/opt/rustwide/workdir" "-e" "CARGO_HOME=/opt/rustwide/cargo-home" "-e" "RUSTUP_HOME=/opt/rustwide/rustup-home" "-e" "CARGO_TARGET_DIR=/opt/rustwide/target" "-w" "/opt/rustwide/workdir" "--user" "0:0" "a5bfef2e635c5de9bbae78d53deee4b20903fb296c2bb77efcaea0c0983b829d" "/opt/rustwide/cargo-home/bin/cargo" "+1.100.0-beta.1" "metadata" "--no-deps" "--format-version=1", kill_on_drop: false }`
[INFO] running `Command { std: "docker" "inspect" "a5bfef2e635c5de9bbae78d53deee4b20903fb296c2bb77efcaea0c0983b829d", kill_on_drop: false }`
[INFO] running `Command { std: "docker" "exec" "-e" "SOURCE_DIR=/opt/rustwide/workdir" "-e" "CARGO_HOME=/opt/rustwide/cargo-home" "-e" "RUSTUP_HOME=/opt/rustwide/rustup-home" "-e" "CARGO_TARGET_DIR=/opt/rustwide/target" "-e" "CARGO_INCREMENTAL=0" "-e" "RUST_BACKTRACE=full" "-e" "RUSTFLAGS=--cap-lints=warn" "-e" "RUSTDOCFLAGS=--cap-lints=warn" "-w" "/opt/rustwide/workdir" "--user" "0:0" "a5bfef2e635c5de9bbae78d53deee4b20903fb296c2bb77efcaea0c0983b829d" "/opt/rustwide/cargo-home/bin/cargo" "+1.100.0-beta.1" "build" "--frozen" "--message-format=json" "--release", kill_on_drop: false }`
[INFO] [stderr]    Compiling assert_approx_eq v1.1.0
[INFO] [stderr]    Compiling granite_reckoner v0.3.3 (/opt/rustwide/workdir)
[INFO] [stderr] warning: unused dependency `assert_approx_eq`
[INFO] [stderr]  --> Cargo.toml:5:15
[INFO] [stderr]   |
[INFO] [stderr] 5 | [dependencies.assert_approx_eq]
[INFO] [stderr]   |               ^^^^^^^^^^^^^^^^^
[INFO] [stderr]   |
[INFO] [stderr]   = note: `cargo::unused_dependencies` is set to `warn` by default
[INFO] [stderr] help: consider removing the dependency on `assert_approx_eq`
[INFO] [stderr] warning: `granite_reckoner` (manifest) generated 1 warning
[INFO] [stderr]     Finished `release` profile [optimized] target(s) in 1.06s
[INFO] running `Command { std: "docker" "inspect" "a5bfef2e635c5de9bbae78d53deee4b20903fb296c2bb77efcaea0c0983b829d", kill_on_drop: false }`
[INFO] running `Command { std: "docker" "exec" "-e" "SOURCE_DIR=/opt/rustwide/workdir" "-e" "CARGO_HOME=/opt/rustwide/cargo-home" "-e" "RUSTUP_HOME=/opt/rustwide/rustup-home" "-e" "CARGO_TARGET_DIR=/opt/rustwide/target" "-e" "CARGO_INCREMENTAL=0" "-e" "RUST_BACKTRACE=full" "-e" "RUSTFLAGS=--cap-lints=warn" "-e" "RUSTDOCFLAGS=--cap-lints=warn" "-w" "/opt/rustwide/workdir" "--user" "0:0" "a5bfef2e635c5de9bbae78d53deee4b20903fb296c2bb77efcaea0c0983b829d" "/opt/rustwide/cargo-home/bin/cargo" "+1.100.0-beta.1" "test" "--frozen" "--no-run" "--message-format=json" "--release", kill_on_drop: false }`
[INFO] [stderr]    Compiling serde v1.0.201
[INFO] [stderr]    Compiling crossbeam-utils v0.8.19
[INFO] [stderr]    Compiling proc-macro2 v1.0.82
[INFO] [stderr]    Compiling either v1.11.0
[INFO] [stderr]    Compiling serde_json v1.0.117
[INFO] [stderr]    Compiling libc v0.2.154
[INFO] [stderr]    Compiling itoa v1.0.11
[INFO] [stderr]    Compiling regex-syntax v0.8.3
[INFO] [stderr]    Compiling memchr v2.7.2
[INFO] [stderr]    Compiling plotters-backend v0.3.5
[INFO] [stderr]    Compiling unicode-width v0.1.12
[INFO] [stderr]    Compiling num-traits v0.2.19
[INFO] [stderr]    Compiling half v1.8.3
[INFO] [stderr]    Compiling oorandom v11.1.3
[INFO] [stderr]    Compiling textwrap v0.11.0
[INFO] [stderr]    Compiling clap v2.34.0
[INFO] [stderr]    Compiling itertools v0.10.5
[INFO] [stderr]    Compiling plotters-svg v0.3.5
[INFO] [stderr]    Compiling quote v1.0.36
[INFO] [stderr]    Compiling csv-core v0.1.11
[INFO] [stderr]    Compiling crossbeam-epoch v0.9.18
[INFO] [stderr]    Compiling atty v0.2.14
[INFO] [stderr]    Compiling syn v2.0.61
[INFO] [stderr]    Compiling plotters v0.3.5
[INFO] [stderr]    Compiling crossbeam-deque v0.8.5
[INFO] [stderr]    Compiling rayon-core v1.12.1
[INFO] [stderr]    Compiling regex-automata v0.4.6
[INFO] [stderr]    Compiling rayon v1.10.0
[INFO] [stderr]    Compiling criterion-plot v0.4.5
[INFO] [stderr]    Compiling serde_derive v1.0.201
[INFO] [stderr]    Compiling regex v1.10.4
[INFO] [stderr]    Compiling csv v1.3.0
[INFO] [stderr]    Compiling serde_cbor v0.11.2
[INFO] [stderr]    Compiling tinytemplate v1.2.1
[INFO] [stderr]    Compiling criterion v0.3.6
[INFO] [stderr]    Compiling granite_reckoner v0.3.3 (/opt/rustwide/workdir)
[INFO] [stderr] warning: unused dependency `assert_approx_eq`
[INFO] [stderr]  --> Cargo.toml:5:15
[INFO] [stderr]   |
[INFO] [stderr] 5 | [dependencies.assert_approx_eq]
[INFO] [stderr]   |               ^^^^^^^^^^^^^^^^^
[INFO] [stderr]   |
[INFO] [stderr]   = note: `cargo::unused_dependencies` is set to `warn` by default
[INFO] [stderr] help: consider removing the dependency on `assert_approx_eq`
[INFO] [stderr] help: to still use for development builds, move to `dev-dependencies`
[INFO] [stderr] warning: `granite_reckoner` (manifest) generated 1 warning
[INFO] [stderr]     Finished `release` profile [optimized] target(s) in 43.28s
[INFO] running `Command { std: "docker" "inspect" "a5bfef2e635c5de9bbae78d53deee4b20903fb296c2bb77efcaea0c0983b829d", kill_on_drop: false }`
[INFO] running `Command { std: "docker" "exec" "-e" "SOURCE_DIR=/opt/rustwide/workdir" "-e" "CARGO_HOME=/opt/rustwide/cargo-home" "-e" "RUSTUP_HOME=/opt/rustwide/rustup-home" "-e" "CARGO_TARGET_DIR=/opt/rustwide/target" "-e" "CARGO_INCREMENTAL=0" "-e" "RUST_BACKTRACE=full" "-e" "RUSTFLAGS=--cap-lints=warn" "-e" "RUSTDOCFLAGS=--cap-lints=warn" "-w" "/opt/rustwide/workdir" "--user" "0:0" "a5bfef2e635c5de9bbae78d53deee4b20903fb296c2bb77efcaea0c0983b829d" "/opt/rustwide/cargo-home/bin/cargo" "+1.100.0-beta.1" "test" "--frozen" "--release", kill_on_drop: false }`
[INFO] [stderr] warning: unused dependency `assert_approx_eq`
[INFO] [stderr]  --> Cargo.toml:5:15
[INFO] [stderr]   |
[INFO] [stderr] 5 | [dependencies.assert_approx_eq]
[INFO] [stderr]   |               ^^^^^^^^^^^^^^^^^
[INFO] [stderr]   |
[INFO] [stderr]   = note: `cargo::unused_dependencies` is set to `warn` by default
[INFO] [stderr] help: consider removing the dependency on `assert_approx_eq`
[INFO] [stderr] help: to still use for development builds, move to `dev-dependencies`
[INFO] [stderr] warning: `granite_reckoner` (manifest) generated 1 warning
[INFO] [stderr]     Finished `release` profile [optimized] target(s) in 0.10s
[INFO] [stderr]      Running unittests src/lib.rs (/opt/rustwide/target/release/build/granite_reckoner/a88578b4ef957805/out/granite_reckoner-a88578b4ef957805)
[INFO] [stdout] 
[INFO] [stdout] running 5 tests
[INFO] [stdout] test tools::tests::test_ranges_5_works ... ok
[INFO] [stdout] test tools::tests::test_ranges_1_works ... ok
[INFO] [stderr]      Running unittests src/main.rs (/opt/rustwide/target/release/build/granite_reckoner/d80d0faba5a92cf3/out/granite_reckoner-d80d0faba5a92cf3)
[INFO] [stdout] test tools::tests::test_ranges_4_works ... ok
[INFO] [stdout] test tools::tests::test_ranges_2_works ... ok
[INFO] [stdout] test tools::tests::test_ranges_3_works ... ok
[INFO] [stdout] 
[INFO] [stdout] test result: ok. 5 passed; 0 failed; 0 ignored; 0 measured; 0 filtered out; finished in 0.00s
[INFO] [stdout] 
[INFO] [stderr]      Running tests/integration_test.rs (/opt/rustwide/target/release/build/granite_reckoner/62bc3330ea84db9d/out/integration_test-62bc3330ea84db9d)
[INFO] [stdout] 
[INFO] [stdout] running 0 tests
[INFO] [stdout] 
[INFO] [stdout] test result: ok. 0 passed; 0 failed; 0 ignored; 0 measured; 0 filtered out; finished in 0.00s
[INFO] [stdout] 
[INFO] [stdout] 
[INFO] [stdout] running 220 tests
[INFO] [stdout] test load_test_column_min_on_1_m_row_data_works ... FAILED
[INFO] [stdout] test load_test_column_stddev_on_3_m_row_data_works ... FAILED
[INFO] [stdout] test load_test_column_sum_on_3_m_row_data_works ... FAILED
[INFO] [stdout] test load_test_column_sum_on_1_m_row_data_works ... FAILED
[INFO] [stdout] test load_test_column_max_on_1_m_row_data_works ... FAILED
[INFO] [stdout] test load_test_column_count_on_3_m_row_data_works ... FAILED
[INFO] [stdout] test load_test_column_count_on_1_m_row_data_works ... FAILED
[INFO] [stdout] test load_test_column_moment_ii_on_3_m_row_data_works ... FAILED
[INFO] [stdout] test load_test_column_moment_ii_on_1_m_row_data_works ... FAILED
[INFO] [stdout] test load_test_column_max_on_3_m_row_data_works ... FAILED
[INFO] [stdout] test load_test_column_min_on_3_m_row_data_works ... FAILED
[INFO] [stdout] test load_test_column_moment_i_on_3_m_row_data_works ... FAILED
[INFO] [stdout] test load_test_column_sum_x2_on_3_m_row_data_works ... FAILED
[INFO] [stdout] test load_test_column_sum_x2_on_1_m_row_data_works ... FAILED
[INFO] [stdout] test test_column_count_function_on_i64_works ... ok
[INFO] [stdout] test test_column_count_function_on_i32_works ... ok
[INFO] [stdout] test test_column_count_function_on_i128_works ... ok
[INFO] [stdout] test test_column_count_function_on_u128_works ... ok
[INFO] [stdout] test load_test_column_stddev_on_1_m_row_data_works ... FAILED
[INFO] [stdout] test test_column_count_function_on_f64_works ... ok
[INFO] [stdout] test test_column_count_function_on_usize_works ... ok
[INFO] [stdout] test test_column_count_function_on_i16_works ... ok
[INFO] [stdout] test load_test_column_variance_on_3_m_row_data_works ... FAILED
[INFO] [stdout] test test_column_count_function_on_isize_works ... ok
[INFO] [stdout] test load_test_column_variance_on_1_m_row_data_works ... FAILED
[INFO] [stdout] test test_column_count_function_on_u8_works ... ok
[INFO] [stdout] test test_column_count_function_on_f32_works ... ok
[INFO] [stdout] test test_column_count_function_on_i8_works ... ok
[INFO] [stdout] test test_column_count_function_on_u16_works ... ok
[INFO] [stdout] test test_column_max_function_on_i64_works ... ok
[INFO] [stdout] test test_column_count_function_on_u32_works ... ok
[INFO] [stdout] test test_column_count_function_on_u64_works ... ok
[INFO] [stdout] test test_column_max_function_on_i128_works ... ok
[INFO] [stdout] test test_column_max_function_on_isize_works ... ok
[INFO] [stdout] test test_column_max_function_on_i32_works ... ok
[INFO] [stdout] test test_column_max_function_f32_non_comparable_works ... ok
[INFO] [stdout] test load_test_column_moment_i_on_1_m_row_data_works ... FAILED
[INFO] [stdout] test test_column_max_function_on_u128_works ... ok
[INFO] [stdout] test test_column_max_function_on_u16_works ... ok
[INFO] [stdout] test test_column_min_function_on_f64_works ... ok
[INFO] [stdout] test test_column_max_function_on_u8_works ... ok
[INFO] [stdout] test test_column_max_function_on_f32_works ... ok
[INFO] [stdout] test test_column_max_function_on_i16_works ... ok
[INFO] [stdout] test test_column_min_function_on_f64_non_comparable_works ... ok
[INFO] [stdout] test test_column_min_function_on_f32_works ... ok
[INFO] [stdout] test test_column_min_function_on_i128_works ... ok
[INFO] [stdout] test test_column_min_function_on_i16_works ... ok
[INFO] [stdout] test test_column_min_function_on_i32_works ... ok
[INFO] [stdout] test test_column_min_function_on_i8_works ... ok
[INFO] [stdout] test test_column_moment_i_function_i128_overflow_works ... ok
[INFO] [stdout] test test_column_max_function_on_usize_works ... ok
[INFO] [stdout] test test_column_moment_i_function_i16_overflow_works ... ok
[INFO] [stdout] test test_column_moment_i_function_i32_overflow_works ... ok
[INFO] [stdout] test test_column_max_function_on_u32_works ... ok
[INFO] [stdout] test test_column_max_function_on_f64_works ... ok
[INFO] [stdout] test test_column_min_function_on_isize_works ... ok
[INFO] [stdout] test test_column_moment_i_function_isize_overflow_works ... ok
[INFO] [stdout] test test_column_moment_i_function_on_i128_works ... ok
[INFO] [stdout] test test_column_moment_i_function_on_f64_works ... ok
[INFO] [stdout] test test_column_moment_i_function_on_f32_works ... ok
[INFO] [stdout] test test_column_max_function_on_f64_non_comparable_works ... ok
[INFO] [stdout] test test_column_moment_i_function_i8_overflow_works ... ok
[INFO] [stdout] test test_column_min_function_on_i64_works ... ok
[INFO] [stdout] test test_column_min_function_on_u64_works ... ok
[INFO] [stdout] test test_column_min_function_on_u8_works ... ok
[INFO] [stdout] test test_column_min_function_on_u128_works ... ok
[INFO] [stdout] test test_column_moment_i_function_i64_overflow_works ... ok
[INFO] [stdout] test test_column_min_function_on_usize_works ... ok
[INFO] [stdout] test test_column_moment_i_function_on_i64_works ... ok
[INFO] [stdout] test test_column_min_function_f32_non_comparable_works ... ok
[INFO] [stdout] test test_column_min_function_on_u32_works ... ok
[INFO] [stdout] test test_column_max_function_on_u64_works ... ok
[INFO] [stdout] test test_column_moment_i_function_on_i8_works ... ok
[INFO] [stdout] test test_column_moment_i_function_on_i32_works ... ok
[INFO] [stdout] test test_column_moment_i_function_on_isize_works ... ok
[INFO] [stdout] test test_column_max_function_on_i8_works ... ok
[INFO] [stdout] test test_column_moment_i_function_on_i16_works ... ok
[INFO] [stdout] test test_column_min_function_on_u16_works ... ok
[INFO] [stdout] test test_column_moment_i_function_on_u128_works ... ok
[INFO] [stdout] test test_column_moment_i_function_on_u16_works ... ok
[INFO] [stdout] test test_column_moment_i_function_on_u32_works ... ok
[INFO] [stdout] test test_column_moment_i_function_u64_overflow_works ... ok
[INFO] [stdout] test test_column_moment_ii_function_i16_overflow_works ... ok
[INFO] [stdout] test test_column_moment_ii_function_i128_overflow_works ... ok
[INFO] [stdout] test test_column_moment_ii_function_isize_overflow_works ... ok
[INFO] [stdout] test test_column_moment_i_function_on_usize_works ... ok
[INFO] [stdout] test test_column_moment_ii_function_i32_overflow_works ... ok
[INFO] [stdout] test test_column_moment_i_function_u16_overflow_works ... ok
[INFO] [stdout] test test_column_moment_i_function_u8_overflow_works ... ok
[INFO] [stdout] test test_column_moment_i_function_on_u64_works ... ok
[INFO] [stdout] test test_column_moment_i_function_usize_overflow_works ... ok
[INFO] [stdout] test test_column_moment_i_function_u32_overflow_works ... ok
[INFO] [stdout] test test_column_moment_i_function_u128_overflow_works ... ok
[INFO] [stdout] test test_column_moment_i_function_on_u8_works ... ok
[INFO] [stdout] test test_column_moment_ii_function_on_f64_works ... ok
[INFO] [stdout] test test_column_moment_ii_function_i8_overflow_works ... ok
[INFO] [stdout] test test_column_moment_ii_function_on_i8_works ... ok
[INFO] [stdout] test test_column_moment_ii_function_u16_overflow_works ... ok
[INFO] [stdout] test test_column_moment_ii_function_u32_overflow_works ... ok
[INFO] [stdout] test test_column_moment_ii_function_u64_overflow_works ... ok
[INFO] [stdout] test test_column_moment_ii_function_usize_overflow_works ... ok
[INFO] [stdout] test test_column_moment_ii_function_on_u32_works ... ok
[INFO] [stdout] test test_column_moment_ii_function_on_i32_works ... ok
[INFO] [stdout] test test_column_moment_ii_function_on_isize_works ... ok
[INFO] [stdout] test test_column_moment_ii_function_on_i16_works ... ok
[INFO] [stdout] test test_column_moment_ii_function_on_f32_works ... ok
[INFO] [stdout] test test_column_moment_ii_function_i64_overflow_works ... ok
[INFO] [stdout] test test_column_moment_ii_function_u8_overflow_works ... ok
[INFO] [stdout] test test_column_moment_ii_function_on_i128_works ... ok
[INFO] [stdout] test test_column_stddev_function_i128_overflow_works ... ok
[INFO] [stdout] test test_column_moment_ii_function_u128_overflow_works ... ok
[INFO] [stdout] test test_column_moment_ii_function_on_i64_works ... ok
[INFO] [stdout] test test_column_stddev_function_i32_overflow_works ... ok
[INFO] [stdout] test test_column_stddev_function_i16_overflow_works ... ok
[INFO] [stdout] test test_column_moment_ii_function_on_usize_works ... ok
[INFO] [stdout] test test_column_moment_ii_function_on_u8_works ... ok
[INFO] [stdout] test test_column_stddev_function_i64_overflow_works ... ok
[INFO] [stdout] test test_column_stddev_function_i8_overflow_works ... ok
[INFO] [stdout] test test_column_moment_ii_function_on_u128_works ... ok
[INFO] [stdout] test test_column_moment_ii_function_on_u16_works ... ok
[INFO] [stdout] test test_column_stddev_function_isize_overflow_works ... ok
[INFO] [stdout] test test_column_stddev_function_on_i32_works ... ok
[INFO] [stdout] test test_column_moment_ii_function_on_u64_works ... ok
[INFO] [stdout] test test_column_stddev_function_u128_overflow_works ... ok
[INFO] [stdout] test test_column_stddev_function_on_f32_works ... ok
[INFO] [stdout] test test_column_stddev_function_on_i128_works ... ok
[INFO] [stdout] test test_column_stddev_function_on_f64_works ... ok
[INFO] [stdout] test test_column_stddev_function_on_u128_works ... ok
[INFO] [stdout] test test_column_sum_function_i128_overflow_works ... ok
[INFO] [stdout] test test_column_stddev_function_u64_overflow_works ... ok
[INFO] [stdout] test test_column_stddev_function_u32_overflow_works ... ok
[INFO] [stdout] test test_column_stddev_function_u8_overflow_works ... ok
[INFO] [stdout] test test_column_sum_function_i32_overflow_works ... ok
[INFO] [stdout] test test_column_sum_function_i8_overflow_works ... ok
[INFO] [stdout] test test_column_stddev_function_on_u32_works ... ok
[INFO] [stdout] test test_column_stddev_function_on_i16_works ... ok
[INFO] [stdout] test test_column_stddev_function_on_u64_works ... ok
[INFO] [stdout] test test_column_sum_function_isize_overflow_works ... ok
[INFO] [stdout] test test_column_sum_function_on_f32_works ... ok
[INFO] [stdout] test test_column_sum_function_i16_overflow_works ... ok
[INFO] [stdout] test test_column_stddev_function_on_isize_works ... ok
[INFO] [stdout] test test_column_sum_function_on_f64_works ... ok
[INFO] [stdout] test test_column_stddev_function_u16_overflow_works ... ok
[INFO] [stdout] test test_column_stddev_function_on_u16_works ... ok
[INFO] [stdout] test test_column_stddev_function_on_usize_works ... ok
[INFO] [stdout] test test_column_stddev_function_usize_overflow_works ... ok
[INFO] [stdout] test test_column_stddev_function_on_u8_works ... ok
[INFO] [stdout] test test_column_sum_function_i64_overflow_works ... ok
[INFO] [stdout] test test_column_stddev_function_on_i64_works ... ok
[INFO] [stdout] test test_column_stddev_function_on_i8_works ... ok
[INFO] [stdout] test test_column_sum_function_u128_overflow_works ... ok
[INFO] [stdout] test test_column_sum_function_on_u32_works ... ok
[INFO] [stdout] test test_column_sum_function_on_u8_works ... ok
[INFO] [stdout] test test_column_sum_function_on_i8_works ... ok
[INFO] [stdout] test test_column_sum_function_on_isize_works ... ok
[INFO] [stdout] test test_column_sum_function_usize_overflow_works ... ok
[INFO] [stdout] test test_column_sum_function_on_u128_works ... ok
[INFO] [stdout] test test_column_sum_function_u32_overflow_works ... ok
[INFO] [stdout] test test_column_sum_function_on_i16_works ... ok
[INFO] [stdout] test test_column_sum_x2_function_i32_overflow_works ... ok
[INFO] [stdout] test test_column_sum_function_on_usize_works ... ok
[INFO] [stdout] test test_column_sum_function_on_u16_works ... ok
[INFO] [stdout] test test_column_sum_function_on_i128_works ... ok
[INFO] [stdout] test test_column_sum_x2_function_i8_overflow_works ... ok
[INFO] [stdout] test test_column_sum_x2_function_i16_overflow_works ... ok
[INFO] [stdout] test test_column_sum_function_u16_overflow_works ... ok
[INFO] [stdout] test test_column_sum_function_on_i32_works ... ok
[INFO] [stdout] test test_column_sum_function_on_i64_works ... ok
[INFO] [stdout] test test_column_sum_x2_function_i128_overflow_works ... ok
[INFO] [stdout] test test_column_sum_function_u64_overflow_works ... ok
[INFO] [stdout] test test_column_sum_x2_function_on_i128_works ... ok
[INFO] [stdout] test test_column_sum_function_on_u64_works ... ok
[INFO] [stdout] test test_column_sum_function_u8_overflow_works ... ok
[INFO] [stdout] test test_column_sum_x2_function_i64_overflow_works ... ok
[INFO] [stdout] test test_column_sum_x2_function_on_isize_works ... ok
[INFO] [stdout] test test_column_sum_x2_function_on_f32_works ... ok
[INFO] [stdout] test test_column_sum_x2_function_on_f64_works ... ok
[INFO] [stdout] test test_column_sum_x2_function_on_u128_works ... ok
[INFO] [stdout] test test_column_sum_x2_function_on_u16_works ... ok
[INFO] [stdout] test test_column_sum_x2_function_isize_overflow_works ... ok
[INFO] [stdout] test test_column_sum_x2_function_u64_overflow_works ... ok
[INFO] [stdout] test test_column_sum_x2_function_u8_overflow_works ... ok
[INFO] [stdout] test test_column_sum_x2_function_usize_overflow_works ... ok
[INFO] [stdout] test test_column_variance_function_i128_overflow_works ... ok
[INFO] [stdout] test test_column_sum_x2_function_on_u32_works ... ok
[INFO] [stdout] test test_column_variance_function_i16_overflow_works ... ok
[INFO] [stdout] test test_column_sum_x2_function_on_i64_works ... ok
[INFO] [stdout] test test_column_sum_x2_function_u16_overflow_works ... ok
[INFO] [stdout] test test_column_sum_x2_function_on_i8_works ... ok
[INFO] [stdout] test test_column_variance_function_i64_overflow_works ... ok
[INFO] [stdout] test test_column_variance_function_i32_overflow_works ... ok
[INFO] [stdout] test test_column_sum_x2_function_on_u64_works ... ok
[INFO] [stdout] test test_column_sum_x2_function_on_i32_works ... ok
[INFO] [stdout] test test_column_sum_x2_function_on_u8_works ... ok
[INFO] [stdout] test test_column_sum_x2_function_on_i16_works ... ok
[INFO] [stdout] test test_column_sum_x2_function_u128_overflow_works ... ok
[INFO] [stdout] test test_column_variance_function_i8_overflow_works ... ok
[INFO] [stdout] test test_column_variance_function_isize_overflow_works ... ok
[INFO] [stdout] test test_column_variance_function_on_f64_works ... ok
[INFO] [stdout] test test_column_variance_function_on_f32_works ... ok
[INFO] [stdout] test test_column_variance_function_on_u32_works ... ok
[INFO] [stdout] test test_column_variance_function_on_u128_works ... ok
[INFO] [stdout] test test_column_sum_x2_function_u32_overflow_works ... ok
[INFO] [stdout] test test_column_variance_function_on_u64_works ... ok
[INFO] [stdout] test test_column_sum_x2_function_on_usize_works ... ok
[INFO] [stdout] test test_column_variance_function_on_i64_works ... ok
[INFO] [stdout] test test_column_variance_function_on_i128_works ... ok
[INFO] [stdout] test test_column_variance_function_on_i32_works ... ok
[INFO] [stdout] test test_column_variance_function_on_u16_works ... ok
[INFO] [stdout] test test_column_variance_function_u32_overflow_works ... ok
[INFO] [stdout] test test_column_variance_function_u16_overflow_works ... ok
[INFO] [stdout] test test_column_variance_function_on_isize_works ... ok
[INFO] [stdout] test test_column_variance_function_on_i16_works ... ok
[INFO] [stdout] test test_column_variance_function_u8_overflow_works ... ok
[INFO] [stdout] test test_column_variance_function_on_u8_works ... ok
[INFO] [stdout] test test_column_variance_function_on_i8_works ... ok
[INFO] [stdout] test test_column_variance_function_u64_overflow_works ... ok
[INFO] [stdout] test test_column_variance_function_usize_overflow_works ... ok
[INFO] [stdout] test test_column_variance_function_on_usize_works ... ok
[INFO] [stdout] test test_column_variance_function_u128_overflow_works ... ok
[INFO] [stdout] 
[INFO] [stdout] failures:
[INFO] [stdout] 
[INFO] [stdout] ---- load_test_column_min_on_1_m_row_data_works stdout ----
[INFO] [stdout] 
[INFO] [stdout] thread 'load_test_column_min_on_1_m_row_data_works' (995) panicked at tests/common/mod.rs:5:38:
[INFO] [stdout] Should exist, was commited to the repo: Os { code: 2, kind: NotFound, message: "No such file or directory" }
[INFO] [stdout] stack backtrace:
[INFO] [stdout]    0:     0x60409ffda9a1 - <<std[617be2ca0a6fd877]::sys::backtrace::BacktraceLock>::print::DisplayBacktrace as core[a373ad73a504971]::fmt::Display>::fmt
[INFO] [stdout]    1:     0x60409fff02da - core[a373ad73a504971]::fmt::write
[INFO] [stdout]    2:     0x60409ffdebbc - <alloc[2e1b2a31b91974c5]::vec::Vec<u8> as core[a373ad73a504971]::io::write::Write>::write_fmt
[INFO] [stdout]    3:     0x60409ffb6e06 - std[617be2ca0a6fd877]::panicking::default_hook::{closure#0}
[INFO] [stdout]    4:     0x60409ffd3039 - std[617be2ca0a6fd877]::panicking::default_hook
[INFO] [stdout]    5:     0x60409ff6f480 - test[aada8e7e76ba119b]::test_main_inner::{closure#0}
[INFO] [stderr] error: test failed, to rerun pass `--test integration_test`
[INFO] [stdout]    6:     0x60409ffd31f2 - std[617be2ca0a6fd877]::panicking::panic_with_hook
[INFO] [stdout]    7:     0x60409ffb6eb2 - std[617be2ca0a6fd877]::panicking::panic_handler::{closure#0}
[INFO] [stdout]    8:     0x60409ffafbc9 - std[617be2ca0a6fd877]::sys::backtrace::__rust_end_short_backtrace::<std[617be2ca0a6fd877]::panicking::panic_handler::{closure#0}, !>
[INFO] [stdout]    9:     0x60409ffb7abd - __rustc[ea4f61d10b84890b]::rust_begin_unwind
[INFO] [stdout]   10:     0x60409fff0a0c - core[a373ad73a504971]::panicking::panic_fmt
[INFO] [stdout]   11:     0x60409fff07e2 - core[a373ad73a504971]::result::unwrap_failed
[INFO] [stdout]   12:     0x60409ff6134b - integration_test[87ebd035c7410969]::common::load_data
[INFO] [stdout]   13:     0x60409ff39dce - <integration_test[87ebd035c7410969]::load_test_column_min_on_1_m_row_data_works::{closure#0} as core[a373ad73a504971]::ops::function::FnOnce<()>>::call_once
[INFO] [stdout]   14:     0x60409ff628cb - test[aada8e7e76ba119b]::__rust_begin_short_backtrace::<core[a373ad73a504971]::result::Result<(), alloc[2e1b2a31b91974c5]::string::String>, fn() -> core[a373ad73a504971]::result::Result<(), alloc[2e1b2a31b91974c5]::string::String>>
[INFO] [stdout]   15:     0x60409ff6faa5 - test[aada8e7e76ba119b]::run_test::{closure#0}
[INFO] [stdout]   16:     0x60409ff69394 - std[617be2ca0a6fd877]::sys::backtrace::__rust_begin_short_backtrace::<test[aada8e7e76ba119b]::run_test::{closure#1}, ()>
[INFO] [stdout]   17:     0x60409ff72b32 - <std[617be2ca0a6fd877]::thread::lifecycle::spawn_unchecked<test[aada8e7e76ba119b]::run_test::{closure#1}, ()>::{closure#1} as core[a373ad73a504971]::ops::function::FnOnce<()>>::call_once::{shim:vtable#0}
[INFO] [stdout]   18:     0x60409ffda1ff - <std[617be2ca0a6fd877]::sys::thread::unix::Thread>::new::thread_start
[INFO] [stdout]   19:     0x70019fedcdfa - <unknown>
[INFO] [stdout]   20:     0x70019ff703d4 - clone
[INFO] [stdout]   21:                0x0 - <unknown>
[INFO] [stdout] 
[INFO] [stdout] ---- load_test_column_stddev_on_3_m_row_data_works stdout ----
[INFO] [stdout] 
[INFO] [stdout] thread 'load_test_column_stddev_on_3_m_row_data_works' (1002) panicked at tests/common/mod.rs:5:38:
[INFO] [stdout] Should exist, was commited to the repo: Os { code: 2, kind: NotFound, message: "No such file or directory" }
[INFO] [stdout] stack backtrace:
[INFO] [stdout]    0:     0x60409ffda9a1 - <<std[617be2ca0a6fd877]::sys::backtrace::BacktraceLock>::print::DisplayBacktrace as core[a373ad73a504971]::fmt::Display>::fmt
[INFO] [stdout]    1:     0x60409fff02da - core[a373ad73a504971]::fmt::write
[INFO] [stdout]    2:     0x60409ffdebbc - <alloc[2e1b2a31b91974c5]::vec::Vec<u8> as core[a373ad73a504971]::io::write::Write>::write_fmt
[INFO] [stdout]    3:     0x60409ffb6e06 - std[617be2ca0a6fd877]::panicking::default_hook::{closure#0}
[INFO] [stdout]    4:     0x60409ffd3039 - std[617be2ca0a6fd877]::panicking::default_hook
[INFO] [stdout]    5:     0x60409ff6f480 - test[aada8e7e76ba119b]::test_main_inner::{closure#0}
[INFO] [stdout]    6:     0x60409ffd31f2 - std[617be2ca0a6fd877]::panicking::panic_with_hook
[INFO] [stdout]    7:     0x60409ffb6eb2 - std[617be2ca0a6fd877]::panicking::panic_handler::{closure#0}
[INFO] [stdout]    8:     0x60409ffafbc9 - std[617be2ca0a6fd877]::sys::backtrace::__rust_end_short_backtrace::<std[617be2ca0a6fd877]::panicking::panic_handler::{closure#0}, !>
[INFO] [stdout]    9:     0x60409ffb7abd - __rustc[ea4f61d10b84890b]::rust_begin_unwind
[INFO] [stdout]   10:     0x60409fff0a0c - core[a373ad73a504971]::panicking::panic_fmt
[INFO] [stdout]   11:     0x60409fff07e2 - core[a373ad73a504971]::result::unwrap_failed
[INFO] [stdout]   12:     0x60409ff6134b - integration_test[87ebd035c7410969]::common::load_data
[INFO] [stdout]   13:     0x60409ff40d02 - <integration_test[87ebd035c7410969]::load_test_column_stddev_on_3_m_row_data_works::{closure#0} as core[a373ad73a504971]::ops::function::FnOnce<()>>::call_once
[INFO] [stdout]   14:     0x60409ff628cb - test[aada8e7e76ba119b]::__rust_begin_short_backtrace::<core[a373ad73a504971]::result::Result<(), alloc[2e1b2a31b91974c5]::string::String>, fn() -> core[a373ad73a504971]::result::Result<(), alloc[2e1b2a31b91974c5]::string::String>>
[INFO] [stdout]   15:     0x60409ff6faa5 - test[aada8e7e76ba119b]::run_test::{closure#0}
[INFO] [stdout]   16:     0x60409ff69394 - std[617be2ca0a6fd877]::sys::backtrace::__rust_begin_short_backtrace::<test[aada8e7e76ba119b]::run_test::{closure#1}, ()>
[INFO] [stdout]   17:     0x60409ff72b32 - <std[617be2ca0a6fd877]::thread::lifecycle::spawn_unchecked<test[aada8e7e76ba119b]::run_test::{closure#1}, ()>::{closure#1} as core[a373ad73a504971]::ops::function::FnOnce<()>>::call_once::{shim:vtable#0}
[INFO] [stdout]   18:     0x60409ffda1ff - <std[617be2ca0a6fd877]::sys::thread::unix::Thread>::new::thread_start
[INFO] [stdout]   19:     0x70019fedcdfa - <unknown>
[INFO] [stdout]   20:     0x70019ff703d4 - clone
[INFO] [stdout]   21:                0x0 - <unknown>
[INFO] [stdout] 
[INFO] [stdout] ---- load_test_column_sum_on_3_m_row_data_works stdout ----
[INFO] [stdout] 
[INFO] [stdout] thread 'load_test_column_sum_on_3_m_row_data_works' (1004) panicked at tests/common/mod.rs:5:38:
[INFO] [stdout] Should exist, was commited to the repo: Os { code: 2, kind: NotFound, message: "No such file or directory" }
[INFO] [stdout] stack backtrace:
[INFO] [stdout]    0:     0x60409ffda9a1 - <<std[617be2ca0a6fd877]::sys::backtrace::BacktraceLock>::print::DisplayBacktrace as core[a373ad73a504971]::fmt::Display>::fmt
[INFO] [stdout]    1:     0x60409fff02da - core[a373ad73a504971]::fmt::write
[INFO] [stdout]    2:     0x60409ffdebbc - <alloc[2e1b2a31b91974c5]::vec::Vec<u8> as core[a373ad73a504971]::io::write::Write>::write_fmt
[INFO] [stdout]    3:     0x60409ffb6e06 - std[617be2ca0a6fd877]::panicking::default_hook::{closure#0}
[INFO] [stdout]    4:     0x60409ffd3039 - std[617be2ca0a6fd877]::panicking::default_hook
[INFO] [stdout]    5:     0x60409ff6f480 - test[aada8e7e76ba119b]::test_main_inner::{closure#0}
[INFO] [stdout]    6:     0x60409ffd31f2 - std[617be2ca0a6fd877]::panicking::panic_with_hook
[INFO] [stdout]    7:     0x60409ffb6eb2 - std[617be2ca0a6fd877]::panicking::panic_handler::{closure#0}
[INFO] [stdout]    8:     0x60409ffafbc9 - std[617be2ca0a6fd877]::sys::backtrace::__rust_end_short_backtrace::<std[617be2ca0a6fd877]::panicking::panic_handler::{closure#0}, !>
[INFO] [stdout]    9:     0x60409ffb7abd - __rustc[ea4f61d10b84890b]::rust_begin_unwind
[INFO] [stdout]   10:     0x60409fff0a0c - core[a373ad73a504971]::panicking::panic_fmt
[INFO] [stdout]   11:     0x60409fff07e2 - core[a373ad73a504971]::result::unwrap_failed
[INFO] [stdout]   12:     0x60409ff6134b - integration_test[87ebd035c7410969]::common::load_data
[INFO] [stdout]   13:     0x60409ff3a340 - <integration_test[87ebd035c7410969]::load_test_column_sum_on_3_m_row_data_works::{closure#0} as core[a373ad73a504971]::ops::function::FnOnce<()>>::call_once
[INFO] [stdout]   14:     0x60409ff628cb - test[aada8e7e76ba119b]::__rust_begin_short_backtrace::<core[a373ad73a504971]::result::Result<(), alloc[2e1b2a31b91974c5]::string::String>, fn() -> core[a373ad73a504971]::result::Result<(), alloc[2e1b2a31b91974c5]::string::String>>
[INFO] [stdout]   15:     0x60409ff6faa5 - test[aada8e7e76ba119b]::run_test::{closure#0}
[INFO] [stdout]   16:     0x60409ff69394 - std[617be2ca0a6fd877]::sys::backtrace::__rust_begin_short_backtrace::<test[aada8e7e76ba119b]::run_test::{closure#1}, ()>
[INFO] [stdout]   17:     0x60409ff72b32 - <std[617be2ca0a6fd877]::thread::lifecycle::spawn_unchecked<test[aada8e7e76ba119b]::run_test::{closure#1}, ()>::{closure#1} as core[a373ad73a504971]::ops::function::FnOnce<()>>::call_once::{shim:vtable#0}
[INFO] [stdout]   18:     0x60409ffda1ff - <std[617be2ca0a6fd877]::sys::thread::unix::Thread>::new::thread_start
[INFO] [stdout]   19:     0x70019fedcdfa - <unknown>
[INFO] [stdout]   20:     0x70019ff703d4 - clone
[INFO] [stdout]   21:                0x0 - <unknown>
[INFO] [stdout] 
[INFO] [stdout] ---- load_test_column_sum_on_1_m_row_data_works stdout ----
[INFO] [stdout] 
[INFO] [stdout] thread 'load_test_column_sum_on_1_m_row_data_works' (1003) panicked at tests/common/mod.rs:5:38:
[INFO] [stdout] Should exist, was commited to the repo: Os { code: 2, kind: NotFound, message: "No such file or directory" }
[INFO] [stdout] stack backtrace:
[INFO] [stdout]    0:     0x60409ffda9a1 - <<std[617be2ca0a6fd877]::sys::backtrace::BacktraceLock>::print::DisplayBacktrace as core[a373ad73a504971]::fmt::Display>::fmt
[INFO] [stdout]    1:     0x60409fff02da - core[a373ad73a504971]::fmt::write
[INFO] [stdout]    2:     0x60409ffdebbc - <alloc[2e1b2a31b91974c5]::vec::Vec<u8> as core[a373ad73a504971]::io::write::Write>::write_fmt
[INFO] [stdout]    3:     0x60409ffb6e06 - std[617be2ca0a6fd877]::panicking::default_hook::{closure#0}
[INFO] [stdout]    4:     0x60409ffd3039 - std[617be2ca0a6fd877]::panicking::default_hook
[INFO] [stdout]    5:     0x60409ff6f480 - test[aada8e7e76ba119b]::test_main_inner::{closure#0}
[INFO] [stdout]    6:     0x60409ffd31f2 - std[617be2ca0a6fd877]::panicking::panic_with_hook
[INFO] [stdout]    7:     0x60409ffb6eb2 - std[617be2ca0a6fd877]::panicking::panic_handler::{closure#0}
[INFO] [stdout]    8:     0x60409ffafbc9 - std[617be2ca0a6fd877]::sys::backtrace::__rust_end_short_backtrace::<std[617be2ca0a6fd877]::panicking::panic_handler::{closure#0}, !>
[INFO] [stdout]    9:     0x60409ffb7abd - __rustc[ea4f61d10b84890b]::rust_begin_unwind
[INFO] [stdout]   10:     0x60409fff0a0c - core[a373ad73a504971]::panicking::panic_fmt
[INFO] [stdout]   11:     0x60409fff07e2 - core[a373ad73a504971]::result::unwrap_failed
[INFO] [stdout]   12:     0x60409ff6134b - integration_test[87ebd035c7410969]::common::load_data
[INFO] [stdout]   13:     0x60409ff3a170 - <integration_test[87ebd035c7410969]::load_test_column_sum_on_1_m_row_data_works::{closure#0} as core[a373ad73a504971]::ops::function::FnOnce<()>>::call_once
[INFO] [stdout]   14:     0x60409ff628cb - test[aada8e7e76ba119b]::__rust_begin_short_backtrace::<core[a373ad73a504971]::result::Result<(), alloc[2e1b2a31b91974c5]::string::String>, fn() -> core[a373ad73a504971]::result::Result<(), alloc[2e1b2a31b91974c5]::string::String>>
[INFO] [stdout]   15:     0x60409ff6faa5 - test[aada8e7e76ba119b]::run_test::{closure#0}
[INFO] [stdout]   16:     0x60409ff69394 - std[617be2ca0a6fd877]::sys::backtrace::__rust_begin_short_backtrace::<test[aada8e7e76ba119b]::run_test::{closure#1}, ()>
[INFO] [stdout]   17:     0x60409ff72b32 - <std[617be2ca0a6fd877]::thread::lifecycle::spawn_unchecked<test[aada8e7e76ba119b]::run_test::{closure#1}, ()>::{closure#1} as core[a373ad73a504971]::ops::function::FnOnce<()>>::call_once::{shim:vtable#0}
[INFO] [stdout]   18:     0x60409ffda1ff - <std[617be2ca0a6fd877]::sys::thread::unix::Thread>::new::thread_start
[INFO] [stdout]   19:     0x70019fedcdfa - <unknown>
[INFO] [stdout]   20:     0x70019ff703d4 - clone
[INFO] [stdout]   21:                0x0 - <unknown>
[INFO] [stdout] 
[INFO] [stdout] ---- load_test_column_max_on_1_m_row_data_works stdout ----
[INFO] [stdout] 
[INFO] [stdout] thread 'load_test_column_max_on_1_m_row_data_works' (993) panicked at tests/common/mod.rs:5:38:
[INFO] [stdout] Should exist, was commited to the repo: Os { code: 2, kind: NotFound, message: "No such file or directory" }
[INFO] [stdout] stack backtrace:
[INFO] [stdout]    0:     0x60409ffda9a1 - <<std[617be2ca0a6fd877]::sys::backtrace::BacktraceLock>::print::DisplayBacktrace as core[a373ad73a504971]::fmt::Display>::fmt
[INFO] [stdout]    1:     0x60409fff02da - core[a373ad73a504971]::fmt::write
[INFO] [stdout]    2:     0x60409ffdebbc - <alloc[2e1b2a31b91974c5]::vec::Vec<u8> as core[a373ad73a504971]::io::write::Write>::write_fmt
[INFO] [stdout]    3:     0x60409ffb6e06 - std[617be2ca0a6fd877]::panicking::default_hook::{closure#0}
[INFO] [stdout]    4:     0x60409ffd3039 - std[617be2ca0a6fd877]::panicking::default_hook
[INFO] [stdout]    5:     0x60409ff6f480 - test[aada8e7e76ba119b]::test_main_inner::{closure#0}
[INFO] [stdout]    6:     0x60409ffd31f2 - std[617be2ca0a6fd877]::panicking::panic_with_hook
[INFO] [stdout]    7:     0x60409ffb6eb2 - std[617be2ca0a6fd877]::panicking::panic_handler::{closure#0}
[INFO] [stdout]    8:     0x60409ffafbc9 - std[617be2ca0a6fd877]::sys::backtrace::__rust_end_short_backtrace::<std[617be2ca0a6fd877]::panicking::panic_handler::{closure#0}, !>
[INFO] [stdout]    9:     0x60409ffb7abd - __rustc[ea4f61d10b84890b]::rust_begin_unwind
[INFO] [stdout]   10:     0x60409fff0a0c - core[a373ad73a504971]::panicking::panic_fmt
[INFO] [stdout]   11:     0x60409fff07e2 - core[a373ad73a504971]::result::unwrap_failed
[INFO] [stdout]   12:     0x60409ff6134b - integration_test[87ebd035c7410969]::common::load_data
[INFO] [stdout]   13:     0x60409ff39a2e - <integration_test[87ebd035c7410969]::load_test_column_max_on_1_m_row_data_works::{closure#0} as core[a373ad73a504971]::ops::function::FnOnce<()>>::call_once
[INFO] [stdout]   14:     0x60409ff628cb - test[aada8e7e76ba119b]::__rust_begin_short_backtrace::<core[a373ad73a504971]::result::Result<(), alloc[2e1b2a31b91974c5]::string::String>, fn() -> core[a373ad73a504971]::result::Result<(), alloc[2e1b2a31b91974c5]::string::String>>
[INFO] [stdout]   15:     0x60409ff6faa5 - test[aada8e7e76ba119b]::run_test::{closure#0}
[INFO] [stdout]   16:     0x60409ff69394 - std[617be2ca0a6fd877]::sys::backtrace::__rust_begin_short_backtrace::<test[aada8e7e76ba119b]::run_test::{closure#1}, ()>
[INFO] [stdout]   17:     0x60409ff72b32 - <std[617be2ca0a6fd877]::thread::lifecycle::spawn_unchecked<test[aada8e7e76ba119b]::run_test::{closure#1}, ()>::{closure#1} as core[a373ad73a504971]::ops::function::FnOnce<()>>::call_once::{shim:vtable#0}
[INFO] [stdout]   18:     0x60409ffda1ff - <std[617be2ca0a6fd877]::sys::thread::unix::Thread>::new::thread_start
[INFO] [stdout]   19:     0x70019fedcdfa - <unknown>
[INFO] [stdout]   20:     0x70019ff703d4 - clone
[INFO] [stdout]   21:                0x0 - <unknown>
[INFO] [stdout] 
[INFO] [stdout] ---- load_test_column_count_on_3_m_row_data_works stdout ----
[INFO] [stdout] 
[INFO] [stdout] thread 'load_test_column_count_on_3_m_row_data_works' (992) panicked at tests/common/mod.rs:5:38:
[INFO] [stdout] Should exist, was commited to the repo: Os { code: 2, kind: NotFound, message: "No such file or directory" }
[INFO] [stdout] stack backtrace:
[INFO] [stdout]    0:     0x60409ffda9a1 - <<std[617be2ca0a6fd877]::sys::backtrace::BacktraceLock>::print::DisplayBacktrace as core[a373ad73a504971]::fmt::Display>::fmt
[INFO] [stdout]    1:     0x60409fff02da - core[a373ad73a504971]::fmt::write
[INFO] [stdout]    2:     0x60409ffdebbc - <alloc[2e1b2a31b91974c5]::vec::Vec<u8> as core[a373ad73a504971]::io::write::Write>::write_fmt
[INFO] [stdout]    3:     0x60409ffb6e06 - std[617be2ca0a6fd877]::panicking::default_hook::{closure#0}
[INFO] [stdout]    4:     0x60409ffd3039 - std[617be2ca0a6fd877]::panicking::default_hook
[INFO] [stdout]    5:     0x60409ff6f480 - test[aada8e7e76ba119b]::test_main_inner::{closure#0}
[INFO] [stdout]    6:     0x60409ffd31f2 - std[617be2ca0a6fd877]::panicking::panic_with_hook
[INFO] [stdout]    7:     0x60409ffb6eb2 - std[617be2ca0a6fd877]::panicking::panic_handler::{closure#0}
[INFO] [stdout]    8:     0x60409ffafbc9 - std[617be2ca0a6fd877]::sys::backtrace::__rust_end_short_backtrace::<std[617be2ca0a6fd877]::panicking::panic_handler::{closure#0}, !>
[INFO] [stdout]    9:     0x60409ffb7abd - __rustc[ea4f61d10b84890b]::rust_begin_unwind
[INFO] [stdout]   10:     0x60409fff0a0c - core[a373ad73a504971]::panicking::panic_fmt
[INFO] [stdout]   11:     0x60409fff07e2 - core[a373ad73a504971]::result::unwrap_failed
[INFO] [stdout]   12:     0x60409ff6134b - integration_test[87ebd035c7410969]::common::load_data
[INFO] [stdout]   13:     0x60409ff3f8e2 - <integration_test[87ebd035c7410969]::load_test_column_count_on_3_m_row_data_works::{closure#0} as core[a373ad73a504971]::ops::function::FnOnce<()>>::call_once
[INFO] [stdout]   14:     0x60409ff628cb - test[aada8e7e76ba119b]::__rust_begin_short_backtrace::<core[a373ad73a504971]::result::Result<(), alloc[2e1b2a31b91974c5]::string::String>, fn() -> core[a373ad73a504971]::result::Result<(), alloc[2e1b2a31b91974c5]::string::String>>
[INFO] [stdout]   15:     0x60409ff6faa5 - test[aada8e7e76ba119b]::run_test::{closure#0}
[INFO] [stdout]   16:     0x60409ff69394 - std[617be2ca0a6fd877]::sys::backtrace::__rust_begin_short_backtrace::<test[aada8e7e76ba119b]::run_test::{closure#1}, ()>
[INFO] [stdout]   17:     0x60409ff72b32 - <std[617be2ca0a6fd877]::thread::lifecycle::spawn_unchecked<test[aada8e7e76ba119b]::run_test::{closure#1}, ()>::{closure#1} as core[a373ad73a504971]::ops::function::FnOnce<()>>::call_once::{shim:vtable#0}
[INFO] [stdout]   18:     0x60409ffda1ff - <std[617be2ca0a6fd877]::sys::thread::unix::Thread>::new::thread_start
[INFO] [stdout]   19:     0x70019fedcdfa - <unknown>
[INFO] [stdout]   20:     0x70019ff703d4 - clone
[INFO] [stdout]   21:                0x0 - <unknown>
[INFO] [stdout] 
[INFO] [stdout] ---- load_test_column_count_on_1_m_row_data_works stdout ----
[INFO] [stdout] 
[INFO] [stdout] thread 'load_test_column_count_on_1_m_row_data_works' (991) panicked at tests/common/mod.rs:5:38:
[INFO] [stdout] Should exist, was commited to the repo: Os { code: 2, kind: NotFound, message: "No such file or directory" }
[INFO] [stdout] stack backtrace:
[INFO] [stdout]    0:     0x60409ffda9a1 - <<std[617be2ca0a6fd877]::sys::backtrace::BacktraceLock>::print::DisplayBacktrace as core[a373ad73a504971]::fmt::Display>::fmt
[INFO] [stdout]    1:     0x60409fff02da - core[a373ad73a504971]::fmt::write
[INFO] [stdout]    2:     0x60409ffdebbc - <alloc[2e1b2a31b91974c5]::vec::Vec<u8> as core[a373ad73a504971]::io::write::Write>::write_fmt
[INFO] [stdout]    3:     0x60409ffb6e06 - std[617be2ca0a6fd877]::panicking::default_hook::{closure#0}
[INFO] [stdout]    4:     0x60409ffd3039 - std[617be2ca0a6fd877]::panicking::default_hook
[INFO] [stdout]    5:     0x60409ff6f480 - test[aada8e7e76ba119b]::test_main_inner::{closure#0}
[INFO] [stdout]    6:     0x60409ffd31f2 - std[617be2ca0a6fd877]::panicking::panic_with_hook
[INFO] [stdout]    7:     0x60409ffb6eb2 - std[617be2ca0a6fd877]::panicking::panic_handler::{closure#0}
[INFO] [stdout]    8:     0x60409ffafbc9 - std[617be2ca0a6fd877]::sys::backtrace::__rust_end_short_backtrace::<std[617be2ca0a6fd877]::panicking::panic_handler::{closure#0}, !>
[INFO] [stdout]    9:     0x60409ffb7abd - __rustc[ea4f61d10b84890b]::rust_begin_unwind
[INFO] [stdout]   10:     0x60409fff0a0c - core[a373ad73a504971]::panicking::panic_fmt
[INFO] [stdout]   11:     0x60409fff07e2 - core[a373ad73a504971]::result::unwrap_failed
[INFO] [stdout]   12:     0x60409ff6134b - integration_test[87ebd035c7410969]::common::load_data
[INFO] [stdout]   13:     0x60409ff3f7a2 - <integration_test[87ebd035c7410969]::load_test_column_count_on_1_m_row_data_works::{closure#0} as core[a373ad73a504971]::ops::function::FnOnce<()>>::call_once
[INFO] [stdout]   14:     0x60409ff628cb - test[aada8e7e76ba119b]::__rust_begin_short_backtrace::<core[a373ad73a504971]::result::Result<(), alloc[2e1b2a31b91974c5]::string::String>, fn() -> core[a373ad73a504971]::result::Result<(), alloc[2e1b2a31b91974c5]::string::String>>
[INFO] [stdout]   15:     0x60409ff6faa5 - test[aada8e7e76ba119b]::run_test::{closure#0}
[INFO] [stdout]   16:     0x60409ff69394 - std[617be2ca0a6fd877]::sys::backtrace::__rust_begin_short_backtrace::<test[aada8e7e76ba119b]::run_test::{closure#1}, ()>
[INFO] [stdout]   17:     0x60409ff72b32 - <std[617be2ca0a6fd877]::thread::lifecycle::spawn_unchecked<test[aada8e7e76ba119b]::run_test::{closure#1}, ()>::{closure#1} as core[a373ad73a504971]::ops::function::FnOnce<()>>::call_once::{shim:vtable#0}
[INFO] [stdout]   18:     0x60409ffda1ff - <std[617be2ca0a6fd877]::sys::thread::unix::Thread>::new::thread_start
[INFO] [stdout]   19:     0x70019fedcdfa - <unknown>
[INFO] [stdout]   20:     0x70019ff703d4 - clone
[INFO] [stdout]   21:                0x0 - <unknown>
[INFO] [stdout] 
[INFO] [stdout] ---- load_test_column_moment_ii_on_3_m_row_data_works stdout ----
[INFO] [stdout] 
[INFO] [stdout] thread 'load_test_column_moment_ii_on_3_m_row_data_works' (1000) panicked at tests/common/mod.rs:5:38:
[INFO] [stdout] Should exist, was commited to the repo: Os { code: 2, kind: NotFound, message: "No such file or directory" }
[INFO] [stdout] stack backtrace:
[INFO] [stdout]    0:     0x60409ffda9a1 - <<std[617be2ca0a6fd877]::sys::backtrace::BacktraceLock>::print::DisplayBacktrace as core[a373ad73a504971]::fmt::Display>::fmt
[INFO] [stdout]    1:     0x60409fff02da - core[a373ad73a504971]::fmt::write
[INFO] [stdout]    2:     0x60409ffdebbc - <alloc[2e1b2a31b91974c5]::vec::Vec<u8> as core[a373ad73a504971]::io::write::Write>::write_fmt
[INFO] [stdout]    3:     0x60409ffb6e06 - std[617be2ca0a6fd877]::panicking::default_hook::{closure#0}
[INFO] [stdout]    4:     0x60409ffd3039 - std[617be2ca0a6fd877]::panicking::default_hook
[INFO] [stdout]    5:     0x60409ff6f480 - test[aada8e7e76ba119b]::test_main_inner::{closure#0}
[INFO] [stdout]    6:     0x60409ffd31f2 - std[617be2ca0a6fd877]::panicking::panic_with_hook
[INFO] [stdout]    7:     0x60409ffb6eb2 - std[617be2ca0a6fd877]::panicking::panic_handler::{closure#0}
[INFO] [stdout]    8:     0x60409ffafbc9 - std[617be2ca0a6fd877]::sys::backtrace::__rust_end_short_backtrace::<std[617be2ca0a6fd877]::panicking::panic_handler::{closure#0}, !>
[INFO] [stdout]    9:     0x60409ffb7abd - __rustc[ea4f61d10b84890b]::rust_begin_unwind
[INFO] [stdout]   10:     0x60409fff0a0c - core[a373ad73a504971]::panicking::panic_fmt
[INFO] [stdout]   11:     0x60409fff07e2 - core[a373ad73a504971]::result::unwrap_failed
[INFO] [stdout]   12:     0x60409ff6134b - integration_test[87ebd035c7410969]::common::load_data
[INFO] [stdout]   13:     0x60409ff44640 - <integration_test[87ebd035c7410969]::load_test_column_moment_ii_on_3_m_row_data_works::{closure#0} as core[a373ad73a504971]::ops::function::FnOnce<()>>::call_once
[INFO] [stdout]   14:     0x60409ff628cb - test[aada8e7e76ba119b]::__rust_begin_short_backtrace::<core[a373ad73a504971]::result::Result<(), alloc[2e1b2a31b91974c5]::string::String>, fn() -> core[a373ad73a504971]::result::Result<(), alloc[2e1b2a31b91974c5]::string::String>>
[INFO] [stdout]   15:     0x60409ff6faa5 - test[aada8e7e76ba119b]::run_test::{closure#0}
[INFO] [stdout]   16:     0x60409ff69394 - std[617be2ca0a6fd877]::sys::backtrace::__rust_begin_short_backtrace::<test[aada8e7e76ba119b]::run_test::{closure#1}, ()>
[INFO] [stdout]   17:     0x60409ff72b32 - <std[617be2ca0a6fd877]::thread::lifecycle::spawn_unchecked<test[aada8e7e76ba119b]::run_test::{closure#1}, ()>::{closure#1} as core[a373ad73a504971]::ops::function::FnOnce<()>>::call_once::{shim:vtable#0}
[INFO] [stdout]   18:     0x60409ffda1ff - <std[617be2ca0a6fd877]::sys::thread::unix::Thread>::new::thread_start
[INFO] [stdout]   19:     0x70019fedcdfa - <unknown>
[INFO] [stdout]   20:     0x70019ff703d4 - clone
[INFO] [stdout]   21:                0x0 - <unknown>
[INFO] [stdout] 
[INFO] [stdout] ---- load_test_column_moment_ii_on_1_m_row_data_works stdout ----
[INFO] [stdout] 
[INFO] [stdout] thread 'load_test_column_moment_ii_on_1_m_row_data_works' (999) panicked at tests/common/mod.rs:5:38:
[INFO] [stdout] Should exist, was commited to the repo: Os { code: 2, kind: NotFound, message: "No such file or directory" }
[INFO] [stdout] stack backtrace:
[INFO] [stdout]    0:     0x60409ffda9a1 - <<std[617be2ca0a6fd877]::sys::backtrace::BacktraceLock>::print::DisplayBacktrace as core[a373ad73a504971]::fmt::Display>::fmt
[INFO] [stdout]    1:     0x60409fff02da - core[a373ad73a504971]::fmt::write
[INFO] [stdout]    2:     0x60409ffdebbc - <alloc[2e1b2a31b91974c5]::vec::Vec<u8> as core[a373ad73a504971]::io::write::Write>::write_fmt
[INFO] [stdout]    3:     0x60409ffb6e06 - std[617be2ca0a6fd877]::panicking::default_hook::{closure#0}
[INFO] [stdout]    4:     0x60409ffd3039 - std[617be2ca0a6fd877]::panicking::default_hook
[INFO] [stdout]    5:     0x60409ff6f480 - test[aada8e7e76ba119b]::test_main_inner::{closure#0}
[INFO] [stdout]    6:     0x60409ffd31f2 - std[617be2ca0a6fd877]::panicking::panic_with_hook
[INFO] [stdout]    7:     0x60409ffb6eb2 - std[617be2ca0a6fd877]::panicking::panic_handler::{closure#0}
[INFO] [stdout]    8:     0x60409ffafbc9 - std[617be2ca0a6fd877]::sys::backtrace::__rust_end_short_backtrace::<std[617be2ca0a6fd877]::panicking::panic_handler::{closure#0}, !>
[INFO] [stdout]    9:     0x60409ffb7abd - __rustc[ea4f61d10b84890b]::rust_begin_unwind
[INFO] [stdout]   10:     0x60409fff0a0c - core[a373ad73a504971]::panicking::panic_fmt
[INFO] [stdout]   11:     0x60409fff07e2 - core[a373ad73a504971]::result::unwrap_failed
[INFO] [stdout]   12:     0x60409ff6134b - integration_test[87ebd035c7410969]::common::load_data
[INFO] [stdout]   13:     0x60409ff44470 - <integration_test[87ebd035c7410969]::load_test_column_moment_ii_on_1_m_row_data_works::{closure#0} as core[a373ad73a504971]::ops::function::FnOnce<()>>::call_once
[INFO] [stdout]   14:     0x60409ff628cb - test[aada8e7e76ba119b]::__rust_begin_short_backtrace::<core[a373ad73a504971]::result::Result<(), alloc[2e1b2a31b91974c5]::string::String>, fn() -> core[a373ad73a504971]::result::Result<(), alloc[2e1b2a31b91974c5]::string::String>>
[INFO] [stdout]   15:     0x60409ff6faa5 - test[aada8e7e76ba119b]::run_test::{closure#0}
[INFO] [stdout]   16:     0x60409ff69394 - std[617be2ca0a6fd877]::sys::backtrace::__rust_begin_short_backtrace::<test[aada8e7e76ba119b]::run_test::{closure#1}, ()>
[INFO] [stdout]   17:     0x60409ff72b32 - <std[617be2ca0a6fd877]::thread::lifecycle::spawn_unchecked<test[aada8e7e76ba119b]::run_test::{closure#1}, ()>::{closure#1} as core[a373ad73a504971]::ops::function::FnOnce<()>>::call_once::{shim:vtable#0}
[INFO] [stdout]   18:     0x60409ffda1ff - <std[617be2ca0a6fd877]::sys::thread::unix::Thread>::new::thread_start
[INFO] [stdout]   19:     0x70019fedcdfa - <unknown>
[INFO] [stdout]   20:     0x70019ff703d4 - clone
[INFO] [stdout]   21:                0x0 - <unknown>
[INFO] [stdout] 
[INFO] [stdout] ---- load_test_column_max_on_3_m_row_data_works stdout ----
[INFO] [stdout] 
[INFO] [stdout] thread 'load_test_column_max_on_3_m_row_data_works' (994) panicked at tests/common/mod.rs:5:38:
[INFO] [stdout] Should exist, was commited to the repo: Os { code: 2, kind: NotFound, message: "No such file or directory" }
[INFO] [stdout] stack backtrace:
[INFO] [stdout]    0:     0x60409ffda9a1 - <<std[617be2ca0a6fd877]::sys::backtrace::BacktraceLock>::print::DisplayBacktrace as core[a373ad73a504971]::fmt::Display>::fmt
[INFO] [stdout]    1:     0x60409fff02da - core[a373ad73a504971]::fmt::write
[INFO] [stdout]    2:     0x60409ffdebbc - <alloc[2e1b2a31b91974c5]::vec::Vec<u8> as core[a373ad73a504971]::io::write::Write>::write_fmt
[INFO] [stdout]    3:     0x60409ffb6e06 - std[617be2ca0a6fd877]::panicking::default_hook::{closure#0}
[INFO] [stdout]    4:     0x60409ffd3039 - std[617be2ca0a6fd877]::panicking::default_hook
[INFO] [stdout]    5:     0x60409ff6f480 - test[aada8e7e76ba119b]::test_main_inner::{closure#0}
[INFO] [stdout]    6:     0x60409ffd31f2 - std[617be2ca0a6fd877]::panicking::panic_with_hook
[INFO] [stdout]    7:     0x60409ffb6eb2 - std[617be2ca0a6fd877]::panicking::panic_handler::{closure#0}
[INFO] [stdout]    8:     0x60409ffafbc9 - std[617be2ca0a6fd877]::sys::backtrace::__rust_end_short_backtrace::<std[617be2ca0a6fd877]::panicking::panic_handler::{closure#0}, !>
[INFO] [stdout]    9:     0x60409ffb7abd - __rustc[ea4f61d10b84890b]::rust_begin_unwind
[INFO] [stdout]   10:     0x60409fff0a0c - core[a373ad73a504971]::panicking::panic_fmt
[INFO] [stdout]   11:     0x60409fff07e2 - core[a373ad73a504971]::result::unwrap_failed
[INFO] [stdout]   12:     0x60409ff6134b - integration_test[87ebd035c7410969]::common::load_data
[INFO] [stdout]   13:     0x60409ff39bfe - <integration_test[87ebd035c7410969]::load_test_column_max_on_3_m_row_data_works::{closure#0} as core[a373ad73a504971]::ops::function::FnOnce<()>>::call_once
[INFO] [stdout]   14:     0x60409ff628cb - test[aada8e7e76ba119b]::__rust_begin_short_backtrace::<core[a373ad73a504971]::result::Result<(), alloc[2e1b2a31b91974c5]::string::String>, fn() -> core[a373ad73a504971]::result::Result<(), alloc[2e1b2a31b91974c5]::string::String>>
[INFO] [stdout]   15:     0x60409ff6faa5 - test[aada8e7e76ba119b]::run_test::{closure#0}
[INFO] [stdout]   16:     0x60409ff69394 - std[617be2ca0a6fd877]::sys::backtrace::__rust_begin_short_backtrace::<test[aada8e7e76ba119b]::run_test::{closure#1}, ()>
[INFO] [stdout]   17:     0x60409ff72b32 - <std[617be2ca0a6fd877]::thread::lifecycle::spawn_unchecked<test[aada8e7e76ba119b]::run_test::{closure#1}, ()>::{closure#1} as core[a373ad73a504971]::ops::function::FnOnce<()>>::call_once::{shim:vtable#0}
[INFO] [stdout]   18:     0x60409ffda1ff - <std[617be2ca0a6fd877]::sys::thread::unix::Thread>::new::thread_start
[INFO] [stdout]   19:     0x70019fedcdfa - <unknown>
[INFO] [stdout]   20:     0x70019ff703d4 - clone
[INFO] [stdout]   21:                0x0 - <unknown>
[INFO] [stdout] 
[INFO] [stdout] ---- load_test_column_min_on_3_m_row_data_works stdout ----
[INFO] [stdout] 
[INFO] [stdout] thread 'load_test_column_min_on_3_m_row_data_works' (996) panicked at tests/common/mod.rs:5:38:
[INFO] [stdout] Should exist, was commited to the repo: Os { code: 2, kind: NotFound, message: "No such file or directory" }
[INFO] [stdout] stack backtrace:
[INFO] [stdout]    0:     0x60409ffda9a1 - <<std[617be2ca0a6fd877]::sys::backtrace::BacktraceLock>::print::DisplayBacktrace as core[a373ad73a504971]::fmt::Display>::fmt
[INFO] [stdout]    1:     0x60409fff02da - core[a373ad73a504971]::fmt::write
[INFO] [stdout]    2:     0x60409ffdebbc - <alloc[2e1b2a31b91974c5]::vec::Vec<u8> as core[a373ad73a504971]::io::write::Write>::write_fmt
[INFO] [stdout]    3:     0x60409ffb6e06 - std[617be2ca0a6fd877]::panicking::default_hook::{closure#0}
[INFO] [stdout]    4:     0x60409ffd3039 - std[617be2ca0a6fd877]::panicking::default_hook
[INFO] [stdout]    5:     0x60409ff6f480 - test[aada8e7e76ba119b]::test_main_inner::{closure#0}
[INFO] [stdout]    6:     0x60409ffd31f2 - std[617be2ca0a6fd877]::panicking::panic_with_hook
[INFO] [stdout]    7:     0x60409ffb6eb2 - std[617be2ca0a6fd877]::panicking::panic_handler::{closure#0}
[INFO] [stdout]    8:     0x60409ffafbc9 - std[617be2ca0a6fd877]::sys::backtrace::__rust_end_short_backtrace::<std[617be2ca0a6fd877]::panicking::panic_handler::{closure#0}, !>
[INFO] [stdout]    9:     0x60409ffb7abd - __rustc[ea4f61d10b84890b]::rust_begin_unwind
[INFO] [stdout]   10:     0x60409fff0a0c - core[a373ad73a504971]::panicking::panic_fmt
[INFO] [stdout]   11:     0x60409fff07e2 - core[a373ad73a504971]::result::unwrap_failed
[INFO] [stdout]   12:     0x60409ff6134b - integration_test[87ebd035c7410969]::common::load_data
[INFO] [stdout]   13:     0x60409ff39f9e - <integration_test[87ebd035c7410969]::load_test_column_min_on_3_m_row_data_works::{closure#0} as core[a373ad73a504971]::ops::function::FnOnce<()>>::call_once
[INFO] [stdout]   14:     0x60409ff628cb - test[aada8e7e76ba119b]::__rust_begin_short_backtrace::<core[a373ad73a504971]::result::Result<(), alloc[2e1b2a31b91974c5]::string::String>, fn() -> core[a373ad73a504971]::result::Result<(), alloc[2e1b2a31b91974c5]::string::String>>
[INFO] [stdout]   15:     0x60409ff6faa5 - test[aada8e7e76ba119b]::run_test::{closure#0}
[INFO] [stdout]   16:     0x60409ff69394 - std[617be2ca0a6fd877]::sys::backtrace::__rust_begin_short_backtrace::<test[aada8e7e76ba119b]::run_test::{closure#1}, ()>
[INFO] [stdout]   17:     0x60409ff72b32 - <std[617be2ca0a6fd877]::thread::lifecycle::spawn_unchecked<test[aada8e7e76ba119b]::run_test::{closure#1}, ()>::{closure#1} as core[a373ad73a504971]::ops::function::FnOnce<()>>::call_once::{shim:vtable#0}
[INFO] [stdout]   18:     0x60409ffda1ff - <std[617be2ca0a6fd877]::sys::thread::unix::Thread>::new::thread_start
[INFO] [stdout]   19:     0x70019fedcdfa - <unknown>
[INFO] [stdout]   20:     0x70019ff703d4 - clone
[INFO] [stdout]   21:                0x0 - <unknown>
[INFO] [stdout] 
[INFO] [stdout] ---- load_test_column_moment_i_on_3_m_row_data_works stdout ----
[INFO] [stdout] 
[INFO] [stdout] thread 'load_test_column_moment_i_on_3_m_row_data_works' (998) panicked at tests/common/mod.rs:5:38:
[INFO] [stdout] Should exist, was commited to the repo: Os { code: 2, kind: NotFound, message: "No such file or directory" }
[INFO] [stdout] stack backtrace:
[INFO] [stdout]    0:     0x60409ffda9a1 - <<std[617be2ca0a6fd877]::sys::backtrace::BacktraceLock>::print::DisplayBacktrace as core[a373ad73a504971]::fmt::Display>::fmt
[INFO] [stdout]    1:     0x60409fff02da - core[a373ad73a504971]::fmt::write
[INFO] [stdout]    2:     0x60409ffdebbc - <alloc[2e1b2a31b91974c5]::vec::Vec<u8> as core[a373ad73a504971]::io::write::Write>::write_fmt
[INFO] [stdout]    3:     0x60409ffb6e06 - std[617be2ca0a6fd877]::panicking::default_hook::{closure#0}
[INFO] [stdout]    4:     0x60409ffd3039 - std[617be2ca0a6fd877]::panicking::default_hook
[INFO] [stdout]    5:     0x60409ff6f480 - test[aada8e7e76ba119b]::test_main_inner::{closure#0}
[INFO] [stdout]    6:     0x60409ffd31f2 - std[617be2ca0a6fd877]::panicking::panic_with_hook
[INFO] [stdout]    7:     0x60409ffb6eb2 - std[617be2ca0a6fd877]::panicking::panic_handler::{closure#0}
[INFO] [stdout]    8:     0x60409ffafbc9 - std[617be2ca0a6fd877]::sys::backtrace::__rust_end_short_backtrace::<std[617be2ca0a6fd877]::panicking::panic_handler::{closure#0}, !>
[INFO] [stdout]    9:     0x60409ffb7abd - __rustc[ea4f61d10b84890b]::rust_begin_unwind
[INFO] [stdout]   10:     0x60409fff0a0c - core[a373ad73a504971]::panicking::panic_fmt
[INFO] [stdout]   11:     0x60409fff07e2 - core[a373ad73a504971]::result::unwrap_failed
[INFO] [stdout]   12:     0x60409ff6134b - integration_test[87ebd035c7410969]::common::load_data
[INFO] [stdout]   13:     0x60409ff43240 - <integration_test[87ebd035c7410969]::load_test_column_moment_i_on_3_m_row_data_works::{closure#0} as core[a373ad73a504971]::ops::function::FnOnce<()>>::call_once
[INFO] [stdout]   14:     0x60409ff628cb - test[aada8e7e76ba119b]::__rust_begin_short_backtrace::<core[a373ad73a504971]::result::Result<(), alloc[2e1b2a31b91974c5]::string::String>, fn() -> core[a373ad73a504971]::result::Result<(), alloc[2e1b2a31b91974c5]::string::String>>
[INFO] [stdout]   15:     0x60409ff6faa5 - test[aada8e7e76ba119b]::run_test::{closure#0}
[INFO] [stdout]   16:     0x60409ff69394 - std[617be2ca0a6fd877]::sys::backtrace::__rust_begin_short_backtrace::<test[aada8e7e76ba119b]::run_test::{closure#1}, ()>
[INFO] [stdout]   17:     0x60409ff72b32 - <std[617be2ca0a6fd877]::thread::lifecycle::spawn_unchecked<test[aada8e7e76ba119b]::run_test::{closure#1}, ()>::{closure#1} as core[a373ad73a504971]::ops::function::FnOnce<()>>::call_once::{shim:vtable#0}
[INFO] [stdout]   18:     0x60409ffda1ff - <std[617be2ca0a6fd877]::sys::thread::unix::Thread>::new::thread_start
[INFO] [stdout]   19:     0x70019fedcdfa - <unknown>
[INFO] [stdout]   20:     0x70019ff703d4 - clone
[INFO] [stdout]   21:                0x0 - <unknown>
[INFO] [stdout] 
[INFO] [stdout] ---- load_test_column_sum_x2_on_3_m_row_data_works stdout ----
[INFO] [stdout] 
[INFO] [stdout] thread 'load_test_column_sum_x2_on_3_m_row_data_works' (1006) panicked at tests/common/mod.rs:5:38:
[INFO] [stdout] Should exist, was commited to the repo: Os { code: 2, kind: NotFound, message: "No such file or directory" }
[INFO] [stdout] stack backtrace:
[INFO] [stdout]    0:     0x60409ffda9a1 - <<std[617be2ca0a6fd877]::sys::backtrace::BacktraceLock>::print::DisplayBacktrace as core[a373ad73a504971]::fmt::Display>::fmt
[INFO] [stdout]    1:     0x60409fff02da - core[a373ad73a504971]::fmt::write
[INFO] [stdout]    2:     0x60409ffdebbc - <alloc[2e1b2a31b91974c5]::vec::Vec<u8> as core[a373ad73a504971]::io::write::Write>::write_fmt
[INFO] [stdout]    3:     0x60409ffb6e06 - std[617be2ca0a6fd877]::panicking::default_hook::{closure#0}
[INFO] [stdout]    4:     0x60409ffd3039 - std[617be2ca0a6fd877]::panicking::default_hook
[INFO] [stdout]    5:     0x60409ff6f480 - test[aada8e7e76ba119b]::test_main_inner::{closure#0}
[INFO] [stdout]    6:     0x60409ffd31f2 - std[617be2ca0a6fd877]::panicking::panic_with_hook
[INFO] [stdout]    7:     0x60409ffb6eb2 - std[617be2ca0a6fd877]::panicking::panic_handler::{closure#0}
[INFO] [stdout]    8:     0x60409ffafbc9 - std[617be2ca0a6fd877]::sys::backtrace::__rust_end_short_backtrace::<std[617be2ca0a6fd877]::panicking::panic_handler::{closure#0}, !>
[INFO] [stdout]    9:     0x60409ffb7abd - __rustc[ea4f61d10b84890b]::rust_begin_unwind
[INFO] [stdout]   10:     0x60409fff0a0c - core[a373ad73a504971]::panicking::panic_fmt
[INFO] [stdout]   11:     0x60409fff07e2 - core[a373ad73a504971]::result::unwrap_failed
[INFO] [stdout]   12:     0x60409ff6134b - integration_test[87ebd035c7410969]::common::load_data
[INFO] [stdout]   13:     0x60409ff41110 - <integration_test[87ebd035c7410969]::load_test_column_sum_x2_on_3_m_row_data_works::{closure#0} as core[a373ad73a504971]::ops::function::FnOnce<()>>::call_once
[INFO] [stdout]   14:     0x60409ff628cb - test[aada8e7e76ba119b]::__rust_begin_short_backtrace::<core[a373ad73a504971]::result::Result<(), alloc[2e1b2a31b91974c5]::string::String>, fn() -> core[a373ad73a504971]::result::Result<(), alloc[2e1b2a31b91974c5]::string::String>>
[INFO] [stdout]   15:     0x60409ff6faa5 - test[aada8e7e76ba119b]::run_test::{closure#0}
[INFO] [stdout]   16:     0x60409ff69394 - std[617be2ca0a6fd877]::sys::backtrace::__rust_begin_short_backtrace::<test[aada8e7e76ba119b]::run_test::{closure#1}, ()>
[INFO] [stdout]   17:     0x60409ff72b32 - <std[617be2ca0a6fd877]::thread::lifecycle::spawn_unchecked<test[aada8e7e76ba119b]::run_test::{closure#1}, ()>::{closure#1} as core[a373ad73a504971]::ops::function::FnOnce<()>>::call_once::{shim:vtable#0}
[INFO] [stdout]   18:     0x60409ffda1ff - <std[617be2ca0a6fd877]::sys::thread::unix::Thread>::new::thread_start
[INFO] [stdout]   19:     0x70019fedcdfa - <unknown>
[INFO] [stdout]   20:     0x70019ff703d4 - clone
[INFO] [stdout]   21:                0x0 - <unknown>
[INFO] [stdout] 
[INFO] [stdout] ---- load_test_column_sum_x2_on_1_m_row_data_works stdout ----
[INFO] [stdout] 
[INFO] [stdout] thread 'load_test_column_sum_x2_on_1_m_row_data_works' (1005) panicked at tests/common/mod.rs:5:38:
[INFO] [stdout] Should exist, was commited to the repo: Os { code: 2, kind: NotFound, message: "No such file or directory" }
[INFO] [stdout] stack backtrace:
[INFO] [stdout]    0:     0x60409ffda9a1 - <<std[617be2ca0a6fd877]::sys::backtrace::BacktraceLock>::print::DisplayBacktrace as core[a373ad73a504971]::fmt::Display>::fmt
[INFO] [stdout]    1:     0x60409fff02da - core[a373ad73a504971]::fmt::write
[INFO] [stdout]    2:     0x60409ffdebbc - <alloc[2e1b2a31b91974c5]::vec::Vec<u8> as core[a373ad73a504971]::io::write::Write>::write_fmt
[INFO] [stdout]    3:     0x60409ffb6e06 - std[617be2ca0a6fd877]::panicking::default_hook::{closure#0}
[INFO] [stdout]    4:     0x60409ffd3039 - std[617be2ca0a6fd877]::panicking::default_hook
[INFO] [stdout]    5:     0x60409ff6f480 - test[aada8e7e76ba119b]::test_main_inner::{closure#0}
[INFO] [stdout]    6:     0x60409ffd31f2 - std[617be2ca0a6fd877]::panicking::panic_with_hook
[INFO] [stdout]    7:     0x60409ffb6eb2 - std[617be2ca0a6fd877]::panicking::panic_handler::{closure#0}
[INFO] [stdout]    8:     0x60409ffafbc9 - std[617be2ca0a6fd877]::sys::backtrace::__rust_end_short_backtrace::<std[617be2ca0a6fd877]::panicking::panic_handler::{closure#0}, !>
[INFO] [stdout]    9:     0x60409ffb7abd - __rustc[ea4f61d10b84890b]::rust_begin_unwind
[INFO] [stdout]   10:     0x60409fff0a0c - core[a373ad73a504971]::panicking::panic_fmt
[INFO] [stdout]   11:     0x60409fff07e2 - core[a373ad73a504971]::result::unwrap_failed
[INFO] [stdout]   12:     0x60409ff6134b - integration_test[87ebd035c7410969]::common::load_data
[INFO] [stdout]   13:     0x60409ff40f40 - <integration_test[87ebd035c7410969]::load_test_column_sum_x2_on_1_m_row_data_works::{closure#0} as core[a373ad73a504971]::ops::function::FnOnce<()>>::call_once
[INFO] [stdout]   14:     0x60409ff628cb - test[aada8e7e76ba119b]::__rust_begin_short_backtrace::<core[a373ad73a504971]::result::Result<(), alloc[2e1b2a31b91974c5]::string::String>, fn() -> core[a373ad73a504971]::result::Result<(), alloc[2e1b2a31b91974c5]::string::String>>
[INFO] [stdout]   15:     0x60409ff6faa5 - test[aada8e7e76ba119b]::run_test::{closure#0}
[INFO] [stdout]   16:     0x60409ff69394 - std[617be2ca0a6fd877]::sys::backtrace::__rust_begin_short_backtrace::<test[aada8e7e76ba119b]::run_test::{closure#1}, ()>
[INFO] [stdout]   17:     0x60409ff72b32 - <std[617be2ca0a6fd877]::thread::lifecycle::spawn_unchecked<test[aada8e7e76ba119b]::run_test::{closure#1}, ()>::{closure#1} as core[a373ad73a504971]::ops::function::FnOnce<()>>::call_once::{shim:vtable#0}
[INFO] [stdout]   18:     0x60409ffda1ff - <std[617be2ca0a6fd877]::sys::thread::unix::Thread>::new::thread_start
[INFO] [stdout]   19:     0x70019fedcdfa - <unknown>
[INFO] [stdout]   20:     0x70019ff703d4 - clone
[INFO] [stdout]   21:                0x0 - <unknown>
[INFO] [stdout] 
[INFO] [stdout] ---- load_test_column_stddev_on_1_m_row_data_works stdout ----
[INFO] [stdout] 
[INFO] [stdout] thread 'load_test_column_stddev_on_1_m_row_data_works' (1001) panicked at tests/common/mod.rs:5:38:
[INFO] [stdout] Should exist, was commited to the repo: Os { code: 2, kind: NotFound, message: "No such file or directory" }
[INFO] [stdout] stack backtrace:
[INFO] [stdout]    0:     0x60409ffda9a1 - <<std[617be2ca0a6fd877]::sys::backtrace::BacktraceLock>::print::DisplayBacktrace as core[a373ad73a504971]::fmt::Display>::fmt
[INFO] [stdout]    1:     0x60409fff02da - core[a373ad73a504971]::fmt::write
[INFO] [stdout]    2:     0x60409ffdebbc - <alloc[2e1b2a31b91974c5]::vec::Vec<u8> as core[a373ad73a504971]::io::write::Write>::write_fmt
[INFO] [stdout]    3:     0x60409ffb6e06 - std[617be2ca0a6fd877]::panicking::default_hook::{closure#0}
[INFO] [stdout]    4:     0x60409ffd3039 - std[617be2ca0a6fd877]::panicking::default_hook
[INFO] [stdout]    5:     0x60409ff6f480 - test[aada8e7e76ba119b]::test_main_inner::{closure#0}
[INFO] [stdout]    6:     0x60409ffd31f2 - std[617be2ca0a6fd877]::panicking::panic_with_hook
[INFO] [stdout]    7:     0x60409ffb6eb2 - std[617be2ca0a6fd877]::panicking::panic_handler::{closure#0}
[INFO] [stdout]    8:     0x60409ffafbc9 - std[617be2ca0a6fd877]::sys::backtrace::__rust_end_short_backtrace::<std[617be2ca0a6fd877]::panicking::panic_handler::{closure#0}, !>
[INFO] [stdout]    9:     0x60409ffb7abd - __rustc[ea4f61d10b84890b]::rust_begin_unwind
[INFO] [stdout]   10:     0x60409fff0a0c - core[a373ad73a504971]::panicking::panic_fmt
[INFO] [stdout]   11:     0x60409fff07e2 - core[a373ad73a504971]::result::unwrap_failed
[INFO] [stdout]   12:     0x60409ff6134b - integration_test[87ebd035c7410969]::common::load_data
[INFO] [stdout]   13:     0x60409ff40ac2 - <integration_test[87ebd035c7410969]::load_test_column_stddev_on_1_m_row_data_works::{closure#0} as core[a373ad73a504971]::ops::function::FnOnce<()>>::call_once
[INFO] [stdout]   14:     0x60409ff628cb - test[aada8e7e76ba119b]::__rust_begin_short_backtrace::<core[a373ad73a504971]::result::Result<(), alloc[2e1b2a31b91974c5]::string::String>, fn() -> core[a373ad73a504971]::result::Result<(), alloc[2e1b2a31b91974c5]::string::String>>
[INFO] [stdout]   15:     0x60409ff6faa5 - test[aada8e7e76ba119b]::run_test::{closure#0}
[INFO] [stdout]   16:     0x60409ff69394 - std[617be2ca0a6fd877]::sys::backtrace::__rust_begin_short_backtrace::<test[aada8e7e76ba119b]::run_test::{closure#1}, ()>
[INFO] [stdout]   17:     0x60409ff72b32 - <std[617be2ca0a6fd877]::thread::lifecycle::spawn_unchecked<test[aada8e7e76ba119b]::run_test::{closure#1}, ()>::{closure#1} as core[a373ad73a504971]::ops::function::FnOnce<()>>::call_once::{shim:vtable#0}
[INFO] [stdout]   18:     0x60409ffda1ff - <std[617be2ca0a6fd877]::sys::thread::unix::Thread>::new::thread_start
[INFO] [stdout]   19:     0x70019fedcdfa - <unknown>
[INFO] [stdout]   20:     0x70019ff703d4 - clone
[INFO] [stdout]   21:                0x0 - <unknown>
[INFO] [stdout] 
[INFO] [stdout] ---- load_test_column_variance_on_3_m_row_data_works stdout ----
[INFO] [stdout] 
[INFO] [stdout] thread 'load_test_column_variance_on_3_m_row_data_works' (1008) panicked at tests/common/mod.rs:5:38:
[INFO] [stdout] Should exist, was commited to the repo: Os { code: 2, kind: NotFound, message: "No such file or directory" }
[INFO] [stdout] stack backtrace:
[INFO] [stdout]    0:     0x60409ffda9a1 - <<std[617be2ca0a6fd877]::sys::backtrace::BacktraceLock>::print::DisplayBacktrace as core[a373ad73a504971]::fmt::Display>::fmt
[INFO] [stdout]    1:     0x60409fff02da - core[a373ad73a504971]::fmt::write
[INFO] [stdout]    2:     0x60409ffdebbc - <alloc[2e1b2a31b91974c5]::vec::Vec<u8> as core[a373ad73a504971]::io::write::Write>::write_fmt
[INFO] [stdout]    3:     0x60409ffb6e06 - std[617be2ca0a6fd877]::panicking::default_hook::{closure#0}
[INFO] [stdout]    4:     0x60409ffd3039 - std[617be2ca0a6fd877]::panicking::default_hook
[INFO] [stdout]    5:     0x60409ff6f480 - test[aada8e7e76ba119b]::test_main_inner::{closure#0}
[INFO] [stdout]    6:     0x60409ffd31f2 - std[617be2ca0a6fd877]::panicking::panic_with_hook
[INFO] [stdout]    7:     0x60409ffb6eb2 - std[617be2ca0a6fd877]::panicking::panic_handler::{closure#0}
[INFO] [stdout]    8:     0x60409ffafbc9 - std[617be2ca0a6fd877]::sys::backtrace::__rust_end_short_backtrace::<std[617be2ca0a6fd877]::panicking::panic_handler::{closure#0}, !>
[INFO] [stdout]    9:     0x60409ffb7abd - __rustc[ea4f61d10b84890b]::rust_begin_unwind
[INFO] [stdout]   10:     0x60409fff0a0c - core[a373ad73a504971]::panicking::panic_fmt
[INFO] [stdout]   11:     0x60409fff07e2 - core[a373ad73a504971]::result::unwrap_failed
[INFO] [stdout]   12:     0x60409ff6134b - integration_test[87ebd035c7410969]::common::load_data
[INFO] [stdout]   13:     0x60409ff43652 - <integration_test[87ebd035c7410969]::load_test_column_variance_on_3_m_row_data_works::{closure#0} as core[a373ad73a504971]::ops::function::FnOnce<()>>::call_once
[INFO] [stdout]   14:     0x60409ff628cb - test[aada8e7e76ba119b]::__rust_begin_short_backtrace::<core[a373ad73a504971]::result::Result<(), alloc[2e1b2a31b91974c5]::string::String>, fn() -> core[a373ad73a504971]::result::Result<(), alloc[2e1b2a31b91974c5]::string::String>>
[INFO] [stdout]   15:     0x60409ff6faa5 - test[aada8e7e76ba119b]::run_test::{closure#0}
[INFO] [stdout]   16:     0x60409ff69394 - std[617be2ca0a6fd877]::sys::backtrace::__rust_begin_short_backtrace::<test[aada8e7e76ba119b]::run_test::{closure#1}, ()>
[INFO] [stdout]   17:     0x60409ff72b32 - <std[617be2ca0a6fd877]::thread::lifecycle::spawn_unchecked<test[aada8e7e76ba119b]::run_test::{closure#1}, ()>::{closure#1} as core[a373ad73a504971]::ops::function::FnOnce<()>>::call_once::{shim:vtable#0}
[INFO] [stdout]   18:     0x60409ffda1ff - <std[617be2ca0a6fd877]::sys::thread::unix::Thread>::new::thread_start
[INFO] [stdout]   19:     0x70019fedcdfa - <unknown>
[INFO] [stdout]   20:     0x70019ff703d4 - clone
[INFO] [stdout]   21:                0x0 - <unknown>
[INFO] [stdout] 
[INFO] [stdout] ---- load_test_column_variance_on_1_m_row_data_works stdout ----
[INFO] [stdout] 
[INFO] [stdout] thread 'load_test_column_variance_on_1_m_row_data_works' (1007) panicked at tests/common/mod.rs:5:38:
[INFO] [stdout] Should exist, was commited to the repo: Os { code: 2, kind: NotFound, message: "No such file or directory" }
[INFO] [stdout] stack backtrace:
[INFO] [stdout]    0:     0x60409ffda9a1 - <<std[617be2ca0a6fd877]::sys::backtrace::BacktraceLock>::print::DisplayBacktrace as core[a373ad73a504971]::fmt::Display>::fmt
[INFO] [stdout]    1:     0x60409fff02da - core[a373ad73a504971]::fmt::write
[INFO] [stdout]    2:     0x60409ffdebbc - <alloc[2e1b2a31b91974c5]::vec::Vec<u8> as core[a373ad73a504971]::io::write::Write>::write_fmt
[INFO] [stdout]    3:     0x60409ffb6e06 - std[617be2ca0a6fd877]::panicking::default_hook::{closure#0}
[INFO] [stdout]    4:     0x60409ffd3039 - std[617be2ca0a6fd877]::panicking::default_hook
[INFO] [stdout]    5:     0x60409ff6f480 - test[aada8e7e76ba119b]::test_main_inner::{closure#0}
[INFO] [stdout]    6:     0x60409ffd31f2 - std[617be2ca0a6fd877]::panicking::panic_with_hook
[INFO] [stdout]    7:     0x60409ffb6eb2 - std[617be2ca0a6fd877]::panicking::panic_handler::{closure#0}
[INFO] [stdout]    8:     0x60409ffafbc9 - std[617be2ca0a6fd877]::sys::backtrace::__rust_end_short_backtrace::<std[617be2ca0a6fd877]::panicking::panic_handler::{closure#0}, !>
[INFO] [stdout]    9:     0x60409ffb7abd - __rustc[ea4f61d10b84890b]::rust_begin_unwind
[INFO] [stdout]   10:     0x60409fff0a0c - core[a373ad73a504971]::panicking::panic_fmt
[INFO] [stdout]   11:     0x60409fff07e2 - core[a373ad73a504971]::result::unwrap_failed
[INFO] [stdout]   12:     0x60409ff6134b - integration_test[87ebd035c7410969]::common::load_data
[INFO] [stdout]   13:     0x60409ff43412 - <integration_test[87ebd035c7410969]::load_test_column_variance_on_1_m_row_data_works::{closure#0} as core[a373ad73a504971]::ops::function::FnOnce<()>>::call_once
[INFO] [stdout]   14:     0x60409ff628cb - test[aada8e7e76ba119b]::__rust_begin_short_backtrace::<core[a373ad73a504971]::result::Result<(), alloc[2e1b2a31b91974c5]::string::String>, fn() -> core[a373ad73a504971]::result::Result<(), alloc[2e1b2a31b91974c5]::string::String>>
[INFO] [stdout]   15:     0x60409ff6faa5 - test[aada8e7e76ba119b]::run_test::{closure#0}
[INFO] [stdout]   16:     0x60409ff69394 - std[617be2ca0a6fd877]::sys::backtrace::__rust_begin_short_backtrace::<test[aada8e7e76ba119b]::run_test::{closure#1}, ()>
[INFO] [stdout]   17:     0x60409ff72b32 - <std[617be2ca0a6fd877]::thread::lifecycle::spawn_unchecked<test[aada8e7e76ba119b]::run_test::{closure#1}, ()>::{closure#1} as core[a373ad73a504971]::ops::function::FnOnce<()>>::call_once::{shim:vtable#0}
[INFO] [stdout]   18:     0x60409ffda1ff - <std[617be2ca0a6fd877]::sys::thread::unix::Thread>::new::thread_start
[INFO] [stdout]   19:     0x70019fedcdfa - <unknown>
[INFO] [stdout]   20:     0x70019ff703d4 - clone
[INFO] [stdout]   21:                0x0 - <unknown>
[INFO] [stdout] 
[INFO] [stdout] ---- load_test_column_moment_i_on_1_m_row_data_works stdout ----
[INFO] [stdout] 
[INFO] [stdout] thread 'load_test_column_moment_i_on_1_m_row_data_works' (997) panicked at tests/common/mod.rs:5:38:
[INFO] [stdout] Should exist, was commited to the repo: Os { code: 2, kind: NotFound, message: "No such file or directory" }
[INFO] [stdout] stack backtrace:
[INFO] [stdout]    0:     0x60409ffda9a1 - <<std[617be2ca0a6fd877]::sys::backtrace::BacktraceLock>::print::DisplayBacktrace as core[a373ad73a504971]::fmt::Display>::fmt
[INFO] [stdout]    1:     0x60409fff02da - core[a373ad73a504971]::fmt::write
[INFO] [stdout]    2:     0x60409ffdebbc - <alloc[2e1b2a31b91974c5]::vec::Vec<u8> as core[a373ad73a504971]::io::write::Write>::write_fmt
[INFO] [stdout]    3:     0x60409ffb6e06 - std[617be2ca0a6fd877]::panicking::default_hook::{closure#0}
[INFO] [stdout]    4:     0x60409ffd3039 - std[617be2ca0a6fd877]::panicking::default_hook
[INFO] [stdout]    5:     0x60409ff6f480 - test[aada8e7e76ba119b]::test_main_inner::{closure#0}
[INFO] [stdout]    6:     0x60409ffd31f2 - std[617be2ca0a6fd877]::panicking::panic_with_hook
[INFO] [stdout]    7:     0x60409ffb6eb2 - std[617be2ca0a6fd877]::panicking::panic_handler::{closure#0}
[INFO] [stdout]    8:     0x60409ffafbc9 - std[617be2ca0a6fd877]::sys::backtrace::__rust_end_short_backtrace::<std[617be2ca0a6fd877]::panicking::panic_handler::{closure#0}, !>
[INFO] [stdout]    9:     0x60409ffb7abd - __rustc[ea4f61d10b84890b]::rust_begin_unwind
[INFO] [stdout]   10:     0x60409fff0a0c - core[a373ad73a504971]::panicking::panic_fmt
[INFO] [stdout]   11:     0x60409fff07e2 - core[a373ad73a504971]::result::unwrap_failed
[INFO] [stdout]   12:     0x60409ff6134b - integration_test[87ebd035c7410969]::common::load_data
[INFO] [stdout]   13:     0x60409ff43070 - <integration_test[87ebd035c7410969]::load_test_column_moment_i_on_1_m_row_data_works::{closure#0} as core[a373ad73a504971]::ops::function::FnOnce<()>>::call_once
[INFO] [stdout]   14:     0x60409ff628cb - test[aada8e7e76ba119b]::__rust_begin_short_backtrace::<core[a373ad73a504971]::result::Result<(), alloc[2e1b2a31b91974c5]::string::String>, fn() -> core[a373ad73a504971]::result::Result<(), alloc[2e1b2a31b91974c5]::string::String>>
[INFO] [stdout]   15:     0x60409ff6faa5 - test[aada8e7e76ba119b]::run_test::{closure#0}
[INFO] [stdout]   16:     0x60409ff69394 - std[617be2ca0a6fd877]::sys::backtrace::__rust_begin_short_backtrace::<test[aada8e7e76ba119b]::run_test::{closure#1}, ()>
[INFO] [stdout]   17:     0x60409ff72b32 - <std[617be2ca0a6fd877]::thread::lifecycle::spawn_unchecked<test[aada8e7e76ba119b]::run_test::{closure#1}, ()>::{closure#1} as core[a373ad73a504971]::ops::function::FnOnce<()>>::call_once::{shim:vtable#0}
[INFO] [stdout]   18:     0x60409ffda1ff - <std[617be2ca0a6fd877]::sys::thread::unix::Thread>::new::thread_start
[INFO] [stdout]   19:     0x70019fedcdfa - <unknown>
[INFO] [stdout]   20:     0x70019ff703d4 - clone
[INFO] [stdout]   21:                0x0 - <unknown>
[INFO] [stdout] 
[INFO] [stdout] 
[INFO] [stdout] failures:
[INFO] [stdout]     load_test_column_count_on_1_m_row_data_works
[INFO] [stdout]     load_test_column_count_on_3_m_row_data_works
[INFO] [stdout]     load_test_column_max_on_1_m_row_data_works
[INFO] [stdout]     load_test_column_max_on_3_m_row_data_works
[INFO] [stdout]     load_test_column_min_on_1_m_row_data_works
[INFO] [stdout]     load_test_column_min_on_3_m_row_data_works
[INFO] [stdout]     load_test_column_moment_i_on_1_m_row_data_works
[INFO] [stdout]     load_test_column_moment_i_on_3_m_row_data_works
[INFO] [stdout]     load_test_column_moment_ii_on_1_m_row_data_works
[INFO] [stdout]     load_test_column_moment_ii_on_3_m_row_data_works
[INFO] [stdout]     load_test_column_stddev_on_1_m_row_data_works
[INFO] [stdout]     load_test_column_stddev_on_3_m_row_data_works
[INFO] [stdout]     load_test_column_sum_on_1_m_row_data_works
[INFO] [stdout]     load_test_column_sum_on_3_m_row_data_works
[INFO] [stdout]     load_test_column_sum_x2_on_1_m_row_data_works
[INFO] [stdout]     load_test_column_sum_x2_on_3_m_row_data_works
[INFO] [stdout]     load_test_column_variance_on_1_m_row_data_works
[INFO] [stdout]     load_test_column_variance_on_3_m_row_data_works
[INFO] [stdout] 
[INFO] [stdout] test result: FAILED. 202 passed; 18 failed; 0 ignored; 0 measured; 0 filtered out; finished in 0.14s
[INFO] [stdout] 
[INFO] running `Command { std: "docker" "inspect" "a5bfef2e635c5de9bbae78d53deee4b20903fb296c2bb77efcaea0c0983b829d", kill_on_drop: false }`
[INFO] running `Command { std: "docker" "rm" "-f" "a5bfef2e635c5de9bbae78d53deee4b20903fb296c2bb77efcaea0c0983b829d", kill_on_drop: false }`
[INFO] [stdout] a5bfef2e635c5de9bbae78d53deee4b20903fb296c2bb77efcaea0c0983b829d
