[INFO] fetching crate gramr 0.1.0...
[INFO] testing gramr-0.1.0 against 1.99.0-beta.8+cargoflags=--release for beta-release-1.100-2
[INFO] extracting crate gramr 0.1.0 into /workspace/builds/worker-4-tc1/source
[INFO] started tweaking crates.io crate gramr 0.1.0
[INFO] finished tweaking crates.io crate gramr 0.1.0
[INFO] tweaked toml for crates.io crate gramr 0.1.0 written to /workspace/builds/worker-4-tc1/source/Cargo.toml
[INFO] validating manifest of crates.io crate gramr 0.1.0 on toolchain 1.99.0-beta.8
[INFO] running `Command { std: CARGO_HOME="/workspace/cargo-home" RUSTUP_HOME="/workspace/rustup-home" "/workspace/cargo-home/bin/cargo" "+1.99.0-beta.8" "metadata" "--manifest-path" "Cargo.toml" "--no-deps", kill_on_drop: false }`
[INFO] crate crates.io crate gramr 0.1.0 already has a lockfile, it will not be regenerated
[INFO] running `Command { std: CARGO_HOME="/workspace/cargo-home" RUSTUP_HOME="/workspace/rustup-home" "/workspace/cargo-home/bin/cargo" "+1.99.0-beta.8" "fetch" "--manifest-path" "Cargo.toml", kill_on_drop: false }`
[INFO] [stderr]  Downloading crates ...
[INFO] [stderr]   Downloaded serde_derive v1.0.226
[INFO] [stderr]   Downloaded serde_core v1.0.226
[INFO] [stderr]   Downloaded serde v1.0.226
[INFO] [stderr]   Downloaded windows-sys v0.61.1
[INFO] running `Command { std: "docker" "create" "-v" "/var/lib/crater-agent-workspace/builds/worker-4-tc1/source:/opt/rustwide/workdir:ro,Z" "-v" "/var/lib/crater-agent-workspace/builds/worker-4-tc1/target:/opt/rustwide/target:rw,Z" "-v" "/var/lib/crater-agent-workspace/cargo-home:/opt/rustwide/cargo-home:ro,Z" "-v" "/var/lib/crater-agent-workspace/rustup-home:/opt/rustwide/rustup-home:ro,Z" "-m" "1610612736" "--network" "none" "ghcr.io/rust-lang/crates-build-env/linux@sha256:77db811e55d90add9212f6832c23229e3de5f1c1f9905e8cb07319ea15df73ac" "sleep" "infinity", kill_on_drop: false }`
[INFO] [stdout] 82881fc5527819e316be7ebd8e9620b93dc32dc1e2275d0b32b68843976ca8c6
[INFO] running `Command { std: "docker" "start" "82881fc5527819e316be7ebd8e9620b93dc32dc1e2275d0b32b68843976ca8c6", kill_on_drop: false }`
[INFO] running `Command { std: "docker" "inspect" "82881fc5527819e316be7ebd8e9620b93dc32dc1e2275d0b32b68843976ca8c6", kill_on_drop: false }`
[INFO] running `Command { std: "docker" "exec" "-e" "SOURCE_DIR=/opt/rustwide/workdir" "-e" "CARGO_HOME=/opt/rustwide/cargo-home" "-e" "RUSTUP_HOME=/opt/rustwide/rustup-home" "-e" "CARGO_TARGET_DIR=/opt/rustwide/target" "-w" "/opt/rustwide/workdir" "--user" "0:0" "82881fc5527819e316be7ebd8e9620b93dc32dc1e2275d0b32b68843976ca8c6" "/opt/rustwide/cargo-home/bin/cargo" "+1.99.0-beta.8" "metadata" "--no-deps" "--format-version=1", kill_on_drop: false }`
[INFO] running `Command { std: "docker" "inspect" "82881fc5527819e316be7ebd8e9620b93dc32dc1e2275d0b32b68843976ca8c6", kill_on_drop: false }`
[INFO] running `Command { std: "docker" "exec" "-e" "SOURCE_DIR=/opt/rustwide/workdir" "-e" "CARGO_HOME=/opt/rustwide/cargo-home" "-e" "RUSTUP_HOME=/opt/rustwide/rustup-home" "-e" "CARGO_TARGET_DIR=/opt/rustwide/target" "-e" "CARGO_INCREMENTAL=0" "-e" "RUST_BACKTRACE=full" "-e" "RUSTFLAGS=--cap-lints=warn" "-e" "RUSTDOCFLAGS=--cap-lints=warn" "-w" "/opt/rustwide/workdir" "--user" "0:0" "82881fc5527819e316be7ebd8e9620b93dc32dc1e2275d0b32b68843976ca8c6" "/opt/rustwide/cargo-home/bin/cargo" "+1.99.0-beta.8" "build" "--frozen" "--message-format=json" "--release", kill_on_drop: false }`
[INFO] [stderr]    Compiling proc-macro2 v1.0.101
[INFO] [stderr]    Compiling unicode-ident v1.0.19
[INFO] [stderr]    Compiling serde_core v1.0.226
[INFO] [stderr]    Compiling rustix v0.38.44
[INFO] [stderr]    Compiling anyhow v1.0.100
[INFO] [stderr]    Compiling serde v1.0.226
[INFO] [stderr]    Compiling bitflags v2.9.4
[INFO] [stderr]    Compiling serde_json v1.0.145
[INFO] [stderr]    Compiling home v0.5.11
[INFO] [stderr]    Compiling itoa v1.0.15
[INFO] [stderr]    Compiling ryu v1.0.20
[INFO] [stderr]    Compiling either v1.15.0
[INFO] [stderr]    Compiling memchr v2.7.6
[INFO] [stderr]    Compiling colored v2.2.0
[INFO] [stderr]    Compiling fs_extra v1.3.0
[INFO] [stderr]    Compiling quote v1.0.40
[INFO] [stderr]    Compiling syn v2.0.106
[INFO] [stderr]    Compiling which v6.0.3
[INFO] [stderr]    Compiling thiserror-impl v1.0.69
[INFO] [stderr]    Compiling serde_derive v1.0.226
[INFO] [stderr]    Compiling thiserror v1.0.69
[INFO] [stderr]    Compiling gramr v0.1.0 (/opt/rustwide/workdir)
[INFO] [stderr]     Finished `release` profile [optimized] target(s) in 23.92s
[INFO] running `Command { std: "docker" "inspect" "82881fc5527819e316be7ebd8e9620b93dc32dc1e2275d0b32b68843976ca8c6", kill_on_drop: false }`
[INFO] running `Command { std: "docker" "exec" "-e" "SOURCE_DIR=/opt/rustwide/workdir" "-e" "CARGO_HOME=/opt/rustwide/cargo-home" "-e" "RUSTUP_HOME=/opt/rustwide/rustup-home" "-e" "CARGO_TARGET_DIR=/opt/rustwide/target" "-e" "CARGO_INCREMENTAL=0" "-e" "RUST_BACKTRACE=full" "-e" "RUSTFLAGS=--cap-lints=warn" "-e" "RUSTDOCFLAGS=--cap-lints=warn" "-w" "/opt/rustwide/workdir" "--user" "0:0" "82881fc5527819e316be7ebd8e9620b93dc32dc1e2275d0b32b68843976ca8c6" "/opt/rustwide/cargo-home/bin/cargo" "+1.99.0-beta.8" "test" "--frozen" "--no-run" "--message-format=json" "--release", kill_on_drop: false }`
[INFO] [stderr]    Compiling libc v0.2.176
[INFO] [stderr]    Compiling getrandom v0.3.3
[INFO] [stderr]    Compiling rustix v1.1.2
[INFO] [stderr]    Compiling cfg-if v1.0.3
[INFO] [stderr]    Compiling once_cell v1.21.3
[INFO] [stderr]    Compiling tempfile v3.23.0
[INFO] [stderr]    Compiling gramr v0.1.0 (/opt/rustwide/workdir)
[INFO] [stderr]     Finished `release` profile [optimized] target(s) in 8.55s
[INFO] running `Command { std: "docker" "inspect" "82881fc5527819e316be7ebd8e9620b93dc32dc1e2275d0b32b68843976ca8c6", kill_on_drop: false }`
[INFO] running `Command { std: "docker" "exec" "-e" "SOURCE_DIR=/opt/rustwide/workdir" "-e" "CARGO_HOME=/opt/rustwide/cargo-home" "-e" "RUSTUP_HOME=/opt/rustwide/rustup-home" "-e" "CARGO_TARGET_DIR=/opt/rustwide/target" "-e" "CARGO_INCREMENTAL=0" "-e" "RUST_BACKTRACE=full" "-e" "RUSTFLAGS=--cap-lints=warn" "-e" "RUSTDOCFLAGS=--cap-lints=warn" "-w" "/opt/rustwide/workdir" "--user" "0:0" "82881fc5527819e316be7ebd8e9620b93dc32dc1e2275d0b32b68843976ca8c6" "/opt/rustwide/cargo-home/bin/cargo" "+1.99.0-beta.8" "test" "--frozen" "--release", kill_on_drop: false }`
[INFO] [stderr]     Finished `release` profile [optimized] target(s) in 0.06s
[INFO] [stderr]      Running unittests src/lib.rs (/opt/rustwide/target/release/deps/gramr-f992d244ab13ebef)
[INFO] [stdout] 
[INFO] [stdout] running 82 tests
[INFO] [stdout] test generators::contract::tests::test_contract_generator_new ... ok
[INFO] [stdout] test generators::contract::tests::test_contract_generator_builder_pattern ... ok
[INFO] [stdout] test generators::contract::tests::test_create_contract_file_already_exists ... ok
[INFO] [stdout] test generators::contract::tests::test_create_test_file_success ... ok
[INFO] [stdout] test generators::contract::tests::test_create_contract_file_success ... ok
[INFO] [stdout] test generators::contract::tests::test_create_script_file_success ... ok
[INFO] [stdout] test generators::contract::tests::test_generate_invalid_name ... ok
[INFO] [stdout] test generators::contract::tests::test_dependency_checking_basic ... ok
[INFO] [stdout] test generators::contract::tests::test_validate_name_invalid_characters ... ok
[INFO] [stdout] test generators::contract::tests::test_validate_name_starts_with_number ... ok
[INFO] [stdout] test generators::contract::tests::test_validate_name_success ... ok
[INFO] [stdout] test generators::contract::tests::test_validate_name_with_underscores ... ok
[INFO] [stdout] test generators::contract::tests::test_generate_basic_contract ... ok
[INFO] [stdout] test project::tests::test_cargo_project_detect_missing_current_dir ... ok
[INFO] [stdout] test project::tests::test_cargo_project_detect_no_cargo_toml ... ok
[INFO] [stdout] test generators::contract::tests::test_generate_with_test_and_script ... ok
[INFO] [stdout] test project::tests::test_cargo_project_ensure_directories ... ok
[INFO] [stdout] test project::tests::test_cargo_project_detect_success ... ok
[INFO] [stdout] test project::tests::test_cargo_project_has_openzeppelin_false ... ok
[INFO] [stdout] test project::tests::test_cargo_project_directory_paths ... ok
[INFO] [stdout] test project::tests::test_cargo_project_has_openzeppelin_true ... ok
[INFO] [stdout] test project::tests::test_project_trait_methods ... ok
[INFO] [stdout] test project::tests::test_cargo_project_has_openzeppelin_with_malformed_toml ... ok
[INFO] [stdout] test project::tests::test_cargo_project_has_openzeppelin_with_unreadable_toml ... ok
[INFO] [stdout] test project::tests::test_cargo_project_install_openzeppelin_success_simulation ... ok
[INFO] [stdout] test generators::contract::tests::test_dependency_checking_erc20 ... FAILED
[INFO] [stdout] test project::tests::test_project_type_foundry ... ok
[INFO] [stdout] test project::tests::test_cargo_project_install_openzeppelin_upgradeable_not_supported ... ok
[INFO] [stdout] test project::tests::test_project_type_cargo_with_openzeppelin ... ok
[INFO] [stdout] test project::tests::test_project_type_cargo ... ok
[INFO] [stdout] test project::tests::test_project_type_detect_would_call_correct_methods ... ok
[INFO] [stdout] test templates::solidity::tests::test_different_licenses ... ok
[INFO] [stdout] test templates::solidity::tests::test_different_pragma_versions ... ok
[INFO] [stdout] test templates::solidity::tests::test_erc721_with_extensions ... FAILED
[INFO] [stdout] test templates::solidity::tests::test_extension_components_enumerable ... ok
[INFO] [stdout] test templates::solidity::tests::test_extension_components_erc20_burnable ... ok
[INFO] [stdout] test templates::solidity::tests::test_extension_components_pausable ... ok
[INFO] [stdout] test templates::solidity::tests::test_extension_conversion ... ok
[INFO] [stdout] test templates::solidity::tests::test_contract_name_with_special_characters ... ok
[INFO] [stdout] test templates::solidity::tests::test_generate_basic_contract ... ok
[INFO] [stdout] test templates::solidity::tests::test_all_erc20_extensions ... ok
[INFO] [stdout] test templates::solidity::tests::test_generate_erc1155_contract ... ok
[INFO] [stdout] test templates::solidity::tests::test_generate_erc20_contract ... ok
[INFO] [stdout] test templates::solidity::tests::test_generate_library ... ok
[INFO] [stdout] test templates::solidity::tests::test_generate_erc721_contract ... FAILED
[INFO] [stdout] test templates::solidity::tests::test_generate_script_basic ... ok
[INFO] [stdout] test templates::solidity::tests::test_generate_script_erc20 ... ok
[INFO] [stdout] test templates::solidity::tests::test_generate_test_basic ... ok
[INFO] [stdout] test templates::solidity::tests::test_get_symbol ... ok
[INFO] [stdout] test templates::solidity::tests::test_generate_test_erc20 ... ok
[INFO] [stdout] test templates::solidity::tests::test_generate_state_variables ... ok
[INFO] [stdout] test templates::solidity::tests::test_generate_interface ... ok
[INFO] [stdout] test templates::solidity::tests::test_erc1155_uristorage ... ok
[INFO] [stdout] test templates::solidity::tests::test_get_symbol_single_word ... ok
[INFO] [stdout] test templates::solidity::tests::test_solidity_template_new ... ok
[INFO] [stdout] test templates::solidity::tests::test_multi_inheritance_contract ... FAILED
[INFO] [stdout] test generators::contract::tests::test_validate_name_empty ... ok
[INFO] [stdout] test templates::solidity::tests::test_generate_abstract_contract ... ok
[INFO] [stdout] test templates::solidity::tests::test_template_trait_implementation ... ok
[INFO] [stdout] test templates::solidity::tests::test_upgradeable_contracts ... FAILED
[INFO] [stdout] test tests::contract_builder_tests::test_build_with_empty_name ... ok
[INFO] [stdout] test tests::contract_builder_tests::test_build_with_special_characters_in_name ... ok
[INFO] [stdout] test tests::contract_builder_tests::test_contract_builder_with_different_types ... ok
[INFO] [stdout] test tests::parse_extensions_tests::test_parse_all_erc20_extensions ... ok
[INFO] [stdout] test tests::parse_extensions_tests::test_parse_case_insensitive ... ok
[INFO] [stdout] test tests::parse_extensions_tests::test_parse_duplicate_extensions ... ok
[INFO] [stdout] test tests::contract_builder_tests::test_build_basic_contract ... ok
[INFO] [stdout] test tests::parse_extensions_tests::test_parse_empty_extensions ... ok
[INFO] [stdout] test tests::contract_builder_tests::test_build_erc20_contract ... ok
[INFO] [stdout] test tests::contract_builder_tests::test_contract_builder_chain ... ok
[INFO] [stdout] test tests::parse_extensions_tests::test_parse_erc721_extensions ... ok
[INFO] [stdout] test tests::contract_builder_tests::test_new_contract_builder ... ok
[INFO] [stdout] test tests::parse_extensions_tests::test_parse_erc1155_extensions ... ok
[INFO] [stdout] test tests::parse_extensions_tests::test_parse_mixed_valid_invalid ... ok
[INFO] [stdout] test tests::parse_extensions_tests::test_parse_single_erc20_extension ... ok
[INFO] [stdout] test tests::parse_extensions_tests::test_parse_unknown_extension ... ok
[INFO] [stdout] test tests::test_contract_builder_str_conversions ... ok
[INFO] [stdout] test tests::test_module_exports ... ok
[INFO] [stdout] test tests::parse_extensions_tests::test_parse_multiple_erc20_extensions ... ok
[INFO] [stdout] test tests::parse_extensions_tests::test_parse_whitespace_extensions ... ok
[INFO] [stdout] test tests::test_version_constant ... ok
[INFO] [stdout] test tests::test_contract_builder_string_conversions ... ok
[INFO] [stdout] 
[INFO] [stdout] failures:
[INFO] [stdout] 
[INFO] [stdout] ---- generators::contract::tests::test_dependency_checking_erc20 stdout ----
[INFO] [stdout] → Installing OpenZeppelin contracts...
[INFO] [stdout] 
[INFO] [stdout] thread 'generators::contract::tests::test_dependency_checking_erc20' (729) panicked at src/generators/contract.rs:579:9:
[INFO] [stdout] assertion failed: generator.check_and_install_dependencies().is_ok()
[INFO] [stdout] stack backtrace:
[INFO] [stdout]    0:     0x586207717381 - <<std[70759c8f55707aa4]::sys::backtrace::BacktraceLock>::print::DisplayBacktrace as core[df12db4294e9bfd3]::fmt::Display>::fmt
[INFO] [stdout]    1:     0x58620772ce6a - core[df12db4294e9bfd3]::fmt::write
[INFO] [stdout]    2:     0x58620771ba9c - <alloc[2182bb758b4b3781]::vec::Vec<u8> as core[df12db4294e9bfd3]::io::write::Write>::write_fmt
[INFO] [stdout]    3:     0x5862076f1a86 - std[70759c8f55707aa4]::panicking::default_hook::{closure#0}
[INFO] [stdout]    4:     0x58620770ed89 - std[70759c8f55707aa4]::panicking::default_hook
[INFO] [stdout]    5:     0x5862076a5590 - test[9d35eded1c95d3be]::test_main_inner::<test[9d35eded1c95d3be]::test_main_static::{closure#0}>::{closure#0}
[INFO] [stdout]    6:     0x58620770ef42 - std[70759c8f55707aa4]::panicking::panic_with_hook
[INFO] [stdout]    7:     0x5862076f1b64 - std[70759c8f55707aa4]::panicking::panic_handler::{closure#0}
[INFO] [stdout]    8:     0x5862076ea579 - std[70759c8f55707aa4]::sys::backtrace::__rust_end_short_backtrace::<std[70759c8f55707aa4]::panicking::panic_handler::{closure#0}, !>
[INFO] [stdout]    9:     0x5862076f272d - __rustc[8fa7c3cbc660c2b3]::rust_begin_unwind
[INFO] [stdout]   10:     0x58620772d59c - core[df12db4294e9bfd3]::panicking::panic_fmt
[INFO] [stdout]   11:     0x58620772d562 - core[df12db4294e9bfd3]::panicking::panic
[INFO] [stdout]   12:     0x58620767e192 - gramr[867454b7b06d5dd1]::generators::contract::tests::test_dependency_checking_erc20
[INFO] [stdout]   13:     0x586207696349 - <gramr[867454b7b06d5dd1]::generators::contract::tests::test_dependency_checking_erc20::{closure#0} as core[df12db4294e9bfd3]::ops::function::FnOnce<()>>::call_once
[INFO] [stderr] error: test failed, to rerun pass `--lib`
[INFO] [stdout]   14:     0x58620769887b - test[9d35eded1c95d3be]::__rust_begin_short_backtrace::<core[df12db4294e9bfd3]::result::Result<(), alloc[2182bb758b4b3781]::string::String>, fn() -> core[df12db4294e9bfd3]::result::Result<(), alloc[2182bb758b4b3781]::string::String>>
[INFO] [stdout]   15:     0x5862076a5ee5 - test[9d35eded1c95d3be]::run_test::{closure#0}
[INFO] [stdout]   16:     0x58620769f7a4 - std[70759c8f55707aa4]::sys::backtrace::__rust_begin_short_backtrace::<test[9d35eded1c95d3be]::run_test::{closure#1}, ()>
[INFO] [stdout]   17:     0x5862076a9042 - <std[70759c8f55707aa4]::thread::lifecycle::spawn_unchecked<test[9d35eded1c95d3be]::run_test::{closure#1}, ()>::{closure#1} as core[df12db4294e9bfd3]::ops::function::FnOnce<()>>::call_once::{shim:vtable#0}
[INFO] [stdout]   18:     0x5862077166f9 - <std[70759c8f55707aa4]::sys::thread::unix::Thread>::new::thread_start
[INFO] [stdout]   19:     0x7f36c0480dfa - <unknown>
[INFO] [stdout]   20:     0x7f36c05143d4 - clone
[INFO] [stdout]   21:                0x0 - <unknown>
[INFO] [stdout] 
[INFO] [stdout] ---- templates::solidity::tests::test_erc721_with_extensions stdout ----
[INFO] [stdout] 
[INFO] [stdout] thread 'templates::solidity::tests::test_erc721_with_extensions' (760) panicked at src/templates/solidity.rs:917:9:
[INFO] [stdout] assertion failed: contract.contains("contract NFTCollection is ERC721, ERC721Enumerable, ERC721Burnable")
[INFO] [stdout] stack backtrace:
[INFO] [stdout]    0:     0x586207717381 - <<std[70759c8f55707aa4]::sys::backtrace::BacktraceLock>::print::DisplayBacktrace as core[df12db4294e9bfd3]::fmt::Display>::fmt
[INFO] [stdout]    1:     0x58620772ce6a - core[df12db4294e9bfd3]::fmt::write
[INFO] [stdout]    2:     0x58620771ba9c - <alloc[2182bb758b4b3781]::vec::Vec<u8> as core[df12db4294e9bfd3]::io::write::Write>::write_fmt
[INFO] [stdout]    3:     0x5862076f1a86 - std[70759c8f55707aa4]::panicking::default_hook::{closure#0}
[INFO] [stdout]    4:     0x58620770ed89 - std[70759c8f55707aa4]::panicking::default_hook
[INFO] [stdout]    5:     0x5862076a5590 - test[9d35eded1c95d3be]::test_main_inner::<test[9d35eded1c95d3be]::test_main_static::{closure#0}>::{closure#0}
[INFO] [stdout]    6:     0x58620770ef42 - std[70759c8f55707aa4]::panicking::panic_with_hook
[INFO] [stdout]    7:     0x5862076f1b64 - std[70759c8f55707aa4]::panicking::panic_handler::{closure#0}
[INFO] [stdout]    8:     0x5862076ea579 - std[70759c8f55707aa4]::sys::backtrace::__rust_end_short_backtrace::<std[70759c8f55707aa4]::panicking::panic_handler::{closure#0}, !>
[INFO] [stdout]    9:     0x5862076f272d - __rustc[8fa7c3cbc660c2b3]::rust_begin_unwind
[INFO] [stdout]   10:     0x58620772d59c - core[df12db4294e9bfd3]::panicking::panic_fmt
[INFO] [stdout]   11:     0x58620772d562 - core[df12db4294e9bfd3]::panicking::panic
[INFO] [stdout]   12:     0x5862076840df - gramr[867454b7b06d5dd1]::templates::solidity::tests::test_erc721_with_extensions
[INFO] [stdout]   13:     0x586207696609 - <gramr[867454b7b06d5dd1]::templates::solidity::tests::test_erc721_with_extensions::{closure#0} as core[df12db4294e9bfd3]::ops::function::FnOnce<()>>::call_once
[INFO] [stdout]   14:     0x58620769887b - test[9d35eded1c95d3be]::__rust_begin_short_backtrace::<core[df12db4294e9bfd3]::result::Result<(), alloc[2182bb758b4b3781]::string::String>, fn() -> core[df12db4294e9bfd3]::result::Result<(), alloc[2182bb758b4b3781]::string::String>>
[INFO] [stdout]   15:     0x5862076a5ee5 - test[9d35eded1c95d3be]::run_test::{closure#0}
[INFO] [stdout]   16:     0x58620769f7a4 - std[70759c8f55707aa4]::sys::backtrace::__rust_begin_short_backtrace::<test[9d35eded1c95d3be]::run_test::{closure#1}, ()>
[INFO] [stdout]   17:     0x5862076a9042 - <std[70759c8f55707aa4]::thread::lifecycle::spawn_unchecked<test[9d35eded1c95d3be]::run_test::{closure#1}, ()>::{closure#1} as core[df12db4294e9bfd3]::ops::function::FnOnce<()>>::call_once::{shim:vtable#0}
[INFO] [stdout]   18:     0x5862077166f9 - <std[70759c8f55707aa4]::sys::thread::unix::Thread>::new::thread_start
[INFO] [stdout]   19:     0x7f36c0480dfa - <unknown>
[INFO] [stdout]   20:     0x7f36c05143d4 - clone
[INFO] [stdout]   21:                0x0 - <unknown>
[INFO] [stdout] 
[INFO] [stdout] ---- templates::solidity::tests::test_generate_erc721_contract stdout ----
[INFO] [stdout] 
[INFO] [stdout] thread 'templates::solidity::tests::test_generate_erc721_contract' (769) panicked at src/templates/solidity.rs:787:9:
[INFO] [stdout] assertion failed: contract.contains("constructor() ERC721(\"TestContract\", \"TST\")")
[INFO] [stdout] stack backtrace:
[INFO] [stdout]    0:     0x586207717381 - <<std[70759c8f55707aa4]::sys::backtrace::BacktraceLock>::print::DisplayBacktrace as core[df12db4294e9bfd3]::fmt::Display>::fmt
[INFO] [stdout]    1:     0x58620772ce6a - core[df12db4294e9bfd3]::fmt::write
[INFO] [stdout]    2:     0x58620771ba9c - <alloc[2182bb758b4b3781]::vec::Vec<u8> as core[df12db4294e9bfd3]::io::write::Write>::write_fmt
[INFO] [stdout]    3:     0x5862076f1a86 - std[70759c8f55707aa4]::panicking::default_hook::{closure#0}
[INFO] [stdout]    4:     0x58620770ed89 - std[70759c8f55707aa4]::panicking::default_hook
[INFO] [stdout]    5:     0x5862076a5590 - test[9d35eded1c95d3be]::test_main_inner::<test[9d35eded1c95d3be]::test_main_static::{closure#0}>::{closure#0}
[INFO] [stdout]    6:     0x58620770ef42 - std[70759c8f55707aa4]::panicking::panic_with_hook
[INFO] [stdout]    7:     0x5862076f1b64 - std[70759c8f55707aa4]::panicking::panic_handler::{closure#0}
[INFO] [stdout]    8:     0x5862076ea579 - std[70759c8f55707aa4]::sys::backtrace::__rust_end_short_backtrace::<std[70759c8f55707aa4]::panicking::panic_handler::{closure#0}, !>
[INFO] [stdout]    9:     0x5862076f272d - __rustc[8fa7c3cbc660c2b3]::rust_begin_unwind
[INFO] [stdout]   10:     0x58620772d59c - core[df12db4294e9bfd3]::panicking::panic_fmt
[INFO] [stdout]   11:     0x58620772d562 - core[df12db4294e9bfd3]::panicking::panic
[INFO] [stdout]   12:     0x5862076848ed - gramr[867454b7b06d5dd1]::templates::solidity::tests::test_generate_erc721_contract
[INFO] [stdout]   13:     0x586207696689 - <gramr[867454b7b06d5dd1]::templates::solidity::tests::test_generate_erc721_contract::{closure#0} as core[df12db4294e9bfd3]::ops::function::FnOnce<()>>::call_once
[INFO] [stdout]   14:     0x58620769887b - test[9d35eded1c95d3be]::__rust_begin_short_backtrace::<core[df12db4294e9bfd3]::result::Result<(), alloc[2182bb758b4b3781]::string::String>, fn() -> core[df12db4294e9bfd3]::result::Result<(), alloc[2182bb758b4b3781]::string::String>>
[INFO] [stdout]   15:     0x5862076a5ee5 - test[9d35eded1c95d3be]::run_test::{closure#0}
[INFO] [stdout]   16:     0x58620769f7a4 - std[70759c8f55707aa4]::sys::backtrace::__rust_begin_short_backtrace::<test[9d35eded1c95d3be]::run_test::{closure#1}, ()>
[INFO] [stdout]   17:     0x5862076a9042 - <std[70759c8f55707aa4]::thread::lifecycle::spawn_unchecked<test[9d35eded1c95d3be]::run_test::{closure#1}, ()>::{closure#1} as core[df12db4294e9bfd3]::ops::function::FnOnce<()>>::call_once::{shim:vtable#0}
[INFO] [stdout]   18:     0x5862077166f9 - <std[70759c8f55707aa4]::sys::thread::unix::Thread>::new::thread_start
[INFO] [stdout]   19:     0x7f36c0480dfa - <unknown>
[INFO] [stdout]   20:     0x7f36c05143d4 - clone
[INFO] [stdout]   21:                0x0 - <unknown>
[INFO] [stdout] 
[INFO] [stdout] ---- templates::solidity::tests::test_multi_inheritance_contract stdout ----
[INFO] [stdout] 
[INFO] [stdout] thread 'templates::solidity::tests::test_multi_inheritance_contract' (779) panicked at src/templates/solidity.rs:896:9:
[INFO] [stdout] assertion failed: contract.contains("contract MultiToken is ERC20, ERC20Burnable, ERC20Pausable")
[INFO] [stdout] stack backtrace:
[INFO] [stdout]    0:     0x586207717381 - <<std[70759c8f55707aa4]::sys::backtrace::BacktraceLock>::print::DisplayBacktrace as core[df12db4294e9bfd3]::fmt::Display>::fmt
[INFO] [stdout]    1:     0x58620772ce6a - core[df12db4294e9bfd3]::fmt::write
[INFO] [stdout]    2:     0x58620771ba9c - <alloc[2182bb758b4b3781]::vec::Vec<u8> as core[df12db4294e9bfd3]::io::write::Write>::write_fmt
[INFO] [stdout]    3:     0x5862076f1a86 - std[70759c8f55707aa4]::panicking::default_hook::{closure#0}
[INFO] [stdout]    4:     0x58620770ed89 - std[70759c8f55707aa4]::panicking::default_hook
[INFO] [stdout]    5:     0x5862076a5590 - test[9d35eded1c95d3be]::test_main_inner::<test[9d35eded1c95d3be]::test_main_static::{closure#0}>::{closure#0}
[INFO] [stdout]    6:     0x58620770ef42 - std[70759c8f55707aa4]::panicking::panic_with_hook
[INFO] [stdout]    7:     0x5862076f1b64 - std[70759c8f55707aa4]::panicking::panic_handler::{closure#0}
[INFO] [stdout]    8:     0x5862076ea579 - std[70759c8f55707aa4]::sys::backtrace::__rust_end_short_backtrace::<std[70759c8f55707aa4]::panicking::panic_handler::{closure#0}, !>
[INFO] [stdout]    9:     0x5862076f272d - __rustc[8fa7c3cbc660c2b3]::rust_begin_unwind
[INFO] [stdout]   10:     0x58620772d59c - core[df12db4294e9bfd3]::panicking::panic_fmt
[INFO] [stdout]   11:     0x58620772d562 - core[df12db4294e9bfd3]::panicking::panic
[INFO] [stdout]   12:     0x5862076852c6 - gramr[867454b7b06d5dd1]::templates::solidity::tests::test_multi_inheritance_contract
[INFO] [stdout]   13:     0x586207696729 - <gramr[867454b7b06d5dd1]::templates::solidity::tests::test_multi_inheritance_contract::{closure#0} as core[df12db4294e9bfd3]::ops::function::FnOnce<()>>::call_once
[INFO] [stdout]   14:     0x58620769887b - test[9d35eded1c95d3be]::__rust_begin_short_backtrace::<core[df12db4294e9bfd3]::result::Result<(), alloc[2182bb758b4b3781]::string::String>, fn() -> core[df12db4294e9bfd3]::result::Result<(), alloc[2182bb758b4b3781]::string::String>>
[INFO] [stdout]   15:     0x5862076a5ee5 - test[9d35eded1c95d3be]::run_test::{closure#0}
[INFO] [stdout]   16:     0x58620769f7a4 - std[70759c8f55707aa4]::sys::backtrace::__rust_begin_short_backtrace::<test[9d35eded1c95d3be]::run_test::{closure#1}, ()>
[INFO] [stdout]   17:     0x5862076a9042 - <std[70759c8f55707aa4]::thread::lifecycle::spawn_unchecked<test[9d35eded1c95d3be]::run_test::{closure#1}, ()>::{closure#1} as core[df12db4294e9bfd3]::ops::function::FnOnce<()>>::call_once::{shim:vtable#0}
[INFO] [stdout]   18:     0x5862077166f9 - <std[70759c8f55707aa4]::sys::thread::unix::Thread>::new::thread_start
[INFO] [stdout]   19:     0x7f36c0480dfa - <unknown>
[INFO] [stdout]   20:     0x7f36c05143d4 - clone
[INFO] [stdout]   21:                0x0 - <unknown>
[INFO] [stdout] 
[INFO] [stdout] ---- templates::solidity::tests::test_upgradeable_contracts stdout ----
[INFO] [stdout] 
[INFO] [stdout] thread 'templates::solidity::tests::test_upgradeable_contracts' (782) panicked at src/templates/solidity.rs:1064:9:
[INFO] [stdout] assertion failed: !contract.contains("constructor")
[INFO] [stdout] stack backtrace:
[INFO] [stdout]    0:     0x586207717381 - <<std[70759c8f55707aa4]::sys::backtrace::BacktraceLock>::print::DisplayBacktrace as core[df12db4294e9bfd3]::fmt::Display>::fmt
[INFO] [stdout]    1:     0x58620772ce6a - core[df12db4294e9bfd3]::fmt::write
[INFO] [stdout]    2:     0x58620771ba9c - <alloc[2182bb758b4b3781]::vec::Vec<u8> as core[df12db4294e9bfd3]::io::write::Write>::write_fmt
[INFO] [stdout]    3:     0x5862076f1a86 - std[70759c8f55707aa4]::panicking::default_hook::{closure#0}
[INFO] [stdout]    4:     0x58620770ed89 - std[70759c8f55707aa4]::panicking::default_hook
[INFO] [stdout]    5:     0x5862076a5590 - test[9d35eded1c95d3be]::test_main_inner::<test[9d35eded1c95d3be]::test_main_static::{closure#0}>::{closure#0}
[INFO] [stdout]    6:     0x58620770ef42 - std[70759c8f55707aa4]::panicking::panic_with_hook
[INFO] [stdout]    7:     0x5862076f1b64 - std[70759c8f55707aa4]::panicking::panic_handler::{closure#0}
[INFO] [stdout]    8:     0x5862076ea579 - std[70759c8f55707aa4]::sys::backtrace::__rust_end_short_backtrace::<std[70759c8f55707aa4]::panicking::panic_handler::{closure#0}, !>
[INFO] [stdout]    9:     0x5862076f272d - __rustc[8fa7c3cbc660c2b3]::rust_begin_unwind
[INFO] [stdout]   10:     0x58620772d59c - core[df12db4294e9bfd3]::panicking::panic_fmt
[INFO] [stdout]   11:     0x58620772d562 - core[df12db4294e9bfd3]::panicking::panic
[INFO] [stdout]   12:     0x586207683d3d - gramr[867454b7b06d5dd1]::templates::solidity::tests::test_upgradeable_contracts
[INFO] [stdout]   13:     0x5862076965e9 - <gramr[867454b7b06d5dd1]::templates::solidity::tests::test_upgradeable_contracts::{closure#0} as core[df12db4294e9bfd3]::ops::function::FnOnce<()>>::call_once
[INFO] [stdout]   14:     0x58620769887b - test[9d35eded1c95d3be]::__rust_begin_short_backtrace::<core[df12db4294e9bfd3]::result::Result<(), alloc[2182bb758b4b3781]::string::String>, fn() -> core[df12db4294e9bfd3]::result::Result<(), alloc[2182bb758b4b3781]::string::String>>
[INFO] [stdout]   15:     0x5862076a5ee5 - test[9d35eded1c95d3be]::run_test::{closure#0}
[INFO] [stdout]   16:     0x58620769f7a4 - std[70759c8f55707aa4]::sys::backtrace::__rust_begin_short_backtrace::<test[9d35eded1c95d3be]::run_test::{closure#1}, ()>
[INFO] [stdout]   17:     0x5862076a9042 - <std[70759c8f55707aa4]::thread::lifecycle::spawn_unchecked<test[9d35eded1c95d3be]::run_test::{closure#1}, ()>::{closure#1} as core[df12db4294e9bfd3]::ops::function::FnOnce<()>>::call_once::{shim:vtable#0}
[INFO] [stdout]   18:     0x5862077166f9 - <std[70759c8f55707aa4]::sys::thread::unix::Thread>::new::thread_start
[INFO] [stdout]   19:     0x7f36c0480dfa - <unknown>
[INFO] [stdout]   20:     0x7f36c05143d4 - clone
[INFO] [stdout]   21:                0x0 - <unknown>
[INFO] [stdout] 
[INFO] [stdout] 
[INFO] [stdout] failures:
[INFO] [stdout]     generators::contract::tests::test_dependency_checking_erc20
[INFO] [stdout]     templates::solidity::tests::test_erc721_with_extensions
[INFO] [stdout]     templates::solidity::tests::test_generate_erc721_contract
[INFO] [stdout]     templates::solidity::tests::test_multi_inheritance_contract
[INFO] [stdout]     templates::solidity::tests::test_upgradeable_contracts
[INFO] [stdout] 
[INFO] [stdout] test result: FAILED. 77 passed; 5 failed; 0 ignored; 0 measured; 0 filtered out; finished in 0.03s
[INFO] [stdout] 
[INFO] running `Command { std: "docker" "inspect" "82881fc5527819e316be7ebd8e9620b93dc32dc1e2275d0b32b68843976ca8c6", kill_on_drop: false }`
[INFO] running `Command { std: "docker" "rm" "-f" "82881fc5527819e316be7ebd8e9620b93dc32dc1e2275d0b32b68843976ca8c6", kill_on_drop: false }`
[INFO] [stdout] 82881fc5527819e316be7ebd8e9620b93dc32dc1e2275d0b32b68843976ca8c6
