[INFO] fetching crate graftfs 1.6.0...
[INFO] testing graftfs-1.6.0 against 1.100.0-beta.1+cargoflags=--release for beta-release-1.100-2
[INFO] extracting crate graftfs 1.6.0 into /workspace/builds/worker-0-tc2/source
[INFO] started tweaking crates.io crate graftfs 1.6.0
[INFO] finished tweaking crates.io crate graftfs 1.6.0
[INFO] tweaked toml for crates.io crate graftfs 1.6.0 written to /workspace/builds/worker-0-tc2/source/Cargo.toml
[INFO] validating manifest of crates.io crate graftfs 1.6.0 on toolchain 1.100.0-beta.1
[INFO] running `Command { std: CARGO_HOME="/workspace/cargo-home" RUSTUP_HOME="/workspace/rustup-home" "/workspace/cargo-home/bin/cargo" "+1.100.0-beta.1" "metadata" "--manifest-path" "Cargo.toml" "--no-deps", kill_on_drop: false }`
[INFO] crate crates.io crate graftfs 1.6.0 already has a lockfile, it will not be regenerated
[INFO] running `Command { std: CARGO_HOME="/workspace/cargo-home" RUSTUP_HOME="/workspace/rustup-home" "/workspace/cargo-home/bin/cargo" "+1.100.0-beta.1" "fetch" "--manifest-path" "Cargo.toml", kill_on_drop: false }`
[INFO] running `Command { std: "docker" "create" "-v" "/var/lib/crater-agent-workspace/builds/worker-0-tc2/source:/opt/rustwide/workdir:ro,Z" "-v" "/var/lib/crater-agent-workspace/builds/worker-0-tc2/target:/opt/rustwide/target:rw,Z" "-v" "/var/lib/crater-agent-workspace/cargo-home:/opt/rustwide/cargo-home:ro,Z" "-v" "/var/lib/crater-agent-workspace/rustup-home:/opt/rustwide/rustup-home:ro,Z" "-m" "1610612736" "--network" "none" "ghcr.io/rust-lang/crates-build-env/linux@sha256:77db811e55d90add9212f6832c23229e3de5f1c1f9905e8cb07319ea15df73ac" "sleep" "infinity", kill_on_drop: false }`
[INFO] [stdout] 6d2c8ba96541ee43a3ff180b1684e2cda2c3fd630be244d08c42f509d55cc646
[INFO] running `Command { std: "docker" "start" "6d2c8ba96541ee43a3ff180b1684e2cda2c3fd630be244d08c42f509d55cc646", kill_on_drop: false }`
[INFO] running `Command { std: "docker" "inspect" "6d2c8ba96541ee43a3ff180b1684e2cda2c3fd630be244d08c42f509d55cc646", kill_on_drop: false }`
[INFO] running `Command { std: "docker" "exec" "-e" "SOURCE_DIR=/opt/rustwide/workdir" "-e" "CARGO_HOME=/opt/rustwide/cargo-home" "-e" "RUSTUP_HOME=/opt/rustwide/rustup-home" "-e" "CARGO_TARGET_DIR=/opt/rustwide/target" "-w" "/opt/rustwide/workdir" "--user" "0:0" "6d2c8ba96541ee43a3ff180b1684e2cda2c3fd630be244d08c42f509d55cc646" "/opt/rustwide/cargo-home/bin/cargo" "+1.100.0-beta.1" "metadata" "--no-deps" "--format-version=1", kill_on_drop: false }`
[INFO] running `Command { std: "docker" "inspect" "6d2c8ba96541ee43a3ff180b1684e2cda2c3fd630be244d08c42f509d55cc646", kill_on_drop: false }`
[INFO] running `Command { std: "docker" "exec" "-e" "SOURCE_DIR=/opt/rustwide/workdir" "-e" "CARGO_HOME=/opt/rustwide/cargo-home" "-e" "RUSTUP_HOME=/opt/rustwide/rustup-home" "-e" "CARGO_TARGET_DIR=/opt/rustwide/target" "-e" "CARGO_INCREMENTAL=0" "-e" "RUST_BACKTRACE=full" "-e" "RUSTFLAGS=--cap-lints=warn" "-e" "RUSTDOCFLAGS=--cap-lints=warn" "-w" "/opt/rustwide/workdir" "--user" "0:0" "6d2c8ba96541ee43a3ff180b1684e2cda2c3fd630be244d08c42f509d55cc646" "/opt/rustwide/cargo-home/bin/cargo" "+1.100.0-beta.1" "build" "--frozen" "--message-format=json" "--release", kill_on_drop: false }`
[INFO] [stderr]    Compiling find-msvc-tools v0.1.13
[INFO] [stderr]    Compiling rustix v1.1.5
[INFO] [stderr]    Compiling aho-corasick v1.1.5
[INFO] [stderr]    Compiling grep-matcher v0.1.9
[INFO] [stderr]    Compiling smallvec v1.16.1
[INFO] [stderr]    Compiling syn v3.0.6
[INFO] [stderr]    Compiling encoding_rs v0.8.41
[INFO] [stderr]    Compiling bitflags v2.13.2
[INFO] [stderr]    Compiling serde_json v1.0.151
[INFO] [stderr]    Compiling memmap2 v0.9.11
[INFO] [stderr]    Compiling signal-hook v0.3.18
[INFO] [stderr]    Compiling derive_more-impl v2.1.1
[INFO] [stderr]    Compiling mio v1.2.3
[INFO] [stderr]    Compiling thread_local v1.1.10
[INFO] [stderr]    Compiling winnow v1.0.4
[INFO] [stderr]    Compiling time v0.3.55
[INFO] [stderr]    Compiling crossbeam-channel v0.5.17
[INFO] [stderr]    Compiling snafu-derive v0.9.2
[INFO] [stderr]    Compiling cc v1.4.7
[INFO] [stderr]    Compiling parking_lot_core v0.9.12
[INFO] [stderr]    Compiling toml_datetime v1.1.1+spec-1.1.0
[INFO] [stderr]    Compiling serde_spanned v1.1.1
[INFO] [stderr]    Compiling toml_writer v1.1.2+spec-1.1.0
[INFO] [stderr]    Compiling tracing v0.1.44
[INFO] [stderr]    Compiling toml_parser v1.1.3+spec-1.1.0
[INFO] [stderr]    Compiling parking_lot v0.12.5
[INFO] [stderr]    Compiling signal-hook-mio v0.2.5
[INFO] [stderr]    Compiling derive_more v2.1.1
[INFO] [stderr]    Compiling toml v1.1.6+spec-1.1.0
[INFO] [stderr]    Compiling terminal_size v0.4.4
[INFO] [stderr]    Compiling clap_builder v4.6.7
[INFO] [stderr]    Compiling pcre2-sys v0.2.10
[INFO] [stderr]    Compiling regex-automata v0.4.18
[INFO] [stderr]    Compiling pcre2 v0.2.11
[INFO] [stderr]    Compiling snafu v0.9.2
[INFO] [stderr]    Compiling grep-pcre2 v0.1.10
[INFO] [stderr]    Compiling bstr v1.13.1
[INFO] [stderr]    Compiling globset v0.4.20
[INFO] [stderr]    Compiling grep-regex v0.1.14
[INFO] [stderr]    Compiling serde_derive v1.0.229
[INFO] [stderr]    Compiling multiversion-macros v0.9.0
[INFO] [stderr]    Compiling thiserror-impl v2.0.20
[INFO] [stderr]    Compiling clap_derive v4.6.7
[INFO] [stderr]    Compiling grep-cli v0.1.12
[INFO] [stderr]    Compiling multiversion v0.9.0
[INFO] [stderr]    Compiling thiserror v2.0.20
[INFO] [stderr]    Compiling clap v4.6.7
[INFO] [stderr]    Compiling clap_complete v4.6.11
[INFO] [stderr]    Compiling serde v1.0.229
[INFO] [stderr]    Compiling tracing-serde v0.2.0
[INFO] [stderr]    Compiling crossterm v0.29.0
[INFO] [stderr]    Compiling tracing-subscriber v0.3.23
[INFO] [stderr]    Compiling encoding_rs_io v0.1.8
[INFO] [stderr]    Compiling grep-searcher v0.1.17
[INFO] [stderr]    Compiling grep-printer v0.3.1
[INFO] [stderr]    Compiling grep v0.4.1
[INFO] [stderr]    Compiling tracing-appender v0.2.5
[INFO] [stderr]    Compiling graftfs v1.6.0 (/opt/rustwide/workdir)
[INFO] [stderr]     Finished `release` profile [optimized] target(s) in 1m 05s
[INFO] running `Command { std: "docker" "inspect" "6d2c8ba96541ee43a3ff180b1684e2cda2c3fd630be244d08c42f509d55cc646", kill_on_drop: false }`
[INFO] running `Command { std: "docker" "exec" "-e" "SOURCE_DIR=/opt/rustwide/workdir" "-e" "CARGO_HOME=/opt/rustwide/cargo-home" "-e" "RUSTUP_HOME=/opt/rustwide/rustup-home" "-e" "CARGO_TARGET_DIR=/opt/rustwide/target" "-e" "CARGO_INCREMENTAL=0" "-e" "RUST_BACKTRACE=full" "-e" "RUSTFLAGS=--cap-lints=warn" "-e" "RUSTDOCFLAGS=--cap-lints=warn" "-w" "/opt/rustwide/workdir" "--user" "0:0" "6d2c8ba96541ee43a3ff180b1684e2cda2c3fd630be244d08c42f509d55cc646" "/opt/rustwide/cargo-home/bin/cargo" "+1.100.0-beta.1" "test" "--frozen" "--no-run" "--message-format=json" "--release", kill_on_drop: false }`
[INFO] [stderr]    Compiling syn v2.0.119
[INFO] [stderr]    Compiling toml_parser v1.1.3+spec-1.1.0
[INFO] [stderr]    Compiling toml_datetime v1.1.1+spec-1.1.0
[INFO] [stderr]    Compiling rstest_macros v0.27.0
[INFO] [stderr]    Compiling regex-automata v0.4.18
[INFO] [stderr]    Compiling futures-core v0.3.34
[INFO] [stderr]    Compiling relative-path v1.9.3
[INFO] [stderr]    Compiling futures-task v0.3.34
[INFO] [stderr]    Compiling futures-timer v3.0.4
[INFO] [stderr]    Compiling futures-util v0.3.34
[INFO] [stderr]    Compiling toml_edit v0.25.15+spec-1.1.0
[INFO] [stderr]    Compiling proc-macro-crate v3.5.0
[INFO] [stderr]    Compiling regex v1.13.1
[INFO] [stderr]    Compiling derive_more-impl v2.1.1
[INFO] [stderr]    Compiling snafu-derive v0.9.2
[INFO] [stderr]    Compiling tracing-attributes v0.1.31
[INFO] [stderr]    Compiling derive_more v2.1.1
[INFO] [stderr]    Compiling crossterm v0.29.0
[INFO] [stderr]    Compiling tracing v0.1.44
[INFO] [stderr]    Compiling snafu v0.9.2
[INFO] [stderr]    Compiling rstest v0.27.0
[INFO] [stderr]    Compiling graftfs v1.6.0 (/opt/rustwide/workdir)
[INFO] [stderr]     Finished `release` profile [optimized] target(s) in 23.94s
[INFO] running `Command { std: "docker" "inspect" "6d2c8ba96541ee43a3ff180b1684e2cda2c3fd630be244d08c42f509d55cc646", kill_on_drop: false }`
[INFO] running `Command { std: "docker" "exec" "-e" "SOURCE_DIR=/opt/rustwide/workdir" "-e" "CARGO_HOME=/opt/rustwide/cargo-home" "-e" "RUSTUP_HOME=/opt/rustwide/rustup-home" "-e" "CARGO_TARGET_DIR=/opt/rustwide/target" "-e" "CARGO_INCREMENTAL=0" "-e" "RUST_BACKTRACE=full" "-e" "RUSTFLAGS=--cap-lints=warn" "-e" "RUSTDOCFLAGS=--cap-lints=warn" "-w" "/opt/rustwide/workdir" "--user" "0:0" "6d2c8ba96541ee43a3ff180b1684e2cda2c3fd630be244d08c42f509d55cc646" "/opt/rustwide/cargo-home/bin/cargo" "+1.100.0-beta.1" "test" "--frozen" "--release", kill_on_drop: false }`
[INFO] [stderr]     Finished `release` profile [optimized] target(s) in 0.21s
[INFO] [stderr]      Running unittests src/main.rs (/opt/rustwide/target/release/build/graftfs/e33071bb8e250fb7/out/graft-e33071bb8e250fb7)
[INFO] [stdout] 
[INFO] [stdout] running 265 tests
[INFO] [stdout] test commands::command::tests::missing_stow_dir_build_error_test ... ok
[INFO] [stdout] test commands::command::tests::missing_target_build_error_test ... ok
[INFO] [stdout] test commands::command::tests::folding_stow_test ... FAILED
[INFO] [stdout] test commands::command::tests::ignored_is_not_overridden_test ... FAILED
[INFO] [stdout] test commands::command::tests::basic_unstow_test ... FAILED
[INFO] [stdout] test commands::command::tests::existing_directory_test ... FAILED
[INFO] [stdout] test commands::command::tests::idempotent_stow_test ... FAILED
[INFO] [stdout] test config::config_file_version::tests::config_file_version_from_i64::case_1 ... ok
[INFO] [stdout] test commands::command::tests::directory_vs_file_conflict_test ... FAILED
[INFO] [stdout] test commands::command::tests::target_missing_error_test ... FAILED
[INFO] [stdout] test config::config_file_version::tests::config_file_version_from_i64_invalid ... ok
[INFO] [stdout] test config::config_file_version::tests::config_file_version_from_i64::case_2 ... ok
[INFO] [stdout] test commands::command::tests::no_folding_stow_test ... FAILED
[INFO] [stdout] test commands::command::tests::stow_dir_missing_error_test ... FAILED
[INFO] [stdout] test config::config_file_version::tests::config_file_version_from_str::case_2 ... ok
[INFO] [stdout] test config::config_file_version::tests::config_file_version_from_str::case_3 ... ok
[INFO] [stdout] test commands::command::tests::dotfiles_stow_test ... FAILED
[INFO] [stdout] test config::config_file_version::tests::config_file_version_from_str::case_4 ... ok
[INFO] [stdout] test config::config_file_version::tests::config_file_version_from_str::case_5 ... ok
[INFO] [stdout] test config::config_file_version::tests::config_file_version_from_str::case_6 ... ok
[INFO] [stdout] test config::config_file_version::tests::config_file_version_from_str_invalid ... ok
[INFO] [stdout] test config::logging_config::tests::console_logging_stream_from_i64::case_1 ... ok
[INFO] [stdout] test config::logging_config::tests::console_logging_stream_from_i64::case_2 ... ok
[INFO] [stdout] test config::logging_config::tests::console_logging_stream_from_i64_invalid ... ok
[INFO] [stdout] test config::logging_config::tests::console_logging_stream_from_str::case_1 ... ok
[INFO] [stdout] test config::logging_config::tests::console_logging_stream_from_str::case_2 ... ok
[INFO] [stdout] test commands::command::tests::short_basic_stow_test ... FAILED
[INFO] [stdout] test config::logging_config::tests::console_logging_stream_from_str_invalid ... ok
[INFO] [stdout] test config::logging_config::tests::logging_format_from_i64::case_1 ... ok
[INFO] [stdout] test config::logging_config::tests::logging_format_from_str::case_3 ... ok
[INFO] [stdout] test config::logging_config::tests::logging_level_from_i64::case_1 ... ok
[INFO] [stdout] test config::logging_config::tests::logging_level_from_i64::case_2 ... ok
[INFO] [stdout] test config::logging_config::tests::logging_level_from_i64::case_3 ... ok
[INFO] [stdout] test config::logging_config::tests::logging_level_from_i64::case_4 ... ok
[INFO] [stdout] test commands::command::tests::basic_stow_test ... FAILED
[INFO] [stdout] test config::logging_config::tests::invalid_rotation_type_from_i64 ... ok
[INFO] [stdout] test config::logging_config::tests::logging_format_from_i64::case_2 ... ok
[INFO] [stdout] test commands::command::tests::restow_test ... FAILED
[INFO] [stdout] test config::logging_config::tests::logging_format_from_i64::case_3 ... ok
[INFO] [stdout] test config::logging_config::tests::logging_format_from_str::case_1 ... ok
[INFO] [stdout] test config::logging_config::tests::logging_format_from_str::case_2 ... ok
[INFO] [stdout] test commands::command::tests::ignored_items_stow_test ... FAILED
[INFO] [stdout] test commands::command::tests::conflict_error_test ... FAILED
[INFO] [stdout] test config::config_file_version::tests::config_file_version_from_str::case_1 ... ok
[INFO] [stdout] test commands::command::tests::target_is_file_error_test ... FAILED
[INFO] [stdout] test commands::command::tests::unstow_nested_directories_test ... FAILED
[INFO] [stdout] test commands::command::tests::unstow_with_folding_disabled_test ... FAILED
[INFO] [stdout] test config::logging_config::tests::logging_level_from_i64_invalid ... ok
[INFO] [stdout] test config::logging_config::tests::logging_level_from_str::case_1 ... ok
[INFO] [stdout] test commands::command::tests::override_existing_file_test ... FAILED
[INFO] [stdout] test config::logging_config::tests::logging_level_from_str::case_2 ... ok
[INFO] [stdout] test config::logging_config::tests::logging_level_from_i64::case_5 ... ok
[INFO] [stdout] test config::logging_config::tests::logging_level_to_level_filter::case_3 ... ok
[INFO] [stdout] test config::logging_config::tests::logging_level_from_i64::case_6 ... ok
[INFO] [stdout] test commands::command::tests::unstow_dotfiles_test ... FAILED
[INFO] [stdout] test config::logging_config::tests::logging_level_to_level_filter::case_4 ... ok
[INFO] [stdout] test config::logging_config::tests::logging_level_to_level_filter::case_6 ... ok
[INFO] [stdout] test config::logging_config::tests::logging_level_from_str::case_3 ... ok
[INFO] [stdout] test config::logging_config::tests::logging_level_from_str::case_4 ... ok
[INFO] [stdout] test config::logging_config::tests::logging_level_from_str::case_5 ... ok
[INFO] [stdout] test config::logging_config::tests::logging_level_from_str::case_6 ... ok
[INFO] [stdout] test config::logging_config::tests::logging_level_from_str_invalid ... ok
[INFO] [stdout] test config::logging_config::tests::logging_level_to_level_filter::case_1 ... ok
[INFO] [stdout] test config::logging_config::tests::logging_level_to_level_filter::case_2 ... ok
[INFO] [stdout] test config::logging_config::tests::rotation_type_from_i64::case_1 ... ok
[INFO] [stdout] test config::logging_config::tests::rotation_type_from_i64::case_2 ... ok
[INFO] [stdout] test config::logging_config::tests::rotation_type_from_str::case_2 ... ok
[INFO] [stdout] test config::logging_config::tests::rotation_type_from_str_invalid ... ok
[INFO] [stdout] test config::logging_config::tests::rotation_type_to_rotation::case_1 ... ok
[INFO] [stdout] test config::logging_config::tests::rotation_type_to_rotation::case_2 ... ok
[INFO] [stdout] test config::logging_config::tests::rotation_type_from_str::case_1 ... ok
[INFO] [stdout] test config::stow_config::tests::linking_strategy_from_i64::case_1 ... ok
[INFO] [stdout] test config::stow_config::tests::linking_strategy_from_i64::case_2 ... ok
[INFO] [stdout] test config::stow_config::tests::linking_strategy_from_i64_invalid ... ok
[INFO] [stdout] test config::stow_config::tests::linking_strategy_from_str_invalid ... ok
[INFO] [stdout] test config::stow_config::tests::matching_strategy_from_i64::case_1 ... ok
[INFO] [stdout] test config::stow_config::tests::matching_strategy_from_i64::case_2 ... ok
[INFO] [stdout] test config::stow_config::tests::matching_strategy_from_i64_invalid ... ok
[INFO] [stdout] test config::logging_config::tests::logging_level_to_level_filter::case_5 ... ok
[INFO] [stdout] test config::stow_config::tests::linking_strategy_from_str::case_1 ... ok
[INFO] [stdout] test config::stow_config::tests::matching_strategy_from_str_invalid ... ok
[INFO] [stdout] test config::stow_config::tests::linking_strategy_from_str::case_2 ... ok
[INFO] [stdout] test config::stow_config::tests::regex_strategy_from_i64_invalid ... ok
[INFO] [stdout] test config::stow_config::tests::regex_strategy_from_i64_rust::case_2 ... ok
[INFO] [stdout] test config::stow_config::tests::regex_strategy_from_i64_rust::case_1 ... ok
[INFO] [stdout] test config::stow_config::tests::regex_strategy_from_str_rust::case_2 ... ok
[INFO] [stdout] test config::tests::toml_console_logging_stream_can_use_numeric_value::case_1 ... ok
[INFO] [stdout] test config::tests::toml_console_logging_stream_can_use_numeric_value::case_4 ... ok
[INFO] [stdout] test config::tests::toml_ignores_console_logging_stream_case::case_01 ... ok
[INFO] [stdout] test config::tests::toml_ignores_console_logging_stream_case::case_02 ... ok
[INFO] [stdout] test config::tests::toml_ignores_console_logging_stream_case::case_04 ... ok
[INFO] [stdout] test config::tests::toml_ignores_console_logging_stream_case::case_05 ... ok
[INFO] [stdout] test config::tests::toml_ignores_console_logging_stream_case::case_07 ... ok
[INFO] [stdout] test config::tests::toml_ignores_console_logging_stream_case::case_09 ... ok
[INFO] [stdout] test config::tests::toml_ignores_console_logging_stream_case::case_10 ... ok
[INFO] [stdout] test config::tests::toml_ignores_console_logging_stream_case::case_08 ... ok
[INFO] [stdout] test config::tests::toml_ignores_console_logging_stream_case::case_12 ... ok
[INFO] [stdout] test config::tests::toml_ignores_linking_strategy_case::case_01 ... ok
[INFO] [stdout] test config::stow_config::tests::matching_strategy_from_str::case_1 ... ok
[INFO] [stdout] test config::stow_config::tests::matching_strategy_from_str::case_2 ... ok
[INFO] [stdout] test config::stow_config::tests::regex_strategy_from_str_invalid ... ok
[INFO] [stdout] test config::tests::toml_ignores_linking_strategy_case::case_02 ... ok
[INFO] [stdout] test config::stow_config::tests::regex_strategy_from_str_rust::case_1 ... ok
[INFO] [stdout] test config::tests::toml_ignores_console_logging_stream_case::case_06 ... ok
[INFO] [stdout] test config::tests::toml_ignores_console_logging_stream_case::case_11 ... ok
[INFO] [stdout] test config::tests::toml_ignores_linking_strategy_case::case_06 ... ok
[INFO] [stdout] test config::tests::toml_ignores_linking_strategy_case::case_10 ... ok
[INFO] [stdout] test config::tests::toml_ignores_linking_strategy_case::case_12 ... ok
[INFO] [stdout] test config::tests::toml_ignores_linking_strategy_case::case_05 ... ok
[INFO] [stdout] test config::tests::toml_ignores_logging_format_case::case_07 ... ok
[INFO] [stdout] test config::tests::toml_ignores_logging_format_case::case_08 ... ok
[INFO] [stdout] test config::tests::toml_ignores_linking_strategy_case::case_03 ... ok
[INFO] [stdout] test config::tests::toml_console_logging_stream_can_use_numeric_value::case_2 ... ok
[INFO] [stdout] test config::tests::toml_ignores_linking_strategy_case::case_04 ... ok
[INFO] [stdout] test config::tests::toml_ignores_logging_format_case::case_02 ... ok
[INFO] [stdout] test config::tests::toml_ignores_linking_strategy_case::case_08 ... ok
[INFO] [stdout] test config::tests::toml_ignores_logging_format_case::case_04 ... ok
[INFO] [stdout] test config::tests::toml_ignores_linking_strategy_case::case_09 ... ok
[INFO] [stdout] test config::tests::toml_ignores_linking_strategy_case::case_11 ... ok
[INFO] [stdout] test config::tests::toml_ignores_logging_format_case::case_03 ... ok
[INFO] [stdout] test config::tests::toml_ignores_logging_format_case::case_17 ... ok
[INFO] [stdout] test config::tests::toml_ignores_logging_format_case::case_18 ... ok
[INFO] [stdout] test config::tests::toml_ignores_logging_level_case::case_01 ... ok
[INFO] [stdout] test config::tests::toml_ignores_logging_format_case::case_15 ... ok
[INFO] [stdout] test config::tests::toml_ignores_logging_format_case::case_16 ... ok
[INFO] [stdout] test config::tests::toml_ignores_logging_level_case::case_02 ... ok
[INFO] [stdout] test config::tests::toml_ignores_logging_format_case::case_05 ... ok
[INFO] [stdout] test config::tests::toml_ignores_logging_level_case::case_03 ... ok
[INFO] [stdout] test config::tests::toml_ignores_logging_format_case::case_10 ... ok
[INFO] [stdout] test config::tests::toml_ignores_logging_format_case::case_12 ... ok
[INFO] [stdout] test config::tests::toml_ignores_logging_format_case::case_06 ... ok
[INFO] [stdout] test config::tests::toml_ignores_logging_level_case::case_04 ... ok
[INFO] [stdout] test config::tests::toml_ignores_logging_level_case::case_08 ... ok
[INFO] [stdout] test config::tests::toml_ignores_logging_level_case::case_05 ... ok
[INFO] [stdout] test config::tests::toml_ignores_logging_level_case::case_06 ... ok
[INFO] [stdout] test config::tests::toml_ignores_logging_level_case::case_07 ... ok
[INFO] [stdout] test config::tests::toml_ignores_logging_format_case::case_11 ... ok
[INFO] [stdout] test config::tests::toml_ignores_linking_strategy_case::case_07 ... ok
[INFO] [stdout] test config::tests::toml_ignores_logging_format_case::case_13 ... ok
[INFO] [stdout] test config::tests::toml_ignores_console_logging_stream_case::case_03 ... ok
[INFO] [stdout] test config::tests::toml_ignores_logging_format_case::case_14 ... ok
[INFO] [stdout] test config::tests::toml_console_logging_stream_can_use_numeric_value::case_3 ... ok
[INFO] [stdout] test config::tests::toml_ignores_logging_format_case::case_01 ... ok
[INFO] [stdout] test config::tests::toml_ignores_logging_format_case::case_09 ... ok
[INFO] [stdout] test config::tests::toml_ignores_logging_level_case::case_12 ... ok
[INFO] [stdout] test config::tests::toml_ignores_logging_level_case::case_16 ... ok
[INFO] [stdout] test config::tests::toml_ignores_logging_level_case::case_17 ... ok
[INFO] [stdout] test config::tests::toml_ignores_logging_level_case::case_09 ... ok
[INFO] [stdout] test config::tests::toml_ignores_logging_level_case::case_20 ... ok
[INFO] [stdout] test config::tests::toml_ignores_logging_level_case::case_22 ... ok
[INFO] [stdout] test config::tests::toml_ignores_logging_level_case::case_23 ... ok
[INFO] [stdout] test config::tests::toml_ignores_logging_level_case::case_24 ... ok
[INFO] [stdout] test config::tests::toml_ignores_logging_level_case::case_21 ... ok
[INFO] [stdout] test config::tests::toml_ignores_logging_level_case::case_25 ... ok
[INFO] [stdout] test config::tests::toml_ignores_logging_level_case::case_29 ... ok
[INFO] [stdout] test config::tests::toml_ignores_logging_level_case::case_13 ... ok
[INFO] [stdout] test config::tests::toml_ignores_logging_level_case::case_31 ... ok
[INFO] [stdout] test config::tests::toml_ignores_logging_level_case::case_10 ... ok
[INFO] [stdout] test config::tests::toml_ignores_logging_level_case::case_30 ... ok
[INFO] [stdout] test config::tests::toml_ignores_logging_level_case::case_28 ... ok
[INFO] [stdout] test config::tests::toml_ignores_logging_level_case::case_32 ... ok
[INFO] [stdout] test config::tests::toml_ignores_logging_level_case::case_11 ... ok
[INFO] [stdout] test config::tests::toml_ignores_logging_level_case::case_15 ... ok
[INFO] [stdout] test config::tests::toml_ignores_logging_level_case::case_34 ... ok
[INFO] [stdout] test config::tests::toml_ignores_logging_level_case::case_14 ... ok
[INFO] [stdout] test config::tests::toml_ignores_logging_level_case::case_35 ... ok
[INFO] [stdout] test config::tests::toml_ignores_logging_level_case::case_36 ... ok
[INFO] [stdout] test config::tests::toml_ignores_logging_level_case::case_33 ... ok
[INFO] [stdout] test config::tests::toml_ignores_matching_strategy_case::case_07 ... ok
[INFO] [stdout] test config::tests::toml_ignores_matching_strategy_case::case_06 ... ok
[INFO] [stdout] test config::tests::toml_ignores_matching_strategy_case::case_03 ... ok
[INFO] [stdout] test config::tests::toml_ignores_matching_strategy_case::case_08 ... ok
[INFO] [stdout] test config::tests::toml_ignores_matching_strategy_case::case_04 ... ok
[INFO] [stdout] test config::tests::toml_ignores_matching_strategy_case::case_10 ... ok
[INFO] [stdout] test config::tests::toml_ignores_matching_strategy_case::case_11 ... ok
[INFO] [stdout] test config::tests::toml_ignores_matching_strategy_case::case_12 ... ok
[INFO] [stdout] test config::tests::toml_ignores_logging_level_case::case_27 ... ok
[INFO] [stdout] test config::tests::toml_ignores_matching_strategy_case::case_05 ... ok
[INFO] [stdout] test config::tests::toml_ignores_logging_level_case::case_26 ... ok
[INFO] [stdout] test config::tests::toml_ignores_matching_strategy_case::case_09 ... ok
[INFO] [stdout] test config::tests::toml_ignores_regex_strategy_case::case_01 ... ok
[INFO] [stdout] test config::tests::toml_ignores_regex_strategy_case::case_08 ... ok
[INFO] [stdout] test config::tests::toml_ignores_regex_strategy_case::case_09 ... ok
[INFO] [stdout] test config::tests::toml_ignores_logging_level_case::case_18 ... ok
[INFO] [stdout] test config::tests::toml_ignores_regex_strategy_case::case_05 ... ok
[INFO] [stdout] test config::tests::toml_ignores_regex_strategy_case::case_02 ... ok
[INFO] [stdout] test config::tests::toml_ignores_regex_strategy_case::case_06 ... ok
[INFO] [stdout] test config::tests::toml_ignores_regex_strategy_case::case_10 ... ok
[INFO] [stdout] test config::tests::toml_ignores_rotation_case::case_03 ... ok
[INFO] [stdout] test config::tests::toml_ignores_regex_strategy_case::case_07 ... ok
[INFO] [stdout] test config::tests::toml_ignores_rotation_case::case_01 ... ok
[INFO] [stdout] test config::tests::toml_ignores_rotation_case::case_06 ... ok
[INFO] [stdout] test config::tests::toml_ignores_matching_strategy_case::case_01 ... ok
[INFO] [stdout] test config::tests::toml_ignores_rotation_case::case_05 ... ok
[INFO] [stdout] test config::tests::toml_ignores_matching_strategy_case::case_02 ... ok
[INFO] [stdout] test config::tests::toml_ignores_rotation_case::case_07 ... ok
[INFO] [stdout] test config::tests::toml_ignores_rotation_case::case_10 ... ok
[INFO] [stdout] test config::tests::toml_ignores_rotation_case::case_11 ... ok
[INFO] [stdout] test config::tests::toml_ignores_rotation_case::case_12 ... ok
[INFO] [stdout] test config::tests::toml_ignores_rotation_case::case_08 ... ok
[INFO] [stdout] test config::tests::toml_ignores_rotation_case::case_09 ... ok
[INFO] [stdout] test config::tests::toml_logging_format_can_use_numeric_value::case_3 ... ok
[INFO] [stdout] test config::tests::toml_ignores_rotation_case::case_02 ... ok
[INFO] [stdout] test config::tests::toml_linking_strategy_can_use_numeric_value::case_3 ... ok
[INFO] [stdout] test config::tests::toml_linking_strategy_can_use_numeric_value::case_4 ... ok
[INFO] [stdout] test config::tests::toml_logging_format_can_use_numeric_value::case_4 ... ok
[INFO] [stdout] test config::tests::toml_ignores_rotation_case::case_04 ... ok
[INFO] [stdout] test config::tests::toml_ignores_regex_strategy_case::case_11 ... ok
[INFO] [stdout] test config::tests::toml_ignores_regex_strategy_case::case_03 ... ok
[INFO] [stdout] test config::tests::toml_ignores_regex_strategy_case::case_04 ... ok
[INFO] [stdout] test config::tests::toml_logging_level_can_use_numeric_value::case_01 ... ok
[INFO] [stdout] test config::tests::toml_ignores_regex_strategy_case::case_12 ... ok
[INFO] [stdout] test config::tests::toml_logging_level_can_use_numeric_value::case_02 ... ok
[INFO] [stdout] test config::tests::toml_linking_strategy_can_use_numeric_value::case_1 ... ok
[INFO] [stdout] test config::tests::toml_linking_strategy_can_use_numeric_value::case_2 ... ok
[INFO] [stdout] test config::tests::toml_logging_level_can_use_numeric_value::case_03 ... ok
[INFO] [stdout] test config::tests::toml_logging_format_can_use_numeric_value::case_1 ... ok
[INFO] [stdout] test config::tests::toml_logging_level_can_use_numeric_value::case_04 ... ok
[INFO] [stdout] test config::tests::toml_logging_format_can_use_numeric_value::case_2 ... ok
[INFO] [stdout] test config::tests::toml_logging_format_can_use_numeric_value::case_6 ... ok
[INFO] [stdout] test config::tests::toml_logging_level_can_use_numeric_value::case_12 ... ok
[INFO] [stdout] test config::tests::toml_matching_strategy_can_use_numeric_value::case_1 ... ok
[INFO] [stdout] test config::tests::toml_regex_strategy_can_use_numeric_value::case_2 ... ok
[INFO] [stdout] test config::tests::toml_logging_format_can_use_numeric_value::case_5 ... ok
[INFO] [stdout] test config::tests::toml_logging_level_can_use_numeric_value::case_10 ... ok
[INFO] [stdout] test config::tests::toml_logging_level_can_use_numeric_value::case_08 ... ok
[INFO] [stdout] test config::tests::toml_rotation_can_use_numeric_value::case_1 ... ok
[INFO] [stdout] test config::tests::toml_logging_level_can_use_numeric_value::case_07 ... ok
[INFO] [stdout] test config::tests::toml_matching_strategy_can_use_numeric_value::case_2 ... ok
[INFO] [stdout] test config::tests::toml_logging_level_can_use_numeric_value::case_11 ... ok
[INFO] [stdout] test config::tests::toml_regex_strategy_can_use_numeric_value::case_1 ... ok
[INFO] [stdout] test config::tests::toml_rotation_can_use_numeric_value::case_2 ... ok
[INFO] [stdout] test config::tests::toml_rotation_can_use_numeric_value::case_4 ... ok
[INFO] [stdout] test config::tests::toml_regex_strategy_can_use_numeric_value::case_3 ... ok
[INFO] [stdout] test config::tests::toml_regex_strategy_can_use_numeric_value::case_4 ... ok
[INFO] [stdout] test config::tests::toml_rotation_can_use_numeric_value::case_3 ... ok
[INFO] [stdout] test config::tests::toml_logging_level_can_use_numeric_value::case_05 ... ok
[INFO] [stdout] test config::tests::toml_matching_strategy_can_use_numeric_value::case_3 ... ok
[INFO] [stdout] test config::tests::toml_logging_level_can_use_numeric_value::case_06 ... ok
[INFO] [stdout] test config::tests::toml_logging_level_can_use_numeric_value::case_09 ... ok
[INFO] [stdout] test config::tests::toml_supported_version_strings::case_7 ... ok
[INFO] [stdout] test config::tests::toml_supported_version_strings::case_4 ... ok
[INFO] [stdout] test config::tests::toml_supported_version_strings::case_5 ... ok
[INFO] [stdout] test config::tests::toml_supported_version_strings::case_1 ... ok
[INFO] [stdout] test config::tests::toml_supported_version_strings::case_3 ... ok
[INFO] [stdout] test config::tests::toml_version_1_color_settings_allows_partial_colors ... ok
[INFO] [stdout] test config::tests::toml_supported_version_strings::case_6 ... ok
[INFO] [stdout] test config::tests::toml_version_1_color_settings_can_be_color_names ... ok
[INFO] [stdout] test config::tests::toml_supported_version_strings::case_8 ... ok
[INFO] [stdout] test config::tests::toml_version_1_color_settings_can_be_hex_values ... ok
[INFO] [stdout] test config::tests::toml_version_1_everything_is_optional ... ok
[INFO] [stdout] test config::tests::toml_version_deserialization_string_version::case_4 ... ok
[INFO] [stdout] test config::tests::toml_version_1_color_settings_color_names_case_insensitive ... ok
[INFO] [stdout] test config::tests::toml_version_deserialization_string_version::case_6 ... ok
[INFO] [stdout] test config::tests::toml_version_deserialization_string_version::case_5 ... ok
[INFO] [stdout] test config::tests::toml_version_1_deserialization ... ok
[INFO] [stdout] test config::tests::toml_supported_version_strings::case_2 ... ok
[INFO] [stdout] test config::tests::toml_version_2_everything_is_optional ... ok
[INFO] [stdout] test config::tests::toml_version_deserialization_string_version::case_2 ... ok
[INFO] [stdout] test config::tests::toml_version_deserialization_string_version::case_3 ... ok
[INFO] [stdout] test config::tests::toml_version_2_color_settings_color_names_case_insensitive ... ok
[INFO] [stdout] test config::tests::toml_version_deserialization_string_version::case_1 ... ok
[INFO] [stdout] test config::tests::toml_version_2_deserialization ... ok
[INFO] [stdout] test config::tests::toml_matching_strategy_can_use_numeric_value::case_4 ... ok
[INFO] [stderr] error: test failed, to rerun pass `--bin graft`
[INFO] [stdout] test config::tests::toml_ignores_logging_level_case::case_19 ... ok
[INFO] [stdout] 
[INFO] [stdout] failures:
[INFO] [stdout] 
[INFO] [stdout] ---- commands::command::tests::folding_stow_test stdout ----
[INFO] [stdout] 
[INFO] [stdout] thread 'commands::command::tests::folding_stow_test' (1702) panicked at src/commands/command.rs:780:52:
[INFO] [stdout] called `Result::unwrap()` on an `Err` value: Os { code: 30, kind: ReadOnlyFilesystem, message: "Read-only file system" }
[INFO] [stdout] stack backtrace:
[INFO] [stdout]    0:     0x5952ea061141 - <<std[617be2ca0a6fd877]::sys::backtrace::BacktraceLock>::print::DisplayBacktrace as core[a373ad73a504971]::fmt::Display>::fmt
[INFO] [stdout]    1:     0x5952ea0785ca - core[a373ad73a504971]::fmt::write
[INFO] [stdout]    2:     0x5952ea0656fc - <alloc[2e1b2a31b91974c5]::vec::Vec<u8> as core[a373ad73a504971]::io::write::Write>::write_fmt
[INFO] [stdout]    3:     0x5952ea03aba6 - std[617be2ca0a6fd877]::panicking::default_hook::{closure#0}
[INFO] [stdout]    4:     0x5952ea057e29 - std[617be2ca0a6fd877]::panicking::default_hook
[INFO] [stdout]    5:     0x5952e9edd8c0 - test[aada8e7e76ba119b]::test_main_inner::{closure#0}
[INFO] [stdout]    6:     0x5952ea057fe2 - std[617be2ca0a6fd877]::panicking::panic_with_hook
[INFO] [stdout]    7:     0x5952ea03ac52 - std[617be2ca0a6fd877]::panicking::panic_handler::{closure#0}
[INFO] [stdout]    8:     0x5952ea0335b9 - std[617be2ca0a6fd877]::sys::backtrace::__rust_end_short_backtrace::<std[617be2ca0a6fd877]::panicking::panic_handler::{closure#0}, !>
[INFO] [stdout]    9:     0x5952ea03b94d - __rustc[ea4f61d10b84890b]::rust_begin_unwind
[INFO] [stdout]   10:     0x5952ea078dec - core[a373ad73a504971]::panicking::panic_fmt
[INFO] [stdout]   11:     0x5952ea078bc2 - core[a373ad73a504971]::result::unwrap_failed
[INFO] [stdout]   12:     0x5952e9e8c0f3 - <graft[a0385587913ff256]::commands::command::tests::folding_stow_test::{closure#0} as core[a373ad73a504971]::ops::function::FnOnce<()>>::call_once
[INFO] [stdout]   13:     0x5952e9ed0d0b - test[aada8e7e76ba119b]::__rust_begin_short_backtrace::<core[a373ad73a504971]::result::Result<(), alloc[2e1b2a31b91974c5]::string::String>, fn() -> core[a373ad73a504971]::result::Result<(), alloc[2e1b2a31b91974c5]::string::String>>
[INFO] [stdout]   14:     0x5952e9eddee5 - test[aada8e7e76ba119b]::run_test::{closure#0}
[INFO] [stdout]   15:     0x5952e9ed77d4 - std[617be2ca0a6fd877]::sys::backtrace::__rust_begin_short_backtrace::<test[aada8e7e76ba119b]::run_test::{closure#1}, ()>
[INFO] [stdout]   16:     0x5952e9ee0f72 - <std[617be2ca0a6fd877]::thread::lifecycle::spawn_unchecked<test[aada8e7e76ba119b]::run_test::{closure#1}, ()>::{closure#1} as core[a373ad73a504971]::ops::function::FnOnce<()>>::call_once::{shim:vtable#0}
[INFO] [stdout]   17:     0x5952ea06042f - <std[617be2ca0a6fd877]::sys::thread::unix::Thread>::new::thread_start
[INFO] [stdout]   18:     0x7e7e28cb1dfa - <unknown>
[INFO] [stdout]   19:     0x7e7e28d453d4 - clone
[INFO] [stdout]   20:                0x0 - <unknown>
[INFO] [stdout] 
[INFO] [stdout] ---- commands::command::tests::ignored_is_not_overridden_test stdout ----
[INFO] [stdout] 
[INFO] [stdout] thread 'commands::command::tests::ignored_is_not_overridden_test' (1704) panicked at src/commands/command.rs:897:60:
[INFO] [stdout] called `Result::unwrap()` on an `Err` value: Os { code: 30, kind: ReadOnlyFilesystem, message: "Read-only file system" }
[INFO] [stdout] stack backtrace:
[INFO] [stdout]    0:     0x5952ea061141 - <<std[617be2ca0a6fd877]::sys::backtrace::BacktraceLock>::print::DisplayBacktrace as core[a373ad73a504971]::fmt::Display>::fmt
[INFO] [stdout]    1:     0x5952ea0785ca - core[a373ad73a504971]::fmt::write
[INFO] [stdout]    2:     0x5952ea0656fc - <alloc[2e1b2a31b91974c5]::vec::Vec<u8> as core[a373ad73a504971]::io::write::Write>::write_fmt
[INFO] [stdout]    3:     0x5952ea03aba6 - std[617be2ca0a6fd877]::panicking::default_hook::{closure#0}
[INFO] [stdout]    4:     0x5952ea057e29 - std[617be2ca0a6fd877]::panicking::default_hook
[INFO] [stdout]    5:     0x5952e9edd8c0 - test[aada8e7e76ba119b]::test_main_inner::{closure#0}
[INFO] [stdout]    6:     0x5952ea057fe2 - std[617be2ca0a6fd877]::panicking::panic_with_hook
[INFO] [stdout]    7:     0x5952ea03ac52 - std[617be2ca0a6fd877]::panicking::panic_handler::{closure#0}
[INFO] [stdout]    8:     0x5952ea0335b9 - std[617be2ca0a6fd877]::sys::backtrace::__rust_end_short_backtrace::<std[617be2ca0a6fd877]::panicking::panic_handler::{closure#0}, !>
[INFO] [stdout]    9:     0x5952ea03b94d - __rustc[ea4f61d10b84890b]::rust_begin_unwind
[INFO] [stdout]   10:     0x5952ea078dec - core[a373ad73a504971]::panicking::panic_fmt
[INFO] [stdout]   11:     0x5952ea078bc2 - core[a373ad73a504971]::result::unwrap_failed
[INFO] [stdout]   12:     0x5952e9e908e0 - <graft[a0385587913ff256]::commands::command::tests::ignored_is_not_overridden_test::{closure#0} as core[a373ad73a504971]::ops::function::FnOnce<()>>::call_once
[INFO] [stdout]   13:     0x5952e9ed0d0b - test[aada8e7e76ba119b]::__rust_begin_short_backtrace::<core[a373ad73a504971]::result::Result<(), alloc[2e1b2a31b91974c5]::string::String>, fn() -> core[a373ad73a504971]::result::Result<(), alloc[2e1b2a31b91974c5]::string::String>>
[INFO] [stdout]   14:     0x5952e9eddee5 - test[aada8e7e76ba119b]::run_test::{closure#0}
[INFO] [stdout]   15:     0x5952e9ed77d4 - std[617be2ca0a6fd877]::sys::backtrace::__rust_begin_short_backtrace::<test[aada8e7e76ba119b]::run_test::{closure#1}, ()>
[INFO] [stdout]   16:     0x5952e9ee0f72 - <std[617be2ca0a6fd877]::thread::lifecycle::spawn_unchecked<test[aada8e7e76ba119b]::run_test::{closure#1}, ()>::{closure#1} as core[a373ad73a504971]::ops::function::FnOnce<()>>::call_once::{shim:vtable#0}
[INFO] [stdout]   17:     0x5952ea06042f - <std[617be2ca0a6fd877]::sys::thread::unix::Thread>::new::thread_start
[INFO] [stdout]   18:     0x7e7e28cb1dfa - <unknown>
[INFO] [stdout]   19:     0x7e7e28d453d4 - clone
[INFO] [stdout]   20:                0x0 - <unknown>
[INFO] [stdout] 
[INFO] [stdout] ---- commands::command::tests::basic_unstow_test stdout ----
[INFO] [stdout] 
[INFO] [stdout] thread 'commands::command::tests::basic_unstow_test' (1697) panicked at src/commands/command.rs:1101:86:
[INFO] [stdout] called `Result::unwrap()` on an `Err` value: Os { code: 30, kind: ReadOnlyFilesystem, message: "Read-only file system" }
[INFO] [stdout] stack backtrace:
[INFO] [stdout]    0:     0x5952ea061141 - <<std[617be2ca0a6fd877]::sys::backtrace::BacktraceLock>::print::DisplayBacktrace as core[a373ad73a504971]::fmt::Display>::fmt
[INFO] [stdout]    1:     0x5952ea0785ca - core[a373ad73a504971]::fmt::write
[INFO] [stdout]    2:     0x5952ea0656fc - <alloc[2e1b2a31b91974c5]::vec::Vec<u8> as core[a373ad73a504971]::io::write::Write>::write_fmt
[INFO] [stdout]    3:     0x5952ea03aba6 - std[617be2ca0a6fd877]::panicking::default_hook::{closure#0}
[INFO] [stdout]    4:     0x5952ea057e29 - std[617be2ca0a6fd877]::panicking::default_hook
[INFO] [stdout]    5:     0x5952e9edd8c0 - test[aada8e7e76ba119b]::test_main_inner::{closure#0}
[INFO] [stdout]    6:     0x5952ea057fe2 - std[617be2ca0a6fd877]::panicking::panic_with_hook
[INFO] [stdout]    7:     0x5952ea03ac52 - std[617be2ca0a6fd877]::panicking::panic_handler::{closure#0}
[INFO] [stdout]    8:     0x5952ea0335b9 - std[617be2ca0a6fd877]::sys::backtrace::__rust_end_short_backtrace::<std[617be2ca0a6fd877]::panicking::panic_handler::{closure#0}, !>
[INFO] [stdout]    9:     0x5952ea03b94d - __rustc[ea4f61d10b84890b]::rust_begin_unwind
[INFO] [stdout]   10:     0x5952ea078dec - core[a373ad73a504971]::panicking::panic_fmt
[INFO] [stdout]   11:     0x5952ea078bc2 - core[a373ad73a504971]::result::unwrap_failed
[INFO] [stdout]   12:     0x5952e9e8bcdf - <graft[a0385587913ff256]::commands::command::tests::basic_unstow_test::{closure#0} as core[a373ad73a504971]::ops::function::FnOnce<()>>::call_once
[INFO] [stdout]   13:     0x5952e9ed0d0b - test[aada8e7e76ba119b]::__rust_begin_short_backtrace::<core[a373ad73a504971]::result::Result<(), alloc[2e1b2a31b91974c5]::string::String>, fn() -> core[a373ad73a504971]::result::Result<(), alloc[2e1b2a31b91974c5]::string::String>>
[INFO] [stdout]   14:     0x5952e9eddee5 - test[aada8e7e76ba119b]::run_test::{closure#0}
[INFO] [stdout]   15:     0x5952e9ed77d4 - std[617be2ca0a6fd877]::sys::backtrace::__rust_begin_short_backtrace::<test[aada8e7e76ba119b]::run_test::{closure#1}, ()>
[INFO] [stdout]   16:     0x5952e9ee0f72 - <std[617be2ca0a6fd877]::thread::lifecycle::spawn_unchecked<test[aada8e7e76ba119b]::run_test::{closure#1}, ()>::{closure#1} as core[a373ad73a504971]::ops::function::FnOnce<()>>::call_once::{shim:vtable#0}
[INFO] [stdout]   17:     0x5952ea06042f - <std[617be2ca0a6fd877]::sys::thread::unix::Thread>::new::thread_start
[INFO] [stdout]   18:     0x7e7e28cb1dfa - <unknown>
[INFO] [stdout]   19:     0x7e7e28d453d4 - clone
[INFO] [stdout]   20:                0x0 - <unknown>
[INFO] [stdout] 
[INFO] [stdout] ---- commands::command::tests::existing_directory_test stdout ----
[INFO] [stdout] 
[INFO] [stdout] thread 'commands::command::tests::existing_directory_test' (1701) panicked at src/commands/command.rs:658:63:
[INFO] [stdout] called `Result::unwrap()` on an `Err` value: Os { code: 30, kind: ReadOnlyFilesystem, message: "Read-only file system" }
[INFO] [stdout] stack backtrace:
[INFO] [stdout]    0:     0x5952ea061141 - <<std[617be2ca0a6fd877]::sys::backtrace::BacktraceLock>::print::DisplayBacktrace as core[a373ad73a504971]::fmt::Display>::fmt
[INFO] [stdout]    1:     0x5952ea0785ca - core[a373ad73a504971]::fmt::write
[INFO] [stdout]    2:     0x5952ea0656fc - <alloc[2e1b2a31b91974c5]::vec::Vec<u8> as core[a373ad73a504971]::io::write::Write>::write_fmt
[INFO] [stdout]    3:     0x5952ea03aba6 - std[617be2ca0a6fd877]::panicking::default_hook::{closure#0}
[INFO] [stdout]    4:     0x5952ea057e29 - std[617be2ca0a6fd877]::panicking::default_hook
[INFO] [stdout]    5:     0x5952e9edd8c0 - test[aada8e7e76ba119b]::test_main_inner::{closure#0}
[INFO] [stdout]    6:     0x5952ea057fe2 - std[617be2ca0a6fd877]::panicking::panic_with_hook
[INFO] [stdout]    7:     0x5952ea03ac52 - std[617be2ca0a6fd877]::panicking::panic_handler::{closure#0}
[INFO] [stdout]    8:     0x5952ea0335b9 - std[617be2ca0a6fd877]::sys::backtrace::__rust_end_short_backtrace::<std[617be2ca0a6fd877]::panicking::panic_handler::{closure#0}, !>
[INFO] [stdout]    9:     0x5952ea03b94d - __rustc[ea4f61d10b84890b]::rust_begin_unwind
[INFO] [stdout]   10:     0x5952ea078dec - core[a373ad73a504971]::panicking::panic_fmt
[INFO] [stdout]   11:     0x5952ea078bc2 - core[a373ad73a504971]::result::unwrap_failed
[INFO] [stdout]   12:     0x5952e9e8e07d - <graft[a0385587913ff256]::commands::command::tests::existing_directory_test::{closure#0} as core[a373ad73a504971]::ops::function::FnOnce<()>>::call_once
[INFO] [stdout]   13:     0x5952e9ed0d0b - test[aada8e7e76ba119b]::__rust_begin_short_backtrace::<core[a373ad73a504971]::result::Result<(), alloc[2e1b2a31b91974c5]::string::String>, fn() -> core[a373ad73a504971]::result::Result<(), alloc[2e1b2a31b91974c5]::string::String>>
[INFO] [stdout]   14:     0x5952e9eddee5 - test[aada8e7e76ba119b]::run_test::{closure#0}
[INFO] [stdout]   15:     0x5952e9ed77d4 - std[617be2ca0a6fd877]::sys::backtrace::__rust_begin_short_backtrace::<test[aada8e7e76ba119b]::run_test::{closure#1}, ()>
[INFO] [stdout]   16:     0x5952e9ee0f72 - <std[617be2ca0a6fd877]::thread::lifecycle::spawn_unchecked<test[aada8e7e76ba119b]::run_test::{closure#1}, ()>::{closure#1} as core[a373ad73a504971]::ops::function::FnOnce<()>>::call_once::{shim:vtable#0}
[INFO] [stdout]   17:     0x5952ea06042f - <std[617be2ca0a6fd877]::sys::thread::unix::Thread>::new::thread_start
[INFO] [stdout]   18:     0x7e7e28cb1dfa - <unknown>
[INFO] [stdout]   19:     0x7e7e28d453d4 - clone
[INFO] [stdout]   20:                0x0 - <unknown>
[INFO] [stdout] 
[INFO] [stdout] ---- commands::command::tests::idempotent_stow_test stdout ----
[INFO] [stdout] 
[INFO] [stdout] thread 'commands::command::tests::idempotent_stow_test' (1703) panicked at src/commands/command.rs:1040:55:
[INFO] [stdout] called `Result::unwrap()` on an `Err` value: Os { code: 30, kind: ReadOnlyFilesystem, message: "Read-only file system" }
[INFO] [stdout] stack backtrace:
[INFO] [stdout]    0:     0x5952ea061141 - <<std[617be2ca0a6fd877]::sys::backtrace::BacktraceLock>::print::DisplayBacktrace as core[a373ad73a504971]::fmt::Display>::fmt
[INFO] [stdout]    1:     0x5952ea0785ca - core[a373ad73a504971]::fmt::write
[INFO] [stdout]    2:     0x5952ea0656fc - <alloc[2e1b2a31b91974c5]::vec::Vec<u8> as core[a373ad73a504971]::io::write::Write>::write_fmt
[INFO] [stdout]    3:     0x5952ea03aba6 - std[617be2ca0a6fd877]::panicking::default_hook::{closure#0}
[INFO] [stdout]    4:     0x5952ea057e29 - std[617be2ca0a6fd877]::panicking::default_hook
[INFO] [stdout]    5:     0x5952e9edd8c0 - test[aada8e7e76ba119b]::test_main_inner::{closure#0}
[INFO] [stdout]    6:     0x5952ea057fe2 - std[617be2ca0a6fd877]::panicking::panic_with_hook
[INFO] [stdout]    7:     0x5952ea03ac52 - std[617be2ca0a6fd877]::panicking::panic_handler::{closure#0}
[INFO] [stdout]    8:     0x5952ea0335b9 - std[617be2ca0a6fd877]::sys::backtrace::__rust_end_short_backtrace::<std[617be2ca0a6fd877]::panicking::panic_handler::{closure#0}, !>
[INFO] [stdout]    9:     0x5952ea03b94d - __rustc[ea4f61d10b84890b]::rust_begin_unwind
[INFO] [stdout]   10:     0x5952ea078dec - core[a373ad73a504971]::panicking::panic_fmt
[INFO] [stdout]   11:     0x5952ea078bc2 - core[a373ad73a504971]::result::unwrap_failed
[INFO] [stdout]   12:     0x5952e9e8cd33 - <graft[a0385587913ff256]::commands::command::tests::idempotent_stow_test::{closure#0} as core[a373ad73a504971]::ops::function::FnOnce<()>>::call_once
[INFO] [stdout]   13:     0x5952e9ed0d0b - test[aada8e7e76ba119b]::__rust_begin_short_backtrace::<core[a373ad73a504971]::result::Result<(), alloc[2e1b2a31b91974c5]::string::String>, fn() -> core[a373ad73a504971]::result::Result<(), alloc[2e1b2a31b91974c5]::string::String>>
[INFO] [stdout]   14:     0x5952e9eddee5 - test[aada8e7e76ba119b]::run_test::{closure#0}
[INFO] [stdout]   15:     0x5952e9ed77d4 - std[617be2ca0a6fd877]::sys::backtrace::__rust_begin_short_backtrace::<test[aada8e7e76ba119b]::run_test::{closure#1}, ()>
[INFO] [stdout]   16:     0x5952e9ee0f72 - <std[617be2ca0a6fd877]::thread::lifecycle::spawn_unchecked<test[aada8e7e76ba119b]::run_test::{closure#1}, ()>::{closure#1} as core[a373ad73a504971]::ops::function::FnOnce<()>>::call_once::{shim:vtable#0}
[INFO] [stdout]   17:     0x5952ea06042f - <std[617be2ca0a6fd877]::sys::thread::unix::Thread>::new::thread_start
[INFO] [stdout]   18:     0x7e7e28cb1dfa - <unknown>
[INFO] [stdout]   19:     0x7e7e28d453d4 - clone
[INFO] [stdout]   20:                0x0 - <unknown>
[INFO] [stdout] 
[INFO] [stdout] ---- commands::command::tests::directory_vs_file_conflict_test stdout ----
[INFO] [stdout] 
[INFO] [stdout] thread 'commands::command::tests::directory_vs_file_conflict_test' (1699) panicked at src/commands/command.rs:860:57:
[INFO] [stdout] called `Result::unwrap()` on an `Err` value: Os { code: 30, kind: ReadOnlyFilesystem, message: "Read-only file system" }
[INFO] [stdout] stack backtrace:
[INFO] [stdout]    0:     0x5952ea061141 - <<std[617be2ca0a6fd877]::sys::backtrace::BacktraceLock>::print::DisplayBacktrace as core[a373ad73a504971]::fmt::Display>::fmt
[INFO] [stdout]    1:     0x5952ea0785ca - core[a373ad73a504971]::fmt::write
[INFO] [stdout]    2:     0x5952ea0656fc - <alloc[2e1b2a31b91974c5]::vec::Vec<u8> as core[a373ad73a504971]::io::write::Write>::write_fmt
[INFO] [stdout]    3:     0x5952ea03aba6 - std[617be2ca0a6fd877]::panicking::default_hook::{closure#0}
[INFO] [stdout]    4:     0x5952ea057e29 - std[617be2ca0a6fd877]::panicking::default_hook
[INFO] [stdout]    5:     0x5952e9edd8c0 - test[aada8e7e76ba119b]::test_main_inner::{closure#0}
[INFO] [stdout]    6:     0x5952ea057fe2 - std[617be2ca0a6fd877]::panicking::panic_with_hook
[INFO] [stdout]    7:     0x5952ea03ac52 - std[617be2ca0a6fd877]::panicking::panic_handler::{closure#0}
[INFO] [stdout]    8:     0x5952ea0335b9 - std[617be2ca0a6fd877]::sys::backtrace::__rust_end_short_backtrace::<std[617be2ca0a6fd877]::panicking::panic_handler::{closure#0}, !>
[INFO] [stdout]    9:     0x5952ea03b94d - __rustc[ea4f61d10b84890b]::rust_begin_unwind
[INFO] [stdout]   10:     0x5952ea078dec - core[a373ad73a504971]::panicking::panic_fmt
[INFO] [stdout]   11:     0x5952ea078bc2 - core[a373ad73a504971]::result::unwrap_failed
[INFO] [stdout]   12:     0x5952e9e91599 - <graft[a0385587913ff256]::commands::command::tests::directory_vs_file_conflict_test::{closure#0} as core[a373ad73a504971]::ops::function::FnOnce<()>>::call_once
[INFO] [stdout]   13:     0x5952e9ed0d0b - test[aada8e7e76ba119b]::__rust_begin_short_backtrace::<core[a373ad73a504971]::result::Result<(), alloc[2e1b2a31b91974c5]::string::String>, fn() -> core[a373ad73a504971]::result::Result<(), alloc[2e1b2a31b91974c5]::string::String>>
[INFO] [stdout]   14:     0x5952e9eddee5 - test[aada8e7e76ba119b]::run_test::{closure#0}
[INFO] [stdout]   15:     0x5952e9ed77d4 - std[617be2ca0a6fd877]::sys::backtrace::__rust_begin_short_backtrace::<test[aada8e7e76ba119b]::run_test::{closure#1}, ()>
[INFO] [stdout]   16:     0x5952e9ee0f72 - <std[617be2ca0a6fd877]::thread::lifecycle::spawn_unchecked<test[aada8e7e76ba119b]::run_test::{closure#1}, ()>::{closure#1} as core[a373ad73a504971]::ops::function::FnOnce<()>>::call_once::{shim:vtable#0}
[INFO] [stdout]   17:     0x5952ea06042f - <std[617be2ca0a6fd877]::sys::thread::unix::Thread>::new::thread_start
[INFO] [stdout]   18:     0x7e7e28cb1dfa - <unknown>
[INFO] [stdout]   19:     0x7e7e28d453d4 - clone
[INFO] [stdout]   20:                0x0 - <unknown>
[INFO] [stdout] 
[INFO] [stdout] ---- commands::command::tests::target_missing_error_test stdout ----
[INFO] [stdout] 
[INFO] [stdout] thread 'commands::command::tests::target_missing_error_test' (1714) panicked at src/commands/command.rs:927:59:
[INFO] [stdout] called `Result::unwrap()` on an `Err` value: Os { code: 30, kind: ReadOnlyFilesystem, message: "Read-only file system" }
[INFO] [stdout] stack backtrace:
[INFO] [stdout]    0:     0x5952ea061141 - <<std[617be2ca0a6fd877]::sys::backtrace::BacktraceLock>::print::DisplayBacktrace as core[a373ad73a504971]::fmt::Display>::fmt
[INFO] [stdout]    1:     0x5952ea0785ca - core[a373ad73a504971]::fmt::write
[INFO] [stdout]    2:     0x5952ea0656fc - <alloc[2e1b2a31b91974c5]::vec::Vec<u8> as core[a373ad73a504971]::io::write::Write>::write_fmt
[INFO] [stdout]    3:     0x5952ea03aba6 - std[617be2ca0a6fd877]::panicking::default_hook::{closure#0}
[INFO] [stdout]    4:     0x5952ea057e29 - std[617be2ca0a6fd877]::panicking::default_hook
[INFO] [stdout]    5:     0x5952e9edd8c0 - test[aada8e7e76ba119b]::test_main_inner::{closure#0}
[INFO] [stdout]    6:     0x5952ea057fe2 - std[617be2ca0a6fd877]::panicking::panic_with_hook
[INFO] [stdout]    7:     0x5952ea03ac52 - std[617be2ca0a6fd877]::panicking::panic_handler::{closure#0}
[INFO] [stdout]    8:     0x5952ea0335b9 - std[617be2ca0a6fd877]::sys::backtrace::__rust_end_short_backtrace::<std[617be2ca0a6fd877]::panicking::panic_handler::{closure#0}, !>
[INFO] [stdout]    9:     0x5952ea03b94d - __rustc[ea4f61d10b84890b]::rust_begin_unwind
[INFO] [stdout]   10:     0x5952ea078dec - core[a373ad73a504971]::panicking::panic_fmt
[INFO] [stdout]   11:     0x5952ea078bc2 - core[a373ad73a504971]::result::unwrap_failed
[INFO] [stdout]   12:     0x5952e9e8f17a - <graft[a0385587913ff256]::commands::command::tests::target_missing_error_test::{closure#0} as core[a373ad73a504971]::ops::function::FnOnce<()>>::call_once
[INFO] [stdout]   13:     0x5952e9ed0d0b - test[aada8e7e76ba119b]::__rust_begin_short_backtrace::<core[a373ad73a504971]::result::Result<(), alloc[2e1b2a31b91974c5]::string::String>, fn() -> core[a373ad73a504971]::result::Result<(), alloc[2e1b2a31b91974c5]::string::String>>
[INFO] [stdout]   14:     0x5952e9eddee5 - test[aada8e7e76ba119b]::run_test::{closure#0}
[INFO] [stdout]   15:     0x5952e9ed77d4 - std[617be2ca0a6fd877]::sys::backtrace::__rust_begin_short_backtrace::<test[aada8e7e76ba119b]::run_test::{closure#1}, ()>
[INFO] [stdout]   16:     0x5952e9ee0f72 - <std[617be2ca0a6fd877]::thread::lifecycle::spawn_unchecked<test[aada8e7e76ba119b]::run_test::{closure#1}, ()>::{closure#1} as core[a373ad73a504971]::ops::function::FnOnce<()>>::call_once::{shim:vtable#0}
[INFO] [stdout]   17:     0x5952ea06042f - <std[617be2ca0a6fd877]::sys::thread::unix::Thread>::new::thread_start
[INFO] [stdout]   18:     0x7e7e28cb1dfa - <unknown>
[INFO] [stdout]   19:     0x7e7e28d453d4 - clone
[INFO] [stdout]   20:                0x0 - <unknown>
[INFO] [stdout] 
[INFO] [stdout] ---- commands::command::tests::no_folding_stow_test stdout ----
[INFO] [stdout] 
[INFO] [stdout] thread 'commands::command::tests::no_folding_stow_test' (1708) panicked at src/commands/command.rs:800:55:
[INFO] [stdout] called `Result::unwrap()` on an `Err` value: Os { code: 30, kind: ReadOnlyFilesystem, message: "Read-only file system" }
[INFO] [stdout] stack backtrace:
[INFO] [stdout]    0:     0x5952ea061141 - <<std[617be2ca0a6fd877]::sys::backtrace::BacktraceLock>::print::DisplayBacktrace as core[a373ad73a504971]::fmt::Display>::fmt
[INFO] [stdout]    1:     0x5952ea0785ca - core[a373ad73a504971]::fmt::write
[INFO] [stdout]    2:     0x5952ea0656fc - <alloc[2e1b2a31b91974c5]::vec::Vec<u8> as core[a373ad73a504971]::io::write::Write>::write_fmt
[INFO] [stdout]    3:     0x5952ea03aba6 - std[617be2ca0a6fd877]::panicking::default_hook::{closure#0}
[INFO] [stdout]    4:     0x5952ea057e29 - std[617be2ca0a6fd877]::panicking::default_hook
[INFO] [stdout]    5:     0x5952e9edd8c0 - test[aada8e7e76ba119b]::test_main_inner::{closure#0}
[INFO] [stdout]    6:     0x5952ea057fe2 - std[617be2ca0a6fd877]::panicking::panic_with_hook
[INFO] [stdout]    7:     0x5952ea03ac52 - std[617be2ca0a6fd877]::panicking::panic_handler::{closure#0}
[INFO] [stdout]    8:     0x5952ea0335b9 - std[617be2ca0a6fd877]::sys::backtrace::__rust_end_short_backtrace::<std[617be2ca0a6fd877]::panicking::panic_handler::{closure#0}, !>
[INFO] [stdout]    9:     0x5952ea03b94d - __rustc[ea4f61d10b84890b]::rust_begin_unwind
[INFO] [stdout]   10:     0x5952ea078dec - core[a373ad73a504971]::panicking::panic_fmt
[INFO] [stdout]   11:     0x5952ea078bc2 - core[a373ad73a504971]::result::unwrap_failed
[INFO] [stdout]   12:     0x5952e9e8d0aa - <graft[a0385587913ff256]::commands::command::tests::no_folding_stow_test::{closure#0} as core[a373ad73a504971]::ops::function::FnOnce<()>>::call_once
[INFO] [stdout]   13:     0x5952e9ed0d0b - test[aada8e7e76ba119b]::__rust_begin_short_backtrace::<core[a373ad73a504971]::result::Result<(), alloc[2e1b2a31b91974c5]::string::String>, fn() -> core[a373ad73a504971]::result::Result<(), alloc[2e1b2a31b91974c5]::string::String>>
[INFO] [stdout]   14:     0x5952e9eddee5 - test[aada8e7e76ba119b]::run_test::{closure#0}
[INFO] [stdout]   15:     0x5952e9ed77d4 - std[617be2ca0a6fd877]::sys::backtrace::__rust_begin_short_backtrace::<test[aada8e7e76ba119b]::run_test::{closure#1}, ()>
[INFO] [stdout]   16:     0x5952e9ee0f72 - <std[617be2ca0a6fd877]::thread::lifecycle::spawn_unchecked<test[aada8e7e76ba119b]::run_test::{closure#1}, ()>::{closure#1} as core[a373ad73a504971]::ops::function::FnOnce<()>>::call_once::{shim:vtable#0}
[INFO] [stdout]   17:     0x5952ea06042f - <std[617be2ca0a6fd877]::sys::thread::unix::Thread>::new::thread_start
[INFO] [stdout]   18:     0x7e7e28cb1dfa - <unknown>
[INFO] [stdout]   19:     0x7e7e28d453d4 - clone
[INFO] [stdout]   20:                0x0 - <unknown>
[INFO] [stdout] 
[INFO] [stdout] ---- commands::command::tests::stow_dir_missing_error_test stdout ----
[INFO] [stdout] 
[INFO] [stdout] thread 'commands::command::tests::stow_dir_missing_error_test' (1712) panicked at src/commands/command.rs:957:61:
[INFO] [stdout] called `Result::unwrap()` on an `Err` value: Os { code: 30, kind: ReadOnlyFilesystem, message: "Read-only file system" }
[INFO] [stdout] stack backtrace:
[INFO] [stdout]    0:     0x5952ea061141 - <<std[617be2ca0a6fd877]::sys::backtrace::BacktraceLock>::print::DisplayBacktrace as core[a373ad73a504971]::fmt::Display>::fmt
[INFO] [stdout]    1:     0x5952ea0785ca - core[a373ad73a504971]::fmt::write
[INFO] [stdout]    2:     0x5952ea0656fc - <alloc[2e1b2a31b91974c5]::vec::Vec<u8> as core[a373ad73a504971]::io::write::Write>::write_fmt
[INFO] [stdout]    3:     0x5952ea03aba6 - std[617be2ca0a6fd877]::panicking::default_hook::{closure#0}
[INFO] [stdout]    4:     0x5952ea057e29 - std[617be2ca0a6fd877]::panicking::default_hook
[INFO] [stdout]    5:     0x5952e9edd8c0 - test[aada8e7e76ba119b]::test_main_inner::{closure#0}
[INFO] [stdout]    6:     0x5952ea057fe2 - std[617be2ca0a6fd877]::panicking::panic_with_hook
[INFO] [stdout]    7:     0x5952ea03ac52 - std[617be2ca0a6fd877]::panicking::panic_handler::{closure#0}
[INFO] [stdout]    8:     0x5952ea0335b9 - std[617be2ca0a6fd877]::sys::backtrace::__rust_end_short_backtrace::<std[617be2ca0a6fd877]::panicking::panic_handler::{closure#0}, !>
[INFO] [stdout]    9:     0x5952ea03b94d - __rustc[ea4f61d10b84890b]::rust_begin_unwind
[INFO] [stdout]   10:     0x5952ea078dec - core[a373ad73a504971]::panicking::panic_fmt
[INFO] [stdout]   11:     0x5952ea078bc2 - core[a373ad73a504971]::result::unwrap_failed
[INFO] [stdout]   12:     0x5952e9e8ffe3 - <graft[a0385587913ff256]::commands::command::tests::stow_dir_missing_error_test::{closure#0} as core[a373ad73a504971]::ops::function::FnOnce<()>>::call_once
[INFO] [stdout]   13:     0x5952e9ed0d0b - test[aada8e7e76ba119b]::__rust_begin_short_backtrace::<core[a373ad73a504971]::result::Result<(), alloc[2e1b2a31b91974c5]::string::String>, fn() -> core[a373ad73a504971]::result::Result<(), alloc[2e1b2a31b91974c5]::string::String>>
[INFO] [stdout]   14:     0x5952e9eddee5 - test[aada8e7e76ba119b]::run_test::{closure#0}
[INFO] [stdout]   15:     0x5952e9ed77d4 - std[617be2ca0a6fd877]::sys::backtrace::__rust_begin_short_backtrace::<test[aada8e7e76ba119b]::run_test::{closure#1}, ()>
[INFO] [stdout]   16:     0x5952e9ee0f72 - <std[617be2ca0a6fd877]::thread::lifecycle::spawn_unchecked<test[aada8e7e76ba119b]::run_test::{closure#1}, ()>::{closure#1} as core[a373ad73a504971]::ops::function::FnOnce<()>>::call_once::{shim:vtable#0}
[INFO] [stdout]   17:     0x5952ea06042f - <std[617be2ca0a6fd877]::sys::thread::unix::Thread>::new::thread_start
[INFO] [stdout]   18:     0x7e7e28cb1dfa - <unknown>
[INFO] [stdout]   19:     0x7e7e28d453d4 - clone
[INFO] [stdout]   20:                0x0 - <unknown>
[INFO] [stdout] 
[INFO] [stdout] ---- commands::command::tests::dotfiles_stow_test stdout ----
[INFO] [stdout] 
[INFO] [stdout] thread 'commands::command::tests::dotfiles_stow_test' (1700) panicked at src/commands/command.rs:705:53:
[INFO] [stdout] called `Result::unwrap()` on an `Err` value: Os { code: 30, kind: ReadOnlyFilesystem, message: "Read-only file system" }
[INFO] [stdout] stack backtrace:
[INFO] [stdout]    0:     0x5952ea061141 - <<std[617be2ca0a6fd877]::sys::backtrace::BacktraceLock>::print::DisplayBacktrace as core[a373ad73a504971]::fmt::Display>::fmt
[INFO] [stdout]    1:     0x5952ea0785ca - core[a373ad73a504971]::fmt::write
[INFO] [stdout]    2:     0x5952ea0656fc - <alloc[2e1b2a31b91974c5]::vec::Vec<u8> as core[a373ad73a504971]::io::write::Write>::write_fmt
[INFO] [stdout]    3:     0x5952ea03aba6 - std[617be2ca0a6fd877]::panicking::default_hook::{closure#0}
[INFO] [stdout]    4:     0x5952ea057e29 - std[617be2ca0a6fd877]::panicking::default_hook
[INFO] [stdout]    5:     0x5952e9edd8c0 - test[aada8e7e76ba119b]::test_main_inner::{closure#0}
[INFO] [stdout]    6:     0x5952ea057fe2 - std[617be2ca0a6fd877]::panicking::panic_with_hook
[INFO] [stdout]    7:     0x5952ea03ac52 - std[617be2ca0a6fd877]::panicking::panic_handler::{closure#0}
[INFO] [stdout]    8:     0x5952ea0335b9 - std[617be2ca0a6fd877]::sys::backtrace::__rust_end_short_backtrace::<std[617be2ca0a6fd877]::panicking::panic_handler::{closure#0}, !>
[INFO] [stdout]    9:     0x5952ea03b94d - __rustc[ea4f61d10b84890b]::rust_begin_unwind
[INFO] [stdout]   10:     0x5952ea078dec - core[a373ad73a504971]::panicking::panic_fmt
[INFO] [stdout]   11:     0x5952ea078bc2 - core[a373ad73a504971]::result::unwrap_failed
[INFO] [stdout]   12:     0x5952e9e8c598 - <graft[a0385587913ff256]::commands::command::tests::dotfiles_stow_test::{closure#0} as core[a373ad73a504971]::ops::function::FnOnce<()>>::call_once
[INFO] [stdout]   13:     0x5952e9ed0d0b - test[aada8e7e76ba119b]::__rust_begin_short_backtrace::<core[a373ad73a504971]::result::Result<(), alloc[2e1b2a31b91974c5]::string::String>, fn() -> core[a373ad73a504971]::result::Result<(), alloc[2e1b2a31b91974c5]::string::String>>
[INFO] [stdout]   14:     0x5952e9eddee5 - test[aada8e7e76ba119b]::run_test::{closure#0}
[INFO] [stdout]   15:     0x5952e9ed77d4 - std[617be2ca0a6fd877]::sys::backtrace::__rust_begin_short_backtrace::<test[aada8e7e76ba119b]::run_test::{closure#1}, ()>
[INFO] [stdout]   16:     0x5952e9ee0f72 - <std[617be2ca0a6fd877]::thread::lifecycle::spawn_unchecked<test[aada8e7e76ba119b]::run_test::{closure#1}, ()>::{closure#1} as core[a373ad73a504971]::ops::function::FnOnce<()>>::call_once::{shim:vtable#0}
[INFO] [stdout]   17:     0x5952ea06042f - <std[617be2ca0a6fd877]::sys::thread::unix::Thread>::new::thread_start
[INFO] [stdout]   18:     0x7e7e28cb1dfa - <unknown>
[INFO] [stdout]   19:     0x7e7e28d453d4 - clone
[INFO] [stdout]   20:                0x0 - <unknown>
[INFO] [stdout] 
[INFO] [stdout] ---- commands::command::tests::short_basic_stow_test stdout ----
[INFO] [stdout] 
[INFO] [stdout] thread 'commands::command::tests::short_basic_stow_test' (1711) panicked at src/commands/command.rs:1244:61:
[INFO] [stdout] called `Result::unwrap()` on an `Err` value: Os { code: 30, kind: ReadOnlyFilesystem, message: "Read-only file system" }
[INFO] [stdout] stack backtrace:
[INFO] [stdout]    0:     0x5952ea061141 - <<std[617be2ca0a6fd877]::sys::backtrace::BacktraceLock>::print::DisplayBacktrace as core[a373ad73a504971]::fmt::Display>::fmt
[INFO] [stdout]    1:     0x5952ea0785ca - core[a373ad73a504971]::fmt::write
[INFO] [stdout]    2:     0x5952ea0656fc - <alloc[2e1b2a31b91974c5]::vec::Vec<u8> as core[a373ad73a504971]::io::write::Write>::write_fmt
[INFO] [stdout]    3:     0x5952ea03aba6 - std[617be2ca0a6fd877]::panicking::default_hook::{closure#0}
[INFO] [stdout]    4:     0x5952ea057e29 - std[617be2ca0a6fd877]::panicking::default_hook
[INFO] [stdout]    5:     0x5952e9edd8c0 - test[aada8e7e76ba119b]::test_main_inner::{closure#0}
[INFO] [stdout]    6:     0x5952ea057fe2 - std[617be2ca0a6fd877]::panicking::panic_with_hook
[INFO] [stdout]    7:     0x5952ea03ac52 - std[617be2ca0a6fd877]::panicking::panic_handler::{closure#0}
[INFO] [stdout]    8:     0x5952ea0335b9 - std[617be2ca0a6fd877]::sys::backtrace::__rust_end_short_backtrace::<std[617be2ca0a6fd877]::panicking::panic_handler::{closure#0}, !>
[INFO] [stdout]    9:     0x5952ea03b94d - __rustc[ea4f61d10b84890b]::rust_begin_unwind
[INFO] [stdout]   10:     0x5952ea078dec - core[a373ad73a504971]::panicking::panic_fmt
[INFO] [stdout]   11:     0x5952ea078bc2 - core[a373ad73a504971]::result::unwrap_failed
[INFO] [stdout]   12:     0x5952e9e8dc29 - <graft[a0385587913ff256]::commands::command::tests::short_basic_stow_test::{closure#0} as core[a373ad73a504971]::ops::function::FnOnce<()>>::call_once
[INFO] [stdout]   13:     0x5952e9ed0d0b - test[aada8e7e76ba119b]::__rust_begin_short_backtrace::<core[a373ad73a504971]::result::Result<(), alloc[2e1b2a31b91974c5]::string::String>, fn() -> core[a373ad73a504971]::result::Result<(), alloc[2e1b2a31b91974c5]::string::String>>
[INFO] [stdout]   14:     0x5952e9eddee5 - test[aada8e7e76ba119b]::run_test::{closure#0}
[INFO] [stdout]   15:     0x5952e9ed77d4 - std[617be2ca0a6fd877]::sys::backtrace::__rust_begin_short_backtrace::<test[aada8e7e76ba119b]::run_test::{closure#1}, ()>
[INFO] [stdout]   16:     0x5952e9ee0f72 - <std[617be2ca0a6fd877]::thread::lifecycle::spawn_unchecked<test[aada8e7e76ba119b]::run_test::{closure#1}, ()>::{closure#1} as core[a373ad73a504971]::ops::function::FnOnce<()>>::call_once::{shim:vtable#0}
[INFO] [stdout]   17:     0x5952ea06042f - <std[617be2ca0a6fd877]::sys::thread::unix::Thread>::new::thread_start
[INFO] [stdout]   18:     0x7e7e28cb1dfa - <unknown>
[INFO] [stdout]   19:     0x7e7e28d453d4 - clone
[INFO] [stdout]   20:                0x0 - <unknown>
[INFO] [stdout] 
[INFO] [stdout] ---- commands::command::tests::basic_stow_test stdout ----
[INFO] [stdout] 
[INFO] [stdout] thread 'commands::command::tests::basic_stow_test' (1696) panicked at src/commands/command.rs:685:55:
[INFO] [stdout] called `Result::unwrap()` on an `Err` value: Os { code: 30, kind: ReadOnlyFilesystem, message: "Read-only file system" }
[INFO] [stdout] stack backtrace:
[INFO] [stdout]    0:     0x5952ea061141 - <<std[617be2ca0a6fd877]::sys::backtrace::BacktraceLock>::print::DisplayBacktrace as core[a373ad73a504971]::fmt::Display>::fmt
[INFO] [stdout]    1:     0x5952ea0785ca - core[a373ad73a504971]::fmt::write
[INFO] [stdout]    2:     0x5952ea0656fc - <alloc[2e1b2a31b91974c5]::vec::Vec<u8> as core[a373ad73a504971]::io::write::Write>::write_fmt
[INFO] [stdout]    3:     0x5952ea03aba6 - std[617be2ca0a6fd877]::panicking::default_hook::{closure#0}
[INFO] [stdout]    4:     0x5952ea057e29 - std[617be2ca0a6fd877]::panicking::default_hook
[INFO] [stdout]    5:     0x5952e9edd8c0 - test[aada8e7e76ba119b]::test_main_inner::{closure#0}
[INFO] [stdout]    6:     0x5952ea057fe2 - std[617be2ca0a6fd877]::panicking::panic_with_hook
[INFO] [stdout]    7:     0x5952ea03ac52 - std[617be2ca0a6fd877]::panicking::panic_handler::{closure#0}
[INFO] [stdout]    8:     0x5952ea0335b9 - std[617be2ca0a6fd877]::sys::backtrace::__rust_end_short_backtrace::<std[617be2ca0a6fd877]::panicking::panic_handler::{closure#0}, !>
[INFO] [stdout]    9:     0x5952ea03b94d - __rustc[ea4f61d10b84890b]::rust_begin_unwind
[INFO] [stdout]   10:     0x5952ea078dec - core[a373ad73a504971]::panicking::panic_fmt
[INFO] [stdout]   11:     0x5952ea078bc2 - core[a373ad73a504971]::result::unwrap_failed
[INFO] [stdout]   12:     0x5952e9e8b7b9 - <graft[a0385587913ff256]::commands::command::tests::basic_stow_test::{closure#0} as core[a373ad73a504971]::ops::function::FnOnce<()>>::call_once
[INFO] [stdout]   13:     0x5952e9ed0d0b - test[aada8e7e76ba119b]::__rust_begin_short_backtrace::<core[a373ad73a504971]::result::Result<(), alloc[2e1b2a31b91974c5]::string::String>, fn() -> core[a373ad73a504971]::result::Result<(), alloc[2e1b2a31b91974c5]::string::String>>
[INFO] [stdout]   14:     0x5952e9eddee5 - test[aada8e7e76ba119b]::run_test::{closure#0}
[INFO] [stdout]   15:     0x5952e9ed77d4 - std[617be2ca0a6fd877]::sys::backtrace::__rust_begin_short_backtrace::<test[aada8e7e76ba119b]::run_test::{closure#1}, ()>
[INFO] [stdout]   16:     0x5952e9ee0f72 - <std[617be2ca0a6fd877]::thread::lifecycle::spawn_unchecked<test[aada8e7e76ba119b]::run_test::{closure#1}, ()>::{closure#1} as core[a373ad73a504971]::ops::function::FnOnce<()>>::call_once::{shim:vtable#0}
[INFO] [stdout]   17:     0x5952ea06042f - <std[617be2ca0a6fd877]::sys::thread::unix::Thread>::new::thread_start
[INFO] [stdout]   18:     0x7e7e28cb1dfa - <unknown>
[INFO] [stdout]   19:     0x7e7e28d453d4 - clone
[INFO] [stdout]   20:                0x0 - <unknown>
[INFO] [stdout] 
[INFO] [stdout] ---- commands::command::tests::restow_test stdout ----
[INFO] [stdout] 
[INFO] [stdout] thread 'commands::command::tests::restow_test' (1710) panicked at src/commands/command.rs:1069:51:
[INFO] [stdout] called `Result::unwrap()` on an `Err` value: Os { code: 30, kind: ReadOnlyFilesystem, message: "Read-only file system" }
[INFO] [stdout] stack backtrace:
[INFO] [stdout]    0:     0x5952ea061141 - <<std[617be2ca0a6fd877]::sys::backtrace::BacktraceLock>::print::DisplayBacktrace as core[a373ad73a504971]::fmt::Display>::fmt
[INFO] [stdout]    1:     0x5952ea0785ca - core[a373ad73a504971]::fmt::write
[INFO] [stdout]    2:     0x5952ea0656fc - <alloc[2e1b2a31b91974c5]::vec::Vec<u8> as core[a373ad73a504971]::io::write::Write>::write_fmt
[INFO] [stdout]    3:     0x5952ea03aba6 - std[617be2ca0a6fd877]::panicking::default_hook::{closure#0}
[INFO] [stdout]    4:     0x5952ea057e29 - std[617be2ca0a6fd877]::panicking::default_hook
[INFO] [stdout]    5:     0x5952e9edd8c0 - test[aada8e7e76ba119b]::test_main_inner::{closure#0}
[INFO] [stdout]    6:     0x5952ea057fe2 - std[617be2ca0a6fd877]::panicking::panic_with_hook
[INFO] [stdout]    7:     0x5952ea03ac52 - std[617be2ca0a6fd877]::panicking::panic_handler::{closure#0}
[INFO] [stdout]    8:     0x5952ea0335b9 - std[617be2ca0a6fd877]::sys::backtrace::__rust_end_short_backtrace::<std[617be2ca0a6fd877]::panicking::panic_handler::{closure#0}, !>
[INFO] [stdout]    9:     0x5952ea03b94d - __rustc[ea4f61d10b84890b]::rust_begin_unwind
[INFO] [stdout]   10:     0x5952ea078dec - core[a373ad73a504971]::panicking::panic_fmt
[INFO] [stdout]   11:     0x5952ea078bc2 - core[a373ad73a504971]::result::unwrap_failed
[INFO] [stdout]   12:     0x5952e9e8b3c5 - <graft[a0385587913ff256]::commands::command::tests::restow_test::{closure#0} as core[a373ad73a504971]::ops::function::FnOnce<()>>::call_once
[INFO] [stdout]   13:     0x5952e9ed0d0b - test[aada8e7e76ba119b]::__rust_begin_short_backtrace::<core[a373ad73a504971]::result::Result<(), alloc[2e1b2a31b91974c5]::string::String>, fn() -> core[a373ad73a504971]::result::Result<(), alloc[2e1b2a31b91974c5]::string::String>>
[INFO] [stdout]   14:     0x5952e9eddee5 - test[aada8e7e76ba119b]::run_test::{closure#0}
[INFO] [stdout]   15:     0x5952e9ed77d4 - std[617be2ca0a6fd877]::sys::backtrace::__rust_begin_short_backtrace::<test[aada8e7e76ba119b]::run_test::{closure#1}, ()>
[INFO] [stdout]   16:     0x5952e9ee0f72 - <std[617be2ca0a6fd877]::thread::lifecycle::spawn_unchecked<test[aada8e7e76ba119b]::run_test::{closure#1}, ()>::{closure#1} as core[a373ad73a504971]::ops::function::FnOnce<()>>::call_once::{shim:vtable#0}
[INFO] [stdout]   17:     0x5952ea06042f - <std[617be2ca0a6fd877]::sys::thread::unix::Thread>::new::thread_start
[INFO] [stdout]   18:     0x7e7e28cb1dfa - <unknown>
[INFO] [stdout]   19:     0x7e7e28d453d4 - clone
[INFO] [stdout]   20:                0x0 - <unknown>
[INFO] [stdout] 
[INFO] [stdout] ---- commands::command::tests::ignored_items_stow_test stdout ----
[INFO] [stdout] 
[INFO] [stdout] thread 'commands::command::tests::ignored_items_stow_test' (1705) panicked at src/commands/command.rs:731:52:
[INFO] [stdout] called `Result::unwrap()` on an `Err` value: Os { code: 30, kind: ReadOnlyFilesystem, message: "Read-only file system" }
[INFO] [stdout] stack backtrace:
[INFO] [stdout]    0:     0x5952ea061141 - <<std[617be2ca0a6fd877]::sys::backtrace::BacktraceLock>::print::DisplayBacktrace as core[a373ad73a504971]::fmt::Display>::fmt
[INFO] [stdout]    1:     0x5952ea0785ca - core[a373ad73a504971]::fmt::write
[INFO] [stdout]    2:     0x5952ea0656fc - <alloc[2e1b2a31b91974c5]::vec::Vec<u8> as core[a373ad73a504971]::io::write::Write>::write_fmt
[INFO] [stdout]    3:     0x5952ea03aba6 - std[617be2ca0a6fd877]::panicking::default_hook::{closure#0}
[INFO] [stdout]    4:     0x5952ea057e29 - std[617be2ca0a6fd877]::panicking::default_hook
[INFO] [stdout]    5:     0x5952e9edd8c0 - test[aada8e7e76ba119b]::test_main_inner::{closure#0}
[INFO] [stdout]    6:     0x5952ea057fe2 - std[617be2ca0a6fd877]::panicking::panic_with_hook
[INFO] [stdout]    7:     0x5952ea03ac52 - std[617be2ca0a6fd877]::panicking::panic_handler::{closure#0}
[INFO] [stdout]    8:     0x5952ea0335b9 - std[617be2ca0a6fd877]::sys::backtrace::__rust_end_short_backtrace::<std[617be2ca0a6fd877]::panicking::panic_handler::{closure#0}, !>
[INFO] [stdout]    9:     0x5952ea03b94d - __rustc[ea4f61d10b84890b]::rust_begin_unwind
[INFO] [stdout]   10:     0x5952ea078dec - core[a373ad73a504971]::panicking::panic_fmt
[INFO] [stdout]   11:     0x5952ea078bc2 - core[a373ad73a504971]::result::unwrap_failed
[INFO] [stdout]   12:     0x5952e9e8e811 - <graft[a0385587913ff256]::commands::command::tests::ignored_items_stow_test::{closure#0} as core[a373ad73a504971]::ops::function::FnOnce<()>>::call_once
[INFO] [stdout]   13:     0x5952e9ed0d0b - test[aada8e7e76ba119b]::__rust_begin_short_backtrace::<core[a373ad73a504971]::result::Result<(), alloc[2e1b2a31b91974c5]::string::String>, fn() -> core[a373ad73a504971]::result::Result<(), alloc[2e1b2a31b91974c5]::string::String>>
[INFO] [stdout]   14:     0x5952e9eddee5 - test[aada8e7e76ba119b]::run_test::{closure#0}
[INFO] [stdout]   15:     0x5952e9ed77d4 - std[617be2ca0a6fd877]::sys::backtrace::__rust_begin_short_backtrace::<test[aada8e7e76ba119b]::run_test::{closure#1}, ()>
[INFO] [stdout]   16:     0x5952e9ee0f72 - <std[617be2ca0a6fd877]::thread::lifecycle::spawn_unchecked<test[aada8e7e76ba119b]::run_test::{closure#1}, ()>::{closure#1} as core[a373ad73a504971]::ops::function::FnOnce<()>>::call_once::{shim:vtable#0}
[INFO] [stdout]   17:     0x5952ea06042f - <std[617be2ca0a6fd877]::sys::thread::unix::Thread>::new::thread_start
[INFO] [stdout]   18:     0x7e7e28cb1dfa - <unknown>
[INFO] [stdout]   19:     0x7e7e28d453d4 - clone
[INFO] [stdout]   20:                0x0 - <unknown>
[INFO] [stdout] 
[INFO] [stdout] ---- commands::command::tests::conflict_error_test stdout ----
[INFO] [stdout] 
[INFO] [stdout] thread 'commands::command::tests::conflict_error_test' (1698) panicked at src/commands/command.rs:754:53:
[INFO] [stdout] called `Result::unwrap()` on an `Err` value: Os { code: 30, kind: ReadOnlyFilesystem, message: "Read-only file system" }
[INFO] [stdout] stack backtrace:
[INFO] [stdout]    0:     0x5952ea061141 - <<std[617be2ca0a6fd877]::sys::backtrace::BacktraceLock>::print::DisplayBacktrace as core[a373ad73a504971]::fmt::Display>::fmt
[INFO] [stdout]    1:     0x5952ea0785ca - core[a373ad73a504971]::fmt::write
[INFO] [stdout]    2:     0x5952ea0656fc - <alloc[2e1b2a31b91974c5]::vec::Vec<u8> as core[a373ad73a504971]::io::write::Write>::write_fmt
[INFO] [stdout]    3:     0x5952ea03aba6 - std[617be2ca0a6fd877]::panicking::default_hook::{closure#0}
[INFO] [stdout]    4:     0x5952ea057e29 - std[617be2ca0a6fd877]::panicking::default_hook
[INFO] [stdout]    5:     0x5952e9edd8c0 - test[aada8e7e76ba119b]::test_main_inner::{closure#0}
[INFO] [stdout]    6:     0x5952ea057fe2 - std[617be2ca0a6fd877]::panicking::panic_with_hook
[INFO] [stdout]    7:     0x5952ea03ac52 - std[617be2ca0a6fd877]::panicking::panic_handler::{closure#0}
[INFO] [stdout]    8:     0x5952ea0335b9 - std[617be2ca0a6fd877]::sys::backtrace::__rust_end_short_backtrace::<std[617be2ca0a6fd877]::panicking::panic_handler::{closure#0}, !>
[INFO] [stdout]    9:     0x5952ea03b94d - __rustc[ea4f61d10b84890b]::rust_begin_unwind
[INFO] [stdout]   10:     0x5952ea078dec - core[a373ad73a504971]::panicking::panic_fmt
[INFO] [stdout]   11:     0x5952ea078bc2 - core[a373ad73a504971]::result::unwrap_failed
[INFO] [stdout]   12:     0x5952e9e8c91d - <graft[a0385587913ff256]::commands::command::tests::conflict_error_test::{closure#0} as core[a373ad73a504971]::ops::function::FnOnce<()>>::call_once
[INFO] [stdout]   13:     0x5952e9ed0d0b - test[aada8e7e76ba119b]::__rust_begin_short_backtrace::<core[a373ad73a504971]::result::Result<(), alloc[2e1b2a31b91974c5]::string::String>, fn() -> core[a373ad73a504971]::result::Result<(), alloc[2e1b2a31b91974c5]::string::String>>
[INFO] [stdout]   14:     0x5952e9eddee5 - test[aada8e7e76ba119b]::run_test::{closure#0}
[INFO] [stdout]   15:     0x5952e9ed77d4 - std[617be2ca0a6fd877]::sys::backtrace::__rust_begin_short_backtrace::<test[aada8e7e76ba119b]::run_test::{closure#1}, ()>
[INFO] [stdout]   16:     0x5952e9ee0f72 - <std[617be2ca0a6fd877]::thread::lifecycle::spawn_unchecked<test[aada8e7e76ba119b]::run_test::{closure#1}, ()>::{closure#1} as core[a373ad73a504971]::ops::function::FnOnce<()>>::call_once::{shim:vtable#0}
[INFO] [stdout]   17:     0x5952ea06042f - <std[617be2ca0a6fd877]::sys::thread::unix::Thread>::new::thread_start
[INFO] [stdout]   18:     0x7e7e28cb1dfa - <unknown>
[INFO] [stdout]   19:     0x7e7e28d453d4 - clone
[INFO] [stdout]   20:                0x0 - <unknown>
[INFO] [stdout] 
[INFO] [stdout] ---- commands::command::tests::target_is_file_error_test stdout ----
[INFO] [stdout] 
[INFO] [stdout] thread 'commands::command::tests::target_is_file_error_test' (1713) panicked at src/commands/command.rs:982:59:
[INFO] [stdout] called `Result::unwrap()` on an `Err` value: Os { code: 30, kind: ReadOnlyFilesystem, message: "Read-only file system" }
[INFO] [stdout] stack backtrace:
[INFO] [stdout]    0:     0x5952ea061141 - <<std[617be2ca0a6fd877]::sys::backtrace::BacktraceLock>::print::DisplayBacktrace as core[a373ad73a504971]::fmt::Display>::fmt
[INFO] [stdout]    1:     0x5952ea0785ca - core[a373ad73a504971]::fmt::write
[INFO] [stdout]    2:     0x5952ea0656fc - <alloc[2e1b2a31b91974c5]::vec::Vec<u8> as core[a373ad73a504971]::io::write::Write>::write_fmt
[INFO] [stdout]    3:     0x5952ea03aba6 - std[617be2ca0a6fd877]::panicking::default_hook::{closure#0}
[INFO] [stdout]    4:     0x5952ea057e29 - std[617be2ca0a6fd877]::panicking::default_hook
[INFO] [stdout]    5:     0x5952e9edd8c0 - test[aada8e7e76ba119b]::test_main_inner::{closure#0}
[INFO] [stdout]    6:     0x5952ea057fe2 - std[617be2ca0a6fd877]::panicking::panic_with_hook
[INFO] [stdout]    7:     0x5952ea03ac52 - std[617be2ca0a6fd877]::panicking::panic_handler::{closure#0}
[INFO] [stdout]    8:     0x5952ea0335b9 - std[617be2ca0a6fd877]::sys::backtrace::__rust_end_short_backtrace::<std[617be2ca0a6fd877]::panicking::panic_handler::{closure#0}, !>
[INFO] [stdout]    9:     0x5952ea03b94d - __rustc[ea4f61d10b84890b]::rust_begin_unwind
[INFO] [stdout]   10:     0x5952ea078dec - core[a373ad73a504971]::panicking::panic_fmt
[INFO] [stdout]   11:     0x5952ea078bc2 - core[a373ad73a504971]::result::unwrap_failed
[INFO] [stdout]   12:     0x5952e9e8ec2e - <graft[a0385587913ff256]::commands::command::tests::target_is_file_error_test::{closure#0} as core[a373ad73a504971]::ops::function::FnOnce<()>>::call_once
[INFO] [stdout]   13:     0x5952e9ed0d0b - test[aada8e7e76ba119b]::__rust_begin_short_backtrace::<core[a373ad73a504971]::result::Result<(), alloc[2e1b2a31b91974c5]::string::String>, fn() -> core[a373ad73a504971]::result::Result<(), alloc[2e1b2a31b91974c5]::string::String>>
[INFO] [stdout]   14:     0x5952e9eddee5 - test[aada8e7e76ba119b]::run_test::{closure#0}
[INFO] [stdout]   15:     0x5952e9ed77d4 - std[617be2ca0a6fd877]::sys::backtrace::__rust_begin_short_backtrace::<test[aada8e7e76ba119b]::run_test::{closure#1}, ()>
[INFO] [stdout]   16:     0x5952e9ee0f72 - <std[617be2ca0a6fd877]::thread::lifecycle::spawn_unchecked<test[aada8e7e76ba119b]::run_test::{closure#1}, ()>::{closure#1} as core[a373ad73a504971]::ops::function::FnOnce<()>>::call_once::{shim:vtable#0}
[INFO] [stdout]   17:     0x5952ea06042f - <std[617be2ca0a6fd877]::sys::thread::unix::Thread>::new::thread_start
[INFO] [stdout]   18:     0x7e7e28cb1dfa - <unknown>
[INFO] [stdout]   19:     0x7e7e28d453d4 - clone
[INFO] [stdout]   20:                0x0 - <unknown>
[INFO] [stdout] 
[INFO] [stdout] ---- commands::command::tests::unstow_nested_directories_test stdout ----
[INFO] [stdout] 
[INFO] [stdout] thread 'commands::command::tests::unstow_nested_directories_test' (1716) panicked at src/commands/command.rs:1205:99:
[INFO] [stdout] called `Result::unwrap()` on an `Err` value: Os { code: 30, kind: ReadOnlyFilesystem, message: "Read-only file system" }
[INFO] [stdout] stack backtrace:
[INFO] [stdout]    0:     0x5952ea061141 - <<std[617be2ca0a6fd877]::sys::backtrace::BacktraceLock>::print::DisplayBacktrace as core[a373ad73a504971]::fmt::Display>::fmt
[INFO] [stdout]    1:     0x5952ea0785ca - core[a373ad73a504971]::fmt::write
[INFO] [stdout]    2:     0x5952ea0656fc - <alloc[2e1b2a31b91974c5]::vec::Vec<u8> as core[a373ad73a504971]::io::write::Write>::write_fmt
[INFO] [stdout]    3:     0x5952ea03aba6 - std[617be2ca0a6fd877]::panicking::default_hook::{closure#0}
[INFO] [stdout]    4:     0x5952ea057e29 - std[617be2ca0a6fd877]::panicking::default_hook
[INFO] [stdout]    5:     0x5952e9edd8c0 - test[aada8e7e76ba119b]::test_main_inner::{closure#0}
[INFO] [stdout]    6:     0x5952ea057fe2 - std[617be2ca0a6fd877]::panicking::panic_with_hook
[INFO] [stdout]    7:     0x5952ea03ac52 - std[617be2ca0a6fd877]::panicking::panic_handler::{closure#0}
[INFO] [stdout]    8:     0x5952ea0335b9 - std[617be2ca0a6fd877]::sys::backtrace::__rust_end_short_backtrace::<std[617be2ca0a6fd877]::panicking::panic_handler::{closure#0}, !>
[INFO] [stdout]    9:     0x5952ea03b94d - __rustc[ea4f61d10b84890b]::rust_begin_unwind
[INFO] [stdout]   10:     0x5952ea078dec - core[a373ad73a504971]::panicking::panic_fmt
[INFO] [stdout]   11:     0x5952ea078bc2 - core[a373ad73a504971]::result::unwrap_failed
[INFO] [stdout]   12:     0x5952e9e90f56 - <graft[a0385587913ff256]::commands::command::tests::unstow_nested_directories_test::{closure#0} as core[a373ad73a504971]::ops::function::FnOnce<()>>::call_once
[INFO] [stdout]   13:     0x5952e9ed0d0b - test[aada8e7e76ba119b]::__rust_begin_short_backtrace::<core[a373ad73a504971]::result::Result<(), alloc[2e1b2a31b91974c5]::string::String>, fn() -> core[a373ad73a504971]::result::Result<(), alloc[2e1b2a31b91974c5]::string::String>>
[INFO] [stdout]   14:     0x5952e9eddee5 - test[aada8e7e76ba119b]::run_test::{closure#0}
[INFO] [stdout]   15:     0x5952e9ed77d4 - std[617be2ca0a6fd877]::sys::backtrace::__rust_begin_short_backtrace::<test[aada8e7e76ba119b]::run_test::{closure#1}, ()>
[INFO] [stdout]   16:     0x5952e9ee0f72 - <std[617be2ca0a6fd877]::thread::lifecycle::spawn_unchecked<test[aada8e7e76ba119b]::run_test::{closure#1}, ()>::{closure#1} as core[a373ad73a504971]::ops::function::FnOnce<()>>::call_once::{shim:vtable#0}
[INFO] [stdout]   17:     0x5952ea06042f - <std[617be2ca0a6fd877]::sys::thread::unix::Thread>::new::thread_start
[INFO] [stdout]   18:     0x7e7e28cb1dfa - <unknown>
[INFO] [stdout]   19:     0x7e7e28d453d4 - clone
[INFO] [stdout]   20:                0x0 - <unknown>
[INFO] [stdout] 
[INFO] [stdout] ---- commands::command::tests::unstow_with_folding_disabled_test stdout ----
[INFO] [stdout] 
[INFO] [stdout] thread 'commands::command::tests::unstow_with_folding_disabled_test' (1717) panicked at src/commands/command.rs:1131:102:
[INFO] [stdout] called `Result::unwrap()` on an `Err` value: Os { code: 30, kind: ReadOnlyFilesystem, message: "Read-only file system" }
[INFO] [stdout] stack backtrace:
[INFO] [stdout]    0:     0x5952ea061141 - <<std[617be2ca0a6fd877]::sys::backtrace::BacktraceLock>::print::DisplayBacktrace as core[a373ad73a504971]::fmt::Display>::fmt
[INFO] [stdout]    1:     0x5952ea0785ca - core[a373ad73a504971]::fmt::write
[INFO] [stdout]    2:     0x5952ea0656fc - <alloc[2e1b2a31b91974c5]::vec::Vec<u8> as core[a373ad73a504971]::io::write::Write>::write_fmt
[INFO] [stdout]    3:     0x5952ea03aba6 - std[617be2ca0a6fd877]::panicking::default_hook::{closure#0}
[INFO] [stdout]    4:     0x5952ea057e29 - std[617be2ca0a6fd877]::panicking::default_hook
[INFO] [stdout]    5:     0x5952e9edd8c0 - test[aada8e7e76ba119b]::test_main_inner::{closure#0}
[INFO] [stdout]    6:     0x5952ea057fe2 - std[617be2ca0a6fd877]::panicking::panic_with_hook
[INFO] [stdout]    7:     0x5952ea03ac52 - std[617be2ca0a6fd877]::panicking::panic_handler::{closure#0}
[INFO] [stdout]    8:     0x5952ea0335b9 - std[617be2ca0a6fd877]::sys::backtrace::__rust_end_short_backtrace::<std[617be2ca0a6fd877]::panicking::panic_handler::{closure#0}, !>
[INFO] [stdout]    9:     0x5952ea03b94d - __rustc[ea4f61d10b84890b]::rust_begin_unwind
[INFO] [stdout]   10:     0x5952ea078dec - core[a373ad73a504971]::panicking::panic_fmt
[INFO] [stdout]   11:     0x5952ea078bc2 - core[a373ad73a504971]::result::unwrap_failed
[INFO] [stdout]   12:     0x5952e9e91fe1 - <graft[a0385587913ff256]::commands::command::tests::unstow_with_folding_disabled_test::{closure#0} as core[a373ad73a504971]::ops::function::FnOnce<()>>::call_once
[INFO] [stdout]   13:     0x5952e9ed0d0b - test[aada8e7e76ba119b]::__rust_begin_short_backtrace::<core[a373ad73a504971]::result::Result<(), alloc[2e1b2a31b91974c5]::string::String>, fn() -> core[a373ad73a504971]::result::Result<(), alloc[2e1b2a31b91974c5]::string::String>>
[INFO] [stdout]   14:     0x5952e9eddee5 - test[aada8e7e76ba119b]::run_test::{closure#0}
[INFO] [stdout]   15:     0x5952e9ed77d4 - std[617be2ca0a6fd877]::sys::backtrace::__rust_begin_short_backtrace::<test[aada8e7e76ba119b]::run_test::{closure#1}, ()>
[INFO] [stdout]   16:     0x5952e9ee0f72 - <std[617be2ca0a6fd877]::thread::lifecycle::spawn_unchecked<test[aada8e7e76ba119b]::run_test::{closure#1}, ()>::{closure#1} as core[a373ad73a504971]::ops::function::FnOnce<()>>::call_once::{shim:vtable#0}
[INFO] [stdout]   17:     0x5952ea06042f - <std[617be2ca0a6fd877]::sys::thread::unix::Thread>::new::thread_start
[INFO] [stdout]   18:     0x7e7e28cb1dfa - <unknown>
[INFO] [stdout]   19:     0x7e7e28d453d4 - clone
[INFO] [stdout]   20:                0x0 - <unknown>
[INFO] [stdout] 
[INFO] [stdout] ---- commands::command::tests::override_existing_file_test stdout ----
[INFO] [stdout] 
[INFO] [stdout] thread 'commands::command::tests::override_existing_file_test' (1709) panicked at src/commands/command.rs:826:58:
[INFO] [stdout] called `Result::unwrap()` on an `Err` value: Os { code: 30, kind: ReadOnlyFilesystem, message: "Read-only file system" }
[INFO] [stdout] stack backtrace:
[INFO] [stdout]    0:     0x5952ea061141 - <<std[617be2ca0a6fd877]::sys::backtrace::BacktraceLock>::print::DisplayBacktrace as core[a373ad73a504971]::fmt::Display>::fmt
[INFO] [stdout]    1:     0x5952ea0785ca - core[a373ad73a504971]::fmt::write
[INFO] [stdout]    2:     0x5952ea0656fc - <alloc[2e1b2a31b91974c5]::vec::Vec<u8> as core[a373ad73a504971]::io::write::Write>::write_fmt
[INFO] [stdout]    3:     0x5952ea03aba6 - std[617be2ca0a6fd877]::panicking::default_hook::{closure#0}
[INFO] [stdout]    4:     0x5952ea057e29 - std[617be2ca0a6fd877]::panicking::default_hook
[INFO] [stdout]    5:     0x5952e9edd8c0 - test[aada8e7e76ba119b]::test_main_inner::{closure#0}
[INFO] [stdout]    6:     0x5952ea057fe2 - std[617be2ca0a6fd877]::panicking::panic_with_hook
[INFO] [stdout]    7:     0x5952ea03ac52 - std[617be2ca0a6fd877]::panicking::panic_handler::{closure#0}
[INFO] [stdout]    8:     0x5952ea0335b9 - std[617be2ca0a6fd877]::sys::backtrace::__rust_end_short_backtrace::<std[617be2ca0a6fd877]::panicking::panic_handler::{closure#0}, !>
[INFO] [stdout]    9:     0x5952ea03b94d - __rustc[ea4f61d10b84890b]::rust_begin_unwind
[INFO] [stdout]   10:     0x5952ea078dec - core[a373ad73a504971]::panicking::panic_fmt
[INFO] [stdout]   11:     0x5952ea078bc2 - core[a373ad73a504971]::result::unwrap_failed
[INFO] [stdout]   12:     0x5952e9e8f92f - <graft[a0385587913ff256]::commands::command::tests::override_existing_file_test::{closure#0} as core[a373ad73a504971]::ops::function::FnOnce<()>>::call_once
[INFO] [stdout]   13:     0x5952e9ed0d0b - test[aada8e7e76ba119b]::__rust_begin_short_backtrace::<core[a373ad73a504971]::result::Result<(), alloc[2e1b2a31b91974c5]::string::String>, fn() -> core[a373ad73a504971]::result::Result<(), alloc[2e1b2a31b91974c5]::string::String>>
[INFO] [stdout]   14:     0x5952e9eddee5 - test[aada8e7e76ba119b]::run_test::{closure#0}
[INFO] [stdout]   15:     0x5952e9ed77d4 - std[617be2ca0a6fd877]::sys::backtrace::__rust_begin_short_backtrace::<test[aada8e7e76ba119b]::run_test::{closure#1}, ()>
[INFO] [stdout]   16:     0x5952e9ee0f72 - <std[617be2ca0a6fd877]::thread::lifecycle::spawn_unchecked<test[aada8e7e76ba119b]::run_test::{closure#1}, ()>::{closure#1} as core[a373ad73a504971]::ops::function::FnOnce<()>>::call_once::{shim:vtable#0}
[INFO] [stdout]   17:     0x5952ea06042f - <std[617be2ca0a6fd877]::sys::thread::unix::Thread>::new::thread_start
[INFO] [stdout]   18:     0x7e7e28cb1dfa - <unknown>
[INFO] [stdout]   19:     0x7e7e28d453d4 - clone
[INFO] [stdout]   20:                0x0 - <unknown>
[INFO] [stdout] 
[INFO] [stdout] ---- commands::command::tests::unstow_dotfiles_test stdout ----
[INFO] [stdout] 
[INFO] [stdout] thread 'commands::command::tests::unstow_dotfiles_test' (1715) panicked at src/commands/command.rs:1166:87:
[INFO] [stdout] called `Result::unwrap()` on an `Err` value: Os { code: 30, kind: ReadOnlyFilesystem, message: "Read-only file system" }
[INFO] [stdout] stack backtrace:
[INFO] [stdout]    0:     0x5952ea061141 - <<std[617be2ca0a6fd877]::sys::backtrace::BacktraceLock>::print::DisplayBacktrace as core[a373ad73a504971]::fmt::Display>::fmt
[INFO] [stdout]    1:     0x5952ea0785ca - core[a373ad73a504971]::fmt::write
[INFO] [stdout]    2:     0x5952ea0656fc - <alloc[2e1b2a31b91974c5]::vec::Vec<u8> as core[a373ad73a504971]::io::write::Write>::write_fmt
[INFO] [stdout]    3:     0x5952ea03aba6 - std[617be2ca0a6fd877]::panicking::default_hook::{closure#0}
[INFO] [stdout]    4:     0x5952ea057e29 - std[617be2ca0a6fd877]::panicking::default_hook
[INFO] [stdout]    5:     0x5952e9edd8c0 - test[aada8e7e76ba119b]::test_main_inner::{closure#0}
[INFO] [stdout]    6:     0x5952ea057fe2 - std[617be2ca0a6fd877]::panicking::panic_with_hook
[INFO] [stdout]    7:     0x5952ea03ac52 - std[617be2ca0a6fd877]::panicking::panic_handler::{closure#0}
[INFO] [stdout]    8:     0x5952ea0335b9 - std[617be2ca0a6fd877]::sys::backtrace::__rust_end_short_backtrace::<std[617be2ca0a6fd877]::panicking::panic_handler::{closure#0}, !>
[INFO] [stdout]    9:     0x5952ea03b94d - __rustc[ea4f61d10b84890b]::rust_begin_unwind
[INFO] [stdout]   10:     0x5952ea078dec - core[a373ad73a504971]::panicking::panic_fmt
[INFO] [stdout]   11:     0x5952ea078bc2 - core[a373ad73a504971]::result::unwrap_failed
[INFO] [stdout]   12:     0x5952e9e8d748 - <graft[a0385587913ff256]::commands::command::tests::unstow_dotfiles_test::{closure#0} as core[a373ad73a504971]::ops::function::FnOnce<()>>::call_once
[INFO] [stdout]   13:     0x5952e9ed0d0b - test[aada8e7e76ba119b]::__rust_begin_short_backtrace::<core[a373ad73a504971]::result::Result<(), alloc[2e1b2a31b91974c5]::string::String>, fn() -> core[a373ad73a504971]::result::Result<(), alloc[2e1b2a31b91974c5]::string::String>>
[INFO] [stdout]   14:     0x5952e9eddee5 - test[aada8e7e76ba119b]::run_test::{closure#0}
[INFO] [stdout]   15:     0x5952e9ed77d4 - std[617be2ca0a6fd877]::sys::backtrace::__rust_begin_short_backtrace::<test[aada8e7e76ba119b]::run_test::{closure#1}, ()>
[INFO] [stdout]   16:     0x5952e9ee0f72 - <std[617be2ca0a6fd877]::thread::lifecycle::spawn_unchecked<test[aada8e7e76ba119b]::run_test::{closure#1}, ()>::{closure#1} as core[a373ad73a504971]::ops::function::FnOnce<()>>::call_once::{shim:vtable#0}
[INFO] [stdout]   17:     0x5952ea06042f - <std[617be2ca0a6fd877]::sys::thread::unix::Thread>::new::thread_start
[INFO] [stdout]   18:     0x7e7e28cb1dfa - <unknown>
[INFO] [stdout]   19:     0x7e7e28d453d4 - clone
[INFO] [stdout]   20:                0x0 - <unknown>
[INFO] [stdout] 
[INFO] [stdout] 
[INFO] [stdout] failures:
[INFO] [stdout]     commands::command::tests::basic_stow_test
[INFO] [stdout]     commands::command::tests::basic_unstow_test
[INFO] [stdout]     commands::command::tests::conflict_error_test
[INFO] [stdout]     commands::command::tests::directory_vs_file_conflict_test
[INFO] [stdout]     commands::command::tests::dotfiles_stow_test
[INFO] [stdout]     commands::command::tests::existing_directory_test
[INFO] [stdout]     commands::command::tests::folding_stow_test
[INFO] [stdout]     commands::command::tests::idempotent_stow_test
[INFO] [stdout]     commands::command::tests::ignored_is_not_overridden_test
[INFO] [stdout]     commands::command::tests::ignored_items_stow_test
[INFO] [stdout]     commands::command::tests::no_folding_stow_test
[INFO] [stdout]     commands::command::tests::override_existing_file_test
[INFO] [stdout]     commands::command::tests::restow_test
[INFO] [stdout]     commands::command::tests::short_basic_stow_test
[INFO] [stdout]     commands::command::tests::stow_dir_missing_error_test
[INFO] [stdout]     commands::command::tests::target_is_file_error_test
[INFO] [stdout]     commands::command::tests::target_missing_error_test
[INFO] [stdout]     commands::command::tests::unstow_dotfiles_test
[INFO] [stdout]     commands::command::tests::unstow_nested_directories_test
[INFO] [stdout]     commands::command::tests::unstow_with_folding_disabled_test
[INFO] [stdout] 
[INFO] [stdout] test result: FAILED. 245 passed; 20 failed; 0 ignored; 0 measured; 0 filtered out; finished in 0.07s
[INFO] [stdout] 
[INFO] running `Command { std: "docker" "inspect" "6d2c8ba96541ee43a3ff180b1684e2cda2c3fd630be244d08c42f509d55cc646", kill_on_drop: false }`
[INFO] running `Command { std: "docker" "rm" "-f" "6d2c8ba96541ee43a3ff180b1684e2cda2c3fd630be244d08c42f509d55cc646", kill_on_drop: false }`
[INFO] [stdout] 6d2c8ba96541ee43a3ff180b1684e2cda2c3fd630be244d08c42f509d55cc646
