[INFO] fetching crate grafana-plugin-sdk-rs-macros 0.4.0...
[INFO] testing grafana-plugin-sdk-rs-macros-0.4.0 against 1.99.0-beta.8+cargoflags=--release for beta-release-1.100-2
[INFO] extracting crate grafana-plugin-sdk-rs-macros 0.4.0 into /workspace/builds/worker-3-tc1/source
[INFO] started tweaking crates.io crate grafana-plugin-sdk-rs-macros 0.4.0
[INFO] removed 0 missing tests
[INFO] finished tweaking crates.io crate grafana-plugin-sdk-rs-macros 0.4.0
[INFO] tweaked toml for crates.io crate grafana-plugin-sdk-rs-macros 0.4.0 written to /workspace/builds/worker-3-tc1/source/Cargo.toml
[INFO] validating manifest of crates.io crate grafana-plugin-sdk-rs-macros 0.4.0 on toolchain 1.99.0-beta.8
[INFO] running `Command { std: CARGO_HOME="/workspace/cargo-home" RUSTUP_HOME="/workspace/rustup-home" "/workspace/cargo-home/bin/cargo" "+1.99.0-beta.8" "metadata" "--manifest-path" "Cargo.toml" "--no-deps", kill_on_drop: false }`
[INFO] crate crates.io crate grafana-plugin-sdk-rs-macros 0.4.0 already has a lockfile, it will not be regenerated
[INFO] running `Command { std: CARGO_HOME="/workspace/cargo-home" RUSTUP_HOME="/workspace/rustup-home" "/workspace/cargo-home/bin/cargo" "+1.99.0-beta.8" "fetch" "--manifest-path" "Cargo.toml", kill_on_drop: false }`
[INFO] [stderr]  Downloading crates ...
[INFO] [stderr]   Downloaded zmij v1.0.22
[INFO] running `Command { std: "docker" "create" "-v" "/var/lib/crater-agent-workspace/builds/worker-3-tc1/source:/opt/rustwide/workdir:ro,Z" "-v" "/var/lib/crater-agent-workspace/builds/worker-3-tc1/target:/opt/rustwide/target:rw,Z" "-v" "/var/lib/crater-agent-workspace/cargo-home:/opt/rustwide/cargo-home:ro,Z" "-v" "/var/lib/crater-agent-workspace/rustup-home:/opt/rustwide/rustup-home:ro,Z" "-m" "1610612736" "--network" "none" "ghcr.io/rust-lang/crates-build-env/linux@sha256:77db811e55d90add9212f6832c23229e3de5f1c1f9905e8cb07319ea15df73ac" "sleep" "infinity", kill_on_drop: false }`
[INFO] [stdout] 0936f767590e4c638e5d82f6d84d05acfc845f4bdc2a9755b6ffc789c0acf255
[INFO] running `Command { std: "docker" "start" "0936f767590e4c638e5d82f6d84d05acfc845f4bdc2a9755b6ffc789c0acf255", kill_on_drop: false }`
[INFO] running `Command { std: "docker" "inspect" "0936f767590e4c638e5d82f6d84d05acfc845f4bdc2a9755b6ffc789c0acf255", kill_on_drop: false }`
[INFO] running `Command { std: "docker" "exec" "-e" "SOURCE_DIR=/opt/rustwide/workdir" "-e" "CARGO_HOME=/opt/rustwide/cargo-home" "-e" "RUSTUP_HOME=/opt/rustwide/rustup-home" "-e" "CARGO_TARGET_DIR=/opt/rustwide/target" "-w" "/opt/rustwide/workdir" "--user" "0:0" "0936f767590e4c638e5d82f6d84d05acfc845f4bdc2a9755b6ffc789c0acf255" "/opt/rustwide/cargo-home/bin/cargo" "+1.99.0-beta.8" "metadata" "--no-deps" "--format-version=1", kill_on_drop: false }`
[INFO] running `Command { std: "docker" "inspect" "0936f767590e4c638e5d82f6d84d05acfc845f4bdc2a9755b6ffc789c0acf255", kill_on_drop: false }`
[INFO] running `Command { std: "docker" "exec" "-e" "SOURCE_DIR=/opt/rustwide/workdir" "-e" "CARGO_HOME=/opt/rustwide/cargo-home" "-e" "RUSTUP_HOME=/opt/rustwide/rustup-home" "-e" "CARGO_TARGET_DIR=/opt/rustwide/target" "-e" "CARGO_INCREMENTAL=0" "-e" "RUST_BACKTRACE=full" "-e" "RUSTFLAGS=--cap-lints=warn" "-e" "RUSTDOCFLAGS=--cap-lints=warn" "-w" "/opt/rustwide/workdir" "--user" "0:0" "0936f767590e4c638e5d82f6d84d05acfc845f4bdc2a9755b6ffc789c0acf255" "/opt/rustwide/cargo-home/bin/cargo" "+1.99.0-beta.8" "build" "--frozen" "--message-format=json" "--release", kill_on_drop: false }`
[INFO] [stderr]    Compiling syn v2.0.118
[INFO] [stderr]    Compiling darling_core v0.23.0
[INFO] [stderr]    Compiling darling_macro v0.23.0
[INFO] [stderr]    Compiling darling v0.23.0
[INFO] [stderr]    Compiling grafana-plugin-sdk-rs-macros v0.4.0 (/opt/rustwide/workdir)
[INFO] [stderr]     Finished `release` profile [optimized] target(s) in 10.24s
[INFO] running `Command { std: "docker" "inspect" "0936f767590e4c638e5d82f6d84d05acfc845f4bdc2a9755b6ffc789c0acf255", kill_on_drop: false }`
[INFO] running `Command { std: "docker" "exec" "-e" "SOURCE_DIR=/opt/rustwide/workdir" "-e" "CARGO_HOME=/opt/rustwide/cargo-home" "-e" "RUSTUP_HOME=/opt/rustwide/rustup-home" "-e" "CARGO_TARGET_DIR=/opt/rustwide/target" "-e" "CARGO_INCREMENTAL=0" "-e" "RUST_BACKTRACE=full" "-e" "RUSTFLAGS=--cap-lints=warn" "-e" "RUSTDOCFLAGS=--cap-lints=warn" "-w" "/opt/rustwide/workdir" "--user" "0:0" "0936f767590e4c638e5d82f6d84d05acfc845f4bdc2a9755b6ffc789c0acf255" "/opt/rustwide/cargo-home/bin/cargo" "+1.99.0-beta.8" "test" "--frozen" "--no-run" "--message-format=json" "--release", kill_on_drop: false }`
[INFO] [stderr]    Compiling zmij v1.0.22
[INFO] [stderr]    Compiling target-triple v1.0.0
[INFO] [stderr]    Compiling serde_core v1.0.228
[INFO] [stderr]    Compiling thiserror v2.0.18
[INFO] [stderr]    Compiling serde_json v1.0.150
[INFO] [stderr]    Compiling ident_case v1.0.1
[INFO] [stderr]    Compiling syn v2.0.118
[INFO] [stderr]    Compiling tokio v1.52.3
[INFO] [stderr]    Compiling serde_derive v1.0.228
[INFO] [stderr]    Compiling thiserror-impl v2.0.18
[INFO] [stderr]    Compiling http v1.4.2
[INFO] [stderr]    Compiling grafana-plugin-sdk-rs-macros v0.4.0 (/opt/rustwide/workdir)
[INFO] [stderr]    Compiling serde v1.0.228
[INFO] [stderr]    Compiling trybuild v1.0.118
[INFO] [stderr]    Compiling serde_spanned v1.1.1
[INFO] [stderr]    Compiling toml_datetime v1.1.1+spec-1.1.0
[INFO] [stderr]    Compiling toml v1.1.2+spec-1.1.0
[INFO] [stderr]    Compiling darling_core v0.23.0
[INFO] [stderr]    Compiling darling v0.23.0
[INFO] [stderr]     Finished `release` profile [optimized] target(s) in 57.83s
[INFO] running `Command { std: "docker" "inspect" "0936f767590e4c638e5d82f6d84d05acfc845f4bdc2a9755b6ffc789c0acf255", kill_on_drop: false }`
[INFO] running `Command { std: "docker" "exec" "-e" "SOURCE_DIR=/opt/rustwide/workdir" "-e" "CARGO_HOME=/opt/rustwide/cargo-home" "-e" "RUSTUP_HOME=/opt/rustwide/rustup-home" "-e" "CARGO_TARGET_DIR=/opt/rustwide/target" "-e" "CARGO_INCREMENTAL=0" "-e" "RUST_BACKTRACE=full" "-e" "RUSTFLAGS=--cap-lints=warn" "-e" "RUSTDOCFLAGS=--cap-lints=warn" "-w" "/opt/rustwide/workdir" "--user" "0:0" "0936f767590e4c638e5d82f6d84d05acfc845f4bdc2a9755b6ffc789c0acf255" "/opt/rustwide/cargo-home/bin/cargo" "+1.99.0-beta.8" "test" "--frozen" "--release", kill_on_drop: false }`
[INFO] [stderr]     Finished `release` profile [optimized] target(s) in 0.09s
[INFO] [stderr]      Running unittests src/lib.rs (/opt/rustwide/target/release/deps/grafana_plugin_sdk_macros-5113b8327d51cfeb)
[INFO] [stdout] 
[INFO] [stdout] running 0 tests
[INFO] [stdout] 
[INFO] [stdout] test result: ok. 0 passed; 0 failed; 0 ignored; 0 measured; 0 filtered out; finished in 0.00s
[INFO] [stdout] 
[INFO] [stdout] 
[INFO] [stderr]      Running tests/test.rs (/opt/rustwide/target/release/deps/test-d62b747bde6834d0)
[INFO] [stdout] running 1 test
[INFO] [stderr]    Compiling proc-macro2 v1.0.106
[INFO] [stderr]    Compiling quote v1.0.46
[INFO] [stderr]    Compiling unicode-ident v1.0.24
[INFO] [stderr]    Compiling strsim v0.11.1
[INFO] [stderr]    Compiling ident_case v1.0.1
[INFO] [stderr]    Compiling serde_core v1.0.228
[INFO] [stderr]    Compiling thiserror v2.0.18
[INFO] [stderr]    Compiling serde v1.0.228
[INFO] [stderr]    Compiling pin-project-lite v0.2.17
[INFO] [stderr]    Compiling itoa v1.0.18
[INFO] [stderr]    Compiling bytes v1.12.1
[INFO] [stderr]    Compiling tokio v1.52.3
[INFO] [stderr]    Compiling http v1.4.2
[INFO] [stderr]    Compiling syn v2.0.118
[INFO] [stderr]    Compiling darling_core v0.23.0
[INFO] [stderr]    Compiling serde_derive v1.0.228
[INFO] [stderr]    Compiling thiserror-impl v2.0.18
[INFO] [stderr]    Compiling darling_macro v0.23.0
[INFO] [stderr]    Compiling darling v0.23.0
[INFO] [stderr]    Compiling grafana-plugin-sdk-rs-macros v0.4.0 (/opt/rustwide/workdir)
[INFO] [stderr]    Compiling grafana-plugin-sdk-rs-macros-tests v0.0.0 (/opt/rustwide/target/tests/trybuild/grafana-plugin-sdk-rs-macros)
[INFO] [stderr]     Finished `dev` profile [unoptimized + debuginfo] target(s) in 23.07s
[INFO] [stderr] 
[INFO] [stderr] 
[INFO] [stderr] test tests/ui-pass/basic.rs [should pass] ... error
[INFO] [stderr] ┈┈┈┈┈┈┈┈┈┈┈┈┈┈┈┈┈┈┈┈┈┈┈┈┈┈┈┈┈┈┈┈┈┈┈┈┈┈┈┈┈┈┈┈┈┈┈┈┈┈┈┈┈┈┈┈┈┈┈┈
[INFO] [stderr] error[E0433]: cannot find module or crate `grafana_plugin_sdk` in this scope
[INFO] [stderr]  --> tests/ui-pass/basic.rs:4:9
[INFO] [stderr]   |
[INFO] [stderr] 4 |     use grafana_plugin_sdk::{backend, data, prelude::*};
[INFO] [stderr]   |         ^^^^^^^^^^^^^^^^^^ use of unresolved module or unlinked crate `grafana_plugin_sdk`
[INFO] [stderr]   |
[INFO] [stderr]   = help: if you wanted to use a crate named `grafana_plugin_sdk`, use `cargo add grafana_plugin_sdk` to add it to your `Cargo.toml`
[INFO] [stderr] 
[INFO] [stderr] error[E0433]: cannot find module or crate `grafana_plugin_sdk` in this scope
[INFO] [stderr]   --> tests/ui-pass/basic.rs:59:9
[INFO] [stderr]    |
[INFO] [stderr] 59 |     use grafana_plugin_sdk::{backend, data, prelude::*};
[INFO] [stderr]    |         ^^^^^^^^^^^^^^^^^^ use of unresolved module or unlinked crate `grafana_plugin_sdk`
[INFO] [stderr]    |
[INFO] [stderr]    = help: if you wanted to use a crate named `grafana_plugin_sdk`, use `cargo add grafana_plugin_sdk` to add it to your `Cargo.toml`
[INFO] [stderr] 
[INFO] [stderr] error[E0432]: unresolved import `grafana_plugin_sdk`
[INFO] [stderr]  --> tests/ui-pass/basic.rs:4:9
[INFO] [stderr]   |
[INFO] [stderr] 4 |     use grafana_plugin_sdk::{backend, data, prelude::*};
[INFO] [stderr]   |         ^^^^^^^^^^^^^^^^^^ use of unresolved module or unlinked crate `grafana_plugin_sdk`
[INFO] [stderr]   |
[INFO] [stderr]   = help: if you wanted to use a crate named `grafana_plugin_sdk`, use `cargo add grafana_plugin_sdk` to add it to your `Cargo.toml`
[INFO] [stderr] 
[INFO] [stderr] error[E0432]: unresolved import `grafana_plugin_sdk`
[INFO] [stderr]   --> tests/ui-pass/basic.rs:59:9
[INFO] [stderr]    |
[INFO] [stderr] 59 |     use grafana_plugin_sdk::{backend, data, prelude::*};
[INFO] [stderr]    |         ^^^^^^^^^^^^^^^^^^ use of unresolved module or unlinked crate `grafana_plugin_sdk`
[INFO] [stderr]    |
[INFO] [stderr]    = help: if you wanted to use a crate named `grafana_plugin_sdk`, use `cargo add grafana_plugin_sdk` to add it to your `Cargo.toml`
[INFO] [stderr] 
[INFO] [stderr] error[E0433]: cannot find module or crate `grafana_plugin_sdk` in this scope
[INFO] [stderr]   --> tests/ui-pass/basic.rs:50:7
[INFO] [stderr]    |
[INFO] [stderr] 50 |     #[grafana_plugin_sdk::main(services(data))]
[INFO] [stderr]    |       ^^^^^^^^^^^^^^^^^^ use of unresolved module or unlinked crate `grafana_plugin_sdk`
[INFO] [stderr] 
[INFO] [stderr] error[E0433]: cannot find module or crate `grafana_plugin_sdk` in this scope
[INFO] [stderr]    --> tests/ui-pass/basic.rs:177:7
[INFO] [stderr]     |
[INFO] [stderr] 177 |     #[grafana_plugin_sdk::main(services(data, diagnostics, resource, stream))]
[INFO] [stderr]     |       ^^^^^^^^^^^^^^^^^^ use of unresolved module or unlinked crate `grafana_plugin_sdk`
[INFO] [stderr] 
[INFO] [stderr] error: cannot find derive macro `GrafanaPlugin` in this scope
[INFO] [stderr]  --> tests/ui-pass/basic.rs:7:21
[INFO] [stderr]   |
[INFO] [stderr] 7 |     #[derive(Clone, GrafanaPlugin)]
[INFO] [stderr]   |                     ^^^^^^^^^^^^^
[INFO] [stderr]   |
[INFO] [stderr] help: the derive macro `GrafanaPlugin` accepts the similarly named `grafana_plugin` attribute
[INFO] [stderr]   |
[INFO] [stderr] 7 -     #[derive(Clone, GrafanaPlugin)]
[INFO] [stderr] 7 +     #[derive(Clone, grafana_plugin)]
[INFO] [stderr]   |
[INFO] [stderr] 
[INFO] [stderr] error: cannot find attribute `grafana_plugin` in this scope
[INFO] [stderr]   --> tests/ui-pass/basic.rs:8:7
[INFO] [stderr]    |
[INFO] [stderr]  8 |     #[grafana_plugin(plugin_type = "datasource")]
[INFO] [stderr]    |       ^^^^^^^^^^^^^^
[INFO] [stderr]    |
[INFO] [stderr] help: `grafana_plugin` is an attribute that can be used by the derive macro `GrafanaPlugin`, you might be missing a `derive` attribute
[INFO] [stderr]    |
[INFO] [stderr]  9 +     #[derive(GrafanaPlugin)]
[INFO] [stderr] 10 |     struct MyPlugin;
[INFO] [stderr]    |
[INFO] [stderr] 
[INFO] [stderr] error: cannot find derive macro `GrafanaPlugin` in this scope
[INFO] [stderr]   --> tests/ui-pass/basic.rs:64:21
[INFO] [stderr]    |
[INFO] [stderr] 64 |     #[derive(Clone, GrafanaPlugin)]
[INFO] [stderr]    |                     ^^^^^^^^^^^^^
[INFO] [stderr]    |
[INFO] [stderr] help: the derive macro `GrafanaPlugin` accepts the similarly named `grafana_plugin` attribute
[INFO] [stderr]    |
[INFO] [stderr] 64 -     #[derive(Clone, GrafanaPlugin)]
[INFO] [stderr] 64 +     #[derive(Clone, grafana_plugin)]
[INFO] [stderr]    |
[INFO] [stderr] 
[INFO] [stderr] error: cannot find attribute `grafana_plugin` in this scope
[INFO] [stderr]   --> tests/ui-pass/basic.rs:65:7
[INFO] [stderr]    |
[INFO] [stderr] 65 |     #[grafana_plugin(plugin_type = "datasource")]
[INFO] [stderr]    |       ^^^^^^^^^^^^^^
[INFO] [stderr]    |
[INFO] [stderr] help: `grafana_plugin` is an attribute that can be used by the derive macro `GrafanaPlugin`, you might be missing a `derive` attribute
[INFO] [stderr]    |
[INFO] [stderr] 66 +     #[derive(GrafanaPlugin)]
[INFO] [stderr] 67 |     struct MyPlugin;
[INFO] [stderr]    |
[INFO] [stderr] ┈┈┈┈┈┈┈┈┈┈┈┈┈┈┈┈┈┈┈┈┈┈┈┈┈┈┈┈┈┈┈┈┈┈┈┈┈┈┈┈┈┈┈┈┈┈┈┈┈┈┈┈┈┈┈┈┈┈┈┈
[INFO] [stderr] 
[INFO] [stderr] test tests/ui-pass/init_subscriber.rs [should pass] ... error
[INFO] [stderr] ┈┈┈┈┈┈┈┈┈┈┈┈┈┈┈┈┈┈┈┈┈┈┈┈┈┈┈┈┈┈┈┈┈┈┈┈┈┈┈┈┈┈┈┈┈┈┈┈┈┈┈┈┈┈┈┈┈┈┈┈
[INFO] [stderr] error[E0433]: cannot find module or crate `grafana_plugin_sdk` in this scope
[INFO] [stderr]  --> tests/ui-pass/init_subscriber.rs:4:9
[INFO] [stderr]   |
[INFO] [stderr] 4 |     use grafana_plugin_sdk::{backend, data, prelude::*};
[INFO] [stderr]   |         ^^^^^^^^^^^^^^^^^^ use of unresolved module or unlinked crate `grafana_plugin_sdk`
[INFO] [stderr]   |
[INFO] [stderr]   = help: if you wanted to use a crate named `grafana_plugin_sdk`, use `cargo add grafana_plugin_sdk` to add it to your `Cargo.toml`
[INFO] [stderr] 
[INFO] [stderr] error[E0432]: unresolved import `grafana_plugin_sdk`
[INFO] [stderr]  --> tests/ui-pass/init_subscriber.rs:4:9
[INFO] [stderr]   |
[INFO] [stderr] 4 |     use grafana_plugin_sdk::{backend, data, prelude::*};
[INFO] [stderr]   |         ^^^^^^^^^^^^^^^^^^ use of unresolved module or unlinked crate `grafana_plugin_sdk`
[INFO] [stderr]   |
[INFO] [stderr]   = help: if you wanted to use a crate named `grafana_plugin_sdk`, use `cargo add grafana_plugin_sdk` to add it to your `Cargo.toml`
[INFO] [stderr] 
[INFO] [stderr] error[E0433]: cannot find module or crate `grafana_plugin_sdk` in this scope
[INFO] [stderr]   --> tests/ui-pass/init_subscriber.rs:50:7
[INFO] [stderr]    |
[INFO] [stderr] 50 |     #[grafana_plugin_sdk::main(services(data), init_subscriber = true)]
[INFO] [stderr]    |       ^^^^^^^^^^^^^^^^^^ use of unresolved module or unlinked crate `grafana_plugin_sdk`
[INFO] [stderr] 
[INFO] [stderr] error: cannot find derive macro `GrafanaPlugin` in this scope
[INFO] [stderr]  --> tests/ui-pass/init_subscriber.rs:7:21
[INFO] [stderr]   |
[INFO] [stderr] 7 |     #[derive(Clone, GrafanaPlugin)]
[INFO] [stderr]   |                     ^^^^^^^^^^^^^
[INFO] [stderr]   |
[INFO] [stderr] help: the derive macro `GrafanaPlugin` accepts the similarly named `grafana_plugin` attribute
[INFO] [stderr]   |
[INFO] [stderr] 7 -     #[derive(Clone, GrafanaPlugin)]
[INFO] [stderr] 7 +     #[derive(Clone, grafana_plugin)]
[INFO] [stderr]   |
[INFO] [stderr] 
[INFO] [stderr] error: cannot find attribute `grafana_plugin` in this scope
[INFO] [stderr]   --> tests/ui-pass/init_subscriber.rs:8:7
[INFO] [stderr]    |
[INFO] [stderr]  8 |     #[grafana_plugin(plugin_type = "datasource")]
[INFO] [stderr]    |       ^^^^^^^^^^^^^^
[INFO] [stderr]    |
[INFO] [stderr] help: `grafana_plugin` is an attribute that can be used by the derive macro `GrafanaPlugin`, you might be missing a `derive` attribute
[INFO] [stderr]    |
[INFO] [stderr]  9 +     #[derive(GrafanaPlugin)]
[INFO] [stderr] 10 |     struct MyPlugin;
[INFO] [stderr]    |
[INFO] [stderr] ┈┈┈┈┈┈┈┈┈┈┈┈┈┈┈┈┈┈┈┈┈┈┈┈┈┈┈┈┈┈┈┈┈┈┈┈┈┈┈┈┈┈┈┈┈┈┈┈┈┈┈┈┈┈┈┈┈┈┈┈
[INFO] [stderr] 
[INFO] [stderr] test tests/ui-pass/shutdown_handler.rs [should pass] ... error
[INFO] [stderr] ┈┈┈┈┈┈┈┈┈┈┈┈┈┈┈┈┈┈┈┈┈┈┈┈┈┈┈┈┈┈┈┈┈┈┈┈┈┈┈┈┈┈┈┈┈┈┈┈┈┈┈┈┈┈┈┈┈┈┈┈
[INFO] [stderr] error[E0433]: cannot find module or crate `grafana_plugin_sdk` in this scope
[INFO] [stderr]  --> tests/ui-pass/shutdown_handler.rs:4:9
[INFO] [stderr]   |
[INFO] [stderr] 4 |     use grafana_plugin_sdk::{backend, data, prelude::*};
[INFO] [stderr]   |         ^^^^^^^^^^^^^^^^^^ use of unresolved module or unlinked crate `grafana_plugin_sdk`
[INFO] [stderr]   |
[INFO] [stderr]   = help: if you wanted to use a crate named `grafana_plugin_sdk`, use `cargo add grafana_plugin_sdk` to add it to your `Cargo.toml`
[INFO] [stderr] 
[INFO] [stderr] error[E0432]: unresolved import `grafana_plugin_sdk`
[INFO] [stderr]  --> tests/ui-pass/shutdown_handler.rs:4:9
[INFO] [stderr]   |
[INFO] [stderr] 4 |     use grafana_plugin_sdk::{backend, data, prelude::*};
[INFO] [stderr]   |         ^^^^^^^^^^^^^^^^^^ use of unresolved module or unlinked crate `grafana_plugin_sdk`
[INFO] [stderr]   |
[INFO] [stderr]   = help: if you wanted to use a crate named `grafana_plugin_sdk`, use `cargo add grafana_plugin_sdk` to add it to your `Cargo.toml`
[INFO] [stderr] 
[INFO] [stderr] error[E0433]: cannot find module or crate `grafana_plugin_sdk` in this scope
[INFO] [stderr]   --> tests/ui-pass/shutdown_handler.rs:50:7
[INFO] [stderr]    |
[INFO] [stderr] 50 |     #[grafana_plugin_sdk::main(services(data), shutdown_handler = "127.0.0.1:10001")]
[INFO] [stderr]    |       ^^^^^^^^^^^^^^^^^^ use of unresolved module or unlinked crate `grafana_plugin_sdk`
[INFO] [stderr] 
[INFO] [stderr] error: cannot find derive macro `GrafanaPlugin` in this scope
[INFO] [stderr]  --> tests/ui-pass/shutdown_handler.rs:7:21
[INFO] [stderr]   |
[INFO] [stderr] 7 |     #[derive(Clone, GrafanaPlugin)]
[INFO] [stderr]   |                     ^^^^^^^^^^^^^
[INFO] [stderr]   |
[INFO] [stderr] help: the derive macro `GrafanaPlugin` accepts the similarly named `grafana_plugin` attribute
[INFO] [stderr]   |
[INFO] [stderr] 7 -     #[derive(Clone, GrafanaPlugin)]
[INFO] [stderr] 7 +     #[derive(Clone, grafana_plugin)]
[INFO] [stderr]   |
[INFO] [stderr] 
[INFO] [stderr] error: cannot find attribute `grafana_plugin` in this scope
[INFO] [stderr]   --> tests/ui-pass/shutdown_handler.rs:8:7
[INFO] [stderr]    |
[INFO] [stderr]  8 |     #[grafana_plugin(plugin_type = "datasource")]
[INFO] [stderr]    |       ^^^^^^^^^^^^^^
[INFO] [stderr]    |
[INFO] [stderr] help: `grafana_plugin` is an attribute that can be used by the derive macro `GrafanaPlugin`, you might be missing a `derive` attribute
[INFO] [stderr]    |
[INFO] [stderr]  9 +     #[derive(GrafanaPlugin)]
[INFO] [stderr] 10 |     struct MyPlugin;
[INFO] [stderr]    |
[INFO] [stderr] ┈┈┈┈┈┈┈┈┈┈┈┈┈┈┈┈┈┈┈┈┈┈┈┈┈┈┈┈┈┈┈┈┈┈┈┈┈┈┈┈┈┈┈┈┈┈┈┈┈┈┈┈┈┈┈┈┈┈┈┈
[INFO] [stderr] 
[INFO] [stderr] test tests/ui-fail/missing_services.rs [should fail to compile] ... mismatch
[INFO] [stderr] 
[INFO] [stderr] EXPECTED:
[INFO] [stderr] ┈┈┈┈┈┈┈┈┈┈┈┈┈┈┈┈┈┈┈┈┈┈┈┈┈┈┈┈┈┈┈┈┈┈┈┈┈┈┈┈┈┈┈┈┈┈┈┈┈┈┈┈┈┈┈┈┈┈┈┈
[INFO] [stderr] error: at least one service must be provided, e.g. `#[grafana_plugin_sdk::main(services(data))]`
[INFO] [stderr]  --> tests/ui-fail/missing_services.rs:7:5
[INFO] [stderr]   |
[INFO] [stderr] 7 |     #[grafana_plugin_sdk::main]
[INFO] [stderr]   |     ^^^^^^^^^^^^^^^^^^^^^^^^^^^
[INFO] [stderr]   |
[INFO] [stderr]   = note: this error originates in the attribute macro `grafana_plugin_sdk::main` (in Nightly builds, run with -Z macro-backtrace for more info)
[INFO] [stderr] ┈┈┈┈┈┈┈┈┈┈┈┈┈┈┈┈┈┈┈┈┈┈┈┈┈┈┈┈┈┈┈┈┈┈┈┈┈┈┈┈┈┈┈┈┈┈┈┈┈┈┈┈┈┈┈┈┈┈┈┈
[INFO] [stderr] 
[INFO] [stderr] ACTUAL OUTPUT:
[INFO] [stderr] ┈┈┈┈┈┈┈┈┈┈┈┈┈┈┈┈┈┈┈┈┈┈┈┈┈┈┈┈┈┈┈┈┈┈┈┈┈┈┈┈┈┈┈┈┈┈┈┈┈┈┈┈┈┈┈┈┈┈┈┈
[INFO] [stderr] error[E0433]: cannot find module or crate `grafana_plugin_sdk` in this scope
[INFO] [stderr]  --> tests/ui-fail/missing_services.rs:7:7
[INFO] [stderr]   |
[INFO] [stderr] 7 |     #[grafana_plugin_sdk::main]
[INFO] [stderr]   |       ^^^^^^^^^^^^^^^^^^ use of unresolved module or unlinked crate `grafana_plugin_sdk`
[INFO] [stderr] ┈┈┈┈┈┈┈┈┈┈┈┈┈┈┈┈┈┈┈┈┈┈┈┈┈┈┈┈┈┈┈┈┈┈┈┈┈┈┈┈┈┈┈┈┈┈┈┈┈┈┈┈┈┈┈┈┈┈┈┈
[INFO] [stderr] note: If the actual output is the correct output you can bless it by rerunning
[INFO] [stderr]       your test with the environment variable TRYBUILD=overwrite
[INFO] [stderr] 
[INFO] [stderr] test tests/ui-fail/duplicate_services.rs [should fail to compile] ... mismatch
[INFO] [stderr] 
[INFO] [stderr] EXPECTED:
[INFO] [stderr] ┈┈┈┈┈┈┈┈┈┈┈┈┈┈┈┈┈┈┈┈┈┈┈┈┈┈┈┈┈┈┈┈┈┈┈┈┈┈┈┈┈┈┈┈┈┈┈┈┈┈┈┈┈┈┈┈┈┈┈┈
[INFO] [stderr] error: `data` set multiple times.
[INFO] [stderr]   --> tests/ui-fail/duplicate_services.rs:50:47
[INFO] [stderr]    |
[INFO] [stderr] 50 |     #[grafana_plugin_sdk::main(services(data, data))]
[INFO] [stderr]    |                                               ^^^^
[INFO] [stderr] ┈┈┈┈┈┈┈┈┈┈┈┈┈┈┈┈┈┈┈┈┈┈┈┈┈┈┈┈┈┈┈┈┈┈┈┈┈┈┈┈┈┈┈┈┈┈┈┈┈┈┈┈┈┈┈┈┈┈┈┈
[INFO] [stderr] 
[INFO] [stderr] ACTUAL OUTPUT:
[INFO] [stderr] ┈┈┈┈┈┈┈┈┈┈┈┈┈┈┈┈┈┈┈┈┈┈┈┈┈┈┈┈┈┈┈┈┈┈┈┈┈┈┈┈┈┈┈┈┈┈┈┈┈┈┈┈┈┈┈┈┈┈┈┈
[INFO] [stderr] error[E0433]: cannot find module or crate `grafana_plugin_sdk` in this scope
[INFO] [stderr]  --> tests/ui-fail/duplicate_services.rs:4:9
[INFO] [stderr]   |
[INFO] [stderr] 4 |     use grafana_plugin_sdk::{backend, data, prelude::*};
[INFO] [stderr]   |         ^^^^^^^^^^^^^^^^^^ use of unresolved module or unlinked crate `grafana_plugin_sdk`
[INFO] [stderr]   |
[INFO] [stderr]   = help: if you wanted to use a crate named `grafana_plugin_sdk`, use `cargo add grafana_plugin_sdk` to add it to your `Cargo.toml`
[INFO] [stderr] 
[INFO] [stderr] error[E0432]: unresolved import `grafana_plugin_sdk`
[INFO] [stderr]  --> tests/ui-fail/duplicate_services.rs:4:9
[INFO] [stderr]   |
[INFO] [stderr] 4 |     use grafana_plugin_sdk::{backend, data, prelude::*};
[INFO] [stderr]   |         ^^^^^^^^^^^^^^^^^^ use of unresolved module or unlinked crate `grafana_plugin_sdk`
[INFO] [stderr]   |
[INFO] [stderr]   = help: if you wanted to use a crate named `grafana_plugin_sdk`, use `cargo add grafana_plugin_sdk` to add it to your `Cargo.toml`
[INFO] [stderr] 
[INFO] [stderr] error[E0433]: cannot find module or crate `grafana_plugin_sdk` in this scope
[INFO] [stderr]   --> tests/ui-fail/duplicate_services.rs:50:7
[INFO] [stderr]    |
[INFO] [stderr] 50 |     #[grafana_plugin_sdk::main(services(data, data))]
[INFO] [stderr]    |       ^^^^^^^^^^^^^^^^^^ use of unresolved module or unlinked crate `grafana_plugin_sdk`
[INFO] [stderr] 
[INFO] [stderr] error: cannot find derive macro `GrafanaPlugin` in this scope
[INFO] [stderr]  --> tests/ui-fail/duplicate_services.rs:7:21
[INFO] [stderr]   |
[INFO] [stderr] 7 |     #[derive(Clone, GrafanaPlugin)]
[INFO] [stderr]   |                     ^^^^^^^^^^^^^
[INFO] [stderr]   |
[INFO] [stderr] help: the derive macro `GrafanaPlugin` accepts the similarly named `grafana_plugin` attribute
[INFO] [stderr]   |
[INFO] [stderr] 7 -     #[derive(Clone, GrafanaPlugin)]
[INFO] [stderr] 7 +     #[derive(Clone, grafana_plugin)]
[INFO] [stderr]   |
[INFO] [stderr] 
[INFO] [stderr] error: cannot find attribute `grafana_plugin` in this scope
[INFO] [stderr]   --> tests/ui-fail/duplicate_services.rs:8:7
[INFO] [stderr]    |
[INFO] [stderr]  8 |     #[grafana_plugin(plugin_type = "datasource")]
[INFO] [stderr]    |       ^^^^^^^^^^^^^^
[INFO] [stderr]    |
[INFO] [stderr] help: `grafana_plugin` is an attribute that can be used by the derive macro `GrafanaPlugin`, you might be missing a `derive` attribute
[INFO] [stderr]    |
[INFO] [stderr]  9 +     #[derive(GrafanaPlugin)]
[INFO] [stderr] 10 |     struct MyPlugin;
[INFO] [stderr]    |
[INFO] [stderr] ┈┈┈┈┈┈┈┈┈┈┈┈┈┈┈┈┈┈┈┈┈┈┈┈┈┈┈┈┈┈┈┈┈┈┈┈┈┈┈┈┈┈┈┈┈┈┈┈┈┈┈┈┈┈┈┈┈┈┈┈
[INFO] [stderr] note: If the actual output is the correct output you can bless it by rerunning
[INFO] [stderr]       your test with the environment variable TRYBUILD=overwrite
[INFO] [stderr] 
[INFO] [stderr] test tests/ui-fail/non_impl_service.rs [should fail to compile] ... mismatch
[INFO] [stderr] 
[INFO] [stderr] EXPECTED:
[INFO] [stderr] ┈┈┈┈┈┈┈┈┈┈┈┈┈┈┈┈┈┈┈┈┈┈┈┈┈┈┈┈┈┈┈┈┈┈┈┈┈┈┈┈┈┈┈┈┈┈┈┈┈┈┈┈┈┈┈┈┈┈┈┈
[INFO] [stderr] error[E0277]: the trait bound `MyPlugin: DataService` is not satisfied
[INFO] [stderr]   --> tests/ui-fail/non_impl_service.rs:10:5
[INFO] [stderr]    |
[INFO] [stderr] 10 |     #[grafana_plugin_sdk::main(services(data))]
[INFO] [stderr]    |     ^^^^^^^^^^^^^^^^^^^^^^^^^^^^^^^^^^^^^^^^^^^ the trait `DataService` is not implemented for `MyPlugin`
[INFO] [stderr]    |
[INFO] [stderr]    = help: the trait `DataService` is implemented for `backend::noop::NoopService`
[INFO] [stderr] note: required by a bound in `grafana_plugin_sdk::backend::Plugin::<D, Q, R, S, A, C>::data_service`
[INFO] [stderr]   --> $WORKSPACE/crates/grafana-plugin-sdk-rs/src/backend/mod.rs
[INFO] [stderr]    |
[INFO] [stderr]    |     pub fn data_service<T>(self, service: T) -> Plugin<D, T, R, S, A, C>
[INFO] [stderr]    |            ------------ required by a bound in this associated function
[INFO] [stderr]    |     where
[INFO] [stderr]    |         T: DataService + Send + Sync + 'static,
[INFO] [stderr]    |            ^^^^^^^^^^^ required by this bound in `Plugin::<D, Q, R, S, A, C>::data_service`
[INFO] [stderr]    = note: this error originates in the attribute macro `grafana_plugin_sdk::main` (in Nightly builds, run with -Z macro-backtrace for more info)
[INFO] [stderr] 
[INFO] [stderr] error[E0599]: the method `start` exists for struct `Plugin<NoopService, MyPlugin, NoopService, NoopService>`, but its trait bounds were not satisfied
[INFO] [stderr]   --> tests/ui-fail/non_impl_service.rs:10:5
[INFO] [stderr]    |
[INFO] [stderr] 8  |     struct MyPlugin;
[INFO] [stderr]    |     --------------- doesn't satisfy `MyPlugin: DataService`
[INFO] [stderr] 9  |
[INFO] [stderr] 10 |     #[grafana_plugin_sdk::main(services(data))]
[INFO] [stderr]    |     ^^^^^^^^^^^^^^^^^^^^^^^^^^^^^^^^^^^^^^^^^^^ method cannot be called due to unsatisfied trait bounds
[INFO] [stderr]    |
[INFO] [stderr]    = note: the following trait bounds were not satisfied:
[INFO] [stderr]            `MyPlugin: DataService`
[INFO] [stderr] note: the trait `DataService` must be implemented
[INFO] [stderr]   --> $WORKSPACE/crates/grafana-plugin-sdk-rs/src/backend/data.rs
[INFO] [stderr]    |
[INFO] [stderr]    | pub trait DataService: GrafanaPlugin {
[INFO] [stderr]    | ^^^^^^^^^^^^^^^^^^^^^^^^^^^^^^^^^^^^
[INFO] [stderr]    = note: this error originates in the attribute macro `grafana_plugin_sdk::main` (in Nightly builds, run with -Z macro-backtrace for more info)
[INFO] [stderr] ┈┈┈┈┈┈┈┈┈┈┈┈┈┈┈┈┈┈┈┈┈┈┈┈┈┈┈┈┈┈┈┈┈┈┈┈┈┈┈┈┈┈┈┈┈┈┈┈┈┈┈┈┈┈┈┈┈┈┈┈
[INFO] [stderr] 
[INFO] [stderr] ACTUAL OUTPUT:
[INFO] [stderr] ┈┈┈┈┈┈┈┈┈┈┈┈┈┈┈┈┈┈┈┈┈┈┈┈┈┈┈┈┈┈┈┈┈┈┈┈┈┈┈┈┈┈┈┈┈┈┈┈┈┈┈┈┈┈┈┈┈┈┈┈
[INFO] [stderr] error[E0433]: cannot find module or crate `grafana_plugin_sdk` in this scope
[INFO] [stderr]  --> tests/ui-fail/non_impl_service.rs:4:9
[INFO] [stderr]   |
[INFO] [stderr] 4 |     use grafana_plugin_sdk::prelude::*;
[INFO] [stderr]   |         ^^^^^^^^^^^^^^^^^^ use of unresolved module or unlinked crate `grafana_plugin_sdk`
[INFO] [stderr]   |
[INFO] [stderr]   = help: if you wanted to use a crate named `grafana_plugin_sdk`, use `cargo add grafana_plugin_sdk` to add it to your `Cargo.toml`
[INFO] [stderr] 
[INFO] [stderr] error[E0433]: cannot find module or crate `grafana_plugin_sdk` in this scope
[INFO] [stderr]   --> tests/ui-fail/non_impl_service.rs:10:7
[INFO] [stderr]    |
[INFO] [stderr] 10 |     #[grafana_plugin_sdk::main(services(data))]
[INFO] [stderr]    |       ^^^^^^^^^^^^^^^^^^ use of unresolved module or unlinked crate `grafana_plugin_sdk`
[INFO] [stderr] 
[INFO] [stderr] error: cannot find derive macro `GrafanaPlugin` in this scope
[INFO] [stderr]  --> tests/ui-fail/non_impl_service.rs:6:21
[INFO] [stderr]   |
[INFO] [stderr] 6 |     #[derive(Clone, GrafanaPlugin)]
[INFO] [stderr]   |                     ^^^^^^^^^^^^^
[INFO] [stderr] 
[INFO] [stderr] error: cannot find attribute `grafana_plugin` in this scope
[INFO] [stderr]  --> tests/ui-fail/non_impl_service.rs:7:7
[INFO] [stderr]   |
[INFO] [stderr] 7 |     #[grafana_plugin(plugin_type = "datasource")]
[INFO] [stderr]   |       ^^^^^^^^^^^^^^
[INFO] [stderr] ┈┈┈┈┈┈┈┈┈┈┈┈┈┈┈┈┈┈┈┈┈┈┈┈┈┈┈┈┈┈┈┈┈┈┈┈┈┈┈┈┈┈┈┈┈┈┈┈┈┈┈┈┈┈┈┈┈┈┈┈
[INFO] [stderr] note: If the actual output is the correct output you can bless it by rerunning
[INFO] [stderr]       your test with the environment variable TRYBUILD=overwrite
[INFO] [stderr] 
[INFO] [stderr] test tests/ui-fail/invalid_init_subscriber.rs [should fail to compile] ... mismatch
[INFO] [stderr] 
[INFO] [stderr] EXPECTED:
[INFO] [stderr] ┈┈┈┈┈┈┈┈┈┈┈┈┈┈┈┈┈┈┈┈┈┈┈┈┈┈┈┈┈┈┈┈┈┈┈┈┈┈┈┈┈┈┈┈┈┈┈┈┈┈┈┈┈┈┈┈┈┈┈┈
[INFO] [stderr] error: `init_subscriber` should be specified as `init_subscriber = true`
[INFO] [stderr]   --> tests/ui-fail/invalid_init_subscriber.rs:50:48
[INFO] [stderr]    |
[INFO] [stderr] 50 |     #[grafana_plugin_sdk::main(services(data), init_subscriber(true))]
[INFO] [stderr]    |                                                ^^^^^^^^^^^^^^^^^^^^^
[INFO] [stderr] ┈┈┈┈┈┈┈┈┈┈┈┈┈┈┈┈┈┈┈┈┈┈┈┈┈┈┈┈┈┈┈┈┈┈┈┈┈┈┈┈┈┈┈┈┈┈┈┈┈┈┈┈┈┈┈┈┈┈┈┈
[INFO] [stderr] 
[INFO] [stderr] ACTUAL OUTPUT:
[INFO] [stderr] ┈┈┈┈┈┈┈┈┈┈┈┈┈┈┈┈┈┈┈┈┈┈┈┈┈┈┈┈┈┈┈┈┈┈┈┈┈┈┈┈┈┈┈┈┈┈┈┈┈┈┈┈┈┈┈┈┈┈┈┈
[INFO] [stderr] error[E0433]: cannot find module or crate `grafana_plugin_sdk` in this scope
[INFO] [stderr]  --> tests/ui-fail/invalid_init_subscriber.rs:4:9
[INFO] [stderr]   |
[INFO] [stderr] 4 |     use grafana_plugin_sdk::{backend, data, prelude::*};
[INFO] [stderr]   |         ^^^^^^^^^^^^^^^^^^ use of unresolved module or unlinked crate `grafana_plugin_sdk`
[INFO] [stderr]   |
[INFO] [stderr]   = help: if you wanted to use a crate named `grafana_plugin_sdk`, use `cargo add grafana_plugin_sdk` to add it to your `Cargo.toml`
[INFO] [stderr] 
[INFO] [stderr] error[E0432]: unresolved import `grafana_plugin_sdk`
[INFO] [stderr]  --> tests/ui-fail/invalid_init_subscriber.rs:4:9
[INFO] [stderr]   |
[INFO] [stderr] 4 |     use grafana_plugin_sdk::{backend, data, prelude::*};
[INFO] [stderr]   |         ^^^^^^^^^^^^^^^^^^ use of unresolved module or unlinked crate `grafana_plugin_sdk`
[INFO] [stderr]   |
[INFO] [stderr]   = help: if you wanted to use a crate named `grafana_plugin_sdk`, use `cargo add grafana_plugin_sdk` to add it to your `Cargo.toml`
[INFO] [stderr] 
[INFO] [stderr] error[E0433]: cannot find module or crate `grafana_plugin_sdk` in this scope
[INFO] [stderr]   --> tests/ui-fail/invalid_init_subscriber.rs:50:7
[INFO] [stderr]    |
[INFO] [stderr] 50 |     #[grafana_plugin_sdk::main(services(data), init_subscriber(true))]
[INFO] [stderr]    |       ^^^^^^^^^^^^^^^^^^ use of unresolved module or unlinked crate `grafana_plugin_sdk`
[INFO] [stderr] 
[INFO] [stderr] error: cannot find derive macro `GrafanaPlugin` in this scope
[INFO] [stderr]  --> tests/ui-fail/invalid_init_subscriber.rs:7:21
[INFO] [stderr]   |
[INFO] [stderr] 7 |     #[derive(Clone, GrafanaPlugin)]
[INFO] [stderr]   |                     ^^^^^^^^^^^^^
[INFO] [stderr]   |
[INFO] [stderr] help: the derive macro `GrafanaPlugin` accepts the similarly named `grafana_plugin` attribute
[INFO] [stderr]   |
[INFO] [stderr] 7 -     #[derive(Clone, GrafanaPlugin)]
[INFO] [stderr] 7 +     #[derive(Clone, grafana_plugin)]
[INFO] [stderr]   |
[INFO] [stderr] 
[INFO] [stderr] error: cannot find attribute `grafana_plugin` in this scope
[INFO] [stderr]   --> tests/ui-fail/invalid_init_subscriber.rs:8:7
[INFO] [stderr]    |
[INFO] [stderr]  8 |     #[grafana_plugin(plugin_type = "datasource")]
[INFO] [stderr]    |       ^^^^^^^^^^^^^^
[INFO] [stderr]    |
[INFO] [stderr] help: `grafana_plugin` is an attribute that can be used by the derive macro `GrafanaPlugin`, you might be missing a `derive` attribute
[INFO] [stderr]    |
[INFO] [stderr]  9 +     #[derive(GrafanaPlugin)]
[INFO] [stderr] 10 |     struct MyPlugin;
[INFO] [stderr]    |
[INFO] [stderr] ┈┈┈┈┈┈┈┈┈┈┈┈┈┈┈┈┈┈┈┈┈┈┈┈┈┈┈┈┈┈┈┈┈┈┈┈┈┈┈┈┈┈┈┈┈┈┈┈┈┈┈┈┈┈┈┈┈┈┈┈
[INFO] [stderr] note: If the actual output is the correct output you can bless it by rerunning
[INFO] [stderr]       your test with the environment variable TRYBUILD=overwrite
[INFO] [stderr] 
[INFO] [stderr] test tests/ui-fail/invalid_shutdown_handler.rs [should fail to compile] ... mismatch
[INFO] [stderr] 
[INFO] [stderr] EXPECTED:
[INFO] [stderr] ┈┈┈┈┈┈┈┈┈┈┈┈┈┈┈┈┈┈┈┈┈┈┈┈┈┈┈┈┈┈┈┈┈┈┈┈┈┈┈┈┈┈┈┈┈┈┈┈┈┈┈┈┈┈┈┈┈┈┈┈
[INFO] [stderr] error: `shutdown_handler` must be a string literal.
[INFO] [stderr]   --> tests/ui-fail/invalid_shutdown_handler.rs:50:67
[INFO] [stderr]    |
[INFO] [stderr] 50 |     #[grafana_plugin_sdk::main(services(data), shutdown_handler = true)]
[INFO] [stderr]    |                                                                   ^^^^
[INFO] [stderr] 
[INFO] [stderr] error: `shutdown_handler` should be specified as `shutdown_handler = "127.0.0.1:10001"
[INFO] [stderr]    --> tests/ui-fail/invalid_shutdown_handler.rs:103:48
[INFO] [stderr]     |
[INFO] [stderr] 103 |     #[grafana_plugin_sdk::main(services(data), shutdown_handler("127.0.0.1:10001"))]
[INFO] [stderr]     |                                                ^^^^^^^^^^^^^^^^^^^^^^^^^^^^^^^^^^^
[INFO] [stderr] ┈┈┈┈┈┈┈┈┈┈┈┈┈┈┈┈┈┈┈┈┈┈┈┈┈┈┈┈┈┈┈┈┈┈┈┈┈┈┈┈┈┈┈┈┈┈┈┈┈┈┈┈┈┈┈┈┈┈┈┈
[INFO] [stderr] 
[INFO] [stderr] ACTUAL OUTPUT:
[INFO] [stderr] ┈┈┈┈┈┈┈┈┈┈┈┈┈┈┈┈┈┈┈┈┈┈┈┈┈┈┈┈┈┈┈┈┈┈┈┈┈┈┈┈┈┈┈┈┈┈┈┈┈┈┈┈┈┈┈┈┈┈┈┈
[INFO] [stderr] error[E0433]: cannot find module or crate `grafana_plugin_sdk` in this scope
[INFO] [stderr]  --> tests/ui-fail/invalid_shutdown_handler.rs:4:9
[INFO] [stderr]   |
[INFO] [stderr] 4 |     use grafana_plugin_sdk::{backend, data, prelude::*};
[INFO] [stderr]   |         ^^^^^^^^^^^^^^^^^^ use of unresolved module or unlinked crate `grafana_plugin_sdk`
[INFO] [stderr]   |
[INFO] [stderr]   = help: if you wanted to use a crate named `grafana_plugin_sdk`, use `cargo add grafana_plugin_sdk` to add it to your `Cargo.toml`
[INFO] [stderr] 
[INFO] [stderr] error[E0433]: cannot find module or crate `grafana_plugin_sdk` in this scope
[INFO] [stderr]   --> tests/ui-fail/invalid_shutdown_handler.rs:57:9
[INFO] [stderr]    |
[INFO] [stderr] 57 |     use grafana_plugin_sdk::{backend, data, prelude::*};
[INFO] [stderr]    |         ^^^^^^^^^^^^^^^^^^ use of unresolved module or unlinked crate `grafana_plugin_sdk`
[INFO] [stderr]    |
[INFO] [stderr]    = help: if you wanted to use a crate named `grafana_plugin_sdk`, use `cargo add grafana_plugin_sdk` to add it to your `Cargo.toml`
[INFO] [stderr] 
[INFO] [stderr] error[E0432]: unresolved import `grafana_plugin_sdk`
[INFO] [stderr]  --> tests/ui-fail/invalid_shutdown_handler.rs:4:9
[INFO] [stderr]   |
[INFO] [stderr] 4 |     use grafana_plugin_sdk::{backend, data, prelude::*};
[INFO] [stderr]   |         ^^^^^^^^^^^^^^^^^^ use of unresolved module or unlinked crate `grafana_plugin_sdk`
[INFO] [stderr]   |
[INFO] [stderr]   = help: if you wanted to use a crate named `grafana_plugin_sdk`, use `cargo add grafana_plugin_sdk` to add it to your `Cargo.toml`
[INFO] [stderr] 
[INFO] [stderr] error[E0432]: unresolved import `grafana_plugin_sdk`
[INFO] [stderr]   --> tests/ui-fail/invalid_shutdown_handler.rs:57:9
[INFO] [stderr]    |
[INFO] [stderr] 57 |     use grafana_plugin_sdk::{backend, data, prelude::*};
[INFO] [stdout] test test ... FAILED
[INFO] [stdout] 
[INFO] [stdout] failures:
[INFO] [stdout] 
[INFO] [stdout] ---- test stdout ----
[INFO] [stdout] 
[INFO] [stdout] thread 'test' (824) panicked at /opt/rustwide/cargo-home/registry/src/index.crates.io-1949cf8c6b5b557f/trybuild-1.0.118/src/run.rs:102:13:
[INFO] [stdout] 8 of 8 tests failed
[INFO] [stdout] stack backtrace:
[INFO] [stdout]    0:     0x5dd2d03084d1 - <<std[70759c8f55707aa4]::sys::backtrace::BacktraceLock>::print::DisplayBacktrace as core[df12db4294e9bfd3]::fmt::Display>::fmt
[INFO] [stdout]    1:     0x5dd2d031eb5a - core[df12db4294e9bfd3]::fmt::write
[INFO] [stdout]    2:     0x5dd2d030cf9c - <alloc[2182bb758b4b3781]::vec::Vec<u8> as core[df12db4294e9bfd3]::io::write::Write>::write_fmt
[INFO] [stdout]    3:     0x5dd2d02e19b6 - std[70759c8f55707aa4]::panicking::default_hook::{closure#0}
[INFO] [stdout]    4:     0x5dd2d02ffb49 - std[70759c8f55707aa4]::panicking::default_hook
[INFO] [stdout]    5:     0x5dd2d0298e20 - test[9d35eded1c95d3be]::test_main_inner::<test[9d35eded1c95d3be]::test_main_static::{closure#0}>::{closure#0}
[INFO] [stdout]    6:     0x5dd2d02ffd02 - std[70759c8f55707aa4]::panicking::panic_with_hook
[INFO] [stdout]    7:     0x5dd2d02e1a62 - std[70759c8f55707aa4]::panicking::panic_handler::{closure#0}
[INFO] [stdout]    8:     0x5dd2d02da329 - std[70759c8f55707aa4]::sys::backtrace::__rust_end_short_backtrace::<std[70759c8f55707aa4]::panicking::panic_handler::{closure#0}, !>
[INFO] [stdout]    9:     0x5dd2d02e265d - __rustc[8fa7c3cbc660c2b3]::rust_begin_unwind
[INFO] [stdout]   10:     0x5dd2d031f2cc - core[df12db4294e9bfd3]::panicking::panic_fmt
[INFO] [stdout]   11:     0x5dd2d01ea433 - <trybuild[5761d08ccf499a7c]::Runner>::run
[INFO] [stdout]   12:     0x5dd2d01ed830 - <trybuild[5761d08ccf499a7c]::TestCases as core[df12db4294e9bfd3]::ops::drop::Drop>::drop
[INFO] [stdout]   13:     0x5dd2d01e43f2 - <test[fb00c844d854c816]::test::{closure#0} as core[df12db4294e9bfd3]::ops::function::FnOnce<()>>::call_once
[INFO] [stdout]   14:     0x5dd2d028c10b - test[9d35eded1c95d3be]::__rust_begin_short_backtrace::<core[df12db4294e9bfd3]::result::Result<(), alloc[2182bb758b4b3781]::string::String>, fn() -> core[df12db4294e9bfd3]::result::Result<(), alloc[2182bb758b4b3781]::string::String>>
[INFO] [stdout]   15:     0x5dd2d0299775 - test[9d35eded1c95d3be]::run_test::{closure#0}
[INFO] [stdout]   16:     0x5dd2d0293034 - std[70759c8f55707aa4]::sys::backtrace::__rust_begin_short_backtrace::<test[9d35eded1c95d3be]::run_test::{closure#1}, ()>
[INFO] [stdout]   17:     0x5dd2d029c8d2 - <std[70759c8f55707aa4]::thread::lifecycle::spawn_unchecked<test[9d35eded1c95d3be]::run_test::{closure#1}, ()>::{closure#1} as core[df12db4294e9bfd3]::ops::function::FnOnce<()>>::call_once::{shim:vtable#0}
[INFO] [stdout]   18:     0x5dd2d0307789 - <std[70759c8f55707aa4]::sys::thread::unix::Thread>::new::thread_start
[INFO] [stdout]   19:     0x71da2a6b6dfa - <unknown>
[INFO] [stdout]   20:     0x71da2a74a3d4 - clone
[INFO] [stdout]   21:                0x0 - <unknown>
[INFO] [stdout] 
[INFO] [stdout] 
[INFO] [stdout] failures:
[INFO] [stdout]     test
[INFO] [stdout] 
[INFO] [stdout] test result: FAILED. 0 passed; 1 failed; 0 ignored; 0 measured; 0 filtered out; finished in 37.17s
[INFO] [stdout] 
[INFO] [stderr]    |         ^^^^^^^^^^^^^^^^^^ use of unresolved module or unlinked crate `grafana_plugin_sdk`
[INFO] [stderr]    |
[INFO] [stderr]    = help: if you wanted to use a crate named `grafana_plugin_sdk`, use `cargo add grafana_plugin_sdk` to add it to your `Cargo.toml`
[INFO] [stderr] 
[INFO] [stderr] error[E0433]: cannot find module or crate `grafana_plugin_sdk` in this scope
[INFO] [stderr]   --> tests/ui-fail/invalid_shutdown_handler.rs:50:7
[INFO] [stderr]    |
[INFO] [stderr] 50 |     #[grafana_plugin_sdk::main(services(data), shutdown_handler = true)]
[INFO] [stderr]    |       ^^^^^^^^^^^^^^^^^^ use of unresolved module or unlinked crate `grafana_plugin_sdk`
[INFO] [stderr] 
[INFO] [stderr] error[E0433]: cannot find module or crate `grafana_plugin_sdk` in this scope
[INFO] [stderr]    --> tests/ui-fail/invalid_shutdown_handler.rs:103:7
[INFO] [stderr]     |
[INFO] [stderr] 103 |     #[grafana_plugin_sdk::main(services(data), shutdown_handler("127.0.0.1:10001"))]
[INFO] [stderr]     |       ^^^^^^^^^^^^^^^^^^ use of unresolved module or unlinked crate `grafana_plugin_sdk`
[INFO] [stderr] 
[INFO] [stderr] error: cannot find derive macro `GrafanaPlugin` in this scope
[INFO] [stderr]  --> tests/ui-fail/invalid_shutdown_handler.rs:7:21
[INFO] [stderr]   |
[INFO] [stderr] 7 |     #[derive(Clone, GrafanaPlugin)]
[INFO] [stderr]   |                     ^^^^^^^^^^^^^
[INFO] [stderr]   |
[INFO] [stderr] help: the derive macro `GrafanaPlugin` accepts the similarly named `grafana_plugin` attribute
[INFO] [stderr]   |
[INFO] [stderr] 7 -     #[derive(Clone, GrafanaPlugin)]
[INFO] [stderr] 7 +     #[derive(Clone, grafana_plugin)]
[INFO] [stderr]   |
[INFO] [stderr] 
[INFO] [stderr] error: cannot find attribute `grafana_plugin` in this scope
[INFO] [stderr]   --> tests/ui-fail/invalid_shutdown_handler.rs:8:7
[INFO] [stderr]    |
[INFO] [stderr]  8 |     #[grafana_plugin(plugin_type = "datasource")]
[INFO] [stderr]    |       ^^^^^^^^^^^^^^
[INFO] [stderr]    |
[INFO] [stderr] help: `grafana_plugin` is an attribute that can be used by the derive macro `GrafanaPlugin`, you might be missing a `derive` attribute
[INFO] [stderr]    |
[INFO] [stderr]  9 +     #[derive(GrafanaPlugin)]
[INFO] [stderr] 10 |     struct MyPlugin;
[INFO] [stderr]    |
[INFO] [stderr] 
[INFO] [stderr] error: cannot find derive macro `GrafanaPlugin` in this scope
[INFO] [stderr]   --> tests/ui-fail/invalid_shutdown_handler.rs:60:21
[INFO] [stderr]    |
[INFO] [stderr] 60 |     #[derive(Clone, GrafanaPlugin)]
[INFO] [stderr]    |                     ^^^^^^^^^^^^^
[INFO] [stderr]    |
[INFO] [stderr] help: the derive macro `GrafanaPlugin` accepts the similarly named `grafana_plugin` attribute
[INFO] [stderr]    |
[INFO] [stderr] 60 -     #[derive(Clone, GrafanaPlugin)]
[INFO] [stderr] 60 +     #[derive(Clone, grafana_plugin)]
[INFO] [stderr]    |
[INFO] [stderr] 
[INFO] [stderr] error: cannot find attribute `grafana_plugin` in this scope
[INFO] [stderr]   --> tests/ui-fail/invalid_shutdown_handler.rs:61:7
[INFO] [stderr]    |
[INFO] [stderr] 61 |     #[grafana_plugin(plugin_type = "datasource")]
[INFO] [stderr]    |       ^^^^^^^^^^^^^^
[INFO] [stderr]    |
[INFO] [stderr] help: `grafana_plugin` is an attribute that can be used by the derive macro `GrafanaPlugin`, you might be missing a `derive` attribute
[INFO] [stderr]    |
[INFO] [stderr] 62 +     #[derive(GrafanaPlugin)]
[INFO] [stderr] 63 |     struct MyPlugin;
[INFO] [stderr]    |
[INFO] [stderr] ┈┈┈┈┈┈┈┈┈┈┈┈┈┈┈┈┈┈┈┈┈┈┈┈┈┈┈┈┈┈┈┈┈┈┈┈┈┈┈┈┈┈┈┈┈┈┈┈┈┈┈┈┈┈┈┈┈┈┈┈
[INFO] [stderr] note: If the actual output is the correct output you can bless it by rerunning
[INFO] [stderr]       your test with the environment variable TRYBUILD=overwrite
[INFO] [stderr] 
[INFO] [stderr] 
[INFO] [stderr] 
[INFO] [stderr] error: test failed, to rerun pass `--test test`
[INFO] running `Command { std: "docker" "inspect" "0936f767590e4c638e5d82f6d84d05acfc845f4bdc2a9755b6ffc789c0acf255", kill_on_drop: false }`
[INFO] running `Command { std: "docker" "rm" "-f" "0936f767590e4c638e5d82f6d84d05acfc845f4bdc2a9755b6ffc789c0acf255", kill_on_drop: false }`
[INFO] [stdout] 0936f767590e4c638e5d82f6d84d05acfc845f4bdc2a9755b6ffc789c0acf255
