[INFO] fetching crate gradatum-ingest 2.5.0...
[INFO] testing gradatum-ingest-2.5.0 against 1.100.0-beta.1+cargoflags=--release for beta-release-1.100-2
[INFO] extracting crate gradatum-ingest 2.5.0 into /workspace/builds/worker-4-tc2/source
[INFO] started tweaking crates.io crate gradatum-ingest 2.5.0
[INFO] removed 0 missing tests
[INFO] finished tweaking crates.io crate gradatum-ingest 2.5.0
[INFO] tweaked toml for crates.io crate gradatum-ingest 2.5.0 written to /workspace/builds/worker-4-tc2/source/Cargo.toml
[INFO] validating manifest of crates.io crate gradatum-ingest 2.5.0 on toolchain 1.100.0-beta.1
[INFO] running `Command { std: CARGO_HOME="/workspace/cargo-home" RUSTUP_HOME="/workspace/rustup-home" "/workspace/cargo-home/bin/cargo" "+1.100.0-beta.1" "metadata" "--manifest-path" "Cargo.toml" "--no-deps", kill_on_drop: false }`
[INFO] crate crates.io crate gradatum-ingest 2.5.0 already has a lockfile, it will not be regenerated
[INFO] running `Command { std: CARGO_HOME="/workspace/cargo-home" RUSTUP_HOME="/workspace/rustup-home" "/workspace/cargo-home/bin/cargo" "+1.100.0-beta.1" "fetch" "--manifest-path" "Cargo.toml", kill_on_drop: false }`
[INFO] running `Command { std: "docker" "create" "-v" "/var/lib/crater-agent-workspace/builds/worker-4-tc2/source:/opt/rustwide/workdir:ro,Z" "-v" "/var/lib/crater-agent-workspace/builds/worker-4-tc2/target:/opt/rustwide/target:rw,Z" "-v" "/var/lib/crater-agent-workspace/cargo-home:/opt/rustwide/cargo-home:ro,Z" "-v" "/var/lib/crater-agent-workspace/rustup-home:/opt/rustwide/rustup-home:ro,Z" "-m" "1610612736" "--network" "none" "ghcr.io/rust-lang/crates-build-env/linux@sha256:77db811e55d90add9212f6832c23229e3de5f1c1f9905e8cb07319ea15df73ac" "sleep" "infinity", kill_on_drop: false }`
[INFO] [stdout] 51f4979da8ea0d42a874de3bebbb8bab31caf8b6c8e9d5fc83707b3569f6953c
[INFO] running `Command { std: "docker" "start" "51f4979da8ea0d42a874de3bebbb8bab31caf8b6c8e9d5fc83707b3569f6953c", kill_on_drop: false }`
[INFO] running `Command { std: "docker" "inspect" "51f4979da8ea0d42a874de3bebbb8bab31caf8b6c8e9d5fc83707b3569f6953c", kill_on_drop: false }`
[INFO] running `Command { std: "docker" "exec" "-e" "SOURCE_DIR=/opt/rustwide/workdir" "-e" "CARGO_HOME=/opt/rustwide/cargo-home" "-e" "RUSTUP_HOME=/opt/rustwide/rustup-home" "-e" "CARGO_TARGET_DIR=/opt/rustwide/target" "-w" "/opt/rustwide/workdir" "--user" "0:0" "51f4979da8ea0d42a874de3bebbb8bab31caf8b6c8e9d5fc83707b3569f6953c" "/opt/rustwide/cargo-home/bin/cargo" "+1.100.0-beta.1" "metadata" "--no-deps" "--format-version=1", kill_on_drop: false }`
[INFO] running `Command { std: "docker" "inspect" "51f4979da8ea0d42a874de3bebbb8bab31caf8b6c8e9d5fc83707b3569f6953c", kill_on_drop: false }`
[INFO] running `Command { std: "docker" "exec" "-e" "SOURCE_DIR=/opt/rustwide/workdir" "-e" "CARGO_HOME=/opt/rustwide/cargo-home" "-e" "RUSTUP_HOME=/opt/rustwide/rustup-home" "-e" "CARGO_TARGET_DIR=/opt/rustwide/target" "-e" "CARGO_INCREMENTAL=0" "-e" "RUST_BACKTRACE=full" "-e" "RUSTFLAGS=--cap-lints=warn" "-e" "RUSTDOCFLAGS=--cap-lints=warn" "-w" "/opt/rustwide/workdir" "--user" "0:0" "51f4979da8ea0d42a874de3bebbb8bab31caf8b6c8e9d5fc83707b3569f6953c" "/opt/rustwide/cargo-home/bin/cargo" "+1.100.0-beta.1" "build" "--frozen" "--message-format=json" "--release", kill_on_drop: false }`
[INFO] [stderr]    Compiling cc v1.2.62
[INFO] [stderr]    Compiling getrandom v0.4.2
[INFO] [stderr]    Compiling syn v2.0.117
[INFO] [stderr]    Compiling syn v3.0.3
[INFO] [stderr]    Compiling hashbrown v0.17.1
[INFO] [stderr]    Compiling crypto-common v0.2.1
[INFO] [stderr]    Compiling block-buffer v0.12.0
[INFO] [stderr]    Compiling serde_json v1.0.150
[INFO] [stderr]    Compiling errno v0.3.14
[INFO] [stderr]    Compiling proc-macro2-diagnostics v0.10.1
[INFO] [stderr]    Compiling futures-sink v0.3.33
[INFO] [stderr]    Compiling futures-core v0.3.33
[INFO] [stderr]    Compiling socket2 v0.6.3
[INFO] [stderr]    Compiling mio v1.2.0
[INFO] [stderr]    Compiling rustix v1.1.4
[INFO] [stderr]    Compiling yansi v1.0.1
[INFO] [stderr]    Compiling signal-hook-registry v1.4.8
[INFO] [stderr]    Compiling http v1.4.2
[INFO] [stderr]    Compiling futures-channel v0.3.33
[INFO] [stderr]    Compiling uncased v0.9.10
[INFO] [stderr]    Compiling tree-sitter-language v0.1.7
[INFO] [stderr]    Compiling jiff-core v0.1.0
[INFO] [stderr]    Compiling chacha20 v0.10.0
[INFO] [stderr]    Compiling mea v0.6.5
[INFO] [stderr]    Compiling uuid v1.23.1
[INFO] [stderr]    Compiling figment v0.10.19
[INFO] [stderr]    Compiling inlinable_string v0.1.15
[INFO] [stderr]    Compiling base64 v0.23.0
[INFO] [stderr]    Compiling winnow v1.0.2
[INFO] [stderr]    Compiling nix v0.31.3
[INFO] [stderr]    Compiling indexmap v2.14.0
[INFO] [stderr]    Compiling rand v0.10.1
[INFO] [stderr]    Compiling toml_parser v1.1.2+spec-1.1.0
[INFO] [stderr]    Compiling toml_datetime v1.1.1+spec-1.1.0
[INFO] [stderr]    Compiling serde_spanned v1.1.1
[INFO] [stderr]    Compiling include_dir_macros v0.7.4
[INFO] [stderr]    Compiling toml_writer v1.1.2+spec-1.1.0
[INFO] [stderr]    Compiling digest v0.11.3
[INFO] [stderr]    Compiling zeroize v1.9.0
[INFO] [stderr]    Compiling ryu-js v0.2.2
[INFO] [stderr]    Compiling include_dir v0.7.4
[INFO] [stderr]    Compiling libsqlite3-sys v0.38.2
[INFO] [stderr]    Compiling md-5 v0.11.0
[INFO] [stderr]    Compiling sha2 v0.11.0
[INFO] [stderr]    Compiling jiff v0.2.35
[INFO] [stderr]    Compiling secrecy v0.10.3
[INFO] [stderr]    Compiling toml v1.1.3+spec-1.1.0
[INFO] [stderr]    Compiling aho-corasick v1.1.4
[INFO] [stderr]    Compiling regex-syntax v0.8.11
[INFO] [stderr]    Compiling tree-sitter-rust v0.24.2
[INFO] [stderr]    Compiling xattr v1.6.1
[INFO] [stderr]    Compiling hashlink v0.12.1
[INFO] [stderr]    Compiling fallible-iterator v0.3.0
[INFO] [stderr]    Compiling fallible-streaming-iterator v0.1.9
[INFO] [stderr]    Compiling tree-sitter v0.26.9
[INFO] [stderr]    Compiling streaming-iterator v0.1.9
[INFO] [stderr]    Compiling regex-automata v0.4.18
[INFO] [stderr]    Compiling serde_derive v1.0.229
[INFO] [stderr]    Compiling thiserror-impl v2.0.19
[INFO] [stderr]    Compiling async-trait v0.1.91
[INFO] [stderr]    Compiling synstructure v0.13.2
[INFO] [stderr]    Compiling thiserror v2.0.19
[INFO] [stderr]    Compiling zerofrom-derive v0.1.7
[INFO] [stderr]    Compiling yoke-derive v0.8.2
[INFO] [stderr]    Compiling zerovec-derive v0.11.3
[INFO] [stderr]    Compiling displaydoc v0.2.5
[INFO] [stderr]    Compiling tokio-macros v2.7.0
[INFO] [stderr]    Compiling futures-macro v0.3.33
[INFO] [stderr]    Compiling pear_codegen v0.2.9
[INFO] [stderr]    Compiling stability v0.2.1
[INFO] [stderr]    Compiling tracing-attributes v0.1.31
[INFO] [stderr]    Compiling pear v0.2.9
[INFO] [stderr]    Compiling futures-util v0.3.33
[INFO] [stderr]    Compiling zerofrom v0.1.7
[INFO] [stderr]    Compiling yoke v0.8.2
[INFO] [stderr]    Compiling zerotrie v0.2.4
[INFO] [stderr]    Compiling zerovec v0.11.6
[INFO] [stderr]    Compiling tracing v0.1.44
[INFO] [stderr]    Compiling serde v1.0.229
[INFO] [stderr]    Compiling tinystr v0.8.3
[INFO] [stderr]    Compiling potential_utf v0.1.5
[INFO] [stderr]    Compiling icu_collections v2.2.0
[INFO] [stderr]    Compiling icu_locale_core v2.2.0
[INFO] [stderr]    Compiling regex v1.13.1
[INFO] [stderr]    Compiling smallvec v1.15.2
[INFO] [stderr]    Compiling serde_spanned v0.6.9
[INFO] [stderr]    Compiling toml_datetime v0.6.11
[INFO] [stderr]    Compiling quick-xml v0.41.0
[INFO] [stderr]    Compiling chrono v0.4.45
[INFO] [stderr]    Compiling serde_jcs v0.1.0
[INFO] [stderr]    Compiling ulid v3.0.0
[INFO] [stderr]    Compiling toml_edit v0.22.27
[INFO] [stderr]    Compiling parking_lot_core v0.9.12
[INFO] [stderr]    Compiling parking_lot v0.12.5
[INFO] [stderr]    Compiling tokio v1.53.0
[INFO] [stderr]    Compiling icu_provider v2.2.0
[INFO] [stderr]    Compiling icu_properties v2.2.0
[INFO] [stderr]    Compiling icu_normalizer v2.2.0
[INFO] [stderr]    Compiling futures v0.3.33
[INFO] [stderr]    Compiling idna_adapter v1.2.2
[INFO] [stderr]    Compiling idna v1.1.0
[INFO] [stderr]    Compiling url v2.5.8
[INFO] [stderr]    Compiling toml v0.8.23
[INFO] [stderr]    Compiling opendal-core v0.58.1
[INFO] [stderr]    Compiling gradatum-core v2.5.0
[INFO] [stderr]    Compiling opendal-service-fs v0.58.1
[INFO] [stderr]    Compiling opendal v0.58.1
[INFO] [stderr]    Compiling gradatum-storage v2.5.0
[INFO] [stderr]    Compiling rusqlite v0.40.2
[INFO] [stderr]    Compiling gradatum-index v2.5.0
[INFO] [stderr]    Compiling gradatum-ingest v2.5.0 (/opt/rustwide/workdir)
[INFO] [stderr]     Finished `release` profile [optimized] target(s) in 3m 43s
[INFO] [stderr] warning: the following packages contain code that will be rejected by a future version of Rust: nix v0.31.3
[INFO] [stderr] note: to see what the problems were, use the option `--future-incompat-report`, or run `cargo report future-incompatibilities --id 4`
[INFO] running `Command { std: "docker" "inspect" "51f4979da8ea0d42a874de3bebbb8bab31caf8b6c8e9d5fc83707b3569f6953c", kill_on_drop: false }`
[INFO] running `Command { std: "docker" "exec" "-e" "SOURCE_DIR=/opt/rustwide/workdir" "-e" "CARGO_HOME=/opt/rustwide/cargo-home" "-e" "RUSTUP_HOME=/opt/rustwide/rustup-home" "-e" "CARGO_TARGET_DIR=/opt/rustwide/target" "-e" "CARGO_INCREMENTAL=0" "-e" "RUST_BACKTRACE=full" "-e" "RUSTFLAGS=--cap-lints=warn" "-e" "RUSTDOCFLAGS=--cap-lints=warn" "-w" "/opt/rustwide/workdir" "--user" "0:0" "51f4979da8ea0d42a874de3bebbb8bab31caf8b6c8e9d5fc83707b3569f6953c" "/opt/rustwide/cargo-home/bin/cargo" "+1.100.0-beta.1" "test" "--frozen" "--no-run" "--message-format=json" "--release", kill_on_drop: false }`
[INFO] [stderr]    Compiling xattr v1.6.1
[INFO] [stderr]    Compiling tempfile v3.27.0
[INFO] [stderr]    Compiling opendal-service-fs v0.58.1
[INFO] [stderr]    Compiling opendal v0.58.1
[INFO] [stderr]    Compiling gradatum-storage v2.5.0
[INFO] [stderr]    Compiling gradatum-index v2.5.0
[INFO] [stderr]    Compiling gradatum-ingest v2.5.0 (/opt/rustwide/workdir)
[INFO] [stderr]     Finished `release` profile [optimized] target(s) in 28.34s
[INFO] [stderr] warning: the following packages contain code that will be rejected by a future version of Rust: nix v0.31.3
[INFO] [stderr] note: to see what the problems were, use the option `--future-incompat-report`, or run `cargo report future-incompatibilities --id 4`
[INFO] running `Command { std: "docker" "inspect" "51f4979da8ea0d42a874de3bebbb8bab31caf8b6c8e9d5fc83707b3569f6953c", kill_on_drop: false }`
[INFO] running `Command { std: "docker" "exec" "-e" "SOURCE_DIR=/opt/rustwide/workdir" "-e" "CARGO_HOME=/opt/rustwide/cargo-home" "-e" "RUSTUP_HOME=/opt/rustwide/rustup-home" "-e" "CARGO_TARGET_DIR=/opt/rustwide/target" "-e" "CARGO_INCREMENTAL=0" "-e" "RUST_BACKTRACE=full" "-e" "RUSTFLAGS=--cap-lints=warn" "-e" "RUSTDOCFLAGS=--cap-lints=warn" "-w" "/opt/rustwide/workdir" "--user" "0:0" "51f4979da8ea0d42a874de3bebbb8bab31caf8b6c8e9d5fc83707b3569f6953c" "/opt/rustwide/cargo-home/bin/cargo" "+1.100.0-beta.1" "test" "--frozen" "--release", kill_on_drop: false }`
[INFO] [stderr]     Finished `release` profile [optimized] target(s) in 0.28s
[INFO] [stderr] warning: the following packages contain code that will be rejected by a future version of Rust: nix v0.31.3
[INFO] [stderr] note: to see what the problems were, use the option `--future-incompat-report`, or run `cargo report future-incompatibilities --id 4`
[INFO] [stderr]      Running unittests src/lib.rs (/opt/rustwide/target/release/build/gradatum-ingest/69f3567626739e00/out/gradatum_ingest-69f3567626739e00)
[INFO] [stdout] 
[INFO] [stdout] running 7 tests
[INFO] [stdout] test lang_from_path_tests::lang_from_path_rust ... ok
[INFO] [stdout] test lang_from_path_tests::lang_from_path_bash_extension ... ok
[INFO] [stdout] test lang_from_path_tests::lang_from_path_python ... ok
[INFO] [stderr]      Running tests/abi_bash_check.rs (/opt/rustwide/target/release/build/gradatum-ingest/d0062c69c3c9867b/out/abi_bash_check-d0062c69c3c9867b)
[INFO] [stdout] test lang_from_path_tests::lang_from_path_bash ... ok
[INFO] [stdout] test lang_from_path_tests::lang_from_path_typescript ... ok
[INFO] [stdout] test lang_from_path_tests::lang_from_path_unknown ... ok
[INFO] [stdout] test lang_from_path_tests::lang_from_path_tsx ... ok
[INFO] [stdout] 
[INFO] [stdout] test result: ok. 7 passed; 0 failed; 0 ignored; 0 measured; 0 filtered out; finished in 0.01s
[INFO] [stdout] 
[INFO] [stdout] 
[INFO] [stdout] running 0 tests
[INFO] [stdout] 
[INFO] [stdout] test result: ok. 0 passed; 0 failed; 0 ignored; 0 measured; 0 filtered out; finished in 0.00s
[INFO] [stdout] 
[INFO] [stderr]      Running tests/abi_python_check.rs (/opt/rustwide/target/release/build/gradatum-ingest/9d427fb5aa64e948/out/abi_python_check-9d427fb5aa64e948)
[INFO] [stderr]      Running tests/abi_tsx_check.rs (/opt/rustwide/target/release/build/gradatum-ingest/2b1b57bc5bee6203/out/abi_tsx_check-2b1b57bc5bee6203)
[INFO] [stdout] 
[INFO] [stdout] running 0 tests
[INFO] [stdout] 
[INFO] [stdout] test result: ok. 0 passed; 0 failed; 0 ignored; 0 measured; 0 filtered out; finished in 0.00s
[INFO] [stdout] 
[INFO] [stderr]      Running tests/abi_typescript_check.rs (/opt/rustwide/target/release/build/gradatum-ingest/f99fd09cb2f10e03/out/abi_typescript_check-f99fd09cb2f10e03)
[INFO] [stdout] 
[INFO] [stdout] running 0 tests
[INFO] [stdout] 
[INFO] [stdout] test result: ok. 0 passed; 0 failed; 0 ignored; 0 measured; 0 filtered out; finished in 0.00s
[INFO] [stdout] 
[INFO] [stdout] 
[INFO] [stdout] running 0 tests
[INFO] [stdout] 
[INFO] [stdout] test result: ok. 0 passed; 0 failed; 0 ignored; 0 measured; 0 filtered out; finished in 0.00s
[INFO] [stdout] 
[INFO] [stderr]      Running tests/golden_parse_bash.rs (/opt/rustwide/target/release/build/gradatum-ingest/9e9586f6d10d6188/out/golden_parse_bash-9e9586f6d10d6188)
[INFO] [stderr]      Running tests/golden_parse_python.rs (/opt/rustwide/target/release/build/gradatum-ingest/adb97b59a8919d3d/out/golden_parse_python-adb97b59a8919d3d)
[INFO] [stdout] 
[INFO] [stdout] running 0 tests
[INFO] [stdout] 
[INFO] [stdout] test result: ok. 0 passed; 0 failed; 0 ignored; 0 measured; 0 filtered out; finished in 0.00s
[INFO] [stdout] 
[INFO] [stdout] 
[INFO] [stdout] running 0 tests
[INFO] [stdout] 
[INFO] [stdout] test result: ok. 0 passed; 0 failed; 0 ignored; 0 measured; 0 filtered out; finished in 0.00s
[INFO] [stdout] 
[INFO] [stderr]      Running tests/golden_parse_rust.rs (/opt/rustwide/target/release/build/gradatum-ingest/f89b4c1a8a838c46/out/golden_parse_rust-f89b4c1a8a838c46)
[INFO] [stdout] 
[INFO] [stdout] running 40 tests
[INFO] [stdout] test a1_signature_with_multibyte_chars_near_boundary_no_panic ... ok
[INFO] [stdout] test f70_c1bis_destructured_param_stays_unresolved ... ok
[INFO] [stdout] test f70_c1bis_destructuring_shadow_drops_typed ... ok
[INFO] [stdout] test f70_self_call_resolved_to_impl_type ... ok
[INFO] [stdout] test f70_r1_container_type_not_qualified ... ok
[INFO] [stdout] test f70_r1_deref_wrapper_not_misqualified ... ok
[INFO] [stdout] test callgraph_deps_are_deduplicated ... ok
[INFO] [stdout] test f70_typed_let_binding_resolved ... ok
[INFO] [stdout] test chain_caller_has_both_deps ... ok
[INFO] [stdout] test f70_chained_receiver_not_resolved ... ok
[INFO] [stdout] test caller_has_dep_on_helper ... ok
[INFO] [stdout] test f70_inferred_binding_not_resolved ... ok
[INFO] [stdout] test a1_emoji_straddles_byte_120_no_panic ... ok
[INFO] [stdout] test f70_c1_reinferred_shadow_drops_typed ... ok
[INFO] [stdout] test golden_note_id_stability ... ok
[INFO] [stdout] test free_function_caller_unchanged ... ok
[INFO] [stdout] test f70_self_stdlib_method_still_filtered ... ok
[INFO] [stdout] test f70_scoped_call_still_stores_both_forms ... ok
[INFO] [stdout] test golden_real_identity_rs ... FAILED
[INFO] [stdout] test golden_real_scope_rs ... FAILED
[INFO] [stdout] test golden_duplicates_omitted ... ok
[INFO] [stdout] test f70_typed_param_resolved ... ok
[INFO] [stdout] test qualified_call_stores_both_terminal_and_path ... ok
[INFO] [stdout] test golden_content_hash_deterministic ... ok
[INFO] [stdout] test reverse_lookup_via_callgraph_deps ... ok
[INFO] [stdout] test golden_basic_extracts_public_symbols ... ok
[INFO] [stdout] test span_s1_captured_and_one_based ... ok
[INFO] [stdout] test span_s3_propagated_to_code_meta ... ok
[INFO] [stdout] test visibility_v3_visibility_field_on_symbols ... ok
[INFO] [stdout] test stdlib_prefix_still_filtered ... ok
[INFO] [stdout] test span_s2_slice_matches_function_body ... ok
[INFO] [stdout] test golden_body_text_cap_60_lines ... ok
[INFO] [stdout] test golden_trait_impl_extraction ... ok
[INFO] [stdout] test method_parse_has_dep_on_helper ... ok
[INFO] [stdout] test helper_has_no_fn_deps ... ok
[INFO] [stdout] test method_call_self_receiver_resolves_qualified ... ok
[INFO] [stdout] test visibility_v1_pub_mode_excludes_private_items ... ok
[INFO] [stdout] test visibility_v2_all_mode_includes_private_items ... ok
[INFO] [stdout] test method_call_terminal_is_emitted ... ok
[INFO] [stdout] test golden_real_sqlite_rs_no_panic ... FAILED
[INFO] [stdout] 
[INFO] [stdout] failures:
[INFO] [stdout] 
[INFO] [stdout] ---- golden_real_identity_rs stdout ----
[INFO] [stdout] 
[INFO] [stdout] thread 'golden_real_identity_rs' (2964) panicked at tests/golden_parse_rust.rs:343:14:
[INFO] [stdout] lire identity.rs: Os { code: 2, kind: NotFound, message: "No such file or directory" }
[INFO] [stdout] stack backtrace:
[INFO] [stdout]    0:     0x5cb98ecec991 - <<std[617be2ca0a6fd877]::sys::backtrace::BacktraceLock>::print::DisplayBacktrace as core[a373ad73a504971]::fmt::Display>::fmt
[INFO] [stdout]    1:     0x5cb98ed0105a - core[a373ad73a504971]::fmt::write
[INFO] [stdout]    2:     0x5cb98ecf0bac - <alloc[2e1b2a31b91974c5]::vec::Vec<u8> as core[a373ad73a504971]::io::write::Write>::write_fmt
[INFO] [stdout]    3:     0x5cb98ecc8776 - std[617be2ca0a6fd877]::panicking::default_hook::{closure#0}
[INFO] [stdout]    4:     0x5cb98ece4b39 - std[617be2ca0a6fd877]::panicking::default_hook
[INFO] [stdout]    5:     0x5cb98ec50d30 - test[aada8e7e76ba119b]::test_main_inner::{closure#0}
[INFO] [stdout]    6:     0x5cb98ece4cf2 - std[617be2ca0a6fd877]::panicking::panic_with_hook
[INFO] [stdout]    7:     0x5cb98ecc8822 - std[617be2ca0a6fd877]::panicking::panic_handler::{closure#0}
[INFO] [stdout]    8:     0x5cb98ecc13a9 - std[617be2ca0a6fd877]::sys::backtrace::__rust_end_short_backtrace::<std[617be2ca0a6fd877]::panicking::panic_handler::{closure#0}, !>
[INFO] [stdout]    9:     0x5cb98ecc942d - __rustc[ea4f61d10b84890b]::rust_begin_unwind
[INFO] [stdout]   10:     0x5cb98ed017bc - core[a373ad73a504971]::panicking::panic_fmt
[INFO] [stdout]   11:     0x5cb98ed01592 - core[a373ad73a504971]::result::unwrap_failed
[INFO] [stdout]   12:     0x5cb98ec39b89 - <golden_parse_rust[25b776e626b42855]::golden_real_identity_rs::{closure#0} as core[a373ad73a504971]::ops::function::FnOnce<()>>::call_once
[INFO] [stdout]   13:     0x5cb98ec4417b - test[aada8e7e76ba119b]::__rust_begin_short_backtrace::<core[a373ad73a504971]::result::Result<(), alloc[2e1b2a31b91974c5]::string::String>, fn() -> core[a373ad73a504971]::result::Result<(), alloc[2e1b2a31b91974c5]::string::String>>
[INFO] [stdout]   14:     0x5cb98ec51355 - test[aada8e7e76ba119b]::run_test::{closure#0}
[INFO] [stdout]   15:     0x5cb98ec4ac44 - std[617be2ca0a6fd877]::sys::backtrace::__rust_begin_short_backtrace::<test[aada8e7e76ba119b]::run_test::{closure#1}, ()>
[INFO] [stdout]   16:     0x5cb98ec543e2 - <std[617be2ca0a6fd877]::thread::lifecycle::spawn_unchecked<test[aada8e7e76ba119b]::run_test::{closure#1}, ()>::{closure#1} as core[a373ad73a504971]::ops::function::FnOnce<()>>::call_once::{shim:vtable#0}
[INFO] [stdout]   17:     0x5cb98ecebe5f - <std[617be2ca0a6fd877]::sys::thread::unix::Thread>::new::thread_start
[INFO] [stdout]   18:     0x7273b7117dfa - <unknown>
[INFO] [stdout]   19:     0x7273b71ab3d4 - clone
[INFO] [stdout]   20:                0x0 - <unknown>
[INFO] [stdout] 
[INFO] [stdout] ---- golden_real_scope_rs stdout ----
[INFO] [stdout] 
[INFO] [stdout] thread 'golden_real_scope_rs' (2965) panicked at tests/golden_parse_rust.rs:304:14:
[INFO] [stdout] lire scope.rs: Os { code: 2, kind: NotFound, message: "No such file or directory" }
[INFO] [stdout] stack backtrace:
[INFO] [stdout]    0:     0x5cb98ecec991 - <<std[617be2ca0a6fd877]::sys::backtrace::BacktraceLock>::print::DisplayBacktrace as core[a373ad73a504971]::fmt::Display>::fmt
[INFO] [stdout]    1:     0x5cb98ed0105a - core[a373ad73a504971]::fmt::write
[INFO] [stdout]    2:     0x5cb98ecf0bac - <alloc[2e1b2a31b91974c5]::vec::Vec<u8> as core[a373ad73a504971]::io::write::Write>::write_fmt
[INFO] [stdout]    3:     0x5cb98ecc8776 - std[617be2ca0a6fd877]::panicking::default_hook::{closure#0}
[INFO] [stdout]    4:     0x5cb98ece4b39 - std[617be2ca0a6fd877]::panicking::default_hook
[INFO] [stdout]    5:     0x5cb98ec50d30 - test[aada8e7e76ba119b]::test_main_inner::{closure#0}
[INFO] [stdout]    6:     0x5cb98ece4cf2 - std[617be2ca0a6fd877]::panicking::panic_with_hook
[INFO] [stdout]    7:     0x5cb98ecc8822 - std[617be2ca0a6fd877]::panicking::panic_handler::{closure#0}
[INFO] [stdout]    8:     0x5cb98ecc13a9 - std[617be2ca0a6fd877]::sys::backtrace::__rust_end_short_backtrace::<std[617be2ca0a6fd877]::panicking::panic_handler::{closure#0}, !>
[INFO] [stdout]    9:     0x5cb98ecc942d - __rustc[ea4f61d10b84890b]::rust_begin_unwind
[INFO] [stdout]   10:     0x5cb98ed017bc - core[a373ad73a504971]::panicking::panic_fmt
[INFO] [stdout]   11:     0x5cb98ed01592 - core[a373ad73a504971]::result::unwrap_failed
[INFO] [stdout]   12:     0x5cb98ec3921d - <golden_parse_rust[25b776e626b42855]::golden_real_scope_rs::{closure#0} as core[a373ad73a504971]::ops::function::FnOnce<()>>::call_once
[INFO] [stdout]   13:     0x5cb98ec4417b - test[aada8e7e76ba119b]::__rust_begin_short_backtrace::<core[a373ad73a504971]::result::Result<(), alloc[2e1b2a31b91974c5]::string::String>, fn() -> core[a373ad73a504971]::result::Result<(), alloc[2e1b2a31b91974c5]::string::String>>
[INFO] [stdout]   14:     0x5cb98ec51355 - test[aada8e7e76ba119b]::run_test::{closure#0}
[INFO] [stdout]   15:     0x5cb98ec4ac44 - std[617be2ca0a6fd877]::sys::backtrace::__rust_begin_short_backtrace::<test[aada8e7e76ba119b]::run_test::{closure#1}, ()>
[INFO] [stdout]   16:     0x5cb98ec543e2 - <std[617be2ca0a6fd877]::thread::lifecycle::spawn_unchecked<test[aada8e7e76ba119b]::run_test::{closure#1}, ()>::{closure#1} as core[a373ad73a504971]::ops::function::FnOnce<()>>::call_once::{shim:vtable#0}
[INFO] [stdout]   17:     0x5cb98ecebe5f - <std[617be2ca0a6fd877]::sys::thread::unix::Thread>::new::thread_start
[INFO] [stdout]   18:     0x7273b7117dfa - <unknown>
[INFO] [stdout]   19:     0x7273b71ab3d4 - clone
[INFO] [stdout]   20:                0x0 - <unknown>
[INFO] [stdout] 
[INFO] [stdout] ---- golden_real_sqlite_rs_no_panic stdout ----
[INFO] [stdout] 
[INFO] [stdout] thread 'golden_real_sqlite_rs_no_panic' (2966) panicked at tests/golden_parse_rust.rs:371:14:
[INFO] [stdout] lire sqlite.rs: Os { code: 2, kind: NotFound, message: "No such file or directory" }
[INFO] [stdout] stack backtrace:
[INFO] [stdout]    0:     0x5cb98ecec991 - <<std[617be2ca0a6fd877]::sys::backtrace::BacktraceLock>::print::DisplayBacktrace as core[a373ad73a504971]::fmt::Display>::fmt
[INFO] [stdout]    1:     0x5cb98ed0105a - core[a373ad73a504971]::fmt::write
[INFO] [stdout]    2:     0x5cb98ecf0bac - <alloc[2e1b2a31b91974c5]::vec::Vec<u8> as core[a373ad73a504971]::io::write::Write>::write_fmt
[INFO] [stderr] error: test failed, to rerun pass `--test golden_parse_rust`
[INFO] [stdout]    3:     0x5cb98ecc8776 - std[617be2ca0a6fd877]::panicking::default_hook::{closure#0}
[INFO] [stdout]    4:     0x5cb98ece4b39 - std[617be2ca0a6fd877]::panicking::default_hook
[INFO] [stdout]    5:     0x5cb98ec50d30 - test[aada8e7e76ba119b]::test_main_inner::{closure#0}
[INFO] [stdout]    6:     0x5cb98ece4cf2 - std[617be2ca0a6fd877]::panicking::panic_with_hook
[INFO] [stdout]    7:     0x5cb98ecc8822 - std[617be2ca0a6fd877]::panicking::panic_handler::{closure#0}
[INFO] [stdout]    8:     0x5cb98ecc13a9 - std[617be2ca0a6fd877]::sys::backtrace::__rust_end_short_backtrace::<std[617be2ca0a6fd877]::panicking::panic_handler::{closure#0}, !>
[INFO] [stdout]    9:     0x5cb98ecc942d - __rustc[ea4f61d10b84890b]::rust_begin_unwind
[INFO] [stdout]   10:     0x5cb98ed017bc - core[a373ad73a504971]::panicking::panic_fmt
[INFO] [stdout]   11:     0x5cb98ed01592 - core[a373ad73a504971]::result::unwrap_failed
[INFO] [stdout]   12:     0x5cb98ec3c4a5 - <golden_parse_rust[25b776e626b42855]::golden_real_sqlite_rs_no_panic::{closure#0} as core[a373ad73a504971]::ops::function::FnOnce<()>>::call_once
[INFO] [stdout]   13:     0x5cb98ec4417b - test[aada8e7e76ba119b]::__rust_begin_short_backtrace::<core[a373ad73a504971]::result::Result<(), alloc[2e1b2a31b91974c5]::string::String>, fn() -> core[a373ad73a504971]::result::Result<(), alloc[2e1b2a31b91974c5]::string::String>>
[INFO] [stdout]   14:     0x5cb98ec51355 - test[aada8e7e76ba119b]::run_test::{closure#0}
[INFO] [stdout]   15:     0x5cb98ec4ac44 - std[617be2ca0a6fd877]::sys::backtrace::__rust_begin_short_backtrace::<test[aada8e7e76ba119b]::run_test::{closure#1}, ()>
[INFO] [stdout]   16:     0x5cb98ec543e2 - <std[617be2ca0a6fd877]::thread::lifecycle::spawn_unchecked<test[aada8e7e76ba119b]::run_test::{closure#1}, ()>::{closure#1} as core[a373ad73a504971]::ops::function::FnOnce<()>>::call_once::{shim:vtable#0}
[INFO] [stdout]   17:     0x5cb98ecebe5f - <std[617be2ca0a6fd877]::sys::thread::unix::Thread>::new::thread_start
[INFO] [stdout]   18:     0x7273b7117dfa - <unknown>
[INFO] [stdout]   19:     0x7273b71ab3d4 - clone
[INFO] [stdout]   20:                0x0 - <unknown>
[INFO] [stdout] 
[INFO] [stdout] 
[INFO] [stdout] failures:
[INFO] [stdout]     golden_real_identity_rs
[INFO] [stdout]     golden_real_scope_rs
[INFO] [stdout]     golden_real_sqlite_rs_no_panic
[INFO] [stdout] 
[INFO] [stdout] test result: FAILED. 37 passed; 3 failed; 0 ignored; 0 measured; 0 filtered out; finished in 0.01s
[INFO] [stdout] 
[INFO] running `Command { std: "docker" "inspect" "51f4979da8ea0d42a874de3bebbb8bab31caf8b6c8e9d5fc83707b3569f6953c", kill_on_drop: false }`
[INFO] running `Command { std: "docker" "rm" "-f" "51f4979da8ea0d42a874de3bebbb8bab31caf8b6c8e9d5fc83707b3569f6953c", kill_on_drop: false }`
[INFO] [stdout] 51f4979da8ea0d42a874de3bebbb8bab31caf8b6c8e9d5fc83707b3569f6953c
