[INFO] fetching crate grace-cli 0.1.2...
[INFO] testing grace-cli-0.1.2 against 1.100.0-beta.1+cargoflags=--release for beta-release-1.100-2
[INFO] extracting crate grace-cli 0.1.2 into /workspace/builds/worker-5-tc2/source
[INFO] started tweaking crates.io crate grace-cli 0.1.2
[INFO] removed 0 missing tests
[INFO] finished tweaking crates.io crate grace-cli 0.1.2
[INFO] tweaked toml for crates.io crate grace-cli 0.1.2 written to /workspace/builds/worker-5-tc2/source/Cargo.toml
[INFO] validating manifest of crates.io crate grace-cli 0.1.2 on toolchain 1.100.0-beta.1
[INFO] running `Command { std: CARGO_HOME="/workspace/cargo-home" RUSTUP_HOME="/workspace/rustup-home" "/workspace/cargo-home/bin/cargo" "+1.100.0-beta.1" "metadata" "--manifest-path" "Cargo.toml" "--no-deps", kill_on_drop: false }`
[INFO] crate crates.io crate grace-cli 0.1.2 already has a lockfile, it will not be regenerated
[INFO] running `Command { std: CARGO_HOME="/workspace/cargo-home" RUSTUP_HOME="/workspace/rustup-home" "/workspace/cargo-home/bin/cargo" "+1.100.0-beta.1" "fetch" "--manifest-path" "Cargo.toml", kill_on_drop: false }`
[INFO] running `Command { std: "docker" "create" "-v" "/var/lib/crater-agent-workspace/builds/worker-5-tc2/source:/opt/rustwide/workdir:ro,Z" "-v" "/var/lib/crater-agent-workspace/builds/worker-5-tc2/target:/opt/rustwide/target:rw,Z" "-v" "/var/lib/crater-agent-workspace/cargo-home:/opt/rustwide/cargo-home:ro,Z" "-v" "/var/lib/crater-agent-workspace/rustup-home:/opt/rustwide/rustup-home:ro,Z" "-m" "1610612736" "--network" "none" "ghcr.io/rust-lang/crates-build-env/linux@sha256:77db811e55d90add9212f6832c23229e3de5f1c1f9905e8cb07319ea15df73ac" "sleep" "infinity", kill_on_drop: false }`
[INFO] [stdout] b407e3d6f925b3885ded6f5b91f55bd22880ce786b46f94f565de663e5869dbd
[INFO] running `Command { std: "docker" "start" "b407e3d6f925b3885ded6f5b91f55bd22880ce786b46f94f565de663e5869dbd", kill_on_drop: false }`
[INFO] running `Command { std: "docker" "inspect" "b407e3d6f925b3885ded6f5b91f55bd22880ce786b46f94f565de663e5869dbd", kill_on_drop: false }`
[INFO] running `Command { std: "docker" "exec" "-e" "SOURCE_DIR=/opt/rustwide/workdir" "-e" "CARGO_HOME=/opt/rustwide/cargo-home" "-e" "RUSTUP_HOME=/opt/rustwide/rustup-home" "-e" "CARGO_TARGET_DIR=/opt/rustwide/target" "-w" "/opt/rustwide/workdir" "--user" "0:0" "b407e3d6f925b3885ded6f5b91f55bd22880ce786b46f94f565de663e5869dbd" "/opt/rustwide/cargo-home/bin/cargo" "+1.100.0-beta.1" "metadata" "--no-deps" "--format-version=1", kill_on_drop: false }`
[INFO] running `Command { std: "docker" "inspect" "b407e3d6f925b3885ded6f5b91f55bd22880ce786b46f94f565de663e5869dbd", kill_on_drop: false }`
[INFO] running `Command { std: "docker" "exec" "-e" "SOURCE_DIR=/opt/rustwide/workdir" "-e" "CARGO_HOME=/opt/rustwide/cargo-home" "-e" "RUSTUP_HOME=/opt/rustwide/rustup-home" "-e" "CARGO_TARGET_DIR=/opt/rustwide/target" "-e" "CARGO_INCREMENTAL=0" "-e" "RUST_BACKTRACE=full" "-e" "RUSTFLAGS=--cap-lints=warn" "-e" "RUSTDOCFLAGS=--cap-lints=warn" "-w" "/opt/rustwide/workdir" "--user" "0:0" "b407e3d6f925b3885ded6f5b91f55bd22880ce786b46f94f565de663e5869dbd" "/opt/rustwide/cargo-home/bin/cargo" "+1.100.0-beta.1" "build" "--frozen" "--message-format=json" "--release", kill_on_drop: false }`
[INFO] [stderr]    Compiling proc-macro2 v1.0.105
[INFO] [stderr]    Compiling quote v1.0.43
[INFO] [stderr]    Compiling futures-core v0.3.31
[INFO] [stderr]    Compiling aho-corasick v1.1.4
[INFO] [stderr]    Compiling clap_lex v0.7.6
[INFO] [stderr]    Compiling sdd v3.0.10
[INFO] [stderr]    Compiling once_cell v1.21.3
[INFO] [stderr]    Compiling parking_lot_core v0.9.12
[INFO] [stderr]    Compiling recase v0.4.0
[INFO] [stderr]    Compiling futures-util v0.3.31
[INFO] [stderr]    Compiling clap_builder v4.5.54
[INFO] [stderr]    Compiling parking_lot v0.12.5
[INFO] [stderr]    Compiling scc v2.4.0
[INFO] [stderr]    Compiling syn v2.0.114
[INFO] [stderr]    Compiling regex-automata v0.4.13
[INFO] [stderr]    Compiling futures-executor v0.3.31
[INFO] [stderr]    Compiling regex v1.12.2
[INFO] [stderr]    Compiling serial_test_derive v3.3.1
[INFO] [stderr]    Compiling clap_derive v4.5.49
[INFO] [stderr]    Compiling thiserror-impl v2.0.17
[INFO] [stderr]    Compiling serial_test v3.3.1
[INFO] [stderr]    Compiling thiserror v2.0.17
[INFO] [stderr]    Compiling clap v4.5.54
[INFO] [stderr]    Compiling grace-cli v0.1.2 (/opt/rustwide/workdir)
[INFO] [stderr] warning: unused dependency `serial_test`
[INFO] [stderr]   --> Cargo.toml:15:15
[INFO] [stderr]    |
[INFO] [stderr] 15 | [dependencies.serial_test]
[INFO] [stderr]    |               ^^^^^^^^^^^^
[INFO] [stderr]    |
[INFO] [stderr]    = note: `cargo::unused_dependencies` is set to `warn` by default
[INFO] [stderr] help: consider removing the dependency on `serial_test`
[INFO] [stderr] warning: `grace-cli` (manifest) generated 1 warning
[INFO] [stderr]     Finished `release` profile [optimized] target(s) in 24.52s
[INFO] running `Command { std: "docker" "inspect" "b407e3d6f925b3885ded6f5b91f55bd22880ce786b46f94f565de663e5869dbd", kill_on_drop: false }`
[INFO] running `Command { std: "docker" "exec" "-e" "SOURCE_DIR=/opt/rustwide/workdir" "-e" "CARGO_HOME=/opt/rustwide/cargo-home" "-e" "RUSTUP_HOME=/opt/rustwide/rustup-home" "-e" "CARGO_TARGET_DIR=/opt/rustwide/target" "-e" "CARGO_INCREMENTAL=0" "-e" "RUST_BACKTRACE=full" "-e" "RUSTFLAGS=--cap-lints=warn" "-e" "RUSTDOCFLAGS=--cap-lints=warn" "-w" "/opt/rustwide/workdir" "--user" "0:0" "b407e3d6f925b3885ded6f5b91f55bd22880ce786b46f94f565de663e5869dbd" "/opt/rustwide/cargo-home/bin/cargo" "+1.100.0-beta.1" "test" "--frozen" "--no-run" "--message-format=json" "--release", kill_on_drop: false }`
[INFO] [stderr]    Compiling grace-cli v0.1.2 (/opt/rustwide/workdir)
[INFO] [stderr] warning: unused dependency `serial_test`
[INFO] [stderr]   --> Cargo.toml:15:15
[INFO] [stderr]    |
[INFO] [stderr] 15 | [dependencies.serial_test]
[INFO] [stderr]    |               ^^^^^^^^^^^^
[INFO] [stderr]    |
[INFO] [stderr]    = note: `cargo::unused_dependencies` is set to `warn` by default
[INFO] [stderr] help: consider removing the dependency on `serial_test`
[INFO] [stderr] help: to still use for development builds, move to `dev-dependencies`
[INFO] [stderr] warning: `grace-cli` (manifest) generated 1 warning
[INFO] [stderr]     Finished `release` profile [optimized] target(s) in 1.27s
[INFO] running `Command { std: "docker" "inspect" "b407e3d6f925b3885ded6f5b91f55bd22880ce786b46f94f565de663e5869dbd", kill_on_drop: false }`
[INFO] running `Command { std: "docker" "exec" "-e" "SOURCE_DIR=/opt/rustwide/workdir" "-e" "CARGO_HOME=/opt/rustwide/cargo-home" "-e" "RUSTUP_HOME=/opt/rustwide/rustup-home" "-e" "CARGO_TARGET_DIR=/opt/rustwide/target" "-e" "CARGO_INCREMENTAL=0" "-e" "RUST_BACKTRACE=full" "-e" "RUSTFLAGS=--cap-lints=warn" "-e" "RUSTDOCFLAGS=--cap-lints=warn" "-w" "/opt/rustwide/workdir" "--user" "0:0" "b407e3d6f925b3885ded6f5b91f55bd22880ce786b46f94f565de663e5869dbd" "/opt/rustwide/cargo-home/bin/cargo" "+1.100.0-beta.1" "test" "--frozen" "--release", kill_on_drop: false }`
[INFO] [stderr] warning: unused dependency `serial_test`
[INFO] [stdout] 
[INFO] [stderr]   --> Cargo.toml:15:15
[INFO] [stdout] running 2 tests
[INFO] [stderr]    |
[INFO] [stdout] test arguments::formats_to_recase::tests::remove_spaces_test ... ok
[INFO] [stderr] 15 | [dependencies.serial_test]
[INFO] [stdout] test core::case::string::tests::new_case_test ... ok
[INFO] [stderr]    |               ^^^^^^^^^^^^
[INFO] [stdout] 
[INFO] [stderr]    |
[INFO] [stdout] test result: ok. 2 passed; 0 failed; 0 ignored; 0 measured; 0 filtered out; finished in 0.00s
[INFO] [stderr]    = note: `cargo::unused_dependencies` is set to `warn` by default
[INFO] [stdout] 
[INFO] [stderr] help: consider removing the dependency on `serial_test`
[INFO] [stdout] 
[INFO] [stderr] help: to still use for development builds, move to `dev-dependencies`
[INFO] [stdout] running 0 tests
[INFO] [stderr] warning: `grace-cli` (manifest) generated 1 warning
[INFO] [stdout] 
[INFO] [stderr]     Finished `release` profile [optimized] target(s) in 0.06s
[INFO] [stdout] test result: ok. 0 passed; 0 failed; 0 ignored; 0 measured; 0 filtered out; finished in 0.00s
[INFO] [stderr]      Running unittests src/lib.rs (/opt/rustwide/target/release/build/grace-cli/920948ec7beee08a/out/grace_cli-920948ec7beee08a)
[INFO] [stdout] 
[INFO] [stderr]      Running unittests src/main.rs (/opt/rustwide/target/release/build/grace-cli/59bcc846f9ba2636/out/grace_cli-59bcc846f9ba2636)
[INFO] [stderr]      Running tests/tests.rs (/opt/rustwide/target/release/build/grace-cli/db7ee4d288a9c08b/out/tests-db7ee4d288a9c08b)
[INFO] [stdout] 
[INFO] [stdout] running 35 tests
[INFO] [stdout] test arguments::sanitize::maybe_sanitize_test ... ok
[INFO] [stdout] test commands::recase::file::test_recase_file_is_directory ... ok
[INFO] [stdout] test commands::recase::string::test_recase_string_all_cases ... ok
[INFO] [stdout] test commands::recase::file::test_extract_file_name_and_extension ... ok
[INFO] [stdout] test commands::recase::file::test_recase_directory_not_found ... ok
[INFO] [stdout] test arguments::formats_to_recase::preprocess_formats_test ... ok
[INFO] [stdout] test commands::recase::file::test_recase_file_none_input ... ok
[INFO] [stdout] test commands::recase::string::test_recase_string_to_camel_case ... ok
[INFO] [stdout] test commands::recase::file::test_recase_file_not_found ... ok
[INFO] [stdout] test arguments::into::map_case_test ... ok
[INFO] [stdout] test core::case::string::sanitize_test ... ok
[INFO] [stdout] test commands::recase::file::test_recase_directory_none_input ... ok
[INFO] [stdout] test commands::recase::string::test_recase_string_to_kebab_case ... ok
[INFO] [stdout] test commands::recase::string::test_recase_string_to_pascal_case ... ok
[INFO] [stdout] test commands::recase::string::test_recase_string_with_sanitize ... ok
[INFO] [stdout] test commands::recase::string::test_recase_string_to_snake_case ... ok
[INFO] [stdout] test commands::recase::file::test_recase_file_success ... FAILED
[INFO] [stdout] test commands::recase::file::test_recase_directory_is_file ... FAILED
[INFO] [stdout] test commands::recase::file::test_recase_directory_success ... FAILED
[INFO] [stdout] test core::file::file::test_read_dir_error ... ok
[INFO] [stdout] test commands::recase::file::test_recase_file_with_sanitize ... FAILED
[INFO] [stdout] test core::file::file::test_rename_error ... ok
[INFO] [stdout] test core::file::file::exist ... ok
[INFO] [stdout] test core::file::file::extension ... ok
[INFO] [stdout] test core::file::file::create_file ... FAILED
[INFO] [stdout] test commands::recase::string::test_recase_string_without_sanitize ... ok
[INFO] [stdout] test core::case::string::recase_test ... ok
[INFO] [stdout] test core::file::file::read_dir ... ok
[INFO] [stdout] test commands::recase::file::test_recase_directory_with_sanitize ... FAILED
[INFO] [stdout] test core::file::file::rename_file ... FAILED
[INFO] [stdout] test core::file::file::test_create_file_error ... FAILED
[INFO] [stdout] test core::file::file::is_file ... ok
[INFO] [stdout] test core::file::file::file_name ... ok
[INFO] [stdout] test core::file::file::file_stem ... ok
[INFO] [stdout] test core::file::file::is_dir ... ok
[INFO] [stdout] 
[INFO] [stdout] failures:
[INFO] [stdout] 
[INFO] [stdout] ---- commands::recase::file::test_recase_file_success stdout ----
[INFO] [stdout] 
[INFO] [stdout] thread 'commands::recase::file::test_recase_file_success' (738) panicked at tests/commands/recase/file.rs:32:42:
[INFO] [stdout] called `Result::unwrap()` on an `Err` value: Os { code: 30, kind: ReadOnlyFilesystem, message: "Read-only file system" }
[INFO] [stdout] stack backtrace:
[INFO] [stdout]    0:     0x644261d60311 - <<std[617be2ca0a6fd877]::sys::backtrace::BacktraceLock>::print::DisplayBacktrace as core[a373ad73a504971]::fmt::Display>::fmt
[INFO] [stdout]    1:     0x644261d7714a - core[a373ad73a504971]::fmt::write
[INFO] [stdout]    2:     0x644261d6484c - <alloc[2e1b2a31b91974c5]::vec::Vec<u8> as core[a373ad73a504971]::io::write::Write>::write_fmt
[INFO] [stdout]    3:     0x644261d3a596 - std[617be2ca0a6fd877]::panicking::default_hook::{closure#0}
[INFO] [stdout]    4:     0x644261d57989 - std[617be2ca0a6fd877]::panicking::default_hook
[INFO] [stdout]    5:     0x644261c12220 - test[aada8e7e76ba119b]::test_main_inner::{closure#0}
[INFO] [stdout]    6:     0x644261d57cb2 - std[617be2ca0a6fd877]::panicking::panic_with_hook
[INFO] [stdout]    7:     0x644261d3a642 - std[617be2ca0a6fd877]::panicking::panic_handler::{closure#0}
[INFO] [stdout]    8:     0x644261d33139 - std[617be2ca0a6fd877]::sys::backtrace::__rust_end_short_backtrace::<std[617be2ca0a6fd877]::panicking::panic_handler::{closure#0}, !>
[INFO] [stdout]    9:     0x644261d3b33d - __rustc[ea4f61d10b84890b]::rust_begin_unwind
[INFO] [stdout]   10:     0x644261d7792c - core[a373ad73a504971]::panicking::panic_fmt
[INFO] [stderr] error: test failed, to rerun pass `--test tests`
[INFO] [stdout]   11:     0x644261d77702 - core[a373ad73a504971]::result::unwrap_failed
[INFO] [stdout]   12:     0x644261bff4dd - <tests[87ba7b390b0f47e5]::commands::recase::file::test_recase_file_success::{closure#0} as core[a373ad73a504971]::ops::function::FnOnce<()>>::call_once
[INFO] [stdout]   13:     0x644261c47457 - serial_test[1837e5d210c28e78]::serial_code_lock::local_serial_core
[INFO] [stdout]   14:     0x644261bfe58d - <tests[87ba7b390b0f47e5]::commands::recase::file::test_recase_file_success::{closure#0} as core[a373ad73a504971]::ops::function::FnOnce<()>>::call_once
[INFO] [stdout]   15:     0x644261c0566b - test[aada8e7e76ba119b]::__rust_begin_short_backtrace::<core[a373ad73a504971]::result::Result<(), alloc[2e1b2a31b91974c5]::string::String>, fn() -> core[a373ad73a504971]::result::Result<(), alloc[2e1b2a31b91974c5]::string::String>>
[INFO] [stdout]   16:     0x644261c12845 - test[aada8e7e76ba119b]::run_test::{closure#0}
[INFO] [stdout]   17:     0x644261c0c134 - std[617be2ca0a6fd877]::sys::backtrace::__rust_begin_short_backtrace::<test[aada8e7e76ba119b]::run_test::{closure#1}, ()>
[INFO] [stdout]   18:     0x644261c158d2 - <std[617be2ca0a6fd877]::thread::lifecycle::spawn_unchecked<test[aada8e7e76ba119b]::run_test::{closure#1}, ()>::{closure#1} as core[a373ad73a504971]::ops::function::FnOnce<()>>::call_once::{shim:vtable#0}
[INFO] [stdout]   19:     0x644261d5f94f - <std[617be2ca0a6fd877]::sys::thread::unix::Thread>::new::thread_start
[INFO] [stdout]   20:     0x7a77f78b3dfa - <unknown>
[INFO] [stdout]   21:     0x7a77f79473d4 - clone
[INFO] [stdout]   22:                0x0 - <unknown>
[INFO] [stdout] 
[INFO] [stdout] ---- commands::recase::file::test_recase_directory_is_file stdout ----
[INFO] [stdout] 
[INFO] [stdout] thread 'commands::recase::file::test_recase_directory_is_file' (730) panicked at tests/commands/recase/file.rs:149:37:
[INFO] [stdout] called `Result::unwrap()` on an `Err` value: Os { code: 30, kind: ReadOnlyFilesystem, message: "Read-only file system" }
[INFO] [stdout] stack backtrace:
[INFO] [stdout]    0:     0x644261d60311 - <<std[617be2ca0a6fd877]::sys::backtrace::BacktraceLock>::print::DisplayBacktrace as core[a373ad73a504971]::fmt::Display>::fmt
[INFO] [stdout]    1:     0x644261d7714a - core[a373ad73a504971]::fmt::write
[INFO] [stdout]    2:     0x644261d6484c - <alloc[2e1b2a31b91974c5]::vec::Vec<u8> as core[a373ad73a504971]::io::write::Write>::write_fmt
[INFO] [stdout]    3:     0x644261d3a596 - std[617be2ca0a6fd877]::panicking::default_hook::{closure#0}
[INFO] [stdout]    4:     0x644261d57989 - std[617be2ca0a6fd877]::panicking::default_hook
[INFO] [stdout]    5:     0x644261c12220 - test[aada8e7e76ba119b]::test_main_inner::{closure#0}
[INFO] [stdout]    6:     0x644261d57cb2 - std[617be2ca0a6fd877]::panicking::panic_with_hook
[INFO] [stdout]    7:     0x644261d3a642 - std[617be2ca0a6fd877]::panicking::panic_handler::{closure#0}
[INFO] [stdout]    8:     0x644261d33139 - std[617be2ca0a6fd877]::sys::backtrace::__rust_end_short_backtrace::<std[617be2ca0a6fd877]::panicking::panic_handler::{closure#0}, !>
[INFO] [stdout]    9:     0x644261d3b33d - __rustc[ea4f61d10b84890b]::rust_begin_unwind
[INFO] [stdout]   10:     0x644261d7792c - core[a373ad73a504971]::panicking::panic_fmt
[INFO] [stdout]   11:     0x644261d77702 - core[a373ad73a504971]::result::unwrap_failed
[INFO] [stdout]   12:     0x644261bfe926 - <tests[87ba7b390b0f47e5]::commands::recase::file::test_recase_directory_is_file::{closure#0} as core[a373ad73a504971]::ops::function::FnOnce<()>>::call_once
[INFO] [stdout]   13:     0x644261c0566b - test[aada8e7e76ba119b]::__rust_begin_short_backtrace::<core[a373ad73a504971]::result::Result<(), alloc[2e1b2a31b91974c5]::string::String>, fn() -> core[a373ad73a504971]::result::Result<(), alloc[2e1b2a31b91974c5]::string::String>>
[INFO] [stdout]   14:     0x644261c12845 - test[aada8e7e76ba119b]::run_test::{closure#0}
[INFO] [stdout]   15:     0x644261c0c134 - std[617be2ca0a6fd877]::sys::backtrace::__rust_begin_short_backtrace::<test[aada8e7e76ba119b]::run_test::{closure#1}, ()>
[INFO] [stdout]   16:     0x644261c158d2 - <std[617be2ca0a6fd877]::thread::lifecycle::spawn_unchecked<test[aada8e7e76ba119b]::run_test::{closure#1}, ()>::{closure#1} as core[a373ad73a504971]::ops::function::FnOnce<()>>::call_once::{shim:vtable#0}
[INFO] [stdout]   17:     0x644261d5f94f - <std[617be2ca0a6fd877]::sys::thread::unix::Thread>::new::thread_start
[INFO] [stdout]   18:     0x7a77f78b3dfa - <unknown>
[INFO] [stdout]   19:     0x7a77f79473d4 - clone
[INFO] [stdout]   20:                0x0 - <unknown>
[INFO] [stdout] 
[INFO] [stdout] ---- commands::recase::file::test_recase_directory_success stdout ----
[INFO] [stdout] 
[INFO] [stdout] thread 'commands::recase::file::test_recase_directory_success' (733) panicked at tests/commands/recase/file.rs:111:34:
[INFO] [stdout] called `Result::unwrap()` on an `Err` value: Os { code: 30, kind: ReadOnlyFilesystem, message: "Read-only file system" }
[INFO] [stdout] stack backtrace:
[INFO] [stdout]    0:     0x644261d60311 - <<std[617be2ca0a6fd877]::sys::backtrace::BacktraceLock>::print::DisplayBacktrace as core[a373ad73a504971]::fmt::Display>::fmt
[INFO] [stdout]    1:     0x644261d7714a - core[a373ad73a504971]::fmt::write
[INFO] [stdout]    2:     0x644261d6484c - <alloc[2e1b2a31b91974c5]::vec::Vec<u8> as core[a373ad73a504971]::io::write::Write>::write_fmt
[INFO] [stdout]    3:     0x644261d3a596 - std[617be2ca0a6fd877]::panicking::default_hook::{closure#0}
[INFO] [stdout]    4:     0x644261d57989 - std[617be2ca0a6fd877]::panicking::default_hook
[INFO] [stdout]    5:     0x644261c12220 - test[aada8e7e76ba119b]::test_main_inner::{closure#0}
[INFO] [stdout]    6:     0x644261d57cb2 - std[617be2ca0a6fd877]::panicking::panic_with_hook
[INFO] [stdout]    7:     0x644261d3a642 - std[617be2ca0a6fd877]::panicking::panic_handler::{closure#0}
[INFO] [stdout]    8:     0x644261d33139 - std[617be2ca0a6fd877]::sys::backtrace::__rust_end_short_backtrace::<std[617be2ca0a6fd877]::panicking::panic_handler::{closure#0}, !>
[INFO] [stdout]    9:     0x644261d3b33d - __rustc[ea4f61d10b84890b]::rust_begin_unwind
[INFO] [stdout]   10:     0x644261d7792c - core[a373ad73a504971]::panicking::panic_fmt
[INFO] [stdout]   11:     0x644261d77702 - core[a373ad73a504971]::result::unwrap_failed
[INFO] [stdout]   12:     0x644261bffa13 - <tests[87ba7b390b0f47e5]::commands::recase::file::test_recase_directory_success::{closure#0} as core[a373ad73a504971]::ops::function::FnOnce<()>>::call_once
[INFO] [stdout]   13:     0x644261c47457 - serial_test[1837e5d210c28e78]::serial_code_lock::local_serial_core
[INFO] [stdout]   14:     0x644261bfea1d - <tests[87ba7b390b0f47e5]::commands::recase::file::test_recase_directory_success::{closure#0} as core[a373ad73a504971]::ops::function::FnOnce<()>>::call_once
[INFO] [stdout]   15:     0x644261c0566b - test[aada8e7e76ba119b]::__rust_begin_short_backtrace::<core[a373ad73a504971]::result::Result<(), alloc[2e1b2a31b91974c5]::string::String>, fn() -> core[a373ad73a504971]::result::Result<(), alloc[2e1b2a31b91974c5]::string::String>>
[INFO] [stdout]   16:     0x644261c12845 - test[aada8e7e76ba119b]::run_test::{closure#0}
[INFO] [stdout]   17:     0x644261c0c134 - std[617be2ca0a6fd877]::sys::backtrace::__rust_begin_short_backtrace::<test[aada8e7e76ba119b]::run_test::{closure#1}, ()>
[INFO] [stdout]   18:     0x644261c158d2 - <std[617be2ca0a6fd877]::thread::lifecycle::spawn_unchecked<test[aada8e7e76ba119b]::run_test::{closure#1}, ()>::{closure#1} as core[a373ad73a504971]::ops::function::FnOnce<()>>::call_once::{shim:vtable#0}
[INFO] [stdout]   19:     0x644261d5f94f - <std[617be2ca0a6fd877]::sys::thread::unix::Thread>::new::thread_start
[INFO] [stdout]   20:     0x7a77f78b3dfa - <unknown>
[INFO] [stdout]   21:     0x7a77f79473d4 - clone
[INFO] [stdout]   22:                0x0 - <unknown>
[INFO] [stdout] 
[INFO] [stdout] ---- commands::recase::file::test_recase_file_with_sanitize stdout ----
[INFO] [stdout] 
[INFO] [stdout] thread 'commands::recase::file::test_recase_file_with_sanitize' (739) panicked at tests/commands/recase/file.rs:81:42:
[INFO] [stdout] called `Result::unwrap()` on an `Err` value: Os { code: 30, kind: ReadOnlyFilesystem, message: "Read-only file system" }
[INFO] [stdout] stack backtrace:
[INFO] [stdout]    0:     0x644261d60311 - <<std[617be2ca0a6fd877]::sys::backtrace::BacktraceLock>::print::DisplayBacktrace as core[a373ad73a504971]::fmt::Display>::fmt
[INFO] [stdout]    1:     0x644261d7714a - core[a373ad73a504971]::fmt::write
[INFO] [stdout]    2:     0x644261d6484c - <alloc[2e1b2a31b91974c5]::vec::Vec<u8> as core[a373ad73a504971]::io::write::Write>::write_fmt
[INFO] [stdout]    3:     0x644261d3a596 - std[617be2ca0a6fd877]::panicking::default_hook::{closure#0}
[INFO] [stdout]    4:     0x644261d57989 - std[617be2ca0a6fd877]::panicking::default_hook
[INFO] [stdout]    5:     0x644261c12220 - test[aada8e7e76ba119b]::test_main_inner::{closure#0}
[INFO] [stdout]    6:     0x644261d57cb2 - std[617be2ca0a6fd877]::panicking::panic_with_hook
[INFO] [stdout]    7:     0x644261d3a642 - std[617be2ca0a6fd877]::panicking::panic_handler::{closure#0}
[INFO] [stdout]    8:     0x644261d33139 - std[617be2ca0a6fd877]::sys::backtrace::__rust_end_short_backtrace::<std[617be2ca0a6fd877]::panicking::panic_handler::{closure#0}, !>
[INFO] [stdout]    9:     0x644261d3b33d - __rustc[ea4f61d10b84890b]::rust_begin_unwind
[INFO] [stdout]   10:     0x644261d7792c - core[a373ad73a504971]::panicking::panic_fmt
[INFO] [stdout]   11:     0x644261d77702 - core[a373ad73a504971]::result::unwrap_failed
[INFO] [stdout]   12:     0x644261c000c7 - <tests[87ba7b390b0f47e5]::commands::recase::file::test_recase_file_with_sanitize::{closure#0} as core[a373ad73a504971]::ops::function::FnOnce<()>>::call_once
[INFO] [stdout]   13:     0x644261c47457 - serial_test[1837e5d210c28e78]::serial_code_lock::local_serial_core
[INFO] [stdout]   14:     0x644261bfebcd - <tests[87ba7b390b0f47e5]::commands::recase::file::test_recase_file_with_sanitize::{closure#0} as core[a373ad73a504971]::ops::function::FnOnce<()>>::call_once
[INFO] [stdout]   15:     0x644261c0566b - test[aada8e7e76ba119b]::__rust_begin_short_backtrace::<core[a373ad73a504971]::result::Result<(), alloc[2e1b2a31b91974c5]::string::String>, fn() -> core[a373ad73a504971]::result::Result<(), alloc[2e1b2a31b91974c5]::string::String>>
[INFO] [stdout]   16:     0x644261c12845 - test[aada8e7e76ba119b]::run_test::{closure#0}
[INFO] [stdout]   17:     0x644261c0c134 - std[617be2ca0a6fd877]::sys::backtrace::__rust_begin_short_backtrace::<test[aada8e7e76ba119b]::run_test::{closure#1}, ()>
[INFO] [stdout]   18:     0x644261c158d2 - <std[617be2ca0a6fd877]::thread::lifecycle::spawn_unchecked<test[aada8e7e76ba119b]::run_test::{closure#1}, ()>::{closure#1} as core[a373ad73a504971]::ops::function::FnOnce<()>>::call_once::{shim:vtable#0}
[INFO] [stdout]   19:     0x644261d5f94f - <std[617be2ca0a6fd877]::sys::thread::unix::Thread>::new::thread_start
[INFO] [stdout]   20:     0x7a77f78b3dfa - <unknown>
[INFO] [stdout]   21:     0x7a77f79473d4 - clone
[INFO] [stdout]   22:                0x0 - <unknown>
[INFO] [stdout] 
[INFO] [stdout] ---- core::file::file::create_file stdout ----
[INFO] [stdout] 
[INFO] [stdout] thread 'core::file::file::create_file' (749) panicked at tests/core/file/file.rs:132:24:
[INFO] [stdout] called `Result::unwrap()` on an `Err` value: CreateFileError("Read-only file system (os error 30)")
[INFO] [stdout] stack backtrace:
[INFO] [stdout]    0:     0x644261d60311 - <<std[617be2ca0a6fd877]::sys::backtrace::BacktraceLock>::print::DisplayBacktrace as core[a373ad73a504971]::fmt::Display>::fmt
[INFO] [stdout]    1:     0x644261d7714a - core[a373ad73a504971]::fmt::write
[INFO] [stdout]    2:     0x644261d6484c - <alloc[2e1b2a31b91974c5]::vec::Vec<u8> as core[a373ad73a504971]::io::write::Write>::write_fmt
[INFO] [stdout]    3:     0x644261d3a596 - std[617be2ca0a6fd877]::panicking::default_hook::{closure#0}
[INFO] [stdout]    4:     0x644261d57989 - std[617be2ca0a6fd877]::panicking::default_hook
[INFO] [stdout]    5:     0x644261c12220 - test[aada8e7e76ba119b]::test_main_inner::{closure#0}
[INFO] [stdout]    6:     0x644261d57cb2 - std[617be2ca0a6fd877]::panicking::panic_with_hook
[INFO] [stdout]    7:     0x644261d3a642 - std[617be2ca0a6fd877]::panicking::panic_handler::{closure#0}
[INFO] [stdout]    8:     0x644261d33139 - std[617be2ca0a6fd877]::sys::backtrace::__rust_end_short_backtrace::<std[617be2ca0a6fd877]::panicking::panic_handler::{closure#0}, !>
[INFO] [stdout]    9:     0x644261d3b33d - __rustc[ea4f61d10b84890b]::rust_begin_unwind
[INFO] [stdout]   10:     0x644261d7792c - core[a373ad73a504971]::panicking::panic_fmt
[INFO] [stdout]   11:     0x644261d77702 - core[a373ad73a504971]::result::unwrap_failed
[INFO] [stdout]   12:     0x644261c01ec0 - <tests[87ba7b390b0f47e5]::core::file::file::create_file::{closure#0} as core[a373ad73a504971]::ops::function::FnOnce<()>>::call_once
[INFO] [stdout]   13:     0x644261c47457 - serial_test[1837e5d210c28e78]::serial_code_lock::local_serial_core
[INFO] [stdout]   14:     0x644261c017ed - <tests[87ba7b390b0f47e5]::core::file::file::create_file::{closure#0} as core[a373ad73a504971]::ops::function::FnOnce<()>>::call_once
[INFO] [stdout]   15:     0x644261c0566b - test[aada8e7e76ba119b]::__rust_begin_short_backtrace::<core[a373ad73a504971]::result::Result<(), alloc[2e1b2a31b91974c5]::string::String>, fn() -> core[a373ad73a504971]::result::Result<(), alloc[2e1b2a31b91974c5]::string::String>>
[INFO] [stdout]   16:     0x644261c12845 - test[aada8e7e76ba119b]::run_test::{closure#0}
[INFO] [stdout]   17:     0x644261c0c134 - std[617be2ca0a6fd877]::sys::backtrace::__rust_begin_short_backtrace::<test[aada8e7e76ba119b]::run_test::{closure#1}, ()>
[INFO] [stdout]   18:     0x644261c158d2 - <std[617be2ca0a6fd877]::thread::lifecycle::spawn_unchecked<test[aada8e7e76ba119b]::run_test::{closure#1}, ()>::{closure#1} as core[a373ad73a504971]::ops::function::FnOnce<()>>::call_once::{shim:vtable#0}
[INFO] [stdout]   19:     0x644261d5f94f - <std[617be2ca0a6fd877]::sys::thread::unix::Thread>::new::thread_start
[INFO] [stdout]   20:     0x7a77f78b3dfa - <unknown>
[INFO] [stdout]   21:     0x7a77f79473d4 - clone
[INFO] [stdout]   22:                0x0 - <unknown>
[INFO] [stdout] 
[INFO] [stdout] ---- commands::recase::file::test_recase_directory_with_sanitize stdout ----
[INFO] [stdout] 
[INFO] [stdout] thread 'commands::recase::file::test_recase_directory_with_sanitize' (734) panicked at tests/commands/recase/file.rs:164:34:
[INFO] [stdout] called `Result::unwrap()` on an `Err` value: Os { code: 30, kind: ReadOnlyFilesystem, message: "Read-only file system" }
[INFO] [stdout] stack backtrace:
[INFO] [stdout]    0:     0x644261d60311 - <<std[617be2ca0a6fd877]::sys::backtrace::BacktraceLock>::print::DisplayBacktrace as core[a373ad73a504971]::fmt::Display>::fmt
[INFO] [stdout]    1:     0x644261d7714a - core[a373ad73a504971]::fmt::write
[INFO] [stdout]    2:     0x644261d6484c - <alloc[2e1b2a31b91974c5]::vec::Vec<u8> as core[a373ad73a504971]::io::write::Write>::write_fmt
[INFO] [stdout]    3:     0x644261d3a596 - std[617be2ca0a6fd877]::panicking::default_hook::{closure#0}
[INFO] [stdout]    4:     0x644261d57989 - std[617be2ca0a6fd877]::panicking::default_hook
[INFO] [stdout]    5:     0x644261c12220 - test[aada8e7e76ba119b]::test_main_inner::{closure#0}
[INFO] [stdout]    6:     0x644261d57cb2 - std[617be2ca0a6fd877]::panicking::panic_with_hook
[INFO] [stdout]    7:     0x644261d3a642 - std[617be2ca0a6fd877]::panicking::panic_handler::{closure#0}
[INFO] [stdout]    8:     0x644261d33139 - std[617be2ca0a6fd877]::sys::backtrace::__rust_end_short_backtrace::<std[617be2ca0a6fd877]::panicking::panic_handler::{closure#0}, !>
[INFO] [stdout]    9:     0x644261d3b33d - __rustc[ea4f61d10b84890b]::rust_begin_unwind
[INFO] [stdout]   10:     0x644261d7792c - core[a373ad73a504971]::panicking::panic_fmt
[INFO] [stdout]   11:     0x644261d77702 - core[a373ad73a504971]::result::unwrap_failed
[INFO] [stdout]   12:     0x644261c006b3 - <tests[87ba7b390b0f47e5]::commands::recase::file::test_recase_directory_with_sanitize::{closure#0} as core[a373ad73a504971]::ops::function::FnOnce<()>>::call_once
[INFO] [stdout]   13:     0x644261c47457 - serial_test[1837e5d210c28e78]::serial_code_lock::local_serial_core
[INFO] [stdout]   14:     0x644261bfee6d - <tests[87ba7b390b0f47e5]::commands::recase::file::test_recase_directory_with_sanitize::{closure#0} as core[a373ad73a504971]::ops::function::FnOnce<()>>::call_once
[INFO] [stdout]   15:     0x644261c0566b - test[aada8e7e76ba119b]::__rust_begin_short_backtrace::<core[a373ad73a504971]::result::Result<(), alloc[2e1b2a31b91974c5]::string::String>, fn() -> core[a373ad73a504971]::result::Result<(), alloc[2e1b2a31b91974c5]::string::String>>
[INFO] [stdout]   16:     0x644261c12845 - test[aada8e7e76ba119b]::run_test::{closure#0}
[INFO] [stdout]   17:     0x644261c0c134 - std[617be2ca0a6fd877]::sys::backtrace::__rust_begin_short_backtrace::<test[aada8e7e76ba119b]::run_test::{closure#1}, ()>
[INFO] [stdout]   18:     0x644261c158d2 - <std[617be2ca0a6fd877]::thread::lifecycle::spawn_unchecked<test[aada8e7e76ba119b]::run_test::{closure#1}, ()>::{closure#1} as core[a373ad73a504971]::ops::function::FnOnce<()>>::call_once::{shim:vtable#0}
[INFO] [stdout]   19:     0x644261d5f94f - <std[617be2ca0a6fd877]::sys::thread::unix::Thread>::new::thread_start
[INFO] [stdout]   20:     0x7a77f78b3dfa - <unknown>
[INFO] [stdout]   21:     0x7a77f79473d4 - clone
[INFO] [stdout]   22:                0x0 - <unknown>
[INFO] [stdout] 
[INFO] [stdout] ---- core::file::file::rename_file stdout ----
[INFO] [stdout] 
[INFO] [stdout] thread 'core::file::file::rename_file' (757) panicked at tests/core/file/file.rs:153:24:
[INFO] [stdout] called `Result::unwrap()` on an `Err` value: CreateFileError("Read-only file system (os error 30)")
[INFO] [stdout] stack backtrace:
[INFO] [stdout]    0:     0x644261d60311 - <<std[617be2ca0a6fd877]::sys::backtrace::BacktraceLock>::print::DisplayBacktrace as core[a373ad73a504971]::fmt::Display>::fmt
[INFO] [stdout]    1:     0x644261d7714a - core[a373ad73a504971]::fmt::write
[INFO] [stdout]    2:     0x644261d6484c - <alloc[2e1b2a31b91974c5]::vec::Vec<u8> as core[a373ad73a504971]::io::write::Write>::write_fmt
[INFO] [stdout]    3:     0x644261d3a596 - std[617be2ca0a6fd877]::panicking::default_hook::{closure#0}
[INFO] [stdout]    4:     0x644261d57989 - std[617be2ca0a6fd877]::panicking::default_hook
[INFO] [stdout]    5:     0x644261c12220 - test[aada8e7e76ba119b]::test_main_inner::{closure#0}
[INFO] [stdout]    6:     0x644261d57cb2 - std[617be2ca0a6fd877]::panicking::panic_with_hook
[INFO] [stdout]    7:     0x644261d3a642 - std[617be2ca0a6fd877]::panicking::panic_handler::{closure#0}
[INFO] [stdout]    8:     0x644261d33139 - std[617be2ca0a6fd877]::sys::backtrace::__rust_end_short_backtrace::<std[617be2ca0a6fd877]::panicking::panic_handler::{closure#0}, !>
[INFO] [stdout]    9:     0x644261d3b33d - __rustc[ea4f61d10b84890b]::rust_begin_unwind
[INFO] [stdout]   10:     0x644261d7792c - core[a373ad73a504971]::panicking::panic_fmt
[INFO] [stdout]   11:     0x644261d77702 - core[a373ad73a504971]::result::unwrap_failed
[INFO] [stdout]   12:     0x644261c020b8 - <tests[87ba7b390b0f47e5]::core::file::file::rename_file::{closure#0} as core[a373ad73a504971]::ops::function::FnOnce<()>>::call_once
[INFO] [stdout]   13:     0x644261c47457 - serial_test[1837e5d210c28e78]::serial_code_lock::local_serial_core
[INFO] [stdout]   14:     0x644261c0186d - <tests[87ba7b390b0f47e5]::core::file::file::rename_file::{closure#0} as core[a373ad73a504971]::ops::function::FnOnce<()>>::call_once
[INFO] [stdout]   15:     0x644261c0566b - test[aada8e7e76ba119b]::__rust_begin_short_backtrace::<core[a373ad73a504971]::result::Result<(), alloc[2e1b2a31b91974c5]::string::String>, fn() -> core[a373ad73a504971]::result::Result<(), alloc[2e1b2a31b91974c5]::string::String>>
[INFO] [stdout]   16:     0x644261c12845 - test[aada8e7e76ba119b]::run_test::{closure#0}
[INFO] [stdout]   17:     0x644261c0c134 - std[617be2ca0a6fd877]::sys::backtrace::__rust_begin_short_backtrace::<test[aada8e7e76ba119b]::run_test::{closure#1}, ()>
[INFO] [stdout]   18:     0x644261c158d2 - <std[617be2ca0a6fd877]::thread::lifecycle::spawn_unchecked<test[aada8e7e76ba119b]::run_test::{closure#1}, ()>::{closure#1} as core[a373ad73a504971]::ops::function::FnOnce<()>>::call_once::{shim:vtable#0}
[INFO] [stdout]   19:     0x644261d5f94f - <std[617be2ca0a6fd877]::sys::thread::unix::Thread>::new::thread_start
[INFO] [stdout]   20:     0x7a77f78b3dfa - <unknown>
[INFO] [stdout]   21:     0x7a77f79473d4 - clone
[INFO] [stdout]   22:                0x0 - <unknown>
[INFO] [stdout] 
[INFO] [stdout] ---- core::file::file::test_create_file_error stdout ----
[INFO] [stdout] 
[INFO] [stdout] thread 'core::file::file::test_create_file_error' (758) panicked at tests/core/file/file.rs:214:5:
[INFO] [stdout] assertion failed: result.is_err()
[INFO] [stdout] stack backtrace:
[INFO] [stdout]    0:     0x644261d60311 - <<std[617be2ca0a6fd877]::sys::backtrace::BacktraceLock>::print::DisplayBacktrace as core[a373ad73a504971]::fmt::Display>::fmt
[INFO] [stdout]    1:     0x644261d7714a - core[a373ad73a504971]::fmt::write
[INFO] [stdout]    2:     0x644261d6484c - <alloc[2e1b2a31b91974c5]::vec::Vec<u8> as core[a373ad73a504971]::io::write::Write>::write_fmt
[INFO] [stdout]    3:     0x644261d3a596 - std[617be2ca0a6fd877]::panicking::default_hook::{closure#0}
[INFO] [stdout]    4:     0x644261d57989 - std[617be2ca0a6fd877]::panicking::default_hook
[INFO] [stdout]    5:     0x644261c12220 - test[aada8e7e76ba119b]::test_main_inner::{closure#0}
[INFO] [stdout]    6:     0x644261d57cb2 - std[617be2ca0a6fd877]::panicking::panic_with_hook
[INFO] [stdout]    7:     0x644261d3a674 - std[617be2ca0a6fd877]::panicking::panic_handler::{closure#0}
[INFO] [stdout]    8:     0x644261d33139 - std[617be2ca0a6fd877]::sys::backtrace::__rust_end_short_backtrace::<std[617be2ca0a6fd877]::panicking::panic_handler::{closure#0}, !>
[INFO] [stdout]    9:     0x644261d3b33d - __rustc[ea4f61d10b84890b]::rust_begin_unwind
[INFO] [stdout]   10:     0x644261d7792c - core[a373ad73a504971]::panicking::panic_fmt
[INFO] [stdout]   11:     0x644261d778f2 - core[a373ad73a504971]::panicking::panic
[INFO] [stdout]   12:     0x644261c023f4 - <tests[87ba7b390b0f47e5]::core::file::file::test_create_file_error::{closure#0} as core[a373ad73a504971]::ops::function::FnOnce<()>>::call_once
[INFO] [stdout]   13:     0x644261c47457 - serial_test[1837e5d210c28e78]::serial_code_lock::local_serial_core
[INFO] [stdout]   14:     0x644261c019ed - <tests[87ba7b390b0f47e5]::core::file::file::test_create_file_error::{closure#0} as core[a373ad73a504971]::ops::function::FnOnce<()>>::call_once
[INFO] [stdout]   15:     0x644261c0566b - test[aada8e7e76ba119b]::__rust_begin_short_backtrace::<core[a373ad73a504971]::result::Result<(), alloc[2e1b2a31b91974c5]::string::String>, fn() -> core[a373ad73a504971]::result::Result<(), alloc[2e1b2a31b91974c5]::string::String>>
[INFO] [stdout]   16:     0x644261c12845 - test[aada8e7e76ba119b]::run_test::{closure#0}
[INFO] [stdout]   17:     0x644261c0c134 - std[617be2ca0a6fd877]::sys::backtrace::__rust_begin_short_backtrace::<test[aada8e7e76ba119b]::run_test::{closure#1}, ()>
[INFO] [stdout]   18:     0x644261c158d2 - <std[617be2ca0a6fd877]::thread::lifecycle::spawn_unchecked<test[aada8e7e76ba119b]::run_test::{closure#1}, ()>::{closure#1} as core[a373ad73a504971]::ops::function::FnOnce<()>>::call_once::{shim:vtable#0}
[INFO] [stdout]   19:     0x644261d5f94f - <std[617be2ca0a6fd877]::sys::thread::unix::Thread>::new::thread_start
[INFO] [stdout]   20:     0x7a77f78b3dfa - <unknown>
[INFO] [stdout]   21:     0x7a77f79473d4 - clone
[INFO] [stdout]   22:                0x0 - <unknown>
[INFO] [stdout] 
[INFO] [stdout] 
[INFO] [stdout] failures:
[INFO] [stdout]     commands::recase::file::test_recase_directory_is_file
[INFO] [stdout]     commands::recase::file::test_recase_directory_success
[INFO] [stdout]     commands::recase::file::test_recase_directory_with_sanitize
[INFO] [stdout]     commands::recase::file::test_recase_file_success
[INFO] [stdout]     commands::recase::file::test_recase_file_with_sanitize
[INFO] [stdout]     core::file::file::create_file
[INFO] [stdout]     core::file::file::rename_file
[INFO] [stdout]     core::file::file::test_create_file_error
[INFO] [stdout] 
[INFO] [stdout] test result: FAILED. 27 passed; 8 failed; 0 ignored; 0 measured; 0 filtered out; finished in 1.01s
[INFO] [stdout] 
[INFO] running `Command { std: "docker" "inspect" "b407e3d6f925b3885ded6f5b91f55bd22880ce786b46f94f565de663e5869dbd", kill_on_drop: false }`
[INFO] running `Command { std: "docker" "rm" "-f" "b407e3d6f925b3885ded6f5b91f55bd22880ce786b46f94f565de663e5869dbd", kill_on_drop: false }`
[INFO] [stdout] b407e3d6f925b3885ded6f5b91f55bd22880ce786b46f94f565de663e5869dbd
