[INFO] fetching crate grab-meta 0.1.4...
[INFO] testing grab-meta-0.1.4 against 1.100.0-beta.1+cargoflags=--release for beta-release-1.100-2
[INFO] extracting crate grab-meta 0.1.4 into /workspace/builds/worker-4-tc2/source
[INFO] started tweaking crates.io crate grab-meta 0.1.4
[INFO] finished tweaking crates.io crate grab-meta 0.1.4
[INFO] tweaked toml for crates.io crate grab-meta 0.1.4 written to /workspace/builds/worker-4-tc2/source/Cargo.toml
[INFO] validating manifest of crates.io crate grab-meta 0.1.4 on toolchain 1.100.0-beta.1
[INFO] running `Command { std: CARGO_HOME="/workspace/cargo-home" RUSTUP_HOME="/workspace/rustup-home" "/workspace/cargo-home/bin/cargo" "+1.100.0-beta.1" "metadata" "--manifest-path" "Cargo.toml" "--no-deps", kill_on_drop: false }`
[INFO] running `Command { std: CARGO_HOME="/workspace/cargo-home" RUSTUP_HOME="/workspace/rustup-home" "/workspace/cargo-home/bin/cargo" "+1.100.0-beta.1" "generate-lockfile" "--manifest-path" "Cargo.toml", kill_on_drop: false }`
[INFO] [stderr]     Updating crates.io index
[INFO] [stderr]      Locking 194 packages to highest compatible versions
[INFO] [stderr]       Adding reqwest v0.10.10 (available: v0.13.5)
[INFO] [stderr]       Adding select v0.5.0 (available: v0.6.1)
[INFO] [stderr]       Adding tokio v0.2.25 (available: v1.53.3)
[INFO] [stderr]       Adding wasi v0.10.0+wasi-snapshot-preview1 (available: v0.10.2+wasi-snapshot-preview1)
[INFO] running `Command { std: CARGO_HOME="/workspace/cargo-home" RUSTUP_HOME="/workspace/rustup-home" "/workspace/cargo-home/bin/cargo" "+1.100.0-beta.1" "fetch" "--manifest-path" "Cargo.toml", kill_on_drop: false }`
[INFO] running `Command { std: "docker" "create" "-v" "/var/lib/crater-agent-workspace/builds/worker-4-tc2/source:/opt/rustwide/workdir:ro,Z" "-v" "/var/lib/crater-agent-workspace/builds/worker-4-tc2/target:/opt/rustwide/target:rw,Z" "-v" "/var/lib/crater-agent-workspace/cargo-home:/opt/rustwide/cargo-home:ro,Z" "-v" "/var/lib/crater-agent-workspace/rustup-home:/opt/rustwide/rustup-home:ro,Z" "-m" "1610612736" "--network" "none" "ghcr.io/rust-lang/crates-build-env/linux@sha256:77db811e55d90add9212f6832c23229e3de5f1c1f9905e8cb07319ea15df73ac" "sleep" "infinity", kill_on_drop: false }`
[INFO] [stdout] c39547dfdcffb864c3a10e5cbc91f8aad8662586d8866b4858e4fe01ede7ca92
[INFO] running `Command { std: "docker" "start" "c39547dfdcffb864c3a10e5cbc91f8aad8662586d8866b4858e4fe01ede7ca92", kill_on_drop: false }`
[INFO] running `Command { std: "docker" "inspect" "c39547dfdcffb864c3a10e5cbc91f8aad8662586d8866b4858e4fe01ede7ca92", kill_on_drop: false }`
[INFO] running `Command { std: "docker" "exec" "-e" "SOURCE_DIR=/opt/rustwide/workdir" "-e" "CARGO_HOME=/opt/rustwide/cargo-home" "-e" "RUSTUP_HOME=/opt/rustwide/rustup-home" "-e" "CARGO_TARGET_DIR=/opt/rustwide/target" "-w" "/opt/rustwide/workdir" "--user" "0:0" "c39547dfdcffb864c3a10e5cbc91f8aad8662586d8866b4858e4fe01ede7ca92" "/opt/rustwide/cargo-home/bin/cargo" "+1.100.0-beta.1" "metadata" "--no-deps" "--format-version=1", kill_on_drop: false }`
[INFO] running `Command { std: "docker" "inspect" "c39547dfdcffb864c3a10e5cbc91f8aad8662586d8866b4858e4fe01ede7ca92", kill_on_drop: false }`
[INFO] running `Command { std: "docker" "exec" "-e" "SOURCE_DIR=/opt/rustwide/workdir" "-e" "CARGO_HOME=/opt/rustwide/cargo-home" "-e" "RUSTUP_HOME=/opt/rustwide/rustup-home" "-e" "CARGO_TARGET_DIR=/opt/rustwide/target" "-e" "CARGO_INCREMENTAL=0" "-e" "RUST_BACKTRACE=full" "-e" "RUSTFLAGS=--cap-lints=warn" "-e" "RUSTDOCFLAGS=--cap-lints=warn" "-w" "/opt/rustwide/workdir" "--user" "0:0" "c39547dfdcffb864c3a10e5cbc91f8aad8662586d8866b4858e4fe01ede7ca92" "/opt/rustwide/cargo-home/bin/cargo" "+1.100.0-beta.1" "build" "--frozen" "--message-format=json" "--release", kill_on_drop: false }`
[INFO] [stderr]    Compiling libc v0.2.191
[INFO] [stderr]    Compiling syn v3.0.9
[INFO] [stderr]    Compiling syn v1.0.109
[INFO] [stderr]    Compiling zerocopy v0.8.63
[INFO] [stderr]    Compiling smallvec v1.16.3
[INFO] [stderr]    Compiling syn v2.0.119
[INFO] [stderr]    Compiling find-msvc-tools v0.1.14
[INFO] [stderr]    Compiling serde v1.0.229
[INFO] [stderr]    Compiling cc v1.8.0
[INFO] [stderr]    Compiling cfg-if v0.1.10
[INFO] [stderr]    Compiling siphasher v0.3.11
[INFO] [stderr]    Compiling siphasher v1.0.4
[INFO] [stderr]    Compiling phf_shared v0.11.3
[INFO] [stderr]    Compiling phf_shared v0.8.0
[INFO] [stderr]    Compiling rand v0.8.8
[INFO] [stderr]    Compiling phf_generator v0.11.3
[INFO] [stderr]    Compiling getrandom v0.1.16
[INFO] [stderr]    Compiling net2 v0.2.39
[INFO] [stderr]    Compiling rand_core v0.5.1
[INFO] [stderr]    Compiling rand_pcg v0.2.1
[INFO] [stderr]    Compiling iovec v0.1.4
[INFO] [stderr]    Compiling mio v0.6.23
[INFO] [stderr]    Compiling errno v0.3.14
[INFO] [stderr]    Compiling bytes v0.5.6
[INFO] [stderr]    Compiling signal-hook-registry v1.4.8
[INFO] [stderr]    Compiling openssl-sys v0.9.117
[INFO] [stderr]    Compiling num_cpus v1.17.0
[INFO] [stderr]    Compiling mio-uds v0.6.8
[INFO] [stderr]    Compiling parking_lot_core v0.9.12
[INFO] [stderr]    Compiling string_cache_codegen v0.5.4
[INFO] [stderr]    Compiling pin-project-lite v0.1.12
[INFO] [stderr]    Compiling indexmap v1.9.3
[INFO] [stderr]    Compiling parking_lot v0.12.5
[INFO] [stderr]    Compiling openssl v0.10.81
[INFO] [stderr]    Compiling string_cache v0.8.9
[INFO] [stderr]    Compiling phf v0.8.0
[INFO] [stderr]    Compiling bitflags v2.13.2
[INFO] [stderr]    Compiling futures-util v0.3.34
[INFO] [stderr]    Compiling native-tls v0.2.18
[INFO] [stderr]    Compiling synstructure v0.14.0
[INFO] [stderr]    Compiling unicase v2.10.0
[INFO] [stderr]    Compiling mime_guess v2.0.5
[INFO] [stderr]    Compiling pin-project-internal v1.1.13
[INFO] [stderr]    Compiling openssl-macros v0.1.1
[INFO] [stderr]    Compiling want v0.3.2
[INFO] [stderr]    Compiling encoding_rs v0.8.42
[INFO] [stderr]    Compiling http-body v0.3.1
[INFO] [stderr]    Compiling socket2 v0.3.19
[INFO] [stderr]    Compiling time v0.1.45
[INFO] [stderr]    Compiling ppv-lite86 v0.2.21
[INFO] [stderr]    Compiling pin-project v1.1.13
[INFO] [stderr]    Compiling httpdate v0.3.2
[INFO] [stderr]    Compiling tracing-futures v0.2.5
[INFO] [stderr]    Compiling itoa v0.4.8
[INFO] [stderr]    Compiling rand_chacha v0.2.2
[INFO] [stderr]    Compiling serde_json v1.0.154
[INFO] [stderr]    Compiling bit-vec v0.6.3
[INFO] [stderr]    Compiling rand v0.7.3
[INFO] [stderr]    Compiling bit-set v0.5.3
[INFO] [stderr]    Compiling serde_urlencoded v0.7.1
[INFO] [stderr]    Compiling zerofrom-derive v0.1.8
[INFO] [stderr]    Compiling yoke-derive v0.8.4
[INFO] [stderr]    Compiling zerovec-derive v0.11.6
[INFO] [stderr]    Compiling displaydoc v0.2.7
[INFO] [stderr]    Compiling tokio-macros v0.2.6
[INFO] [stderr]    Compiling phf_generator v0.8.0
[INFO] [stderr]    Compiling phf_codegen v0.8.0
[INFO] [stderr]    Compiling markup5ever v0.10.1
[INFO] [stderr]    Compiling tokio v0.2.25
[INFO] [stderr]    Compiling zerofrom v0.1.8
[INFO] [stderr]    Compiling html5ever v0.25.2
[INFO] [stderr]    Compiling yoke v0.8.3
[INFO] [stderr]    Compiling base64 v0.13.1
[INFO] [stderr]    Compiling zerotrie v0.2.5
[INFO] [stderr]    Compiling zerovec v0.11.8
[INFO] [stderr]    Compiling serde_derive v1.0.229
[INFO] [stderr]    Compiling tinystr v0.8.4
[INFO] [stderr]    Compiling icu_locale_core v2.3.0
[INFO] [stderr]    Compiling potential_utf v0.1.6
[INFO] [stderr]    Compiling icu_collections v2.3.0
[INFO] [stderr]    Compiling icu_provider v2.3.1
[INFO] [stderr]    Compiling icu_properties v2.3.0
[INFO] [stderr]    Compiling icu_normalizer v2.3.0
[INFO] [stderr]    Compiling xml5ever v0.16.2
[INFO] [stderr]    Compiling markup5ever_rcdom v0.1.0
[INFO] [stderr]    Compiling tokio-util v0.3.1
[INFO] [stderr]    Compiling idna_adapter v1.2.2
[INFO] [stderr]    Compiling idna v1.1.0
[INFO] [stderr]    Compiling tokio-tls v0.3.1
[INFO] [stderr]    Compiling select v0.5.0
[INFO] [stderr]    Compiling h2 v0.2.7
[INFO] [stderr]    Compiling url v2.5.8
[INFO] [stderr]    Compiling hyper v0.13.10
[INFO] [stderr]    Compiling hyper-tls v0.4.3
[INFO] [stderr]    Compiling reqwest v0.10.10
[INFO] [stderr]    Compiling grab-meta v0.1.4 (/opt/rustwide/workdir)
[INFO] [stdout] warning: field `meta` is never read
[INFO] [stdout]   --> src/meta.rs:28:5
[INFO] [stdout]    |
[INFO] [stdout] 27 | pub struct MetaIterator {
[INFO] [stdout]    |            ------------ field in this struct
[INFO] [stdout] 28 |     meta: MetaType,
[INFO] [stdout]    |     ^^^^
[INFO] [stdout]    |
[INFO] [stdout]    = note: `MetaIterator` has derived impls for the traits `Clone` and `Debug`, but these are intentionally ignored during dead code analysis
[INFO] [stdout]    = note: `#[warn(dead_code)]` (part of `#[warn(unused)]`) on by default
[INFO] [stdout] 
[INFO] [stdout] 
[INFO] [stderr]     Finished `release` profile [optimized] target(s) in 2m 37s
[INFO] [stderr] warning: the following packages contain code that will be rejected by a future version of Rust: xml5ever v0.16.2
[INFO] [stderr] note: to see what the problems were, use the option `--future-incompat-report`, or run `cargo report future-incompatibilities --id 5`
[INFO] running `Command { std: "docker" "inspect" "c39547dfdcffb864c3a10e5cbc91f8aad8662586d8866b4858e4fe01ede7ca92", kill_on_drop: false }`
[INFO] running `Command { std: "docker" "exec" "-e" "SOURCE_DIR=/opt/rustwide/workdir" "-e" "CARGO_HOME=/opt/rustwide/cargo-home" "-e" "RUSTUP_HOME=/opt/rustwide/rustup-home" "-e" "CARGO_TARGET_DIR=/opt/rustwide/target" "-e" "CARGO_INCREMENTAL=0" "-e" "RUST_BACKTRACE=full" "-e" "RUSTFLAGS=--cap-lints=warn" "-e" "RUSTDOCFLAGS=--cap-lints=warn" "-w" "/opt/rustwide/workdir" "--user" "0:0" "c39547dfdcffb864c3a10e5cbc91f8aad8662586d8866b4858e4fe01ede7ca92" "/opt/rustwide/cargo-home/bin/cargo" "+1.100.0-beta.1" "test" "--frozen" "--no-run" "--message-format=json" "--release", kill_on_drop: false }`
[INFO] [stderr]    Compiling grab-meta v0.1.4 (/opt/rustwide/workdir)
[INFO] [stdout] warning: field `meta` is never read
[INFO] [stdout]   --> src/meta.rs:28:5
[INFO] [stdout]    |
[INFO] [stdout] 27 | pub struct MetaIterator {
[INFO] [stdout]    |            ------------ field in this struct
[INFO] [stdout] 28 |     meta: MetaType,
[INFO] [stdout]    |     ^^^^
[INFO] [stdout]    |
[INFO] [stdout]    = note: `MetaIterator` has derived impls for the traits `Clone` and `Debug`, but these are intentionally ignored during dead code analysis
[INFO] [stdout]    = note: `#[warn(dead_code)]` (part of `#[warn(unused)]`) on by default
[INFO] [stdout] 
[INFO] [stdout] 
[INFO] [stdout] warning: field `meta` is never read
[INFO] [stdout]   --> src/meta.rs:28:5
[INFO] [stdout]    |
[INFO] [stdout] 27 | pub struct MetaIterator {
[INFO] [stdout]    |            ------------ field in this struct
[INFO] [stdout] 28 |     meta: MetaType,
[INFO] [stdout]    |     ^^^^
[INFO] [stdout]    |
[INFO] [stdout]    = note: `MetaIterator` has derived impls for the traits `Clone` and `Debug`, but these are intentionally ignored during dead code analysis
[INFO] [stdout]    = note: `#[warn(dead_code)]` (part of `#[warn(unused)]`) on by default
[INFO] [stdout] 
[INFO] [stdout] 
[INFO] [stderr]     Finished `release` profile [optimized] target(s) in 2.75s
[INFO] [stderr] warning: the following packages contain code that will be rejected by a future version of Rust: xml5ever v0.16.2
[INFO] [stderr] note: to see what the problems were, use the option `--future-incompat-report`, or run `cargo report future-incompatibilities --id 5`
[INFO] running `Command { std: "docker" "inspect" "c39547dfdcffb864c3a10e5cbc91f8aad8662586d8866b4858e4fe01ede7ca92", kill_on_drop: false }`
[INFO] running `Command { std: "docker" "exec" "-e" "SOURCE_DIR=/opt/rustwide/workdir" "-e" "CARGO_HOME=/opt/rustwide/cargo-home" "-e" "RUSTUP_HOME=/opt/rustwide/rustup-home" "-e" "CARGO_TARGET_DIR=/opt/rustwide/target" "-e" "CARGO_INCREMENTAL=0" "-e" "RUST_BACKTRACE=full" "-e" "RUSTFLAGS=--cap-lints=warn" "-e" "RUSTDOCFLAGS=--cap-lints=warn" "-w" "/opt/rustwide/workdir" "--user" "0:0" "c39547dfdcffb864c3a10e5cbc91f8aad8662586d8866b4858e4fe01ede7ca92" "/opt/rustwide/cargo-home/bin/cargo" "+1.100.0-beta.1" "test" "--frozen" "--release", kill_on_drop: false }`
[INFO] [stderr] warning: field `meta` is never read
[INFO] [stderr]   --> src/meta.rs:28:5
[INFO] [stderr]    |
[INFO] [stderr] 27 | pub struct MetaIterator {
[INFO] [stderr]    |            ------------ field in this struct
[INFO] [stderr] 28 |     meta: MetaType,
[INFO] [stderr]    |     ^^^^
[INFO] [stderr]    |
[INFO] [stderr]    = note: `MetaIterator` has derived impls for the traits `Clone` and `Debug`, but these are intentionally ignored during dead code analysis
[INFO] [stderr]    = note: `#[warn(dead_code)]` (part of `#[warn(unused)]`) on by default
[INFO] [stderr] 
[INFO] [stderr] warning: `grab-meta` (lib) generated 1 warning
[INFO] [stderr] warning: `grab-meta` (lib test) generated 1 warning (1 duplicate)
[INFO] [stderr]     Finished `release` profile [optimized] target(s) in 0.28s
[INFO] [stderr] warning: the following packages contain code that will be rejected by a future version of Rust: xml5ever v0.16.2
[INFO] [stderr] note: to see what the problems were, use the option `--future-incompat-report`, or run `cargo report future-incompatibilities --id 5`
[INFO] [stderr]      Running unittests src/lib.rs (/opt/rustwide/target/release/build/grab-meta/915de2a965fc4cbe/out/grab_meta-915de2a965fc4cbe)
[INFO] [stdout] 
[INFO] [stdout] running 5 tests
[INFO] [stdout] test site::tests::get_html_content ... ok
[INFO] [stdout] test tests::get_meta_test ... FAILED
[INFO] [stdout] test site::tests::check_type_manual ... FAILED
[INFO] [stdout] test site::tests::check_type_og ... FAILED
[INFO] [stdout] test site::tests::check_type ... FAILED
[INFO] [stdout] 
[INFO] [stdout] failures:
[INFO] [stdout] 
[INFO] [stdout] ---- tests::get_meta_test stdout ----
[INFO] [stdout] 
[INFO] [stdout] thread 'tests::get_meta_test' (1770) panicked at src/lib.rs:29:72:
[INFO] [stdout] called `Result::unwrap()` on an `Err` value: RequestError(reqwest::Error { kind: Request, url: Url { scheme: "https", cannot_be_a_base: false, username: "", password: None, host: Some(Domain("github.com")), port: None, path: "/miqbalrr/grab-meta", query: None, fragment: None }, source: hyper::Error(Connect, ConnectError("dns error", Custom { kind: Uncategorized, error: "failed to lookup address information: Temporary failure in name resolution" })) })
[INFO] [stdout] stack backtrace:
[INFO] [stdout]    0:     0x5fdeaf57cfa1 - <<std[617be2ca0a6fd877]::sys::backtrace::BacktraceLock>::print::DisplayBacktrace as core[a373ad73a504971]::fmt::Display>::fmt
[INFO] [stdout]    1:     0x5fdeaf5931ca - core[a373ad73a504971]::fmt::write
[INFO] [stdout]    2:     0x5fdeaf58171c - <alloc[2e1b2a31b91974c5]::vec::Vec<u8> as core[a373ad73a504971]::io::write::Write>::write_fmt
[INFO] [stdout]    3:     0x5fdeaf5583b6 - std[617be2ca0a6fd877]::panicking::default_hook::{closure#0}
[INFO] [stdout]    4:     0x5fdeaf574f99 - std[617be2ca0a6fd877]::panicking::default_hook
[INFO] [stdout]    5:     0x5fdeaf3951c0 - test[aada8e7e76ba119b]::test_main_inner::{closure#0}
[INFO] [stdout]    6:     0x5fdeaf5752c2 - std[617be2ca0a6fd877]::panicking::panic_with_hook
[INFO] [stdout]    7:     0x5fdeaf558462 - std[617be2ca0a6fd877]::panicking::panic_handler::{closure#0}
[INFO] [stdout]    8:     0x5fdeaf551099 - std[617be2ca0a6fd877]::sys::backtrace::__rust_end_short_backtrace::<std[617be2ca0a6fd877]::panicking::panic_handler::{closure#0}, !>
[INFO] [stdout]    9:     0x5fdeaf55925d - __rustc[ea4f61d10b84890b]::rust_begin_unwind
[INFO] [stdout]   10:     0x5fdeaf59392c - core[a373ad73a504971]::panicking::panic_fmt
[INFO] [stdout]   11:     0x5fdeaf593702 - core[a373ad73a504971]::result::unwrap_failed
[INFO] [stdout]   12:     0x5fdeaf381ace - <grab_meta[c91c3631bc00d08d]::tests::get_meta_test::{closure#0} as core[a373ad73a504971]::ops::function::FnOnce<()>>::call_once
[INFO] [stdout]   13:     0x5fdeaf38860b - test[aada8e7e76ba119b]::__rust_begin_short_backtrace::<core[a373ad73a504971]::result::Result<(), alloc[2e1b2a31b91974c5]::string::String>, fn() -> core[a373ad73a504971]::result::Result<(), alloc[2e1b2a31b91974c5]::string::String>>
[INFO] [stdout]   14:     0x5fdeaf3957e5 - test[aada8e7e76ba119b]::run_test::{closure#0}
[INFO] [stdout]   15:     0x5fdeaf38f0d4 - std[617be2ca0a6fd877]::sys::backtrace::__rust_begin_short_backtrace::<test[aada8e7e76ba119b]::run_test::{closure#1}, ()>
[INFO] [stdout]   16:     0x5fdeaf398872 - <std[617be2ca0a6fd877]::thread::lifecycle::spawn_unchecked<test[aada8e7e76ba119b]::run_test::{closure#1}, ()>::{closure#1} as core[a373ad73a504971]::ops::function::FnOnce<()>>::call_once::{shim:vtable#0}
[INFO] [stdout]   17:     0x5fdeaf57c44f - <std[617be2ca0a6fd877]::sys::thread::unix::Thread>::new::thread_start
[INFO] [stdout]   18:     0x757e81dd5dfa - <unknown>
[INFO] [stdout]   19:     0x757e81e693d4 - clone
[INFO] [stdout]   20:                0x0 - <unknown>
[INFO] [stdout] 
[INFO] [stdout] ---- site::tests::check_type_manual stdout ----
[INFO] [stdout] 
[INFO] [stdout] thread 'site::tests::check_type_manual' (1767) panicked at src/site.rs:183:27:
[INFO] [stdout] error: RequestError(reqwest::Error { kind: Request, url: Url { scheme: "http", cannot_be_a_base: false, username: "", password: None, host: Some(Domain("iqbalcakep.com")), port: None, path: "/", query: None, fragment: None }, source: hyper::Error(Connect, ConnectError("dns error", Custom { kind: Uncategorized, error: "failed to lookup address information: Temporary failure in name resolution" })) })
[INFO] [stdout] stack backtrace:
[INFO] [stdout]    0:     0x5fdeaf57cfa1 - <<std[617be2ca0a6fd877]::sys::backtrace::BacktraceLock>::print::DisplayBacktrace as core[a373ad73a504971]::fmt::Display>::fmt
[INFO] [stdout]    1:     0x5fdeaf5931ca - core[a373ad73a504971]::fmt::write
[INFO] [stdout]    2:     0x5fdeaf58171c - <alloc[2e1b2a31b91974c5]::vec::Vec<u8> as core[a373ad73a504971]::io::write::Write>::write_fmt
[INFO] [stdout]    3:     0x5fdeaf5583b6 - std[617be2ca0a6fd877]::panicking::default_hook::{closure#0}
[INFO] [stdout]    4:     0x5fdeaf574f99 - std[617be2ca0a6fd877]::panicking::default_hook
[INFO] [stdout]    5:     0x5fdeaf3951c0 - test[aada8e7e76ba119b]::test_main_inner::{closure#0}
[INFO] [stdout]    6:     0x5fdeaf5752c2 - std[617be2ca0a6fd877]::panicking::panic_with_hook
[INFO] [stdout]    7:     0x5fdeaf558462 - std[617be2ca0a6fd877]::panicking::panic_handler::{closure#0}
[INFO] [stdout]    8:     0x5fdeaf551099 - std[617be2ca0a6fd877]::sys::backtrace::__rust_end_short_backtrace::<std[617be2ca0a6fd877]::panicking::panic_handler::{closure#0}, !>
[INFO] [stdout]    9:     0x5fdeaf55925d - __rustc[ea4f61d10b84890b]::rust_begin_unwind
[INFO] [stdout]   10:     0x5fdeaf59392c - core[a373ad73a504971]::panicking::panic_fmt
[INFO] [stdout]   11:     0x5fdeaf593702 - core[a373ad73a504971]::result::unwrap_failed
[INFO] [stdout]   12:     0x5fdeaf382272 - <grab_meta[c91c3631bc00d08d]::site::tests::check_type_manual::{closure#0} as core[a373ad73a504971]::ops::function::FnOnce<()>>::call_once
[INFO] [stdout]   13:     0x5fdeaf38860b - test[aada8e7e76ba119b]::__rust_begin_short_backtrace::<core[a373ad73a504971]::result::Result<(), alloc[2e1b2a31b91974c5]::string::String>, fn() -> core[a373ad73a504971]::result::Result<(), alloc[2e1b2a31b91974c5]::string::String>>
[INFO] [stdout]   14:     0x5fdeaf3957e5 - test[aada8e7e76ba119b]::run_test::{closure#0}
[INFO] [stdout]   15:     0x5fdeaf38f0d4 - std[617be2ca0a6fd877]::sys::backtrace::__rust_begin_short_backtrace::<test[aada8e7e76ba119b]::run_test::{closure#1}, ()>
[INFO] [stdout]   16:     0x5fdeaf398872 - <std[617be2ca0a6fd877]::thread::lifecycle::spawn_unchecked<test[aada8e7e76ba119b]::run_test::{closure#1}, ()>::{closure#1} as core[a373ad73a504971]::ops::function::FnOnce<()>>::call_once::{shim:vtable#0}
[INFO] [stdout]   17:     0x5fdeaf57c44f - <std[617be2ca0a6fd877]::sys::thread::unix::Thread>::new::thread_start
[INFO] [stdout]   18:     0x757e81dd5dfa - <unknown>
[INFO] [stdout]   19:     0x757e81e693d4 - clone
[INFO] [stdout]   20:                0x0 - <unknown>
[INFO] [stdout] 
[INFO] [stdout] ---- site::tests::check_type_og stdout ----
[INFO] [stdout] 
[INFO] [stdout] thread 'site::tests::check_type_og' (1768) panicked at src/site.rs:190:27:
[INFO] [stdout] error: RequestError(reqwest::Error { kind: Request, url: Url { scheme: "https", cannot_be_a_base: false, username: "", password: None, host: Some(Domain("github.com")), port: None, path: "/", query: None, fragment: None }, source: hyper::Error(Connect, ConnectError("dns error", Custom { kind: Uncategorized, error: "failed to lookup address information: Temporary failure in name resolution" })) })
[INFO] [stdout] stack backtrace:
[INFO] [stdout]    0:     0x5fdeaf57cfa1 - <<std[617be2ca0a6fd877]::sys::backtrace::BacktraceLock>::print::DisplayBacktrace as core[a373ad73a504971]::fmt::Display>::fmt
[INFO] [stdout]    1:     0x5fdeaf5931ca - core[a373ad73a504971]::fmt::write
[INFO] [stdout]    2:     0x5fdeaf58171c - <alloc[2e1b2a31b91974c5]::vec::Vec<u8> as core[a373ad73a504971]::io::write::Write>::write_fmt
[INFO] [stdout]    3:     0x5fdeaf5583b6 - std[617be2ca0a6fd877]::panicking::default_hook::{closure#0}
[INFO] [stdout]    4:     0x5fdeaf574f99 - std[617be2ca0a6fd877]::panicking::default_hook
[INFO] [stdout]    5:     0x5fdeaf3951c0 - test[aada8e7e76ba119b]::test_main_inner::{closure#0}
[INFO] [stdout]    6:     0x5fdeaf5752c2 - std[617be2ca0a6fd877]::panicking::panic_with_hook
[INFO] [stdout]    7:     0x5fdeaf558462 - std[617be2ca0a6fd877]::panicking::panic_handler::{closure#0}
[INFO] [stdout]    8:     0x5fdeaf551099 - std[617be2ca0a6fd877]::sys::backtrace::__rust_end_short_backtrace::<std[617be2ca0a6fd877]::panicking::panic_handler::{closure#0}, !>
[INFO] [stdout]    9:     0x5fdeaf55925d - __rustc[ea4f61d10b84890b]::rust_begin_unwind
[INFO] [stdout]   10:     0x5fdeaf59392c - core[a373ad73a504971]::panicking::panic_fmt
[INFO] [stdout]   11:     0x5fdeaf593702 - core[a373ad73a504971]::result::unwrap_failed
[INFO] [stdout]   12:     0x5fdeaf3820d2 - <grab_meta[c91c3631bc00d08d]::site::tests::check_type_og::{closure#0} as core[a373ad73a504971]::ops::function::FnOnce<()>>::call_once
[INFO] [stdout]   13:     0x5fdeaf38860b - test[aada8e7e76ba119b]::__rust_begin_short_backtrace::<core[a373ad73a504971]::result::Result<(), alloc[2e1b2a31b91974c5]::string::String>, fn() -> core[a373ad73a504971]::result::Result<(), alloc[2e1b2a31b91974c5]::string::String>>
[INFO] [stdout]   14:     0x5fdeaf3957e5 - test[aada8e7e76ba119b]::run_test::{closure#0}
[INFO] [stdout]   15:     0x5fdeaf38f0d4 - std[617be2ca0a6fd877]::sys::backtrace::__rust_begin_short_backtrace::<test[aada8e7e76ba119b]::run_test::{closure#1}, ()>
[INFO] [stdout]   16:     0x5fdeaf398872 - <std[617be2ca0a6fd877]::thread::lifecycle::spawn_unchecked<test[aada8e7e76ba119b]::run_test::{closure#1}, ()>::{closure#1} as core[a373ad73a504971]::ops::function::FnOnce<()>>::call_once::{shim:vtable#0}
[INFO] [stdout]   17:     0x5fdeaf57c44f - <std[617be2ca0a6fd877]::sys::thread::unix::Thread>::new::thread_start
[INFO] [stdout]   18:     0x757e81dd5dfa - <unknown>
[INFO] [stdout]   19:     0x757e81e693d4 - clone
[INFO] [stdout]   20:                0x0 - <unknown>
[INFO] [stdout] 
[INFO] [stdout] ---- site::tests::check_type stdout ----
[INFO] [stdout] 
[INFO] [stdout] thread 'site::tests::check_type' (1766) panicked at src/site.rs:167:28:
[INFO] [stdout] error: RequestError(reqwest::Error { kind: Request, url: Url { scheme: "https", cannot_be_a_base: false, username: "", password: None, host: Some(Domain("facebook.com")), port: None, path: "/", query: None, fragment: None }, source: hyper::Error(Connect, ConnectError("dns error", Custom { kind: Uncategorized, error: "failed to lookup address information: Temporary failure in name resolution" })) })
[INFO] [stdout] stack backtrace:
[INFO] [stdout]    0:     0x5fdeaf57cfa1 - <<std[617be2ca0a6fd877]::sys::backtrace::BacktraceLock>::print::DisplayBacktrace as core[a373ad73a504971]::fmt::Display>::fmt
[INFO] [stdout]    1:     0x5fdeaf5931ca - core[a373ad73a504971]::fmt::write
[INFO] [stdout]    2:     0x5fdeaf58171c - <alloc[2e1b2a31b91974c5]::vec::Vec<u8> as core[a373ad73a504971]::io::write::Write>::write_fmt
[INFO] [stdout]    3:     0x5fdeaf5583b6 - std[617be2ca0a6fd877]::panicking::default_hook::{closure#0}
[INFO] [stdout]    4:     0x5fdeaf574f99 - std[617be2ca0a6fd877]::panicking::default_hook
[INFO] [stdout]    5:     0x5fdeaf3951c0 - test[aada8e7e76ba119b]::test_main_inner::{closure#0}
[INFO] [stdout]    6:     0x5fdeaf5752c2 - std[617be2ca0a6fd877]::panicking::panic_with_hook
[INFO] [stdout]    7:     0x5fdeaf558462 - std[617be2ca0a6fd877]::panicking::panic_handler::{closure#0}
[INFO] [stdout]    8:     0x5fdeaf551099 - std[617be2ca0a6fd877]::sys::backtrace::__rust_end_short_backtrace::<std[617be2ca0a6fd877]::panicking::panic_handler::{closure#0}, !>
[INFO] [stdout]    9:     0x5fdeaf55925d - __rustc[ea4f61d10b84890b]::rust_begin_unwind
[INFO] [stdout]   10:     0x5fdeaf59392c - core[a373ad73a504971]::panicking::panic_fmt
[INFO] [stdout]   11:     0x5fdeaf593702 - core[a373ad73a504971]::result::unwrap_failed
[INFO] [stdout]   12:     0x5fdeaf381e25 - <grab_meta[c91c3631bc00d08d]::site::tests::check_type::{closure#0} as core[a373ad73a504971]::ops::function::FnOnce<()>>::call_once
[INFO] [stdout]   13:     0x5fdeaf38860b - test[aada8e7e76ba119b]::__rust_begin_short_backtrace::<core[a373ad73a504971]::result::Result<(), alloc[2e1b2a31b91974c5]::string::String>, fn() -> core[a373ad73a504971]::result::Result<(), alloc[2e1b2a31b91974c5]::string::String>>
[INFO] [stdout]   14:     0x5fdeaf3957e5 - test[aada8e7e76ba119b]::run_test::{closure#0}
[INFO] [stdout]   15:     0x5fdeaf38f0d4 - std[617be2ca0a6fd877]::sys::backtrace::__rust_begin_short_backtrace::<test[aada8e7e76ba119b]::run_test::{closure#1}, ()>
[INFO] [stdout]   16:     0x5fdeaf398872 - <std[617be2ca0a6fd877]::thread::lifecycle::spawn_unchecked<test[aada8e7e76ba119b]::run_test::{closure#1}, ()>::{closure#1} as core[a373ad73a504971]::ops::function::FnOnce<()>>::call_once::{shim:vtable#0}
[INFO] [stdout]   17:     0x5fdeaf57c44f - <std[617be2ca0a6fd877]::sys::thread::unix::Thread>::new::thread_start
[INFO] [stdout]   18:     0x757e81dd5dfa - <unknown>
[INFO] [stdout]   19:     0x757e81e693d4 - clone
[INFO] [stdout]   20:                0x0 - <unknown>
[INFO] [stdout] 
[INFO] [stdout] 
[INFO] [stdout] failures:
[INFO] [stdout]     site::tests::check_type
[INFO] [stdout]     site::tests::check_type_manual
[INFO] [stdout]     site::tests::check_type_og
[INFO] [stdout]     tests::get_meta_test
[INFO] [stdout] 
[INFO] [stdout] test result: FAILED. 1 passed; 4 failed; 0 ignored; 0 measured; 0 filtered out; finished in 0.29s
[INFO] [stdout] 
[INFO] [stderr] error: test failed, to rerun pass `--lib`
[INFO] running `Command { std: "docker" "inspect" "c39547dfdcffb864c3a10e5cbc91f8aad8662586d8866b4858e4fe01ede7ca92", kill_on_drop: false }`
[INFO] running `Command { std: "docker" "rm" "-f" "c39547dfdcffb864c3a10e5cbc91f8aad8662586d8866b4858e4fe01ede7ca92", kill_on_drop: false }`
[INFO] [stdout] c39547dfdcffb864c3a10e5cbc91f8aad8662586d8866b4858e4fe01ede7ca92
