[INFO] fetching crate gpui-x-util-macros 0.1.0...
[INFO] testing gpui-x-util-macros-0.1.0 against 1.100.0-beta.1+cargoflags=--release for beta-release-1.100-2
[INFO] extracting crate gpui-x-util-macros 0.1.0 into /workspace/builds/worker-0-tc2/source
[INFO] started tweaking crates.io crate gpui-x-util-macros 0.1.0
[INFO] finished tweaking crates.io crate gpui-x-util-macros 0.1.0
[INFO] tweaked toml for crates.io crate gpui-x-util-macros 0.1.0 written to /workspace/builds/worker-0-tc2/source/Cargo.toml
[INFO] validating manifest of crates.io crate gpui-x-util-macros 0.1.0 on toolchain 1.100.0-beta.1
[INFO] running `Command { std: CARGO_HOME="/workspace/cargo-home" RUSTUP_HOME="/workspace/rustup-home" "/workspace/cargo-home/bin/cargo" "+1.100.0-beta.1" "metadata" "--manifest-path" "Cargo.toml" "--no-deps", kill_on_drop: false }`
[INFO] crate crates.io crate gpui-x-util-macros 0.1.0 already has a lockfile, it will not be regenerated
[INFO] running `Command { std: CARGO_HOME="/workspace/cargo-home" RUSTUP_HOME="/workspace/rustup-home" "/workspace/cargo-home/bin/cargo" "+1.100.0-beta.1" "fetch" "--manifest-path" "Cargo.toml", kill_on_drop: false }`
[INFO] running `Command { std: "docker" "create" "-v" "/var/lib/crater-agent-workspace/builds/worker-0-tc2/source:/opt/rustwide/workdir:ro,Z" "-v" "/var/lib/crater-agent-workspace/builds/worker-0-tc2/target:/opt/rustwide/target:rw,Z" "-v" "/var/lib/crater-agent-workspace/cargo-home:/opt/rustwide/cargo-home:ro,Z" "-v" "/var/lib/crater-agent-workspace/rustup-home:/opt/rustwide/rustup-home:ro,Z" "-m" "1610612736" "--network" "none" "ghcr.io/rust-lang/crates-build-env/linux@sha256:77db811e55d90add9212f6832c23229e3de5f1c1f9905e8cb07319ea15df73ac" "sleep" "infinity", kill_on_drop: false }`
[INFO] [stdout] 936fe5aeb1d6b071be883a3738d8e00cd9ccdaa509a523183c4465c27ddd3815
[INFO] running `Command { std: "docker" "start" "936fe5aeb1d6b071be883a3738d8e00cd9ccdaa509a523183c4465c27ddd3815", kill_on_drop: false }`
[INFO] running `Command { std: "docker" "inspect" "936fe5aeb1d6b071be883a3738d8e00cd9ccdaa509a523183c4465c27ddd3815", kill_on_drop: false }`
[INFO] running `Command { std: "docker" "exec" "-e" "SOURCE_DIR=/opt/rustwide/workdir" "-e" "CARGO_HOME=/opt/rustwide/cargo-home" "-e" "RUSTUP_HOME=/opt/rustwide/rustup-home" "-e" "CARGO_TARGET_DIR=/opt/rustwide/target" "-w" "/opt/rustwide/workdir" "--user" "0:0" "936fe5aeb1d6b071be883a3738d8e00cd9ccdaa509a523183c4465c27ddd3815" "/opt/rustwide/cargo-home/bin/cargo" "+1.100.0-beta.1" "metadata" "--no-deps" "--format-version=1", kill_on_drop: false }`
[INFO] running `Command { std: "docker" "inspect" "936fe5aeb1d6b071be883a3738d8e00cd9ccdaa509a523183c4465c27ddd3815", kill_on_drop: false }`
[INFO] running `Command { std: "docker" "exec" "-e" "SOURCE_DIR=/opt/rustwide/workdir" "-e" "CARGO_HOME=/opt/rustwide/cargo-home" "-e" "RUSTUP_HOME=/opt/rustwide/rustup-home" "-e" "CARGO_TARGET_DIR=/opt/rustwide/target" "-e" "CARGO_INCREMENTAL=0" "-e" "RUST_BACKTRACE=full" "-e" "RUSTFLAGS=--cap-lints=warn" "-e" "RUSTDOCFLAGS=--cap-lints=warn" "-w" "/opt/rustwide/workdir" "--user" "0:0" "936fe5aeb1d6b071be883a3738d8e00cd9ccdaa509a523183c4465c27ddd3815" "/opt/rustwide/cargo-home/bin/cargo" "+1.100.0-beta.1" "build" "--frozen" "--message-format=json" "--release", kill_on_drop: false }`
[INFO] [stderr]    Compiling serde_core v1.0.229
[INFO] [stderr]    Compiling typeid v1.0.3
[INFO] [stderr]    Compiling erased-serde v0.4.10
[INFO] [stderr]    Compiling unicode-ident v1.0.26
[INFO] [stderr]    Compiling serde_json v1.0.151
[INFO] [stderr]    Compiling serde v1.0.229
[INFO] [stderr]    Compiling memchr v2.8.3
[INFO] [stderr]    Compiling anyhow v1.0.104
[INFO] [stderr]    Compiling proc-macro2 v1.0.107
[INFO] [stderr]    Compiling quote v1.0.47
[INFO] [stderr]    Compiling syn v3.0.6
[INFO] [stderr]    Compiling syn v2.0.119
[INFO] [stderr]    Compiling serde_derive v1.0.229
[INFO] [stderr]    Compiling serde_fmt v1.1.0
[INFO] [stderr]    Compiling indexmap v2.14.2
[INFO] [stderr]    Compiling value-bag-serde1 v1.14.1
[INFO] [stderr]    Compiling value-bag v1.14.1
[INFO] [stderr]    Compiling log v0.4.34
[INFO] [stderr]    Compiling gpui-x-gpui-util v0.1.0
[INFO] [stderr]    Compiling gpui-x-collections v0.1.0
[INFO] [stderr]    Compiling gpui-x-perf v0.1.0
[INFO] [stderr]    Compiling gpui-x-util-macros v0.1.0 (/opt/rustwide/workdir)
[INFO] [stdout] warning: unexpected `cfg` condition name: `perf_enabled`
[INFO] [stdout]    --> src/util_macros.rs:204:23
[INFO] [stdout]     |
[INFO] [stdout] 204 |     let fns = if cfg!(perf_enabled) {
[INFO] [stdout]     |                       ^^^^^^^^^^^^
[INFO] [stdout]     |
[INFO] [stdout]     = help: expected names are: `docsrs`, `feature`, and `test` and 34 more
[INFO] [stdout]     = help: consider using a Cargo feature instead
[INFO] [stdout]     = help: or consider adding in `Cargo.toml` the `check-cfg` lint config for the lint:
[INFO] [stdout]              [lints.rust]
[INFO] [stdout]              unexpected_cfgs = { level = "warn", check-cfg = ['cfg(perf_enabled)'] }
[INFO] [stdout]     = help: or consider adding `println!("cargo::rustc-check-cfg=cfg(perf_enabled)");` to the top of the `build.rs`
[INFO] [stdout]     = note: see <https://doc.rust-lang.org/nightly/rustc/check-cfg/cargo-specifics.html> for more information about checking conditional configuration
[INFO] [stdout]     = note: `#[warn(unexpected_cfgs)]` on by default
[INFO] [stdout] 
[INFO] [stdout] 
[INFO] [stderr]     Finished `release` profile [optimized] target(s) in 14.85s
[INFO] running `Command { std: "docker" "inspect" "936fe5aeb1d6b071be883a3738d8e00cd9ccdaa509a523183c4465c27ddd3815", kill_on_drop: false }`
[INFO] running `Command { std: "docker" "exec" "-e" "SOURCE_DIR=/opt/rustwide/workdir" "-e" "CARGO_HOME=/opt/rustwide/cargo-home" "-e" "RUSTUP_HOME=/opt/rustwide/rustup-home" "-e" "CARGO_TARGET_DIR=/opt/rustwide/target" "-e" "CARGO_INCREMENTAL=0" "-e" "RUST_BACKTRACE=full" "-e" "RUSTFLAGS=--cap-lints=warn" "-e" "RUSTDOCFLAGS=--cap-lints=warn" "-w" "/opt/rustwide/workdir" "--user" "0:0" "936fe5aeb1d6b071be883a3738d8e00cd9ccdaa509a523183c4465c27ddd3815" "/opt/rustwide/cargo-home/bin/cargo" "+1.100.0-beta.1" "test" "--frozen" "--no-run" "--message-format=json" "--release", kill_on_drop: false }`
[INFO] [stderr]    Compiling gpui-x-util-macros v0.1.0 (/opt/rustwide/workdir)
[INFO] [stdout] warning: unexpected `cfg` condition name: `perf_enabled`
[INFO] [stdout]    --> src/util_macros.rs:204:23
[INFO] [stdout]     |
[INFO] [stdout] 204 |     let fns = if cfg!(perf_enabled) {
[INFO] [stdout]     |                       ^^^^^^^^^^^^
[INFO] [stdout]     |
[INFO] [stdout]     = help: expected names are: `docsrs`, `feature`, and `test` and 34 more
[INFO] [stdout]     = help: consider using a Cargo feature instead
[INFO] [stdout]     = help: or consider adding in `Cargo.toml` the `check-cfg` lint config for the lint:
[INFO] [stdout]              [lints.rust]
[INFO] [stdout]              unexpected_cfgs = { level = "warn", check-cfg = ['cfg(perf_enabled)'] }
[INFO] [stdout]     = help: or consider adding `println!("cargo::rustc-check-cfg=cfg(perf_enabled)");` to the top of the `build.rs`
[INFO] [stdout]     = note: see <https://doc.rust-lang.org/nightly/rustc/check-cfg/cargo-specifics.html> for more information about checking conditional configuration
[INFO] [stdout]     = note: `#[warn(unexpected_cfgs)]` on by default
[INFO] [stdout] 
[INFO] [stdout] 
[INFO] [stderr]     Finished `release` profile [optimized] target(s) in 0.43s
[INFO] running `Command { std: "docker" "inspect" "936fe5aeb1d6b071be883a3738d8e00cd9ccdaa509a523183c4465c27ddd3815", kill_on_drop: false }`
[INFO] running `Command { std: "docker" "exec" "-e" "SOURCE_DIR=/opt/rustwide/workdir" "-e" "CARGO_HOME=/opt/rustwide/cargo-home" "-e" "RUSTUP_HOME=/opt/rustwide/rustup-home" "-e" "CARGO_TARGET_DIR=/opt/rustwide/target" "-e" "CARGO_INCREMENTAL=0" "-e" "RUST_BACKTRACE=full" "-e" "RUSTFLAGS=--cap-lints=warn" "-e" "RUSTDOCFLAGS=--cap-lints=warn" "-w" "/opt/rustwide/workdir" "--user" "0:0" "936fe5aeb1d6b071be883a3738d8e00cd9ccdaa509a523183c4465c27ddd3815" "/opt/rustwide/cargo-home/bin/cargo" "+1.100.0-beta.1" "test" "--frozen" "--release", kill_on_drop: false }`
[INFO] [stderr] warning: unexpected `cfg` condition name: `perf_enabled`
[INFO] [stderr]    --> src/util_macros.rs:204:23
[INFO] [stderr]     |
[INFO] [stderr] 204 |     let fns = if cfg!(perf_enabled) {
[INFO] [stderr]     |                       ^^^^^^^^^^^^
[INFO] [stderr]     |
[INFO] [stderr]     = help: expected names are: `docsrs`, `feature`, and `test` and 34 more
[INFO] [stderr]     = help: consider using a Cargo feature instead
[INFO] [stderr]     = help: or consider adding in `Cargo.toml` the `check-cfg` lint config for the lint:
[INFO] [stderr]              [lints.rust]
[INFO] [stderr]              unexpected_cfgs = { level = "warn", check-cfg = ['cfg(perf_enabled)'] }
[INFO] [stderr]     = help: or consider adding `println!("cargo::rustc-check-cfg=cfg(perf_enabled)");` to the top of the `build.rs`
[INFO] [stderr]     = note: see <https://doc.rust-lang.org/nightly/rustc/check-cfg/cargo-specifics.html> for more information about checking conditional configuration
[INFO] [stderr]     = note: `#[warn(unexpected_cfgs)]` on by default
[INFO] [stderr] 
[INFO] [stderr] warning: `gpui-x-util-macros` (lib) generated 1 warning
[INFO] [stderr]     Finished `release` profile [optimized] target(s) in 0.06s
[INFO] [stderr]    Doc-tests gpui_x_util_macros
[INFO] [stdout] 
[INFO] [stdout] running 5 tests
[INFO] [stdout] test src/util_macros.rs - perf (line 174) ... ignored
[INFO] [stdout] test src/util_macros.rs - perf (line 158) ... FAILED
[INFO] [stdout] test src/util_macros.rs - uri (line 45) ... FAILED
[INFO] [stdout] test src/util_macros.rs - line_endings (line 71) ... FAILED
[INFO] [stdout] test src/util_macros.rs - path (line 14) ... FAILED
[INFO] [stdout] 
[INFO] [stdout] failures:
[INFO] [stdout] 
[INFO] [stdout] ---- src/util_macros.rs - perf (line 158) stdout ----
[INFO] [stdout] error[E0432]: unresolved import `util_macros`
[INFO] [stdout]    --> src/util_macros.rs:159:5
[INFO] [stdout]     |
[INFO] [stdout] 159 | use util_macros::perf;
[INFO] [stdout]     |     ^^^^^^^^^^^ use of unresolved module or unlinked crate `util_macros`
[INFO] [stdout]     |
[INFO] [stdout] help: to make use of source file src/util_macros.rs, use `mod util_macros` in this file to declare the module
[INFO] [stdout]     |
[INFO] [stdout] 158 + mod util_macros;
[INFO] [stdout]     |
[INFO] [stderr] error: doctest failed, to rerun pass `--doc`
[INFO] [stdout] 
[INFO] [stdout] error: aborting due to 1 previous error
[INFO] [stdout] 
[INFO] [stdout] For more information about this error, try `rustc --explain E0432`.
[INFO] [stdout] Couldn't compile the test.
[INFO] [stdout] ---- src/util_macros.rs - uri (line 45) stdout ----
[INFO] [stdout] error[E0432]: unresolved import `util_macros`
[INFO] [stdout]   --> src/util_macros.rs:46:5
[INFO] [stdout]    |
[INFO] [stdout] 46 | use util_macros::uri;
[INFO] [stdout]    |     ^^^^^^^^^^^ use of unresolved module or unlinked crate `util_macros`
[INFO] [stdout]    |
[INFO] [stdout] help: to make use of source file src/util_macros.rs, use `mod util_macros` in this file to declare the module
[INFO] [stdout]    |
[INFO] [stdout] 45 + mod util_macros;
[INFO] [stdout]    |
[INFO] [stdout] 
[INFO] [stdout] error: aborting due to 1 previous error
[INFO] [stdout] 
[INFO] [stdout] For more information about this error, try `rustc --explain E0432`.
[INFO] [stdout] Couldn't compile the test.
[INFO] [stdout] ---- src/util_macros.rs - line_endings (line 71) stdout ----
[INFO] [stdout] error[E0432]: unresolved import `util_macros`
[INFO] [stdout]   --> src/util_macros.rs:72:5
[INFO] [stdout]    |
[INFO] [stdout] 72 | use util_macros::line_endings;
[INFO] [stdout]    |     ^^^^^^^^^^^ use of unresolved module or unlinked crate `util_macros`
[INFO] [stdout]    |
[INFO] [stdout] help: to make use of source file src/util_macros.rs, use `mod util_macros` in this file to declare the module
[INFO] [stdout]    |
[INFO] [stdout] 71 + mod util_macros;
[INFO] [stdout]    |
[INFO] [stdout] 
[INFO] [stdout] error: aborting due to 1 previous error
[INFO] [stdout] 
[INFO] [stdout] For more information about this error, try `rustc --explain E0432`.
[INFO] [stdout] Couldn't compile the test.
[INFO] [stdout] ---- src/util_macros.rs - path (line 14) stdout ----
[INFO] [stdout] error[E0432]: unresolved import `util_macros`
[INFO] [stdout]   --> src/util_macros.rs:15:5
[INFO] [stdout]    |
[INFO] [stdout] 15 | use util_macros::path;
[INFO] [stdout]    |     ^^^^^^^^^^^ use of unresolved module or unlinked crate `util_macros`
[INFO] [stdout]    |
[INFO] [stdout] help: to make use of source file src/util_macros.rs, use `mod util_macros` in this file to declare the module
[INFO] [stdout]    |
[INFO] [stdout] 14 + mod util_macros;
[INFO] [stdout]    |
[INFO] [stdout] 
[INFO] [stdout] error: aborting due to 1 previous error
[INFO] [stdout] 
[INFO] [stdout] For more information about this error, try `rustc --explain E0432`.
[INFO] [stdout] Couldn't compile the test.
[INFO] [stdout] 
[INFO] [stdout] failures:
[INFO] [stdout]     src/util_macros.rs - line_endings (line 71)
[INFO] [stdout]     src/util_macros.rs - path (line 14)
[INFO] [stdout]     src/util_macros.rs - perf (line 158)
[INFO] [stdout]     src/util_macros.rs - uri (line 45)
[INFO] [stdout] 
[INFO] [stdout] test result: FAILED. 0 passed; 4 failed; 1 ignored; 0 measured; 0 filtered out; finished in 0.10s
[INFO] [stdout] 
[INFO] [stdout] all doctests ran in 0.18s; merged doctests compilation took 0.08s
[INFO] running `Command { std: "docker" "inspect" "936fe5aeb1d6b071be883a3738d8e00cd9ccdaa509a523183c4465c27ddd3815", kill_on_drop: false }`
[INFO] running `Command { std: "docker" "rm" "-f" "936fe5aeb1d6b071be883a3738d8e00cd9ccdaa509a523183c4465c27ddd3815", kill_on_drop: false }`
[INFO] [stdout] 936fe5aeb1d6b071be883a3738d8e00cd9ccdaa509a523183c4465c27ddd3815
