[INFO] fetching crate gpui-x-gpui-util 0.1.0...
[INFO] testing gpui-x-gpui-util-0.1.0 against 1.99.0-beta.8+cargoflags=--release for beta-release-1.100-2
[INFO] extracting crate gpui-x-gpui-util 0.1.0 into /workspace/builds/worker-7-tc1/source
[INFO] started tweaking crates.io crate gpui-x-gpui-util 0.1.0
[INFO] finished tweaking crates.io crate gpui-x-gpui-util 0.1.0
[INFO] tweaked toml for crates.io crate gpui-x-gpui-util 0.1.0 written to /workspace/builds/worker-7-tc1/source/Cargo.toml
[INFO] validating manifest of crates.io crate gpui-x-gpui-util 0.1.0 on toolchain 1.99.0-beta.8
[INFO] running `Command { std: CARGO_HOME="/workspace/cargo-home" RUSTUP_HOME="/workspace/rustup-home" "/workspace/cargo-home/bin/cargo" "+1.99.0-beta.8" "metadata" "--manifest-path" "Cargo.toml" "--no-deps", kill_on_drop: false }`
[INFO] crate crates.io crate gpui-x-gpui-util 0.1.0 already has a lockfile, it will not be regenerated
[INFO] running `Command { std: CARGO_HOME="/workspace/cargo-home" RUSTUP_HOME="/workspace/rustup-home" "/workspace/cargo-home/bin/cargo" "+1.99.0-beta.8" "fetch" "--manifest-path" "Cargo.toml", kill_on_drop: false }`
[INFO] [stderr]     Blocking waiting for file lock on package cache
[INFO] [stderr]     Updating crates.io index
[INFO] [stderr]  Downloading crates ...
[INFO] [stderr]   Downloaded sval_serde v2.22.0
[INFO] [stderr]   Downloaded which v8.0.6
[INFO] [stderr]   Downloaded sval_nested v2.22.0
[INFO] [stderr]   Downloaded value-bag v1.14.1
[INFO] [stderr]   Downloaded value-bag-sval2 v1.14.1
[INFO] [stderr]   Downloaded typeid v1.0.3
[INFO] [stderr]   Downloaded sval_json v2.22.0
[INFO] [stderr]   Downloaded sval_ref v2.22.0
[INFO] [stderr]   Downloaded value-bag-serde1 v1.14.1
[INFO] [stderr]   Downloaded sval_buffer v2.22.0
[INFO] [stderr]   Downloaded serde_fmt v1.1.0
[INFO] [stderr]   Downloaded sval_fmt v2.22.0
[INFO] [stderr]   Downloaded sval_dynamic v2.22.0
[INFO] [stderr]   Downloaded erased-serde v0.4.10
[INFO] [stderr]   Downloaded zerocopy-derive v0.8.57
[INFO] [stderr]   Downloaded sval v2.22.0
[INFO] [stderr]   Downloaded zerocopy v0.8.57
[INFO] running `Command { std: "docker" "create" "-v" "/var/lib/crater-agent-workspace/builds/worker-7-tc1/source:/opt/rustwide/workdir:ro,Z" "-v" "/var/lib/crater-agent-workspace/builds/worker-7-tc1/target:/opt/rustwide/target:rw,Z" "-v" "/var/lib/crater-agent-workspace/cargo-home:/opt/rustwide/cargo-home:ro,Z" "-v" "/var/lib/crater-agent-workspace/rustup-home:/opt/rustwide/rustup-home:ro,Z" "-m" "1610612736" "--network" "none" "ghcr.io/rust-lang/crates-build-env/linux@sha256:77db811e55d90add9212f6832c23229e3de5f1c1f9905e8cb07319ea15df73ac" "sleep" "infinity", kill_on_drop: false }`
[INFO] [stdout] 9f51e4c6dff7339fd2260babda75d2ddd8ac04eb7dd245c75aea3f1c626a7df9
[INFO] running `Command { std: "docker" "start" "9f51e4c6dff7339fd2260babda75d2ddd8ac04eb7dd245c75aea3f1c626a7df9", kill_on_drop: false }`
[INFO] running `Command { std: "docker" "inspect" "9f51e4c6dff7339fd2260babda75d2ddd8ac04eb7dd245c75aea3f1c626a7df9", kill_on_drop: false }`
[INFO] running `Command { std: "docker" "exec" "-e" "SOURCE_DIR=/opt/rustwide/workdir" "-e" "CARGO_HOME=/opt/rustwide/cargo-home" "-e" "RUSTUP_HOME=/opt/rustwide/rustup-home" "-e" "CARGO_TARGET_DIR=/opt/rustwide/target" "-w" "/opt/rustwide/workdir" "--user" "0:0" "9f51e4c6dff7339fd2260babda75d2ddd8ac04eb7dd245c75aea3f1c626a7df9" "/opt/rustwide/cargo-home/bin/cargo" "+1.99.0-beta.8" "metadata" "--no-deps" "--format-version=1", kill_on_drop: false }`
[INFO] running `Command { std: "docker" "inspect" "9f51e4c6dff7339fd2260babda75d2ddd8ac04eb7dd245c75aea3f1c626a7df9", kill_on_drop: false }`
[INFO] running `Command { std: "docker" "exec" "-e" "SOURCE_DIR=/opt/rustwide/workdir" "-e" "CARGO_HOME=/opt/rustwide/cargo-home" "-e" "RUSTUP_HOME=/opt/rustwide/rustup-home" "-e" "CARGO_TARGET_DIR=/opt/rustwide/target" "-e" "CARGO_INCREMENTAL=0" "-e" "RUST_BACKTRACE=full" "-e" "RUSTFLAGS=--cap-lints=warn" "-e" "RUSTDOCFLAGS=--cap-lints=warn" "-w" "/opt/rustwide/workdir" "--user" "0:0" "9f51e4c6dff7339fd2260babda75d2ddd8ac04eb7dd245c75aea3f1c626a7df9" "/opt/rustwide/cargo-home/bin/cargo" "+1.99.0-beta.8" "build" "--frozen" "--message-format=json" "--release", kill_on_drop: false }`
[INFO] [stderr]    Compiling serde_core v1.0.229
[INFO] [stderr]    Compiling typeid v1.0.3
[INFO] [stderr]    Compiling erased-serde v0.4.10
[INFO] [stderr]    Compiling anyhow v1.0.104
[INFO] [stderr]    Compiling serde_fmt v1.1.0
[INFO] [stderr]    Compiling value-bag-serde1 v1.14.1
[INFO] [stderr]    Compiling value-bag v1.14.1
[INFO] [stderr]    Compiling log v0.4.34
[INFO] [stderr]    Compiling gpui-x-gpui-util v0.1.0 (/opt/rustwide/workdir)
[INFO] [stderr]     Finished `release` profile [optimized] target(s) in 5.82s
[INFO] running `Command { std: "docker" "inspect" "9f51e4c6dff7339fd2260babda75d2ddd8ac04eb7dd245c75aea3f1c626a7df9", kill_on_drop: false }`
[INFO] running `Command { std: "docker" "exec" "-e" "SOURCE_DIR=/opt/rustwide/workdir" "-e" "CARGO_HOME=/opt/rustwide/cargo-home" "-e" "RUSTUP_HOME=/opt/rustwide/rustup-home" "-e" "CARGO_TARGET_DIR=/opt/rustwide/target" "-e" "CARGO_INCREMENTAL=0" "-e" "RUST_BACKTRACE=full" "-e" "RUSTFLAGS=--cap-lints=warn" "-e" "RUSTDOCFLAGS=--cap-lints=warn" "-w" "/opt/rustwide/workdir" "--user" "0:0" "9f51e4c6dff7339fd2260babda75d2ddd8ac04eb7dd245c75aea3f1c626a7df9" "/opt/rustwide/cargo-home/bin/cargo" "+1.99.0-beta.8" "test" "--frozen" "--no-run" "--message-format=json" "--release", kill_on_drop: false }`
[INFO] [stderr]    Compiling gpui-x-gpui-util v0.1.0 (/opt/rustwide/workdir)
[INFO] [stderr]     Finished `release` profile [optimized] target(s) in 0.79s
[INFO] running `Command { std: "docker" "inspect" "9f51e4c6dff7339fd2260babda75d2ddd8ac04eb7dd245c75aea3f1c626a7df9", kill_on_drop: false }`
[INFO] running `Command { std: "docker" "exec" "-e" "SOURCE_DIR=/opt/rustwide/workdir" "-e" "CARGO_HOME=/opt/rustwide/cargo-home" "-e" "RUSTUP_HOME=/opt/rustwide/rustup-home" "-e" "CARGO_TARGET_DIR=/opt/rustwide/target" "-e" "CARGO_INCREMENTAL=0" "-e" "RUST_BACKTRACE=full" "-e" "RUSTFLAGS=--cap-lints=warn" "-e" "RUSTDOCFLAGS=--cap-lints=warn" "-w" "/opt/rustwide/workdir" "--user" "0:0" "9f51e4c6dff7339fd2260babda75d2ddd8ac04eb7dd245c75aea3f1c626a7df9" "/opt/rustwide/cargo-home/bin/cargo" "+1.99.0-beta.8" "test" "--frozen" "--release", kill_on_drop: false }`
[INFO] [stderr]     Finished `release` profile [optimized] target(s) in 0.06s
[INFO] [stderr]      Running unittests src/lib.rs (/opt/rustwide/target/release/deps/gpui_x_gpui_util-95ea82b27ff9422e)
[INFO] [stdout] 
[INFO] [stderr] error: test failed, to rerun pass `--lib`
[INFO] [stdout] running 2 tests
[INFO] [stdout] test logging_tests::logging_preserves_diagnostics_and_callers ... FAILED
[INFO] [stdout] test type_id_hasher ... ok
[INFO] [stdout] 
[INFO] [stdout] failures:
[INFO] [stdout] 
[INFO] [stdout] ---- logging_tests::logging_preserves_diagnostics_and_callers stdout ----
[INFO] [stdout] 
[INFO] [stdout] thread 'logging_tests::logging_preserves_diagnostics_and_callers' (349) panicked at src/lib.rs:668:13:
[INFO] [stdout] assertion `left == right` failed
[INFO] [stdout]   left: ""
[INFO] [stdout]  right: "gpui_util::lib"
[INFO] [stdout] stack backtrace:
[INFO] [stdout]    0:     0x64c93cc17051 - <<std[70759c8f55707aa4]::sys::backtrace::BacktraceLock>::print::DisplayBacktrace as core[df12db4294e9bfd3]::fmt::Display>::fmt
[INFO] [stdout]    1:     0x64c93cc2ba2a - core[df12db4294e9bfd3]::fmt::write
[INFO] [stdout]    2:     0x64c93cc1b9ec - <alloc[2182bb758b4b3781]::vec::Vec<u8> as core[df12db4294e9bfd3]::io::write::Write>::write_fmt
[INFO] [stdout]    3:     0x64c93cbf30c6 - std[70759c8f55707aa4]::panicking::default_hook::{closure#0}
[INFO] [stdout]    4:     0x64c93cc0f799 - std[70759c8f55707aa4]::panicking::default_hook
[INFO] [stdout]    5:     0x64c93cbaae30 - test[9d35eded1c95d3be]::test_main_inner::<test[9d35eded1c95d3be]::test_main_static::{closure#0}>::{closure#0}
[INFO] [stdout]    6:     0x64c93cc0f952 - std[70759c8f55707aa4]::panicking::panic_with_hook
[INFO] [stdout]    7:     0x64c93cbf3172 - std[70759c8f55707aa4]::panicking::panic_handler::{closure#0}
[INFO] [stdout]    8:     0x64c93cbeb969 - std[70759c8f55707aa4]::sys::backtrace::__rust_end_short_backtrace::<std[70759c8f55707aa4]::panicking::panic_handler::{closure#0}, !>
[INFO] [stdout]    9:     0x64c93cbf3e7d - __rustc[8fa7c3cbc660c2b3]::rust_begin_unwind
[INFO] [stdout]   10:     0x64c93cc2c15c - core[df12db4294e9bfd3]::panicking::panic_fmt
[INFO] [stdout]   11:     0x64c93cc2c073 - core[df12db4294e9bfd3]::panicking::assert_failed_inner
[INFO] [stdout]   12:     0x64c93cb9a26d - core[df12db4294e9bfd3]::panicking::assert_failed::<&str, &str>
[INFO] [stdout]   13:     0x64c93cb9aaea - <gpui_x_gpui_util[5dcd8c12f618d50d]::logging_tests::TestLogger as log[86b907cb7031c627]::Log>::log
[INFO] [stdout]   14:     0x64c93cb9c899 - gpui_x_gpui_util[5dcd8c12f618d50d]::log_error_with_caller
[INFO] [stdout]   15:     0x64c93cb9a7fc - gpui_x_gpui_util[5dcd8c12f618d50d]::logging_tests::logging_preserves_diagnostics_and_callers
[INFO] [stdout]   16:     0x64c93cb9ca29 - <gpui_x_gpui_util[5dcd8c12f618d50d]::logging_tests::logging_preserves_diagnostics_and_callers::{closure#0} as core[df12db4294e9bfd3]::ops::function::FnOnce<()>>::call_once
[INFO] [stdout]   17:     0x64c93cb9e11b - test[9d35eded1c95d3be]::__rust_begin_short_backtrace::<core[df12db4294e9bfd3]::result::Result<(), alloc[2182bb758b4b3781]::string::String>, fn() -> core[df12db4294e9bfd3]::result::Result<(), alloc[2182bb758b4b3781]::string::String>>
[INFO] [stdout]   18:     0x64c93cbab785 - test[9d35eded1c95d3be]::run_test::{closure#0}
[INFO] [stdout]   19:     0x64c93cba5044 - std[70759c8f55707aa4]::sys::backtrace::__rust_begin_short_backtrace::<test[9d35eded1c95d3be]::run_test::{closure#1}, ()>
[INFO] [stdout]   20:     0x64c93cbae8e2 - <std[70759c8f55707aa4]::thread::lifecycle::spawn_unchecked<test[9d35eded1c95d3be]::run_test::{closure#1}, ()>::{closure#1} as core[df12db4294e9bfd3]::ops::function::FnOnce<()>>::call_once::{shim:vtable#0}
[INFO] [stdout]   21:     0x64c93cc16929 - <std[70759c8f55707aa4]::sys::thread::unix::Thread>::new::thread_start
[INFO] [stdout]   22:     0x714fcabdedfa - <unknown>
[INFO] [stdout]   23:     0x714fcac723d4 - clone
[INFO] [stdout]   24:                0x0 - <unknown>
[INFO] [stdout] 
[INFO] [stdout] 
[INFO] [stdout] failures:
[INFO] [stdout]     logging_tests::logging_preserves_diagnostics_and_callers
[INFO] [stdout] 
[INFO] [stdout] test result: FAILED. 1 passed; 1 failed; 0 ignored; 0 measured; 0 filtered out; finished in 0.00s
[INFO] [stdout] 
[INFO] running `Command { std: "docker" "inspect" "9f51e4c6dff7339fd2260babda75d2ddd8ac04eb7dd245c75aea3f1c626a7df9", kill_on_drop: false }`
[INFO] running `Command { std: "docker" "rm" "-f" "9f51e4c6dff7339fd2260babda75d2ddd8ac04eb7dd245c75aea3f1c626a7df9", kill_on_drop: false }`
[INFO] [stdout] 9f51e4c6dff7339fd2260babda75d2ddd8ac04eb7dd245c75aea3f1c626a7df9
