[INFO] fetching crate gpui-util-gpui-unofficial 1.25.0-pre...
[INFO] testing gpui-util-gpui-unofficial-1.25.0-pre against 1.100.0-beta.1+cargoflags=--release for beta-release-1.100-2
[INFO] extracting crate gpui-util-gpui-unofficial 1.25.0-pre into /workspace/builds/worker-7-tc2/source
[INFO] started tweaking crates.io crate gpui-util-gpui-unofficial 1.25.0-pre
[INFO] finished tweaking crates.io crate gpui-util-gpui-unofficial 1.25.0-pre
[INFO] tweaked toml for crates.io crate gpui-util-gpui-unofficial 1.25.0-pre written to /workspace/builds/worker-7-tc2/source/Cargo.toml
[INFO] validating manifest of crates.io crate gpui-util-gpui-unofficial 1.25.0-pre on toolchain 1.100.0-beta.1
[INFO] running `Command { std: CARGO_HOME="/workspace/cargo-home" RUSTUP_HOME="/workspace/rustup-home" "/workspace/cargo-home/bin/cargo" "+1.100.0-beta.1" "metadata" "--manifest-path" "Cargo.toml" "--no-deps", kill_on_drop: false }`
[INFO] crate crates.io crate gpui-util-gpui-unofficial 1.25.0-pre already has a lockfile, it will not be regenerated
[INFO] running `Command { std: CARGO_HOME="/workspace/cargo-home" RUSTUP_HOME="/workspace/rustup-home" "/workspace/cargo-home/bin/cargo" "+1.100.0-beta.1" "fetch" "--manifest-path" "Cargo.toml", kill_on_drop: false }`
[INFO] running `Command { std: "docker" "create" "-v" "/var/lib/crater-agent-workspace/builds/worker-7-tc2/source:/opt/rustwide/workdir:ro,Z" "-v" "/var/lib/crater-agent-workspace/builds/worker-7-tc2/target:/opt/rustwide/target:rw,Z" "-v" "/var/lib/crater-agent-workspace/cargo-home:/opt/rustwide/cargo-home:ro,Z" "-v" "/var/lib/crater-agent-workspace/rustup-home:/opt/rustwide/rustup-home:ro,Z" "-m" "1610612736" "--network" "none" "ghcr.io/rust-lang/crates-build-env/linux@sha256:77db811e55d90add9212f6832c23229e3de5f1c1f9905e8cb07319ea15df73ac" "sleep" "infinity", kill_on_drop: false }`
[INFO] [stdout] fb9921ea0b831cd7a15ba83fdce1ddb935372bcf49f539e4e47acf8b387a5437
[INFO] running `Command { std: "docker" "start" "fb9921ea0b831cd7a15ba83fdce1ddb935372bcf49f539e4e47acf8b387a5437", kill_on_drop: false }`
[INFO] running `Command { std: "docker" "inspect" "fb9921ea0b831cd7a15ba83fdce1ddb935372bcf49f539e4e47acf8b387a5437", kill_on_drop: false }`
[INFO] running `Command { std: "docker" "exec" "-e" "SOURCE_DIR=/opt/rustwide/workdir" "-e" "CARGO_HOME=/opt/rustwide/cargo-home" "-e" "RUSTUP_HOME=/opt/rustwide/rustup-home" "-e" "CARGO_TARGET_DIR=/opt/rustwide/target" "-w" "/opt/rustwide/workdir" "--user" "0:0" "fb9921ea0b831cd7a15ba83fdce1ddb935372bcf49f539e4e47acf8b387a5437" "/opt/rustwide/cargo-home/bin/cargo" "+1.100.0-beta.1" "metadata" "--no-deps" "--format-version=1", kill_on_drop: false }`
[INFO] running `Command { std: "docker" "inspect" "fb9921ea0b831cd7a15ba83fdce1ddb935372bcf49f539e4e47acf8b387a5437", kill_on_drop: false }`
[INFO] running `Command { std: "docker" "exec" "-e" "SOURCE_DIR=/opt/rustwide/workdir" "-e" "CARGO_HOME=/opt/rustwide/cargo-home" "-e" "RUSTUP_HOME=/opt/rustwide/rustup-home" "-e" "CARGO_TARGET_DIR=/opt/rustwide/target" "-e" "CARGO_INCREMENTAL=0" "-e" "RUST_BACKTRACE=full" "-e" "RUSTFLAGS=--cap-lints=warn" "-e" "RUSTDOCFLAGS=--cap-lints=warn" "-w" "/opt/rustwide/workdir" "--user" "0:0" "fb9921ea0b831cd7a15ba83fdce1ddb935372bcf49f539e4e47acf8b387a5437" "/opt/rustwide/cargo-home/bin/cargo" "+1.100.0-beta.1" "build" "--frozen" "--message-format=json" "--release", kill_on_drop: false }`
[INFO] [stderr]    Compiling serde_core v1.0.229
[INFO] [stderr]    Compiling log v0.4.34
[INFO] [stderr]    Compiling gpui-util-gpui-unofficial v1.25.0-pre (/opt/rustwide/workdir)
[INFO] [stderr]     Finished `release` profile [optimized] target(s) in 3.84s
[INFO] running `Command { std: "docker" "inspect" "fb9921ea0b831cd7a15ba83fdce1ddb935372bcf49f539e4e47acf8b387a5437", kill_on_drop: false }`
[INFO] running `Command { std: "docker" "exec" "-e" "SOURCE_DIR=/opt/rustwide/workdir" "-e" "CARGO_HOME=/opt/rustwide/cargo-home" "-e" "RUSTUP_HOME=/opt/rustwide/rustup-home" "-e" "CARGO_TARGET_DIR=/opt/rustwide/target" "-e" "CARGO_INCREMENTAL=0" "-e" "RUST_BACKTRACE=full" "-e" "RUSTFLAGS=--cap-lints=warn" "-e" "RUSTDOCFLAGS=--cap-lints=warn" "-w" "/opt/rustwide/workdir" "--user" "0:0" "fb9921ea0b831cd7a15ba83fdce1ddb935372bcf49f539e4e47acf8b387a5437" "/opt/rustwide/cargo-home/bin/cargo" "+1.100.0-beta.1" "test" "--frozen" "--no-run" "--message-format=json" "--release", kill_on_drop: false }`
[INFO] [stderr]    Compiling gpui-util-gpui-unofficial v1.25.0-pre (/opt/rustwide/workdir)
[INFO] [stderr]     Finished `release` profile [optimized] target(s) in 0.87s
[INFO] running `Command { std: "docker" "inspect" "fb9921ea0b831cd7a15ba83fdce1ddb935372bcf49f539e4e47acf8b387a5437", kill_on_drop: false }`
[INFO] running `Command { std: "docker" "exec" "-e" "SOURCE_DIR=/opt/rustwide/workdir" "-e" "CARGO_HOME=/opt/rustwide/cargo-home" "-e" "RUSTUP_HOME=/opt/rustwide/rustup-home" "-e" "CARGO_TARGET_DIR=/opt/rustwide/target" "-e" "CARGO_INCREMENTAL=0" "-e" "RUST_BACKTRACE=full" "-e" "RUSTFLAGS=--cap-lints=warn" "-e" "RUSTDOCFLAGS=--cap-lints=warn" "-w" "/opt/rustwide/workdir" "--user" "0:0" "fb9921ea0b831cd7a15ba83fdce1ddb935372bcf49f539e4e47acf8b387a5437" "/opt/rustwide/cargo-home/bin/cargo" "+1.100.0-beta.1" "test" "--frozen" "--release", kill_on_drop: false }`
[INFO] [stderr]     Finished `release` profile [optimized] target(s) in 0.02s
[INFO] [stderr]      Running unittests src/lib.rs (/opt/rustwide/target/release/build/gpui-util-gpui-unofficial/3759157482576d88/out/gpui_util_gpui_unofficial-3759157482576d88)
[INFO] [stdout] 
[INFO] [stdout] running 2 tests
[INFO] [stdout] test type_id_hasher ... ok
[INFO] [stdout] test logging_tests::logging_preserves_diagnostics_and_callers ... FAILED
[INFO] [stderr] error: test failed, to rerun pass `--lib`
[INFO] [stdout] 
[INFO] [stdout] failures:
[INFO] [stdout] 
[INFO] [stdout] ---- logging_tests::logging_preserves_diagnostics_and_callers stdout ----
[INFO] [stdout] 
[INFO] [stdout] thread 'logging_tests::logging_preserves_diagnostics_and_callers' (196) panicked at src/lib.rs:678:13:
[INFO] [stdout] assertion `left == right` failed
[INFO] [stdout]   left: ""
[INFO] [stdout]  right: "gpui_util::lib"
[INFO] [stdout] stack backtrace:
[INFO] [stdout]    0:     0x59d762a32e11 - <<std[617be2ca0a6fd877]::sys::backtrace::BacktraceLock>::print::DisplayBacktrace as core[a373ad73a504971]::fmt::Display>::fmt
[INFO] [stdout]    1:     0x59d762a4741a - core[a373ad73a504971]::fmt::write
[INFO] [stdout]    2:     0x59d762a3752c - <alloc[2e1b2a31b91974c5]::vec::Vec<u8> as core[a373ad73a504971]::io::write::Write>::write_fmt
[INFO] [stdout]    3:     0x59d762a0ecf6 - std[617be2ca0a6fd877]::panicking::default_hook::{closure#0}
[INFO] [stdout]    4:     0x59d762a2b489 - std[617be2ca0a6fd877]::panicking::default_hook
[INFO] [stdout]    5:     0x59d7629c6da0 - test[aada8e7e76ba119b]::test_main_inner::{closure#0}
[INFO] [stdout]    6:     0x59d762a2b642 - std[617be2ca0a6fd877]::panicking::panic_with_hook
[INFO] [stdout]    7:     0x59d762a0eda2 - std[617be2ca0a6fd877]::panicking::panic_handler::{closure#0}
[INFO] [stdout]    8:     0x59d762a07529 - std[617be2ca0a6fd877]::sys::backtrace::__rust_end_short_backtrace::<std[617be2ca0a6fd877]::panicking::panic_handler::{closure#0}, !>
[INFO] [stdout]    9:     0x59d762a0fabd - __rustc[ea4f61d10b84890b]::rust_begin_unwind
[INFO] [stdout]   10:     0x59d762a47b4c - core[a373ad73a504971]::panicking::panic_fmt
[INFO] [stdout]   11:     0x59d762a47a63 - core[a373ad73a504971]::panicking::assert_failed_inner
[INFO] [stdout]   12:     0x59d7629b6ad6 - core[a373ad73a504971]::panicking::assert_failed::<&str, &str>
[INFO] [stdout]   13:     0x59d7629b83b2 - <gpui_util_gpui_unofficial[56f5f43d1263ac0]::logging_tests::TestLogger as log[78052d77e10aa6b0]::Log>::log
[INFO] [stdout]   14:     0x59d7629b919b - gpui_util_gpui_unofficial[56f5f43d1263ac0]::log_error_with_caller
[INFO] [stdout]   15:     0x59d7629b7f5c - gpui_util_gpui_unofficial[56f5f43d1263ac0]::logging_tests::logging_preserves_diagnostics_and_callers
[INFO] [stdout]   16:     0x59d7629b86e9 - <gpui_util_gpui_unofficial[56f5f43d1263ac0]::logging_tests::logging_preserves_diagnostics_and_callers::{closure#0} as core[a373ad73a504971]::ops::function::FnOnce<()>>::call_once
[INFO] [stdout]   17:     0x59d7629ba1eb - test[aada8e7e76ba119b]::__rust_begin_short_backtrace::<core[a373ad73a504971]::result::Result<(), alloc[2e1b2a31b91974c5]::string::String>, fn() -> core[a373ad73a504971]::result::Result<(), alloc[2e1b2a31b91974c5]::string::String>>
[INFO] [stdout]   18:     0x59d7629c73c5 - test[aada8e7e76ba119b]::run_test::{closure#0}
[INFO] [stdout]   19:     0x59d7629c0cb4 - std[617be2ca0a6fd877]::sys::backtrace::__rust_begin_short_backtrace::<test[aada8e7e76ba119b]::run_test::{closure#1}, ()>
[INFO] [stdout]   20:     0x59d7629ca452 - <std[617be2ca0a6fd877]::thread::lifecycle::spawn_unchecked<test[aada8e7e76ba119b]::run_test::{closure#1}, ()>::{closure#1} as core[a373ad73a504971]::ops::function::FnOnce<()>>::call_once::{shim:vtable#0}
[INFO] [stdout]   21:     0x59d762a3266f - <std[617be2ca0a6fd877]::sys::thread::unix::Thread>::new::thread_start
[INFO] [stdout]   22:     0x72283428fdfa - <unknown>
[INFO] [stdout]   23:     0x7228343233d4 - clone
[INFO] [stdout]   24:                0x0 - <unknown>
[INFO] [stdout] 
[INFO] [stdout] 
[INFO] [stdout] failures:
[INFO] [stdout]     logging_tests::logging_preserves_diagnostics_and_callers
[INFO] [stdout] 
[INFO] [stdout] test result: FAILED. 1 passed; 1 failed; 0 ignored; 0 measured; 0 filtered out; finished in 0.00s
[INFO] [stdout] 
[INFO] running `Command { std: "docker" "inspect" "fb9921ea0b831cd7a15ba83fdce1ddb935372bcf49f539e4e47acf8b387a5437", kill_on_drop: false }`
[INFO] running `Command { std: "docker" "rm" "-f" "fb9921ea0b831cd7a15ba83fdce1ddb935372bcf49f539e4e47acf8b387a5437", kill_on_drop: false }`
[INFO] [stdout] fb9921ea0b831cd7a15ba83fdce1ddb935372bcf49f539e4e47acf8b387a5437
